Nov 23 04:39:09.051022 dv-neutron-818850-1-hyperv neutron-server[109952]: DEBUG neutron.plugins.ml2.plugin [None req-adabd186-52eb-4f9c-b437-4f8f1578edc2 tempest-PortsAdminExtendedAttrsTestJSON-483253933 tempest-PortsAdminExtendedAttrsTestJSON-483253933-project-admin] Deleting port b1ac826e-7818-459f-99cb-49c438845449 {{(pid=109952) _pre_delete_port /opt/stack/neutron/neutron/plugins/ml2/plugin.py:1936}}
Nov 23 04:39:09.054365 dv-neutron-818850-1-hyperv neutron-server[109952]: DEBUG neutron_lib.callbacks.manager [None req-adabd186-52eb-4f9c-b437-4f8f1578edc2 tempest-PortsAdminExtendedAttrsTestJSON-483253933 tempest-PortsAdminExtendedAttrsTestJSON-483253933-project-admin] Publish callbacks ['neutron.db.l3_db.L3_NAT_dbonly_mixin._prevent_l3_port_delete_callback-8788451471912'] for port, before_delete {{(pid=109952) _notify_loop /usr/local/lib/python3.8/dist-packages/neutron_lib/callbacks/manager.py:175}}
Nov 23 04:39:09.169599 dv-neutron-818850-1-hyperv neutron-server[109954]: DEBUG neutron_lib.callbacks.manager [None req-aceb908b-ec2a-40cf-9913-a21e99c1f5de None None] Publish callbacks ['neutron.services.segments.db._update_segment_host_mapping_for_agent-8788451369683', 'neutron.plugins.ml2.plugin.Ml2Plugin._retry_binding_revived_agents-1478718'] for agent, after_update {{(pid=109954) _notify_loop /usr/local/lib/python3.8/dist-packages/neutron_lib/callbacks/manager.py:175}}
Nov 23 04:39:09.205222 dv-neutron-818850-1-hyperv neutron-server[109952]: DEBUG neutron.services.segments.db [None req-ad3bac44-178e-4d84-9cdb-664ff67e08ff tempest-ExternalNetworksTestJSON-406419867 tempest-ExternalNetworksTestJSON-406419867-project-admin] neutron.services.segments.plugin.Plugin method delete_segment called with arguments (, '17a70521-84da-4aef-9f65-933538543be5') {'for_net_delete': True} {{(pid=109952) wrapper /usr/local/lib/python3.8/dist-packages/oslo_log/helpers.py:65}}
Nov 23 04:39:09.205708 dv-neutron-818850-1-hyperv neutron-server[109952]: DEBUG neutron.services.segments.db [None req-ad3bac44-178e-4d84-9cdb-664ff67e08ff tempest-ExternalNetworksTestJSON-406419867 tempest-ExternalNetworksTestJSON-406419867-project-admin] neutron.services.segments.plugin.Plugin method get_segment called with arguments (, '17a70521-84da-4aef-9f65-933538543be5') {} {{(pid=109952) wrapper /usr/local/lib/python3.8/dist-packages/oslo_log/helpers.py:65}}
Nov 23 04:39:09.219728 dv-neutron-818850-1-hyperv neutron-server[109952]: DEBUG neutron_lib.callbacks.manager [None req-ad3bac44-178e-4d84-9cdb-664ff67e08ff tempest-ExternalNetworksTestJSON-406419867 tempest-ExternalNetworksTestJSON-406419867-project-admin] Publish callbacks ['neutron.plugins.ml2.db._prevent_segment_delete_with_port_bound-8788451513622', 'neutron.services.segments.plugin.Plugin._prevent_segment_delete_with_subnet_associated-12620056'] for segment, before_delete {{(pid=109952) _notify_loop /usr/local/lib/python3.8/dist-packages/neutron_lib/callbacks/manager.py:175}}
Nov 23 04:39:09.238956 dv-neutron-818850-1-hyperv neutron-server[109952]: DEBUG neutron_lib.callbacks.manager [None req-ad3bac44-178e-4d84-9cdb-664ff67e08ff tempest-ExternalNetworksTestJSON-406419867 tempest-ExternalNetworksTestJSON-406419867-project-admin] Publish callbacks ['neutron.plugins.ml2.plugin.Ml2Plugin._handle_segment_change-1656303'] for segment, precommit_delete {{(pid=109952) _notify_loop /usr/local/lib/python3.8/dist-packages/neutron_lib/callbacks/manager.py:175}}
Nov 23 04:39:09.249436 dv-neutron-818850-1-hyperv neutron-server[109952]: DEBUG neutron.plugins.ml2.drivers.type_vlan [None req-ad3bac44-178e-4d84-9cdb-664ff67e08ff tempest-ExternalNetworksTestJSON-406419867 tempest-ExternalNetworksTestJSON-406419867-project-admin] Releasing vlan 165 on physical network physnet1 to pool {{(pid=109952) release_segment /opt/stack/neutron/neutron/plugins/ml2/drivers/type_vlan.py:304}}
Nov 23 04:39:09.249937 dv-neutron-818850-1-hyperv neutron-server[109952]: DEBUG neutron_lib.callbacks.manager [None req-ad3bac44-178e-4d84-9cdb-664ff67e08ff tempest-ExternalNetworksTestJSON-406419867 tempest-ExternalNetworksTestJSON-406419867-project-admin] Publish callbacks ['neutron.plugins.ml2.plugin.Ml2Plugin._handle_segment_change-1656303', 'neutron.services.segments.plugin.NovaSegmentNotifier._notify_segment_deleted-12605476'] for segment, after_delete {{(pid=109952) _notify_loop /usr/local/lib/python3.8/dist-packages/neutron_lib/callbacks/manager.py:175}}
Nov 23 04:39:09.257096 dv-neutron-818850-1-hyperv neutron-server[109953]: DEBUG neutron.api.rpc.handlers.resources_rpc [None req-5408fca5-ed7c-4fc8-8fc1-021fd933751f tempest-ServersTestManualDisk-498002897 tempest-ServersTestManualDisk-498002897-project] Pushing event updated for resources: {'Port': ['ID=c602d09f-68a5-4132-91eb-02fbe2ad0e60,revision_number=1']} {{(pid=109953) push /opt/stack/neutron/neutron/api/rpc/handlers/resources_rpc.py:237}}
Nov 23 04:39:09.344686 dv-neutron-818850-1-hyperv neutron-server[109952]: Traceback (most recent call last):
Nov 23 04:39:09.344686 dv-neutron-818850-1-hyperv neutron-server[109952]: File "/usr/local/lib/python3.8/dist-packages/eventlet/hubs/hub.py", line 476, in fire_timers
Nov 23 04:39:09.344686 dv-neutron-818850-1-hyperv neutron-server[109952]: timer()
Nov 23 04:39:09.344686 dv-neutron-818850-1-hyperv neutron-server[109952]: File "/usr/local/lib/python3.8/dist-packages/eventlet/hubs/timer.py", line 59, in __call__
Nov 23 04:39:09.344686 dv-neutron-818850-1-hyperv neutron-server[109952]: cb(*args, **kw)
Nov 23 04:39:09.344686 dv-neutron-818850-1-hyperv neutron-server[109952]: File "/opt/stack/neutron/neutron/common/utils.py", line 914, in wrapper
Nov 23 04:39:09.344686 dv-neutron-818850-1-hyperv neutron-server[109952]: return func(*args, **kwargs)
Nov 23 04:39:09.344686 dv-neutron-818850-1-hyperv neutron-server[109952]: File "/opt/stack/neutron/neutron/notifiers/batch_notifier.py", line 58, in synced_send
Nov 23 04:39:09.344686 dv-neutron-818850-1-hyperv neutron-server[109952]: self._notify()
Nov 23 04:39:09.344686 dv-neutron-818850-1-hyperv neutron-server[109952]: File "/opt/stack/neutron/neutron/notifiers/batch_notifier.py", line 69, in _notify
Nov 23 04:39:09.344686 dv-neutron-818850-1-hyperv neutron-server[109952]: self.callback(batched_events)
Nov 23 04:39:09.344686 dv-neutron-818850-1-hyperv neutron-server[109952]: File "/opt/stack/neutron/neutron/services/segments/plugin.py", line 211, in _send_notifications
Nov 23 04:39:09.344686 dv-neutron-818850-1-hyperv neutron-server[109952]: event.method(event)
Nov 23 04:39:09.344686 dv-neutron-818850-1-hyperv neutron-server[109952]: File "/opt/stack/neutron/neutron/services/segments/plugin.py", line 383, in _delete_nova_inventory
Nov 23 04:39:09.344686 dv-neutron-818850-1-hyperv neutron-server[109952]: aggregate_id = self._get_aggregate_id(event.segment_id)
Nov 23 04:39:09.344686 dv-neutron-818850-1-hyperv neutron-server[109952]: File "/opt/stack/neutron/neutron/services/segments/plugin.py", line 370, in _get_aggregate_id
Nov 23 04:39:09.344686 dv-neutron-818850-1-hyperv neutron-server[109952]: aggregate_uuid = self.p_client.list_aggregates(
Nov 23 04:39:09.344686 dv-neutron-818850-1-hyperv neutron-server[109952]: File "/usr/local/lib/python3.8/dist-packages/neutron_lib/placement/client.py", line 58, in wrapper
Nov 23 04:39:09.344686 dv-neutron-818850-1-hyperv neutron-server[109952]: return f(self, *a, **k)
Nov 23 04:39:09.344686 dv-neutron-818850-1-hyperv neutron-server[109952]: File "/usr/local/lib/python3.8/dist-packages/neutron_lib/placement/client.py", line 554, in list_aggregates
Nov 23 04:39:09.344686 dv-neutron-818850-1-hyperv neutron-server[109952]: return self._get(url).json()
Nov 23 04:39:09.344686 dv-neutron-818850-1-hyperv neutron-server[109952]: File "/usr/local/lib/python3.8/dist-packages/neutron_lib/placement/client.py", line 190, in _get
Nov 23 04:39:09.344686 dv-neutron-818850-1-hyperv neutron-server[109952]: return self._client.get(url, endpoint_filter=self._ks_filter,
Nov 23 04:39:09.344686 dv-neutron-818850-1-hyperv neutron-server[109952]: File "/usr/local/lib/python3.8/dist-packages/keystoneauth1/session.py", line 1141, in get
Nov 23 04:39:09.344686 dv-neutron-818850-1-hyperv neutron-server[109952]: return self.request(url, 'GET', **kwargs)
Nov 23 04:39:09.344686 dv-neutron-818850-1-hyperv neutron-server[109952]: File "/usr/local/lib/python3.8/dist-packages/keystoneauth1/session.py", line 811, in request
Nov 23 04:39:09.344686 dv-neutron-818850-1-hyperv neutron-server[109952]: base_url = self.get_endpoint(auth, allow=allow,
Nov 23 04:39:09.344686 dv-neutron-818850-1-hyperv neutron-server[109952]: File "/usr/local/lib/python3.8/dist-packages/keystoneauth1/session.py", line 1241, in get_endpoint
Nov 23 04:39:09.344686 dv-neutron-818850-1-hyperv neutron-server[109952]: auth = self._auth_required(auth, 'determine endpoint URL')
Nov 23 04:39:09.344686 dv-neutron-818850-1-hyperv neutron-server[109952]: File "/usr/local/lib/python3.8/dist-packages/keystoneauth1/session.py", line 1181, in _auth_required
Nov 23 04:39:09.344686 dv-neutron-818850-1-hyperv neutron-server[109952]: raise exceptions.MissingAuthPlugin(msg_fmt % msg)
Nov 23 04:39:09.344686 dv-neutron-818850-1-hyperv neutron-server[109952]: keystoneauth1.exceptions.auth_plugins.MissingAuthPlugin: An auth plugin is required to determine endpoint URL
Nov 23 04:39:09.346535 dv-neutron-818850-1-hyperv neutron-server[109954]: DEBUG neutron.db.provisioning_blocks [None req-09f409cc-8853-476a-8f0c-8560e23654f3 None None] Provisioning complete for port c602d09f-68a5-4132-91eb-02fbe2ad0e60 triggered by entity DHCP. {{(pid=109954) provisioning_complete /opt/stack/neutron/neutron/db/provisioning_blocks.py:139}}
Nov 23 04:39:09.346535 dv-neutron-818850-1-hyperv neutron-server[109954]: DEBUG neutron_lib.callbacks.manager [None req-09f409cc-8853-476a-8f0c-8560e23654f3 None None] Publish callbacks ['neutron.plugins.ml2.plugin.Ml2Plugin._port_provisioned-1478761'] for port, provisioning_complete {{(pid=109954) _notify_loop /usr/local/lib/python3.8/dist-packages/neutron_lib/callbacks/manager.py:175}}
Nov 23 04:39:09.367924 dv-neutron-818850-1-hyperv neutron-server[109953]: DEBUG neutron_lib.callbacks.manager [None req-73c813d8-19c8-442f-93fa-02578cc55922 admin admin] Publish callbacks [] for security_group, precommit_create {{(pid=109953) _notify_loop /usr/local/lib/python3.8/dist-packages/neutron_lib/callbacks/manager.py:175}}
Nov 23 04:39:09.380171 dv-neutron-818850-1-hyperv neutron-server[109953]: DEBUG neutron.pecan_wsgi.hooks.policy_enforcement [req-dc9ce7cc-4c64-4e64-8488-5b8a9b0143cb req-5408fca5-ed7c-4fc8-8fc1-021fd933751f tempest-ServersTestManualDisk-498002897 tempest-ServersTestManualDisk-498002897-project] Attributes excluded by policy engine: ['standard_attr_id', 'binding:profile', 'binding:host_id', 'binding:vif_type', 'binding:vif_details', 'network'] {{(pid=109953) _exclude_attributes_by_policy /opt/stack/neutron/neutron/pecan_wsgi/hooks/policy_enforcement.py:255}}
Nov 23 04:39:09.381491 dv-neutron-818850-1-hyperv neutron-server[109953]: DEBUG neutron_lib.callbacks.manager [req-dc9ce7cc-4c64-4e64-8488-5b8a9b0143cb req-5408fca5-ed7c-4fc8-8fc1-021fd933751f tempest-ServersTestManualDisk-498002897 tempest-ServersTestManualDisk-498002897-project] Publish callbacks ['neutron.notifiers.nova.Notifier._send_nova_notification-26046'] for port, before_response {{(pid=109953) _notify_loop /usr/local/lib/python3.8/dist-packages/neutron_lib/callbacks/manager.py:175}}
Nov 23 04:39:09.415765 dv-neutron-818850-1-hyperv neutron-server[109953]: DEBUG neutron_lib.callbacks.manager [None req-f2cfcd15-238b-4091-82c0-e214c84df005 tempest-RoutersAdminTest-59048094 tempest-RoutersAdminTest-59048094-project-admin] Publish callbacks [] for router, before_delete {{(pid=109953) _notify_loop /usr/local/lib/python3.8/dist-packages/neutron_lib/callbacks/manager.py:175}}
Nov 23 04:39:09.418856 dv-neutron-818850-1-hyperv neutron-server[109953]: DEBUG neutron_lib.callbacks.manager [None req-73c813d8-19c8-442f-93fa-02578cc55922 admin admin] Publish callbacks ['neutron.plugins.ml2.ovo_rpc._ObjectChangeHandler.handle_event-410136'] for security_group, after_create {{(pid=109953) _notify_loop /usr/local/lib/python3.8/dist-packages/neutron_lib/callbacks/manager.py:175}}
Nov 23 04:39:09.420148 dv-neutron-818850-1-hyperv neutron-server[109954]: DEBUG neutron.plugins.ml2.plugin [None req-09f409cc-8853-476a-8f0c-8560e23654f3 None None] Port c602d09f-68a5-4132-91eb-02fbe2ad0e60 cannot update to ACTIVE because it is not bound. {{(pid=109954) _port_provisioned /opt/stack/neutron/neutron/plugins/ml2/plugin.py:342}}
Nov 23 04:39:09.459217 dv-neutron-818850-1-hyperv neutron-server[109952]: DEBUG neutron.pecan_wsgi.hooks.quota_enforcement [None req-28e138e2-465a-40b1-8ed0-db1b2546579c tempest-AllowedAddressPairIpV6TestJSON-1060952313 tempest-AllowedAddressPairIpV6TestJSON-1060952313-project] Made reservation on behalf of 6c842b7094744959b5db0868f8bd8c1e for: {'port': 1} {{(pid=109952) before /opt/stack/neutron/neutron/pecan_wsgi/hooks/quota_enforcement.py:53}}
Nov 23 04:39:09.544139 dv-neutron-818850-1-hyperv neutron-server[109953]: INFO neutron.wsgi [req-dc9ce7cc-4c64-4e64-8488-5b8a9b0143cb req-5408fca5-ed7c-4fc8-8fc1-021fd933751f tempest-ServersTestManualDisk-498002897 tempest-ServersTestManualDisk-498002897-project] 10.222.0.15 "POST /v2.0/ports HTTP/1.1" status: 201 len: 933 time: 4.7885683
Nov 23 04:39:09.566195 dv-neutron-818850-1-hyperv neutron-server[109952]: DEBUG neutron.plugins.ml2.db [None req-adabd186-52eb-4f9c-b437-4f8f1578edc2 tempest-PortsAdminExtendedAttrsTestJSON-483253933 tempest-PortsAdminExtendedAttrsTestJSON-483253933-project-admin] For port b1ac826e-7818-459f-99cb-49c438845449, host hv-neutron-8188, got binding levels [] {{(pid=109952) get_binding_level_objs /opt/stack/neutron/neutron/plugins/ml2/db.py:74}}
Nov 23 04:39:09.567297 dv-neutron-818850-1-hyperv neutron-server[109952]: DEBUG neutron_lib.callbacks.manager [None req-adabd186-52eb-4f9c-b437-4f8f1578edc2 tempest-PortsAdminExtendedAttrsTestJSON-483253933 tempest-PortsAdminExtendedAttrsTestJSON-483253933-project-admin] Publish callbacks ['neutron.services.l3_router.l3_router_plugin.L3_NAT_dbonly_mixin._precommit_delete_port_callback-419582'] for port, precommit_delete {{(pid=109952) _notify_loop /usr/local/lib/python3.8/dist-packages/neutron_lib/callbacks/manager.py:175}}
Nov 23 04:39:09.594959 dv-neutron-818850-1-hyperv neutron-server[109953]: INFO neutron.wsgi [None req-73c813d8-19c8-442f-93fa-02578cc55922 admin admin] 10.222.0.37 "GET /v2.0/security-groups?tenant_id=eb0375b3c3ee4170924c2d83623ab76d&name=default HTTP/1.1" status: 200 len: 2996 time: 2.0281496
Nov 23 04:39:09.599672 dv-neutron-818850-1-hyperv neutron-server[109953]: DEBUG neutron.api.rpc.handlers.resources_rpc [None req-73c813d8-19c8-442f-93fa-02578cc55922 admin admin] Pushing event updated for resources: {'SecurityGroup': ['ID=ea589211-aebf-4ee4-8614-f7c679cce175,revision_number=1']} {{(pid=109953) push /opt/stack/neutron/neutron/api/rpc/handlers/resources_rpc.py:237}}
Nov 23 04:39:09.604052 dv-neutron-818850-1-hyperv neutron-server[109953]: DEBUG neutron.wsgi [-] (109953) accepted ('10.222.0.37', 40480) {{(pid=109953) server /usr/local/lib/python3.8/dist-packages/eventlet/wsgi.py:1004}}
Nov 23 04:39:09.609673 dv-neutron-818850-1-hyperv neutron-server[109952]: DEBUG neutron_lib.callbacks.manager [None req-ad3bac44-178e-4d84-9cdb-664ff67e08ff tempest-ExternalNetworksTestJSON-406419867 tempest-ExternalNetworksTestJSON-406419867-project-admin] Publish callbacks ['neutron.plugins.ml2.plugin.Ml2Plugin._network_delete_after_delete_handler-1660306', 'neutron.plugins.ml2.ovo_rpc._ObjectChangeHandler.handle_event-410287', 'neutron.api.rpc.agentnotifiers.dhcp_rpc_agent_api.DhcpAgentNotifyAPI._native_event_send_dhcp_notification-570386', 'neutron.services.l3_router.l3_router_plugin.DVRResourceOperationHandler.delete_fip_namespaces_for_ext_net-418279'] for network, after_delete {{(pid=109952) _notify_loop /usr/local/lib/python3.8/dist-packages/neutron_lib/callbacks/manager.py:175}}
Nov 23 04:39:09.637264 dv-neutron-818850-1-hyperv neutron-server[109953]: DEBUG neutron.pecan_wsgi.hooks.policy_enforcement [req-9418a0c8-54b2-4ac1-825f-1b2ca59ee687 req-b5bd8a86-de07-4f37-bcf4-a8603c60c2ae tempest-ServersTestManualDisk-498002897 tempest-ServersTestManualDisk-498002897-project] Attributes excluded by policy engine: ['standard_attr_id', 'binding:profile', 'binding:host_id', 'binding:vif_type', 'binding:vif_details'] {{(pid=109953) _exclude_attributes_by_policy /opt/stack/neutron/neutron/pecan_wsgi/hooks/policy_enforcement.py:255}}
Nov 23 04:39:09.638974 dv-neutron-818850-1-hyperv neutron-server[109953]: INFO neutron.wsgi [req-9418a0c8-54b2-4ac1-825f-1b2ca59ee687 req-b5bd8a86-de07-4f37-bcf4-a8603c60c2ae tempest-ServersTestManualDisk-498002897 tempest-ServersTestManualDisk-498002897-project] 10.222.0.37 "GET /v2.0/ports?device_id=d0cd49f7-c937-4ae7-baa9-09f3defd87b5 HTTP/1.1" status: 200 len: 931 time: 0.3408222
Nov 23 04:39:09.694480 dv-neutron-818850-1-hyperv neutron-server[109952]: INFO neutron.wsgi [req-aea8ef62-ebd2-435a-aee3-be5c90982753 req-38efba11-a50c-42a9-8ce4-f2d82df23477 tempest-ServersTestJSON-2035278955 tempest-ServersTestJSON-2035278955-project] 10.222.0.37 "GET /v2.0/ports?device_id=13485ef8-6936-4522-9130-ba56b3128e1d HTTP/1.1" status: 200 len: 210 time: 0.0922036
Nov 23 04:39:09.697585 dv-neutron-818850-1-hyperv neutron-server[109952]: DEBUG neutron.api.rpc.agentnotifiers.l3_rpc_agent_api [None req-ad3bac44-178e-4d84-9cdb-664ff67e08ff tempest-ExternalNetworksTestJSON-406419867 tempest-ExternalNetworksTestJSON-406419867-project-admin] Fanout notify agent at l3_agent the message fipnamespace_delete_on_ext_net for external_network 862081ef-86ad-4526-92ae-a3f707117ce0 {{(pid=109952) _notification_fanout /opt/stack/neutron/neutron/api/rpc/agentnotifiers/l3_rpc_agent_api.py:120}}
Nov 23 04:39:09.706773 dv-neutron-818850-1-hyperv neutron-server[109952]: DEBUG neutron.plugins.ml2.plugin [None req-adabd186-52eb-4f9c-b437-4f8f1578edc2 tempest-PortsAdminExtendedAttrsTestJSON-483253933 tempest-PortsAdminExtendedAttrsTestJSON-483253933-project-admin] Calling delete_port for b1ac826e-7818-459f-99cb-49c438845449 owned by {{(pid=109952) delete_port /opt/stack/neutron/neutron/plugins/ml2/plugin.py:2014}}
Nov 23 04:39:09.725382 dv-neutron-818850-1-hyperv neutron-server[109952]: DEBUG neutron_lib.callbacks.manager [None req-ad3bac44-178e-4d84-9cdb-664ff67e08ff tempest-ExternalNetworksTestJSON-406419867 tempest-ExternalNetworksTestJSON-406419867-project-admin] Publish callbacks ['neutron.api.rpc.agentnotifiers.dhcp_rpc_agent_api.DhcpAgentNotifyAPI._send_dhcp_notification-570404'] for network, before_response {{(pid=109952) _notify_loop /usr/local/lib/python3.8/dist-packages/neutron_lib/callbacks/manager.py:175}}
Nov 23 04:39:09.725382 dv-neutron-818850-1-hyperv neutron-server[109952]: INFO neutron.wsgi [None req-ad3bac44-178e-4d84-9cdb-664ff67e08ff tempest-ExternalNetworksTestJSON-406419867 tempest-ExternalNetworksTestJSON-406419867-project-admin] 10.222.0.37 "DELETE /v2.0/networks/862081ef-86ad-4526-92ae-a3f707117ce0 HTTP/1.1" status: 204 len: 168 time: 2.5049219
Nov 23 04:39:09.725680 dv-neutron-818850-1-hyperv neutron-server[109953]: DEBUG neutron.wsgi [-] (109953) accepted ('10.222.0.37', 40482) {{(pid=109953) server /usr/local/lib/python3.8/dist-packages/eventlet/wsgi.py:1004}}
Nov 23 04:39:09.749857 dv-neutron-818850-1-hyperv neutron-server[109952]: DEBUG neutron.api.rpc.handlers.resources_rpc [None req-ad3bac44-178e-4d84-9cdb-664ff67e08ff tempest-ExternalNetworksTestJSON-406419867 tempest-ExternalNetworksTestJSON-406419867-project-admin] Pushing event deleted for resources: {'Network': ['ID=862081ef-86ad-4526-92ae-a3f707117ce0,revision_number=None']} {{(pid=109952) push /opt/stack/neutron/neutron/api/rpc/handlers/resources_rpc.py:237}}
Nov 23 04:39:09.812916 dv-neutron-818850-1-hyperv neutron-server[109952]: DEBUG neutron_lib.callbacks.manager [None req-8f4a91dc-4349-46ba-a8bc-a1dc87260692 admin admin] Publish callbacks ['neutron.plugins.ml2.ovo_rpc._ObjectChangeHandler.handle_event-410136'] for security_group, after_delete {{(pid=109952) _notify_loop /usr/local/lib/python3.8/dist-packages/neutron_lib/callbacks/manager.py:175}}
Nov 23 04:39:09.815633 dv-neutron-818850-1-hyperv neutron-server[109952]: DEBUG neutron_lib.callbacks.manager [None req-8f4a91dc-4349-46ba-a8bc-a1dc87260692 admin admin] Publish callbacks [] for security_group, before_response {{(pid=109952) _notify_loop /usr/local/lib/python3.8/dist-packages/neutron_lib/callbacks/manager.py:175}}
Nov 23 04:39:09.818834 dv-neutron-818850-1-hyperv neutron-server[109952]: INFO neutron.wsgi [None req-8f4a91dc-4349-46ba-a8bc-a1dc87260692 admin admin] 10.222.0.37 "DELETE /v2.0/security-groups/828270e6-87a2-4170-a496-966ccbe6231b HTTP/1.1" status: 204 len: 168 time: 2.1469610
Nov 23 04:39:09.831422 dv-neutron-818850-1-hyperv neutron-server[109953]: DEBUG neutron.api.v2.base [None req-76738310-6fe1-4482-9444-c5e4eda69443 tempest-ExternalNetworksTestJSON-406419867 tempest-ExternalNetworksTestJSON-406419867-project-admin] Request body: {'network': {'name': 'tempest-network--902598784'}} {{(pid=109953) prepare_request_body /opt/stack/neutron/neutron/api/v2/base.py:729}}
Nov 23 04:39:09.892323 dv-neutron-818850-1-hyperv neutron-server[109952]: DEBUG neutron.api.rpc.handlers.resources_rpc [None req-8f4a91dc-4349-46ba-a8bc-a1dc87260692 admin admin] Pushing event deleted for resources: {'SecurityGroup': ['ID=828270e6-87a2-4170-a496-966ccbe6231b,revision_number=None']} {{(pid=109952) push /opt/stack/neutron/neutron/api/rpc/handlers/resources_rpc.py:237}}
Nov 23 04:39:09.909266 dv-neutron-818850-1-hyperv neutron-server[109952]: DEBUG neutron_lib.callbacks.manager [None req-28e138e2-465a-40b1-8ed0-db1b2546579c tempest-AllowedAddressPairIpV6TestJSON-1060952313 tempest-AllowedAddressPairIpV6TestJSON-1060952313-project] Publish callbacks ['neutron.plugins.ml2.plugin.SecurityGroupDbMixin._ensure_default_security_group_handler-1615977'] for port, before_create {{(pid=109952) _notify_loop /usr/local/lib/python3.8/dist-packages/neutron_lib/callbacks/manager.py:175}}
Nov 23 04:39:09.944310 dv-neutron-818850-1-hyperv neutron-server[109952]: DEBUG neutron.notifiers.nova [None req-28e138e2-465a-40b1-8ed0-db1b2546579c tempest-AllowedAddressPairIpV6TestJSON-1060952313 tempest-AllowedAddressPairIpV6TestJSON-1060952313-project] device_id is not set on port 169a8a10-c4bc-475e-8774-3974aadfecb8 yet. {{(pid=109952) _can_notify /opt/stack/neutron/neutron/notifiers/nova.py:190}}
Nov 23 04:39:10.071512 dv-neutron-818850-1-hyperv neutron-server[109953]: INFO neutron.wsgi [req-9418a0c8-54b2-4ac1-825f-1b2ca59ee687 req-58d4b991-ac75-49a2-8d52-eb88ac307996 tempest-ServersTestManualDisk-498002897 tempest-ServersTestManualDisk-498002897-project] 10.222.0.37 "GET /v2.0/security-groups?id=76a50ff0-90ca-43b6-bfa0-b3933345771c&fields=id&fields=name HTTP/1.1" status: 200 len: 312 time: 0.4052784
Nov 23 04:39:10.074486 dv-neutron-818850-1-hyperv neutron-server[109953]: DEBUG neutron_lib.callbacks.manager [None req-f2cfcd15-238b-4091-82c0-e214c84df005 tempest-RoutersAdminTest-59048094 tempest-RoutersAdminTest-59048094-project-admin] Publish callbacks ['neutron.services.l3_router.l3_router_plugin.L3_HA_NAT_db_mixin._release_router_vr_id-418081', 'neutron.services.l3_router.service_providers.driver_controller.DriverController._clear_router_provider-25024'] for router, precommit_delete {{(pid=109953) _notify_loop /usr/local/lib/python3.8/dist-packages/neutron_lib/callbacks/manager.py:175}}
Nov 23 04:39:10.076305 dv-neutron-818850-1-hyperv neutron-server[109953]: DEBUG neutron.pecan_wsgi.hooks.quota_enforcement [None req-76738310-6fe1-4482-9444-c5e4eda69443 tempest-ExternalNetworksTestJSON-406419867 tempest-ExternalNetworksTestJSON-406419867-project-admin] Made reservation on behalf of 6da8773055274c59826827775c317661 for: {'network': 1} {{(pid=109953) before /opt/stack/neutron/neutron/pecan_wsgi/hooks/quota_enforcement.py:53}}
Nov 23 04:39:10.079123 dv-neutron-818850-1-hyperv neutron-server[109953]: DEBUG neutron_lib.callbacks.manager [None req-76738310-6fe1-4482-9444-c5e4eda69443 tempest-ExternalNetworksTestJSON-406419867 tempest-ExternalNetworksTestJSON-406419867-project-admin] Publish callbacks ['neutron.plugins.ml2.plugin.SecurityGroupDbMixin._ensure_default_security_group_handler-1615977'] for network, before_create {{(pid=109953) _notify_loop /usr/local/lib/python3.8/dist-packages/neutron_lib/callbacks/manager.py:175}}
Nov 23 04:39:10.079931 dv-neutron-818850-1-hyperv neutron-server[109952]: DEBUG neutron.db.db_base_plugin_common [None req-28e138e2-465a-40b1-8ed0-db1b2546579c tempest-AllowedAddressPairIpV6TestJSON-1060952313 tempest-AllowedAddressPairIpV6TestJSON-1060952313-project] Allocated IP 2001:db8::1af (cdd6f485-a4f7-45b2-b7fc-ade80fd51b1d/1010a41d-24f8-4c84-927b-75d28c80f07e/169a8a10-c4bc-475e-8774-3974aadfecb8) {{(pid=109952) _store_ip_allocation /opt/stack/neutron/neutron/db/db_base_plugin_common.py:131}}
Nov 23 04:39:10.123524 dv-neutron-818850-1-hyperv neutron-server[109953]: DEBUG neutron_lib.callbacks.manager [None req-f2cfcd15-238b-4091-82c0-e214c84df005 tempest-RoutersAdminTest-59048094 tempest-RoutersAdminTest-59048094-project-admin] Publish callbacks [] for router_controller, precommit_delete_associations {{(pid=109953) _notify_loop /usr/local/lib/python3.8/dist-packages/neutron_lib/callbacks/manager.py:175}}
Nov 23 04:39:10.162474 dv-neutron-818850-1-hyperv neutron-server[109953]: DEBUG neutron.plugins.ml2.drivers.helpers [None req-76738310-6fe1-4482-9444-c5e4eda69443 tempest-ExternalNetworksTestJSON-406419867 tempest-ExternalNetworksTestJSON-406419867-project-admin] vlan segment allocate from pool success with {'vlan_id': 192, 'physical_network': 'physnet1'} {{(pid=109953) allocate_partially_specified_segment /opt/stack/neutron/neutron/plugins/ml2/drivers/helpers.py:153}}
Nov 23 04:39:10.191410 dv-neutron-818850-1-hyperv neutron-server[109953]: DEBUG neutron_lib.callbacks.manager [None req-76738310-6fe1-4482-9444-c5e4eda69443 tempest-ExternalNetworksTestJSON-406419867 tempest-ExternalNetworksTestJSON-406419867-project-admin] Publish callbacks ['neutron.plugins.ml2.plugin.Ml2Plugin._handle_segment_change-1656303'] for segment, precommit_create {{(pid=109953) _notify_loop /usr/local/lib/python3.8/dist-packages/neutron_lib/callbacks/manager.py:175}}
Nov 23 04:39:10.193231 dv-neutron-818850-1-hyperv neutron-server[109953]: INFO neutron.db.segments_db [None req-76738310-6fe1-4482-9444-c5e4eda69443 tempest-ExternalNetworksTestJSON-406419867 tempest-ExternalNetworksTestJSON-406419867-project-admin] Added segment 3c92e52b-1528-40e2-bba9-891d36d1cbf6 of type vlan for network adfa9938-1dce-46b9-8d8a-45cc4c87f61d
Nov 23 04:39:10.243848 dv-neutron-818850-1-hyperv neutron-server[109953]: DEBUG neutron_lib.callbacks.manager [None req-76738310-6fe1-4482-9444-c5e4eda69443 tempest-ExternalNetworksTestJSON-406419867 tempest-ExternalNetworksTestJSON-406419867-project-admin] Publish callbacks ['neutron.services.auto_allocate.db._ensure_external_network_default_value_callback-8788451059703'] for network, precommit_create {{(pid=109953) _notify_loop /usr/local/lib/python3.8/dist-packages/neutron_lib/callbacks/manager.py:175}}
Nov 23 04:39:10.261784 dv-neutron-818850-1-hyperv neutron-server[109952]: DEBUG neutron_lib.callbacks.manager [None req-28e138e2-465a-40b1-8ed0-db1b2546579c tempest-AllowedAddressPairIpV6TestJSON-1060952313 tempest-AllowedAddressPairIpV6TestJSON-1060952313-project] Publish callbacks [] for port, precommit_create {{(pid=109952) _notify_loop /usr/local/lib/python3.8/dist-packages/neutron_lib/callbacks/manager.py:175}}
Nov 23 04:39:10.317458 dv-neutron-818850-1-hyperv neutron-server[109954]: DEBUG neutron_lib.callbacks.manager [None req-96bc1c45-8e29-40a8-8a93-26ae6cce9c19 None None] Publish callbacks ['neutron.services.segments.db._update_segment_host_mapping_for_agent-8788451369683', 'neutron.plugins.ml2.plugin.Ml2Plugin._retry_binding_revived_agents-1478718'] for agent, after_update {{(pid=109954) _notify_loop /usr/local/lib/python3.8/dist-packages/neutron_lib/callbacks/manager.py:175}}
Nov 23 04:39:10.322524 dv-neutron-818850-1-hyperv neutron-server[109952]: DEBUG neutron_lib.callbacks.manager [None req-28e138e2-465a-40b1-8ed0-db1b2546579c tempest-AllowedAddressPairIpV6TestJSON-1060952313 tempest-AllowedAddressPairIpV6TestJSON-1060952313-project] Publish callbacks ['neutron.plugins.ml2.plugin.SecurityGroupServerNotifierRpcMixin._notify_sg_on_port_change-1615912', 'neutron.plugins.ml2.ovo_rpc._ObjectChangeHandler.handle_event-999840', 'neutron.api.rpc.agentnotifiers.dhcp_rpc_agent_api.DhcpAgentNotifyAPI._native_event_send_dhcp_notification-570386', 'neutron.db.l3_dvrscheduler_db._notify_l3_agent_new_port-8788451041428', 'neutron.services.segments.plugin.NovaSegmentNotifier._notify_port_created_or_deleted-12605521'] for port, after_create {{(pid=109952) _notify_loop /usr/local/lib/python3.8/dist-packages/neutron_lib/callbacks/manager.py:175}}
Nov 23 04:39:10.361930 dv-neutron-818850-1-hyperv neutron-server[109953]: DEBUG neutron_lib.callbacks.manager [None req-ca9afca9-be93-4754-b122-fd9c57387787 admin admin] Publish callbacks [] for security_group, before_delete {{(pid=109953) _notify_loop /usr/local/lib/python3.8/dist-packages/neutron_lib/callbacks/manager.py:175}}
Nov 23 04:39:10.365040 dv-neutron-818850-1-hyperv neutron-server[109953]: DEBUG neutron_lib.callbacks.manager [None req-f2cfcd15-238b-4091-82c0-e214c84df005 tempest-RoutersAdminTest-59048094 tempest-RoutersAdminTest-59048094-project-admin] Publish callbacks ['neutron.services.l3_router.l3_router_plugin.L3_HA_NAT_db_mixin._cleanup_ha_network_handler-418104'] for router, after_delete {{(pid=109953) _notify_loop /usr/local/lib/python3.8/dist-packages/neutron_lib/callbacks/manager.py:175}}
Nov 23 04:39:10.366087 dv-neutron-818850-1-hyperv neutron-server[109953]: DEBUG neutron.api.rpc.agentnotifiers.l3_rpc_agent_api [None req-f2cfcd15-238b-4091-82c0-e214c84df005 tempest-RoutersAdminTest-59048094 tempest-RoutersAdminTest-59048094-project-admin] Fanout notify agent at l3_agent the message router_deleted on router c8b5c33f-d5be-4490-a337-05f3bfc6345a {{(pid=109953) _notification_fanout /opt/stack/neutron/neutron/api/rpc/agentnotifiers/l3_rpc_agent_api.py:114}}
Nov 23 04:39:10.368143 dv-neutron-818850-1-hyperv neutron-server[109953]: DEBUG neutron_lib.callbacks.manager [None req-76738310-6fe1-4482-9444-c5e4eda69443 tempest-ExternalNetworksTestJSON-406419867 tempest-ExternalNetworksTestJSON-406419867-project-admin] Publish callbacks ['neutron.plugins.ml2.ovo_rpc._ObjectChangeHandler.handle_event-410287', 'neutron.api.rpc.agentnotifiers.dhcp_rpc_agent_api.DhcpAgentNotifyAPI._native_event_send_dhcp_notification-570386'] for network, after_create {{(pid=109953) _notify_loop /usr/local/lib/python3.8/dist-packages/neutron_lib/callbacks/manager.py:175}}
Nov 23 04:39:10.369368 dv-neutron-818850-1-hyperv neutron-server[109953]: DEBUG neutron.pecan_wsgi.hooks.policy_enforcement [None req-76738310-6fe1-4482-9444-c5e4eda69443 tempest-ExternalNetworksTestJSON-406419867 tempest-ExternalNetworksTestJSON-406419867-project-admin] Attributes excluded by policy engine: ['standard_attr_id', 'vlan_transparent'] {{(pid=109953) _exclude_attributes_by_policy /opt/stack/neutron/neutron/pecan_wsgi/hooks/policy_enforcement.py:255}}
Nov 23 04:39:10.369991 dv-neutron-818850-1-hyperv neutron-server[109953]: DEBUG neutron_lib.callbacks.manager [None req-76738310-6fe1-4482-9444-c5e4eda69443 tempest-ExternalNetworksTestJSON-406419867 tempest-ExternalNetworksTestJSON-406419867-project-admin] Publish callbacks ['neutron.api.rpc.agentnotifiers.dhcp_rpc_agent_api.DhcpAgentNotifyAPI._send_dhcp_notification-570404'] for network, before_response {{(pid=109953) _notify_loop /usr/local/lib/python3.8/dist-packages/neutron_lib/callbacks/manager.py:175}}
Nov 23 04:39:10.387519 dv-neutron-818850-1-hyperv neutron-server[109952]: DEBUG neutron.scheduler.dhcp_agent_scheduler [None req-28e138e2-465a-40b1-8ed0-db1b2546579c tempest-AllowedAddressPairIpV6TestJSON-1060952313 tempest-AllowedAddressPairIpV6TestJSON-1060952313-project] Network cdd6f485-a4f7-45b2-b7fc-ade80fd51b1d is already hosted by enough agents. {{(pid=109952) _get_dhcp_agents_hosting_network /opt/stack/neutron/neutron/scheduler/dhcp_agent_scheduler.py:275}}
Nov 23 04:39:10.395239 dv-neutron-818850-1-hyperv neutron-server[109953]: DEBUG neutron_lib.callbacks.manager [None req-f2cfcd15-238b-4091-82c0-e214c84df005 tempest-RoutersAdminTest-59048094 tempest-RoutersAdminTest-59048094-project-admin] Publish callbacks [] for router, before_response {{(pid=109953) _notify_loop /usr/local/lib/python3.8/dist-packages/neutron_lib/callbacks/manager.py:175}}
Nov 23 04:39:10.396852 dv-neutron-818850-1-hyperv neutron-server[109953]: INFO neutron.wsgi [None req-f2cfcd15-238b-4091-82c0-e214c84df005 tempest-RoutersAdminTest-59048094 tempest-RoutersAdminTest-59048094-project-admin] 10.222.0.37 "DELETE /v2.0/routers/c8b5c33f-d5be-4490-a337-05f3bfc6345a HTTP/1.1" status: 204 len: 168 time: 1.4242461
Nov 23 04:39:10.416661 dv-neutron-818850-1-hyperv neutron-server[109952]: DEBUG neutron.scheduler.base_scheduler [None req-28e138e2-465a-40b1-8ed0-db1b2546579c tempest-AllowedAddressPairIpV6TestJSON-1060952313 tempest-AllowedAddressPairIpV6TestJSON-1060952313-project] Resources bound (agent type, host, resource id): {{(pid=109952) schedule /opt/stack/neutron/neutron/scheduler/base_scheduler.py:57}}
Nov 23 04:39:10.418583 dv-neutron-818850-1-hyperv neutron-server[109952]: DEBUG neutron_lib.callbacks.manager [None req-adabd186-52eb-4f9c-b437-4f8f1578edc2 tempest-PortsAdminExtendedAttrsTestJSON-483253933 tempest-PortsAdminExtendedAttrsTestJSON-483253933-project-admin] Publish callbacks ['neutron.plugins.ml2.plugin.SecurityGroupServerNotifierRpcMixin._notify_sg_on_port_change-1615912', 'neutron.plugins.ml2.ovo_rpc._ObjectChangeHandler.handle_event-999840', 'neutron.api.rpc.agentnotifiers.dhcp_rpc_agent_api.DhcpAgentNotifyAPI._native_event_send_dhcp_notification-570386', 'neutron.db.l3_db.L3RpcNotifierMixin._notify_routers_callback-8788451474005', 'neutron.db.l3_dvrscheduler_db._notify_port_delete-8788451041437', 'neutron.services.segments.plugin.NovaSegmentNotifier._notify_port_created_or_deleted-12605521'] for port, after_delete {{(pid=109952) _notify_loop /usr/local/lib/python3.8/dist-packages/neutron_lib/callbacks/manager.py:175}}
Nov 23 04:39:10.436448 dv-neutron-818850-1-hyperv neutron-server[109952]: DEBUG neutron.db.l3_dvrscheduler_db [None req-28e138e2-465a-40b1-8ed0-db1b2546579c tempest-AllowedAddressPairIpV6TestJSON-1060952313 tempest-AllowedAddressPairIpV6TestJSON-1060952313-project] Received port after_create {{(pid=109952) _notify_l3_agent_new_port /opt/stack/neutron/neutron/db/l3_dvrscheduler_db.py:535}}
Nov 23 04:39:10.452488 dv-neutron-818850-1-hyperv neutron-server[109952]: DEBUG neutron.pecan_wsgi.hooks.policy_enforcement [None req-28e138e2-465a-40b1-8ed0-db1b2546579c tempest-AllowedAddressPairIpV6TestJSON-1060952313 tempest-AllowedAddressPairIpV6TestJSON-1060952313-project] Attributes excluded by policy engine: ['standard_attr_id', 'binding:profile', 'binding:host_id', 'binding:vif_type', 'binding:vif_details', 'network'] {{(pid=109952) _exclude_attributes_by_policy /opt/stack/neutron/neutron/pecan_wsgi/hooks/policy_enforcement.py:255}}
Nov 23 04:39:10.453177 dv-neutron-818850-1-hyperv neutron-server[109952]: DEBUG neutron_lib.callbacks.manager [None req-28e138e2-465a-40b1-8ed0-db1b2546579c tempest-AllowedAddressPairIpV6TestJSON-1060952313 tempest-AllowedAddressPairIpV6TestJSON-1060952313-project] Publish callbacks ['neutron.notifiers.nova.Notifier._send_nova_notification-26046'] for port, before_response {{(pid=109952) _notify_loop /usr/local/lib/python3.8/dist-packages/neutron_lib/callbacks/manager.py:175}}
Nov 23 04:39:10.468961 dv-neutron-818850-1-hyperv neutron-server[109952]: DEBUG neutron.api.rpc.handlers.resources_rpc [None req-28e138e2-465a-40b1-8ed0-db1b2546579c tempest-AllowedAddressPairIpV6TestJSON-1060952313 tempest-AllowedAddressPairIpV6TestJSON-1060952313-project] Pushing event updated for resources: {'Port': ['ID=169a8a10-c4bc-475e-8774-3974aadfecb8,revision_number=1']} {{(pid=109952) push /opt/stack/neutron/neutron/api/rpc/handlers/resources_rpc.py:237}}
Nov 23 04:39:10.538594 dv-neutron-818850-1-hyperv neutron-server[109953]: INFO neutron.wsgi [None req-76738310-6fe1-4482-9444-c5e4eda69443 tempest-ExternalNetworksTestJSON-406419867 tempest-ExternalNetworksTestJSON-406419867-project-admin] 10.222.0.37 "POST /v2.0/networks HTTP/1.1" status: 201 len: 863 time: 0.7998683
Nov 23 04:39:10.570641 dv-neutron-818850-1-hyperv neutron-server[109953]: DEBUG neutron.wsgi [-] (109953) accepted ('10.222.0.37', 40490) {{(pid=109953) server /usr/local/lib/python3.8/dist-packages/eventlet/wsgi.py:1004}}
Nov 23 04:39:10.590030 dv-neutron-818850-1-hyperv neutron-server[109953]: DEBUG neutron_lib.callbacks.manager [None req-ca9afca9-be93-4754-b122-fd9c57387787 admin admin] Publish callbacks [] for security_group, precommit_delete {{(pid=109953) _notify_loop /usr/local/lib/python3.8/dist-packages/neutron_lib/callbacks/manager.py:175}}
Nov 23 04:39:10.605294 dv-neutron-818850-1-hyperv neutron-server[109953]: DEBUG neutron.api.v2.base [None req-96a742c5-f0f4-4048-b7c8-0d388a0db1e2 tempest-ExternalNetworksTestJSON-406419867 tempest-ExternalNetworksTestJSON-406419867-project-admin] Request body: {'network': {'router:external': True}} {{(pid=109953) prepare_request_body /opt/stack/neutron/neutron/api/v2/base.py:729}}
Nov 23 04:39:10.615775 dv-neutron-818850-1-hyperv neutron-server[109952]: DEBUG neutron_lib.callbacks.manager [None req-adabd186-52eb-4f9c-b437-4f8f1578edc2 tempest-PortsAdminExtendedAttrsTestJSON-483253933 tempest-PortsAdminExtendedAttrsTestJSON-483253933-project-admin] Publish callbacks ['neutron.notifiers.nova.Notifier._send_nova_notification-26046'] for port, before_response {{(pid=109952) _notify_loop /usr/local/lib/python3.8/dist-packages/neutron_lib/callbacks/manager.py:175}}
Nov 23 04:39:10.621749 dv-neutron-818850-1-hyperv neutron-server[109953]: DEBUG neutron.wsgi [-] (109953) accepted ('10.222.0.37', 40492) {{(pid=109953) server /usr/local/lib/python3.8/dist-packages/eventlet/wsgi.py:1004}}
Nov 23 04:39:10.633145 dv-neutron-818850-1-hyperv neutron-server[109952]: INFO neutron.wsgi [None req-adabd186-52eb-4f9c-b437-4f8f1578edc2 tempest-PortsAdminExtendedAttrsTestJSON-483253933 tempest-PortsAdminExtendedAttrsTestJSON-483253933-project-admin] 10.222.0.37 "DELETE /v2.0/ports/b1ac826e-7818-459f-99cb-49c438845449 HTTP/1.1" status: 204 len: 168 time: 3.0899770
Nov 23 04:39:10.635309 dv-neutron-818850-1-hyperv neutron-server[109952]: DEBUG neutron.wsgi [-] (109952) accepted ('10.222.0.37', 40494) {{(pid=109952) server /usr/local/lib/python3.8/dist-packages/eventlet/wsgi.py:1004}}
Nov 23 04:39:10.638704 dv-neutron-818850-1-hyperv neutron-server[109952]: DEBUG neutron.api.rpc.handlers.resources_rpc [None req-adabd186-52eb-4f9c-b437-4f8f1578edc2 tempest-PortsAdminExtendedAttrsTestJSON-483253933 tempest-PortsAdminExtendedAttrsTestJSON-483253933-project-admin] Pushing event deleted for resources: {'Port': ['ID=b1ac826e-7818-459f-99cb-49c438845449,revision_number=None']} {{(pid=109952) push /opt/stack/neutron/neutron/api/rpc/handlers/resources_rpc.py:237}}
Nov 23 04:39:10.656038 dv-neutron-818850-1-hyperv neutron-server[109953]: DEBUG neutron.wsgi [req-dc9ce7cc-4c64-4e64-8488-5b8a9b0143cb req-84a76557-8fac-4755-8525-70c76b9f0631 tempest-ServersTestManualDisk-498002897 tempest-ServersTestManualDisk-498002897-project] http://10.222.0.37:9696/v2.0/extensions returned with HTTP 200 {{(pid=109953) __call__ /opt/stack/neutron/neutron/wsgi.py:729}}
Nov 23 04:39:10.657188 dv-neutron-818850-1-hyperv neutron-server[109953]: INFO neutron.wsgi [req-dc9ce7cc-4c64-4e64-8488-5b8a9b0143cb req-84a76557-8fac-4755-8525-70c76b9f0631 tempest-ServersTestManualDisk-498002897 tempest-ServersTestManualDisk-498002897-project] 10.222.0.15 "GET /v2.0/extensions HTTP/1.1" status: 200 len: 14082 time: 0.0345559
Nov 23 04:39:10.664216 dv-neutron-818850-1-hyperv neutron-server[109953]: DEBUG neutron.api.rpc.handlers.resources_rpc [None req-76738310-6fe1-4482-9444-c5e4eda69443 tempest-ExternalNetworksTestJSON-406419867 tempest-ExternalNetworksTestJSON-406419867-project-admin] Pushing event updated for resources: {'Network': ['ID=adfa9938-1dce-46b9-8d8a-45cc4c87f61d,revision_number=1']} {{(pid=109953) push /opt/stack/neutron/neutron/api/rpc/handlers/resources_rpc.py:237}}
Nov 23 04:39:10.687742 dv-neutron-818850-1-hyperv neutron-server[109954]: DEBUG neutron.plugins.ml2.rpc [None req-ad0120f6-9234-4a94-ad6d-20bd72a49102 None None] Network adfa9938-1dce-46b9-8d8a-45cc4c87f61d details requested by agent ovs-agent-dv-neutron-818850-1-hyperv with host dv-neutron-818850-1-hyperv {{(pid=109954) get_network_details /opt/stack/neutron/neutron/plugins/ml2/rpc.py:248}}
Nov 23 04:39:10.713056 dv-neutron-818850-1-hyperv neutron-server[109952]: INFO neutron.pecan_wsgi.hooks.translation [None req-e237ef91-b3b9-4d31-9554-c00e69d94acb tempest-PortsAdminExtendedAttrsTestJSON-483253933 tempest-PortsAdminExtendedAttrsTestJSON-483253933-project-admin] GET failed (client error): The resource could not be found.
Nov 23 04:39:10.720366 dv-neutron-818850-1-hyperv neutron-server[109952]: INFO neutron.wsgi [None req-e237ef91-b3b9-4d31-9554-c00e69d94acb tempest-PortsAdminExtendedAttrsTestJSON-483253933 tempest-PortsAdminExtendedAttrsTestJSON-483253933-project-admin] 10.222.0.37 "GET /v2.0/ports/b1ac826e-7818-459f-99cb-49c438845449 HTTP/1.1" status: 404 len: 333 time: 0.0686865
Nov 23 04:39:10.728221 dv-neutron-818850-1-hyperv neutron-server[109952]: INFO neutron.wsgi [None req-28e138e2-465a-40b1-8ed0-db1b2546579c tempest-AllowedAddressPairIpV6TestJSON-1060952313 tempest-AllowedAddressPairIpV6TestJSON-1060952313-project] 10.222.0.37 "POST /v2.0/ports HTTP/1.1" status: 201 len: 1007 time: 2.7926142
Nov 23 04:39:10.729158 dv-neutron-818850-1-hyperv neutron-server[109952]: DEBUG neutron.wsgi [-] (109952) accepted ('10.222.0.37', 40496) {{(pid=109952) server /usr/local/lib/python3.8/dist-packages/eventlet/wsgi.py:1004}}
Nov 23 04:39:10.746892 dv-neutron-818850-1-hyperv neutron-server[109952]: DEBUG neutron.wsgi [-] (109952) accepted ('10.222.0.37', 40498) {{(pid=109952) server /usr/local/lib/python3.8/dist-packages/eventlet/wsgi.py:1004}}
Nov 23 04:39:10.747373 dv-neutron-818850-1-hyperv neutron-server[109953]: DEBUG neutron_lib.callbacks.manager [None req-2a00c110-e533-4592-baae-3ecd96887889 admin admin] Publish callbacks [] for security_group, before_create {{(pid=109953) _notify_loop /usr/local/lib/python3.8/dist-packages/neutron_lib/callbacks/manager.py:175}}
Nov 23 04:39:10.765690 dv-neutron-818850-1-hyperv neutron-server[109952]: DEBUG neutron.api.v2.base [None req-371dfac5-4716-4536-86b0-8e33322fef73 tempest-PortsAdminExtendedAttrsTestJSON-483253933 tempest-PortsAdminExtendedAttrsTestJSON-483253933-project-admin] Request body: {'port': {'network_id': 'c9a7f7fc-12bf-4d61-bcea-be97baa88a3e', 'name': 'tempest-PortsAdminExtendedAttrsTestJSON-836029316'}} {{(pid=109952) prepare_request_body /opt/stack/neutron/neutron/api/v2/base.py:729}}
Nov 23 04:39:10.905891 dv-neutron-818850-1-hyperv neutron-server[109952]: DEBUG neutron.pecan_wsgi.hooks.quota_enforcement [None req-371dfac5-4716-4536-86b0-8e33322fef73 tempest-PortsAdminExtendedAttrsTestJSON-483253933 tempest-PortsAdminExtendedAttrsTestJSON-483253933-project-admin] Made reservation on behalf of 0cd2fc3d00c947f884b739251a4f4dcc for: {'port': 1} {{(pid=109952) before /opt/stack/neutron/neutron/pecan_wsgi/hooks/quota_enforcement.py:53}}
Nov 23 04:39:10.908346 dv-neutron-818850-1-hyperv neutron-server[109952]: DEBUG neutron_lib.callbacks.manager [None req-371dfac5-4716-4536-86b0-8e33322fef73 tempest-PortsAdminExtendedAttrsTestJSON-483253933 tempest-PortsAdminExtendedAttrsTestJSON-483253933-project-admin] Publish callbacks ['neutron.plugins.ml2.plugin.SecurityGroupDbMixin._ensure_default_security_group_handler-1615977'] for port, before_create {{(pid=109952) _notify_loop /usr/local/lib/python3.8/dist-packages/neutron_lib/callbacks/manager.py:175}}
Nov 23 04:39:10.975613 dv-neutron-818850-1-hyperv neutron-server[109952]: INFO neutron.wsgi [req-a8632d50-3b88-487b-8beb-caf3bec95027 req-c2a0d3a7-52b1-4f7d-9809-50d7cd404303 tempest-ServersTestJSON-2035278955 tempest-ServersTestJSON-2035278955-project] 10.222.0.37 "GET /v2.0/ports?device_id=13485ef8-6936-4522-9130-ba56b3128e1d HTTP/1.1" status: 200 len: 210 time: 0.0722952
Nov 23 04:39:10.984103 dv-neutron-818850-1-hyperv neutron-server[109952]: DEBUG neutron.notifiers.nova [None req-371dfac5-4716-4536-86b0-8e33322fef73 tempest-PortsAdminExtendedAttrsTestJSON-483253933 tempest-PortsAdminExtendedAttrsTestJSON-483253933-project-admin] device_id is not set on port 13bb4db7-e36e-4241-bd72-a63e856f395a yet. {{(pid=109952) _can_notify /opt/stack/neutron/neutron/notifiers/nova.py:190}}
Nov 23 04:39:11.026203 dv-neutron-818850-1-hyperv neutron-server[109953]: DEBUG neutron_lib.callbacks.manager [None req-ca9afca9-be93-4754-b122-fd9c57387787 admin admin] Publish callbacks ['neutron.plugins.ml2.ovo_rpc._ObjectChangeHandler.handle_event-410136'] for security_group, after_delete {{(pid=109953) _notify_loop /usr/local/lib/python3.8/dist-packages/neutron_lib/callbacks/manager.py:175}}
Nov 23 04:39:11.029184 dv-neutron-818850-1-hyperv neutron-server[109953]: DEBUG neutron_lib.callbacks.manager [None req-ca9afca9-be93-4754-b122-fd9c57387787 admin admin] Publish callbacks [] for security_group, before_response {{(pid=109953) _notify_loop /usr/local/lib/python3.8/dist-packages/neutron_lib/callbacks/manager.py:175}}
Nov 23 04:39:11.032124 dv-neutron-818850-1-hyperv neutron-server[109953]: INFO neutron.wsgi [None req-ca9afca9-be93-4754-b122-fd9c57387787 admin admin] 10.222.0.37 "DELETE /v2.0/security-groups/ea589211-aebf-4ee4-8614-f7c679cce175 HTTP/1.1" status: 204 len: 168 time: 1.4162197
Nov 23 04:39:11.038372 dv-neutron-818850-1-hyperv neutron-server[109952]: DEBUG neutron.pecan_wsgi.hooks.policy_enforcement [None req-a65570df-4a8a-447a-9f79-9e46f91f83f3 tempest-AllowedAddressPairIpV6TestJSON-1060952313 tempest-AllowedAddressPairIpV6TestJSON-1060952313-project] Attributes excluded by policy engine: ['standard_attr_id', 'binding:profile', 'binding:host_id', 'binding:vif_type', 'binding:vif_details'] {{(pid=109952) _exclude_attributes_by_policy /opt/stack/neutron/neutron/pecan_wsgi/hooks/policy_enforcement.py:255}}
Nov 23 04:39:11.042065 dv-neutron-818850-1-hyperv neutron-server[109954]: DEBUG neutron.db.provisioning_blocks [None req-642b5d86-2fa7-4d62-8a5e-271ddef81dd1 None None] Provisioning complete for port 169a8a10-c4bc-475e-8774-3974aadfecb8 triggered by entity DHCP. {{(pid=109954) provisioning_complete /opt/stack/neutron/neutron/db/provisioning_blocks.py:139}}
Nov 23 04:39:11.042717 dv-neutron-818850-1-hyperv neutron-server[109954]: DEBUG neutron_lib.callbacks.manager [None req-642b5d86-2fa7-4d62-8a5e-271ddef81dd1 None None] Publish callbacks ['neutron.plugins.ml2.plugin.Ml2Plugin._port_provisioned-1478761'] for port, provisioning_complete {{(pid=109954) _notify_loop /usr/local/lib/python3.8/dist-packages/neutron_lib/callbacks/manager.py:175}}
Nov 23 04:39:11.053894 dv-neutron-818850-1-hyperv neutron-server[109952]: DEBUG neutron.pecan_wsgi.hooks.policy_enforcement [None req-a65570df-4a8a-447a-9f79-9e46f91f83f3 tempest-AllowedAddressPairIpV6TestJSON-1060952313 tempest-AllowedAddressPairIpV6TestJSON-1060952313-project] Attributes excluded by policy engine: ['standard_attr_id', 'binding:profile', 'binding:host_id', 'binding:vif_type', 'binding:vif_details'] {{(pid=109952) _exclude_attributes_by_policy /opt/stack/neutron/neutron/pecan_wsgi/hooks/policy_enforcement.py:255}}
Nov 23 04:39:11.065670 dv-neutron-818850-1-hyperv neutron-server[109952]: DEBUG neutron.pecan_wsgi.hooks.policy_enforcement [None req-a65570df-4a8a-447a-9f79-9e46f91f83f3 tempest-AllowedAddressPairIpV6TestJSON-1060952313 tempest-AllowedAddressPairIpV6TestJSON-1060952313-project] Attributes excluded by policy engine: ['standard_attr_id', 'binding:profile', 'binding:host_id', 'binding:vif_type', 'binding:vif_details'] {{(pid=109952) _exclude_attributes_by_policy /opt/stack/neutron/neutron/pecan_wsgi/hooks/policy_enforcement.py:255}}
Nov 23 04:39:11.074040 dv-neutron-818850-1-hyperv neutron-server[109952]: INFO neutron.wsgi [None req-a65570df-4a8a-447a-9f79-9e46f91f83f3 tempest-AllowedAddressPairIpV6TestJSON-1060952313 tempest-AllowedAddressPairIpV6TestJSON-1060952313-project] 10.222.0.37 "GET /v2.0/ports HTTP/1.1" status: 200 len: 2482 time: 0.3045721
Nov 23 04:39:11.078029 dv-neutron-818850-1-hyperv neutron-server[109952]: DEBUG neutron.wsgi [-] (109952) accepted ('10.222.0.37', 40506) {{(pid=109952) server /usr/local/lib/python3.8/dist-packages/eventlet/wsgi.py:1004}}
Nov 23 04:39:11.078776 dv-neutron-818850-1-hyperv neutron-server[109952]: DEBUG neutron.wsgi [-] (109952) accepted ('10.222.0.37', 40508) {{(pid=109952) server /usr/local/lib/python3.8/dist-packages/eventlet/wsgi.py:1004}}
Nov 23 04:39:11.139689 dv-neutron-818850-1-hyperv neutron-server[109954]: DEBUG neutron.plugins.ml2.plugin [None req-642b5d86-2fa7-4d62-8a5e-271ddef81dd1 None None] Port 169a8a10-c4bc-475e-8774-3974aadfecb8 cannot update to ACTIVE because it is not bound. {{(pid=109954) _port_provisioned /opt/stack/neutron/neutron/plugins/ml2/plugin.py:342}}
