Jan 21 17:49:43.854079 dv-neutron-818844-2-hyperv neutron-server[115360]: DEBUG neutron_lib.callbacks.manager [None req-cd44af3d-0d7c-4ba0-91aa-f85c435bc072 tempest-RoutersTestDVR-1475110517 tempest-RoutersTestDVR-1475110517-project-admin] Publish callbacks ['neutron.services.l3_router.l3_router_plugin.DVRResourceOperationHandler._handle_distributed_migration-3695313', 'neutron.services.l3_router.l3_router_plugin.L3_HA_NAT_db_mixin._validate_migration-3702509', 'neutron.services.l3_router.service_providers.driver_controller.DriverController._update_router_provider-6989'] for router (36eb4b2f-9dc2-4162-9954-601270cb92a7), precommit_update {{(pid=115360) _notify_loop /usr/local/lib/python3.8/dist-packages/neutron_lib/callbacks/manager.py:176}}
Jan 21 17:49:43.855301 dv-neutron-818844-2-hyperv neutron-server[115360]: DEBUG neutron_lib.callbacks.manager [None req-cd44af3d-0d7c-4ba0-91aa-f85c435bc072 tempest-RoutersTestDVR-1475110517 tempest-RoutersTestDVR-1475110517-project-admin] Publish callbacks [] for router (36eb4b2f-9dc2-4162-9954-601270cb92a7), before_update {{(pid=115360) _notify_loop /usr/local/lib/python3.8/dist-packages/neutron_lib/callbacks/manager.py:176}}
Jan 21 17:49:43.908297 dv-neutron-818844-2-hyperv neutron-server[115360]: DEBUG neutron.pecan_wsgi.hooks.quota_enforcement [None req-6fcc1b85-9a25-460c-8be1-020040d72704 tempest-ExternalNetworksTestJSON-1069692583 tempest-ExternalNetworksTestJSON-1069692583-project-admin] Made reservation on behalf of ed5d1897c7a448fb89aafd18793c11d5 for: {'network': 1} {{(pid=115360) before /opt/stack/neutron/neutron/pecan_wsgi/hooks/quota_enforcement.py:53}}
Jan 21 17:49:43.910574 dv-neutron-818844-2-hyperv neutron-server[115360]: DEBUG neutron_lib.callbacks.manager [None req-6fcc1b85-9a25-460c-8be1-020040d72704 tempest-ExternalNetworksTestJSON-1069692583 tempest-ExternalNetworksTestJSON-1069692583-project-admin] Publish callbacks ['neutron.plugins.ml2.plugin.SecurityGroupDbMixin._ensure_default_security_group_handler-1400664'] for network (None), before_create {{(pid=115360) _notify_loop /usr/local/lib/python3.8/dist-packages/neutron_lib/callbacks/manager.py:176}}
Jan 21 17:49:43.991949 dv-neutron-818844-2-hyperv neutron-server[115360]: DEBUG neutron.services.l3_router.service_providers.driver_controller [None req-cd44af3d-0d7c-4ba0-91aa-f85c435bc072 tempest-RoutersTestDVR-1475110517 tempest-RoutersTestDVR-1475110517-project-admin] Get a provider driver handle based on the ha flag: False and distributed flag: True {{(pid=115360) _update_router_provider /opt/stack/neutron/neutron/services/l3_router/service_providers/driver_controller.py:160}}
Jan 21 17:49:43.992278 dv-neutron-818844-2-hyperv neutron-server[115360]: DEBUG neutron.services.l3_router.service_providers.driver_controller [None req-cd44af3d-0d7c-4ba0-91aa-f85c435bc072 tempest-RoutersTestDVR-1475110517 tempest-RoutersTestDVR-1475110517-project-admin] Router 36eb4b2f-9dc2-4162-9954-601270cb92a7 migrating from provider to provider. {{(pid=115360) _update_router_provider /opt/stack/neutron/neutron/services/l3_router/service_providers/driver_controller.py:167}}
Jan 21 17:49:43.992970 dv-neutron-818844-2-hyperv neutron-server[115360]: DEBUG neutron_lib.callbacks.manager [None req-cd44af3d-0d7c-4ba0-91aa-f85c435bc072 tempest-RoutersTestDVR-1475110517 tempest-RoutersTestDVR-1475110517-project-admin] Publish callbacks [] for router_controller (36eb4b2f-9dc2-4162-9954-601270cb92a7), precommit_delete_associations {{(pid=115360) _notify_loop /usr/local/lib/python3.8/dist-packages/neutron_lib/callbacks/manager.py:176}}
Jan 21 17:49:43.994711 dv-neutron-818844-2-hyperv neutron-server[115360]: DEBUG neutron.plugins.ml2.drivers.helpers [None req-6fcc1b85-9a25-460c-8be1-020040d72704 tempest-ExternalNetworksTestJSON-1069692583 tempest-ExternalNetworksTestJSON-1069692583-project-admin] vlan segment allocate from pool success with {'physical_network': 'physnet1', 'vlan_id': 196} {{(pid=115360) allocate_partially_specified_segment /opt/stack/neutron/neutron/plugins/ml2/drivers/helpers.py:153}}
Jan 21 17:49:44.003144 dv-neutron-818844-2-hyperv neutron-server[115360]: DEBUG neutron_lib.callbacks.manager [None req-cd44af3d-0d7c-4ba0-91aa-f85c435bc072 tempest-RoutersTestDVR-1475110517 tempest-RoutersTestDVR-1475110517-project-admin] Publish callbacks [] for router_controller (36eb4b2f-9dc2-4162-9954-601270cb92a7), precommit_add_association {{(pid=115360) _notify_loop /usr/local/lib/python3.8/dist-packages/neutron_lib/callbacks/manager.py:176}}
Jan 21 17:49:44.007276 dv-neutron-818844-2-hyperv neutron-server[115360]: DEBUG neutron_lib.callbacks.manager [None req-6fcc1b85-9a25-460c-8be1-020040d72704 tempest-ExternalNetworksTestJSON-1069692583 tempest-ExternalNetworksTestJSON-1069692583-project-admin] Publish callbacks ['neutron.plugins.ml2.plugin.Ml2Plugin._handle_segment_change-1330731'] for segment (d68f20ee-d0bf-4c2a-b424-0aaeacd699b0), precommit_create {{(pid=115360) _notify_loop /usr/local/lib/python3.8/dist-packages/neutron_lib/callbacks/manager.py:176}}
Jan 21 17:49:44.007670 dv-neutron-818844-2-hyperv neutron-server[115360]: INFO neutron.db.segments_db [None req-6fcc1b85-9a25-460c-8be1-020040d72704 tempest-ExternalNetworksTestJSON-1069692583 tempest-ExternalNetworksTestJSON-1069692583-project-admin] Added segment d68f20ee-d0bf-4c2a-b424-0aaeacd699b0 of type vlan for network 1adadb82-5874-4bbd-b056-623cdd0dfe13
Jan 21 17:49:44.075860 dv-neutron-818844-2-hyperv neutron-server[115360]: DEBUG neutron_lib.callbacks.manager [None req-cd44af3d-0d7c-4ba0-91aa-f85c435bc072 tempest-RoutersTestDVR-1475110517 tempest-RoutersTestDVR-1475110517-project-admin] Publish callbacks ['neutron.services.l3_router.l3_router_plugin.DVRResourceOperationHandler._create_snat_interfaces_after_change-3697202', 'neutron.services.l3_router.l3_router_plugin.DVRResourceOperationHandler._delete_distributed_port_bindings_after_change-3695320', 'neutron.services.l3_router.l3_router_plugin.DVRResourceOperationHandler._delete_snat_interfaces_after_change-3697195', 'neutron.services.l3_router.l3_router_plugin.L3_HA_NAT_db_mixin._reconfigure_ha_resources-3702502'] for router (36eb4b2f-9dc2-4162-9954-601270cb92a7), after_update {{(pid=115360) _notify_loop /usr/local/lib/python3.8/dist-packages/neutron_lib/callbacks/manager.py:176}}
Jan 21 17:49:44.078819 dv-neutron-818844-2-hyperv neutron-server[115360]: DEBUG neutron_lib.callbacks.manager [None req-6fcc1b85-9a25-460c-8be1-020040d72704 tempest-ExternalNetworksTestJSON-1069692583 tempest-ExternalNetworksTestJSON-1069692583-project-admin] Publish callbacks ['neutron.services.auto_allocate.db._ensure_external_network_default_value_callback-8788109062108'] for network (1adadb82-5874-4bbd-b056-623cdd0dfe13), precommit_create {{(pid=115360) _notify_loop /usr/local/lib/python3.8/dist-packages/neutron_lib/callbacks/manager.py:176}}
Jan 21 17:49:44.195231 dv-neutron-818844-2-hyperv neutron-server[115360]: INFO neutron.wsgi [req-1e64e6e9-f1de-4d9b-a862-b7fb63b078e2 req-df464056-b43c-4ecb-a7d4-bd006fe203b2 tempest-ServerActionsTestJSON-660682381 tempest-ServerActionsTestJSON-660682381-project] 10.222.0.99 "GET /v2.0/ports?device_id=0a7ccab6-34aa-4545-9d19-65c34e9e82c3 HTTP/1.1" status: 200 len: 210 time: 0.0697701
Jan 21 17:49:44.221409 dv-neutron-818844-2-hyperv neutron-server[115360]: WARNING neutron.scheduler.l3_agent_scheduler [None req-cd44af3d-0d7c-4ba0-91aa-f85c435bc072 tempest-RoutersTestDVR-1475110517 tempest-RoutersTestDVR-1475110517-project-admin] No L3 agents can host the router 36eb4b2f-9dc2-4162-9954-601270cb92a7
Jan 21 17:49:44.258487 dv-neutron-818844-2-hyperv neutron-server[115359]: DEBUG neutron_lib.callbacks.manager [None req-08a4afc5-2d61-4682-847c-03414d0c2567 tempest-MeteringIpV6TestJSON-353144727 tempest-MeteringIpV6TestJSON-353144727-project-admin] Publish callbacks [] for metering_label_rule (None), before_response {{(pid=115359) _notify_loop /usr/local/lib/python3.8/dist-packages/neutron_lib/callbacks/manager.py:176}}
Jan 21 17:49:44.260425 dv-neutron-818844-2-hyperv neutron-server[115359]: INFO neutron.wsgi [None req-08a4afc5-2d61-4682-847c-03414d0c2567 tempest-MeteringIpV6TestJSON-353144727 tempest-MeteringIpV6TestJSON-353144727-project-admin] 10.222.0.99 "DELETE /v2.0/metering/metering-label-rules/ff06a622-135b-46f7-bc92-d69c231c0594 HTTP/1.1" status: 204 len: 168 time: 0.5738540
Jan 21 17:49:44.264156 dv-neutron-818844-2-hyperv neutron-server[115360]: DEBUG neutron.wsgi [-] (115360) accepted ('10.222.0.99', 44740) {{(pid=115360) server /usr/local/lib/python3.8/dist-packages/eventlet/wsgi.py:1004}}
Jan 21 17:49:44.284241 dv-neutron-818844-2-hyperv neutron-server[115359]: INFO neutron.wsgi [None req-57f5938f-ba5f-43a2-b811-f72a9a35d24c admin admin] 10.222.0.99 "GET /v2.0/security-groups?tenant_id=e941963f880b47afbd385e85a992da2b&name=default HTTP/1.1" status: 200 len: 2992 time: 0.6187913
Jan 21 17:49:44.286874 dv-neutron-818844-2-hyperv neutron-server[115359]: DEBUG neutron.wsgi [-] (115359) accepted ('10.222.0.99', 44742) {{(pid=115359) server /usr/local/lib/python3.8/dist-packages/eventlet/wsgi.py:1004}}
Jan 21 17:49:44.296881 dv-neutron-818844-2-hyperv neutron-server[115360]: DEBUG neutron_lib.callbacks.manager [None req-6fcc1b85-9a25-460c-8be1-020040d72704 tempest-ExternalNetworksTestJSON-1069692583 tempest-ExternalNetworksTestJSON-1069692583-project-admin] Publish callbacks ['neutron.plugins.ml2.ovo_rpc._ObjectChangeHandler.handle_event-3758300', 'neutron.api.rpc.agentnotifiers.dhcp_rpc_agent_api.DhcpAgentNotifyAPI._native_event_send_dhcp_notification-3754344'] for network (1adadb82-5874-4bbd-b056-623cdd0dfe13), after_create {{(pid=115360) _notify_loop /usr/local/lib/python3.8/dist-packages/neutron_lib/callbacks/manager.py:176}}
Jan 21 17:49:44.297787 dv-neutron-818844-2-hyperv neutron-server[115360]: DEBUG neutron.pecan_wsgi.hooks.policy_enforcement [None req-6fcc1b85-9a25-460c-8be1-020040d72704 tempest-ExternalNetworksTestJSON-1069692583 tempest-ExternalNetworksTestJSON-1069692583-project-admin] Attributes excluded by policy engine: ['standard_attr_id', 'vlan_transparent'] {{(pid=115360) _exclude_attributes_by_policy /opt/stack/neutron/neutron/pecan_wsgi/hooks/policy_enforcement.py:255}}
Jan 21 17:49:44.298358 dv-neutron-818844-2-hyperv neutron-server[115360]: DEBUG neutron_lib.callbacks.manager [None req-6fcc1b85-9a25-460c-8be1-020040d72704 tempest-ExternalNetworksTestJSON-1069692583 tempest-ExternalNetworksTestJSON-1069692583-project-admin] Publish callbacks ['neutron.api.rpc.agentnotifiers.dhcp_rpc_agent_api.DhcpAgentNotifyAPI._send_dhcp_notification-3754246'] for network (None), before_response {{(pid=115360) _notify_loop /usr/local/lib/python3.8/dist-packages/neutron_lib/callbacks/manager.py:176}}
Jan 21 17:49:44.299394 dv-neutron-818844-2-hyperv neutron-server[115359]: DEBUG neutron_lib.callbacks.manager [None req-a0e13f66-e236-4bec-be6f-91ff7330e9f0 tempest-RoutersAdminNegativeTest-1015554210 tempest-RoutersAdminNegativeTest-1015554210-project-admin] Publish callbacks [] for router_gateway (3dc89de9-3c29-44bc-b819-805bc3198edd), before_create {{(pid=115359) _notify_loop /usr/local/lib/python3.8/dist-packages/neutron_lib/callbacks/manager.py:176}}
Jan 21 17:49:44.329801 dv-neutron-818844-2-hyperv neutron-server[115360]: INFO neutron.wsgi [None req-836c225a-abf7-4899-8595-b2ab83d76a3f tempest-MeteringIpV6TestJSON-353144727 tempest-MeteringIpV6TestJSON-353144727-project-admin] 10.222.0.99 "GET /v2.0/metering/metering-label-rules?id=ff06a622-135b-46f7-bc92-d69c231c0594 HTTP/1.1" status: 200 len: 221 time: 0.0610063
Jan 21 17:49:44.332468 dv-neutron-818844-2-hyperv neutron-server[115359]: DEBUG neutron.wsgi [-] (115359) accepted ('10.222.0.99', 44744) {{(pid=115359) server /usr/local/lib/python3.8/dist-packages/eventlet/wsgi.py:1004}}
Jan 21 17:49:44.339293 dv-neutron-818844-2-hyperv neutron-server[115359]: DEBUG neutron.api.v2.base [None req-0c59a43d-fe72-42b3-bcc5-fbee77593647 tempest-MeteringIpV6TestJSON-353144727 tempest-MeteringIpV6TestJSON-353144727-project-admin] Request body: {'metering_label': {'name': 'tempest-metering-label--1071850325', 'description': 'label created by tempest'}} {{(pid=115359) prepare_request_body /opt/stack/neutron/neutron/api/v2/base.py:729}}
Jan 21 17:49:44.339742 dv-neutron-818844-2-hyperv neutron-server[115359]: DEBUG neutron.api.v2.base [None req-0c59a43d-fe72-42b3-bcc5-fbee77593647 tempest-MeteringIpV6TestJSON-353144727 tempest-MeteringIpV6TestJSON-353144727-project-admin] Unknown quota resources ['metering_label']. {{(pid=115359) _create /opt/stack/neutron/neutron/api/v2/base.py:496}}
Jan 21 17:49:44.348683 dv-neutron-818844-2-hyperv neutron-server[115359]: DEBUG neutron_lib.callbacks.manager [None req-a0e13f66-e236-4bec-be6f-91ff7330e9f0 tempest-RoutersAdminNegativeTest-1015554210 tempest-RoutersAdminNegativeTest-1015554210-project-admin] Publish callbacks ['neutron.plugins.ml2.plugin.SecurityGroupDbMixin._ensure_default_security_group_handler-1400664'] for port (None), before_create {{(pid=115359) _notify_loop /usr/local/lib/python3.8/dist-packages/neutron_lib/callbacks/manager.py:176}}
Jan 21 17:49:44.419209 dv-neutron-818844-2-hyperv neutron-server[115360]: INFO neutron.wsgi [None req-6fcc1b85-9a25-460c-8be1-020040d72704 tempest-ExternalNetworksTestJSON-1069692583 tempest-ExternalNetworksTestJSON-1069692583-project-admin] 10.222.0.99 "POST /v2.0/networks HTTP/1.1" status: 201 len: 862 time: 1.1701047
Jan 21 17:49:44.420475 dv-neutron-818844-2-hyperv neutron-server[115359]: DEBUG neutron_lib.callbacks.manager [None req-e29adf2b-3373-4bd5-bc59-91098271f66e tempest-ServersTestManualDisk-103237789 tempest-ServersTestManualDisk-103237789-project] Publish callbacks [] for port (993bf72f-fc6a-4f8d-ae3c-ce5199322205), precommit_update {{(pid=115359) _notify_loop /usr/local/lib/python3.8/dist-packages/neutron_lib/callbacks/manager.py:176}}
Jan 21 17:49:44.421030 dv-neutron-818844-2-hyperv neutron-server[115360]: DEBUG neutron.db.l3_dvrscheduler_db [None req-cd44af3d-0d7c-4ba0-91aa-f85c435bc072 tempest-RoutersTestDVR-1475110517 tempest-RoutersTestDVR-1475110517-project-admin] Hosts for router 36eb4b2f-9dc2-4162-9954-601270cb92a7: [] {{(pid=115360) _get_dvr_hosts_for_router /opt/stack/neutron/neutron/db/l3_dvrscheduler_db.py:329}}
Jan 21 17:49:44.422912 dv-neutron-818844-2-hyperv neutron-server[115359]: DEBUG neutron.wsgi [-] (115359) accepted ('10.222.0.99', 44746) {{(pid=115359) server /usr/local/lib/python3.8/dist-packages/eventlet/wsgi.py:1004}}
Jan 21 17:49:44.423041 dv-neutron-818844-2-hyperv neutron-server[115360]: DEBUG neutron.api.rpc.handlers.resources_rpc [None req-6fcc1b85-9a25-460c-8be1-020040d72704 tempest-ExternalNetworksTestJSON-1069692583 tempest-ExternalNetworksTestJSON-1069692583-project-admin] Pushing event updated for resources: {'Network': ['ID=1adadb82-5874-4bbd-b056-623cdd0dfe13,revision_number=1']} {{(pid=115360) push /opt/stack/neutron/neutron/api/rpc/handlers/resources_rpc.py:237}}
Jan 21 17:49:44.434574 dv-neutron-818844-2-hyperv neutron-server[115361]: DEBUG neutron.plugins.ml2.rpc [None req-eee2ce54-9b9e-49fa-b0ce-3e0ef3493c61 None None] Network 1adadb82-5874-4bbd-b056-623cdd0dfe13 details requested by agent ovs-agent-dv-neutron-818844-2-hyperv with host dv-neutron-818844-2-hyperv {{(pid=115361) get_network_details /opt/stack/neutron/neutron/plugins/ml2/rpc.py:248}}
Jan 21 17:49:44.463376 dv-neutron-818844-2-hyperv neutron-server[115360]: DEBUG neutron.db.l3_dvrscheduler_db [None req-cd44af3d-0d7c-4ba0-91aa-f85c435bc072 tempest-RoutersTestDVR-1475110517 tempest-RoutersTestDVR-1475110517-project-admin] Hosts for other DVR routers connected to router 36eb4b2f-9dc2-4162-9954-601270cb92a7: set() {{(pid=115360) _get_other_dvr_hosts /opt/stack/neutron/neutron/db/l3_dvrscheduler_db.py:346}}
Jan 21 17:49:44.468153 dv-neutron-818844-2-hyperv neutron-server[115360]: DEBUG neutron_lib.callbacks.manager [None req-cd44af3d-0d7c-4ba0-91aa-f85c435bc072 tempest-RoutersTestDVR-1475110517 tempest-RoutersTestDVR-1475110517-project-admin] Publish callbacks [] for router (None), before_response {{(pid=115360) _notify_loop /usr/local/lib/python3.8/dist-packages/neutron_lib/callbacks/manager.py:176}}
Jan 21 17:49:44.469744 dv-neutron-818844-2-hyperv neutron-server[115360]: INFO neutron.wsgi [None req-cd44af3d-0d7c-4ba0-91aa-f85c435bc072 tempest-RoutersTestDVR-1475110517 tempest-RoutersTestDVR-1475110517-project-admin] 10.222.0.99 "PUT /v2.0/routers/36eb4b2f-9dc2-4162-9954-601270cb92a7 HTTP/1.1" status: 200 len: 717 time: 1.1924677
Jan 21 17:49:44.472357 dv-neutron-818844-2-hyperv neutron-server[115360]: DEBUG neutron.wsgi [-] (115360) accepted ('10.222.0.99', 44750) {{(pid=115360) server /usr/local/lib/python3.8/dist-packages/eventlet/wsgi.py:1004}}
Jan 21 17:49:44.558238 dv-neutron-818844-2-hyperv neutron-server[115360]: INFO neutron.wsgi [None req-51b7d653-a537-4bdd-ba32-f7d75389f793 tempest-RoutersTestDVR-1475110517 tempest-RoutersTestDVR-1475110517-project-admin] 10.222.0.99 "GET /v2.0/routers/36eb4b2f-9dc2-4162-9954-601270cb92a7 HTTP/1.1" status: 200 len: 717 time: 0.0837736
Jan 21 17:49:44.560734 dv-neutron-818844-2-hyperv neutron-server[115360]: DEBUG neutron.wsgi [-] (115360) accepted ('10.222.0.99', 44752) {{(pid=115360) server /usr/local/lib/python3.8/dist-packages/eventlet/wsgi.py:1004}}
Jan 21 17:49:44.563947 dv-neutron-818844-2-hyperv neutron-server[115359]: DEBUG neutron_lib.callbacks.manager [None req-e29adf2b-3373-4bd5-bc59-91098271f66e tempest-ServersTestManualDisk-103237789 tempest-ServersTestManualDisk-103237789-project] Publish callbacks ['neutron.plugins.ml2.plugin.SecurityGroupServerNotifierRpcMixin._notify_sg_on_port_change-1400363', 'neutron.plugins.ml2.ovo_rpc._ObjectChangeHandler.handle_event-188182', 'neutron.api.rpc.agentnotifiers.dhcp_rpc_agent_api.DhcpAgentNotifyAPI._native_event_send_dhcp_notification-3754344', 'neutron.db.l3_db.L3RpcNotifierMixin._notify_gateway_port_ip_changed-8788109609885', 'neutron.db.l3_dvrscheduler_db._notify_l3_agent_port_update-8788109094036', 'neutron.db.l3_hascheduler_db._notify_l3_agent_ha_port_update-8788109094054', 'neutron.services.segments.plugin.NovaSegmentNotifier._notify_port_updated-2509621'] for port (993bf72f-fc6a-4f8d-ae3c-ce5199322205), after_update {{(pid=115359) _notify_loop /usr/local/lib/python3.8/dist-packages/neutron_lib/callbacks/manager.py:176}}
Jan 21 17:49:44.633420 dv-neutron-818844-2-hyperv neutron-server[115359]: DEBUG neutron_lib.callbacks.manager [None req-320a5e18-4d5e-48b7-b8a3-4121c7abef4d admin admin] Publish callbacks [] for security_group (b6aa6cef-2b51-4957-968d-b13c0ff61f22), before_delete {{(pid=115359) _notify_loop /usr/local/lib/python3.8/dist-packages/neutron_lib/callbacks/manager.py:176}}
Jan 21 17:49:44.684749 dv-neutron-818844-2-hyperv neutron-server[115359]: DEBUG neutron.pecan_wsgi.hooks.policy_enforcement [None req-56715aaa-1875-4466-b754-b8ead35e07ac tempest-ExternalNetworksTestJSON-1371170208 tempest-ExternalNetworksTestJSON-1371170208-project] Attributes excluded by policy engine: ['standard_attr_id', 'vlan_transparent', 'provider:network_type', 'provider:physical_network', 'provider:segmentation_id'] {{(pid=115359) _exclude_attributes_by_policy /opt/stack/neutron/neutron/pecan_wsgi/hooks/policy_enforcement.py:255}}
Jan 21 17:49:44.686137 dv-neutron-818844-2-hyperv neutron-server[115359]: INFO neutron.wsgi [None req-56715aaa-1875-4466-b754-b8ead35e07ac tempest-ExternalNetworksTestJSON-1371170208 tempest-ExternalNetworksTestJSON-1371170208-project] 10.222.0.99 "GET /v2.0/networks/1adadb82-5874-4bbd-b056-623cdd0dfe13 HTTP/1.1" status: 200 len: 756 time: 0.2584400
Jan 21 17:49:44.689021 dv-neutron-818844-2-hyperv neutron-server[115360]: DEBUG neutron.wsgi [-] (115360) accepted ('10.222.0.99', 44756) {{(pid=115360) server /usr/local/lib/python3.8/dist-packages/eventlet/wsgi.py:1004}}
Jan 21 17:49:44.756935 dv-neutron-818844-2-hyperv neutron-server[115359]: DEBUG neutron_lib.callbacks.manager [None req-320a5e18-4d5e-48b7-b8a3-4121c7abef4d admin admin] Publish callbacks [] for security_group (b6aa6cef-2b51-4957-968d-b13c0ff61f22), precommit_delete {{(pid=115359) _notify_loop /usr/local/lib/python3.8/dist-packages/neutron_lib/callbacks/manager.py:176}}
Jan 21 17:49:44.851293 dv-neutron-818844-2-hyperv neutron-server[115360]: INFO neutron.wsgi [None req-6d864d33-50b2-4983-8406-f70a985ea6c0 tempest-RoutersTestDVR-756063642 tempest-RoutersTestDVR-756063642-project] 10.222.0.99 "GET /v2.0/routers/36eb4b2f-9dc2-4162-9954-601270cb92a7 HTTP/1.1" status: 200 len: 683 time: 0.2863805
Jan 21 17:49:44.857122 dv-neutron-818844-2-hyperv neutron-server[115359]: DEBUG neutron.api.rpc.handlers.resources_rpc [None req-e29adf2b-3373-4bd5-bc59-91098271f66e tempest-ServersTestManualDisk-103237789 tempest-ServersTestManualDisk-103237789-project] Pushing event updated for resources: {'Port': ['ID=993bf72f-fc6a-4f8d-ae3c-ce5199322205,revision_number=2']} {{(pid=115359) push /opt/stack/neutron/neutron/api/rpc/handlers/resources_rpc.py:237}}
Jan 21 17:49:44.863025 dv-neutron-818844-2-hyperv neutron-server[115359]: DEBUG neutron.wsgi [-] (115359) accepted ('10.222.0.99', 44760) {{(pid=115359) server /usr/local/lib/python3.8/dist-packages/eventlet/wsgi.py:1004}}
Jan 21 17:49:44.871451 dv-neutron-818844-2-hyperv neutron-server[115359]: DEBUG neutron_lib.callbacks.manager [None req-0c59a43d-fe72-42b3-bcc5-fbee77593647 tempest-MeteringIpV6TestJSON-353144727 tempest-MeteringIpV6TestJSON-353144727-project-admin] Publish callbacks [] for metering_label (None), before_response {{(pid=115359) _notify_loop /usr/local/lib/python3.8/dist-packages/neutron_lib/callbacks/manager.py:176}}
Jan 21 17:49:44.872641 dv-neutron-818844-2-hyperv neutron-server[115359]: INFO neutron.wsgi [None req-0c59a43d-fe72-42b3-bcc5-fbee77593647 tempest-MeteringIpV6TestJSON-353144727 tempest-MeteringIpV6TestJSON-353144727-project-admin] 10.222.0.99 "POST /v2.0/metering/metering-labels HTTP/1.1" status: 201 len: 470 time: 0.5378993
Jan 21 17:49:44.877351 dv-neutron-818844-2-hyperv neutron-server[115360]: DEBUG neutron.wsgi [-] (115360) accepted ('10.222.0.99', 44762) {{(pid=115360) server /usr/local/lib/python3.8/dist-packages/eventlet/wsgi.py:1004}}
Jan 21 17:49:44.967393 dv-neutron-818844-2-hyperv neutron-server[115360]: INFO neutron.wsgi [req-a5f261fa-1cd2-4803-9244-4e00ce72200a req-c32966a9-bb75-4cee-a468-8be1db29f173 tempest-ServersTestJSON-1626374544 tempest-ServersTestJSON-1626374544-project] 10.222.0.99 "GET /v2.0/ports?device_id=636e89d6-6925-45f1-82ef-41859fbcc3ec HTTP/1.1" status: 200 len: 210 time: 0.0887496
Jan 21 17:49:44.971488 dv-neutron-818844-2-hyperv neutron-server[115360]: INFO neutron.wsgi [None req-0082abd0-889f-4f87-a45d-84bc70420c52 tempest-MeteringIpV6TestJSON-353144727 tempest-MeteringIpV6TestJSON-353144727-project-admin] 10.222.0.99 "GET /v2.0/metering/metering-labels?id=4d542d52-ecec-4b94-aac3-5b95b38739da HTTP/1.1" status: 200 len: 468 time: 0.0895615
Jan 21 17:49:44.974080 dv-neutron-818844-2-hyperv neutron-server[115359]: DEBUG neutron_lib.callbacks.manager [None req-e29adf2b-3373-4bd5-bc59-91098271f66e tempest-ServersTestManualDisk-103237789 tempest-ServersTestManualDisk-103237789-project] Publish callbacks ['neutron.services.l3_router.l3_router_plugin.DVRResourceOperationHandler._create_dvr_floating_gw_port-3697396'] for floatingip (4c4bd3ac-30b9-4cd3-829d-a85b388434d3), after_create {{(pid=115359) _notify_loop /usr/local/lib/python3.8/dist-packages/neutron_lib/callbacks/manager.py:176}}
Jan 21 17:49:44.976300 dv-neutron-818844-2-hyperv neutron-server[115360]: DEBUG neutron.pecan_wsgi.hooks.policy_enforcement [None req-b42e524b-4d64-4808-8cdc-7ce20e06778c tempest-ExternalNetworksTestJSON-1371170208 tempest-ExternalNetworksTestJSON-1371170208-project] Attributes excluded by policy engine: ['standard_attr_id', 'vlan_transparent', 'provider:network_type', 'provider:physical_network', 'provider:segmentation_id'] {{(pid=115360) _exclude_attributes_by_policy /opt/stack/neutron/neutron/pecan_wsgi/hooks/policy_enforcement.py:255}}
Jan 21 17:49:44.976448 dv-neutron-818844-2-hyperv neutron-server[115359]: DEBUG neutron.wsgi [-] (115359) accepted ('10.222.0.99', 44764) {{(pid=115359) server /usr/local/lib/python3.8/dist-packages/eventlet/wsgi.py:1004}}
Jan 21 17:49:44.982835 dv-neutron-818844-2-hyperv neutron-server[115360]: INFO neutron.wsgi [None req-b42e524b-4d64-4808-8cdc-7ce20e06778c tempest-ExternalNetworksTestJSON-1371170208 tempest-ExternalNetworksTestJSON-1371170208-project] 10.222.0.99 "GET /v2.0/networks/f2837a2a-d11d-4eb9-baa2-a35d7999cacb HTTP/1.1" status: 200 len: 768 time: 0.2679999
Jan 21 17:49:44.984788 dv-neutron-818844-2-hyperv neutron-server[115360]: DEBUG neutron.wsgi [-] (115360) accepted ('10.222.0.99', 44766) {{(pid=115360) server /usr/local/lib/python3.8/dist-packages/eventlet/wsgi.py:1004}}
Jan 21 17:49:44.995725 dv-neutron-818844-2-hyperv neutron-server[115359]: DEBUG neutron_lib.callbacks.manager [None req-220d6588-c70a-434a-884a-b2421c43c2f6 tempest-RoutersTestDVR-1475110517 tempest-RoutersTestDVR-1475110517-project-admin] Publish callbacks [] for router (36eb4b2f-9dc2-4162-9954-601270cb92a7), before_delete {{(pid=115359) _notify_loop /usr/local/lib/python3.8/dist-packages/neutron_lib/callbacks/manager.py:176}}
Jan 21 17:49:45.044764 dv-neutron-818844-2-hyperv neutron-server[115360]: DEBUG neutron.wsgi [-] (115360) accepted ('10.222.0.104', 59103) {{(pid=115360) server /usr/local/lib/python3.8/dist-packages/eventlet/wsgi.py:1004}}
Jan 21 17:49:45.087650 dv-neutron-818844-2-hyperv neutron-server[115360]: DEBUG neutron_lib.callbacks.manager [None req-3eeb066f-4a74-4fc1-8905-731fb6a3c8cc tempest-ExternalNetworksTestJSON-1069692583 tempest-ExternalNetworksTestJSON-1069692583-project-admin] Publish callbacks ['neutron.plugins.ml2.plugin.External_net_db_mixin._before_network_delete_handler-1514319'] for network (1adadb82-5874-4bbd-b056-623cdd0dfe13), before_delete {{(pid=115360) _notify_loop /usr/local/lib/python3.8/dist-packages/neutron_lib/callbacks/manager.py:176}}
Jan 21 17:49:45.099631 dv-neutron-818844-2-hyperv neutron-server[115359]: DEBUG neutron_lib.callbacks.manager [None req-a0e13f66-e236-4bec-be6f-91ff7330e9f0 tempest-RoutersAdminNegativeTest-1015554210 tempest-RoutersAdminNegativeTest-1015554210-project-admin] Publish callbacks [] for router (3dc89de9-3c29-44bc-b819-805bc3198edd), before_delete {{(pid=115359) _notify_loop /usr/local/lib/python3.8/dist-packages/neutron_lib/callbacks/manager.py:176}}
Jan 21 17:49:45.111527 dv-neutron-818844-2-hyperv neutron-server[115359]: DEBUG neutron_lib.callbacks.manager [None req-e29adf2b-3373-4bd5-bc59-91098271f66e tempest-ServersTestManualDisk-103237789 tempest-ServersTestManualDisk-103237789-project] Publish callbacks ['neutron.notifiers.nova.Notifier._send_nova_notification-5349'] for floatingip (None), before_response {{(pid=115359) _notify_loop /usr/local/lib/python3.8/dist-packages/neutron_lib/callbacks/manager.py:176}}
Jan 21 17:49:45.112715 dv-neutron-818844-2-hyperv neutron-server[115359]: INFO neutron.wsgi [None req-e29adf2b-3373-4bd5-bc59-91098271f66e tempest-ServersTestManualDisk-103237789 tempest-ServersTestManualDisk-103237789-project] 10.222.0.99 "POST /v2.0/floatingips HTTP/1.1" status: 201 len: 692 time: 7.3964064
Jan 21 17:49:45.222713 dv-neutron-818844-2-hyperv neutron-server[115359]: DEBUG neutron_lib.callbacks.manager [None req-320a5e18-4d5e-48b7-b8a3-4121c7abef4d admin admin] Publish callbacks ['neutron.plugins.ml2.ovo_rpc._ObjectChangeHandler.handle_event-3758125'] for security_group (b6aa6cef-2b51-4957-968d-b13c0ff61f22), after_delete {{(pid=115359) _notify_loop /usr/local/lib/python3.8/dist-packages/neutron_lib/callbacks/manager.py:176}}
Jan 21 17:49:45.224383 dv-neutron-818844-2-hyperv neutron-server[115359]: DEBUG neutron_lib.callbacks.manager [None req-320a5e18-4d5e-48b7-b8a3-4121c7abef4d admin admin] Publish callbacks [] for security_group (None), before_response {{(pid=115359) _notify_loop /usr/local/lib/python3.8/dist-packages/neutron_lib/callbacks/manager.py:176}}
Jan 21 17:49:45.228000 dv-neutron-818844-2-hyperv neutron-server[115359]: INFO neutron.wsgi [None req-320a5e18-4d5e-48b7-b8a3-4121c7abef4d admin admin] 10.222.0.99 "DELETE /v2.0/security-groups/b6aa6cef-2b51-4957-968d-b13c0ff61f22 HTTP/1.1" status: 204 len: 168 time: 0.9375088
Jan 21 17:49:45.231882 dv-neutron-818844-2-hyperv neutron-server[115360]: DEBUG neutron.pecan_wsgi.hooks.policy_enforcement [req-8059625d-1088-4a4d-80e6-328ccfdb450b req-afb9b960-5ebe-4fc0-9d6b-59b1b5421670 tempest-ServerActionsTestJSON-660682381 tempest-ServerActionsTestJSON-660682381-project] Attributes excluded by policy engine: ['standard_attr_id', 'vlan_transparent', 'provider:network_type', 'provider:physical_network', 'provider:segmentation_id'] {{(pid=115360) _exclude_attributes_by_policy /opt/stack/neutron/neutron/pecan_wsgi/hooks/policy_enforcement.py:255}}
Jan 21 17:49:45.233435 dv-neutron-818844-2-hyperv neutron-server[115360]: INFO neutron.wsgi [req-8059625d-1088-4a4d-80e6-328ccfdb450b req-afb9b960-5ebe-4fc0-9d6b-59b1b5421670 tempest-ServerActionsTestJSON-660682381 tempest-ServerActionsTestJSON-660682381-project] 10.222.0.104 "GET /v2.0/networks?id=4fb11fa4-af01-405c-bf42-8e4fc5b6ecf5 HTTP/1.1" status: 200 len: 812 time: 0.1877306
Jan 21 17:49:45.237736 dv-neutron-818844-2-hyperv neutron-server[115360]: DEBUG neutron_lib.callbacks.manager [None req-3eeb066f-4a74-4fc1-8905-731fb6a3c8cc tempest-ExternalNetworksTestJSON-1069692583 tempest-ExternalNetworksTestJSON-1069692583-project-admin] Publish callbacks ['neutron.plugins.ml2.plugin.Ml2Plugin._network_delete_precommit_handler-1407825', 'neutron.services.segments.db._delete_segments_for_network-8788109649695'] for network (1adadb82-5874-4bbd-b056-623cdd0dfe13), precommit_delete {{(pid=115360) _notify_loop /usr/local/lib/python3.8/dist-packages/neutron_lib/callbacks/manager.py:176}}
Jan 21 17:49:45.260714 dv-neutron-818844-2-hyperv neutron-server[115360]: DEBUG neutron_lib.callbacks.manager [None req-3eeb066f-4a74-4fc1-8905-731fb6a3c8cc tempest-ExternalNetworksTestJSON-1069692583 tempest-ExternalNetworksTestJSON-1069692583-project-admin] Subscribe: > segment before_delete 55550000 {{(pid=115360) subscribe /usr/local/lib/python3.8/dist-packages/neutron_lib/callbacks/manager.py:45}}
Jan 21 17:49:45.261180 dv-neutron-818844-2-hyperv neutron-server[115360]: DEBUG neutron_lib.callbacks.manager [None req-3eeb066f-4a74-4fc1-8905-731fb6a3c8cc tempest-ExternalNetworksTestJSON-1069692583 tempest-ExternalNetworksTestJSON-1069692583-project-admin] Subscribe: > subnet precommit_delete_associations 55550000 {{(pid=115360) subscribe /usr/local/lib/python3.8/dist-packages/neutron_lib/callbacks/manager.py:45}}
Jan 21 17:49:45.262210 dv-neutron-818844-2-hyperv neutron-server[115360]: DEBUG neutron_lib.callbacks.manager [None req-3eeb066f-4a74-4fc1-8905-731fb6a3c8cc tempest-ExternalNetworksTestJSON-1069692583 tempest-ExternalNetworksTestJSON-1069692583-project-admin] Subscribe: > segment_host_mapping after_create 55550000 {{(pid=115360) subscribe /usr/local/lib/python3.8/dist-packages/neutron_lib/callbacks/manager.py:45}}
Jan 21 17:49:45.262547 dv-neutron-818844-2-hyperv neutron-server[115360]: DEBUG neutron_lib.callbacks.manager [None req-3eeb066f-4a74-4fc1-8905-731fb6a3c8cc tempest-ExternalNetworksTestJSON-1069692583 tempest-ExternalNetworksTestJSON-1069692583-project-admin] Subscribe: > port after_create 55550000 {{(pid=115360) subscribe /usr/local/lib/python3.8/dist-packages/neutron_lib/callbacks/manager.py:45}}
Jan 21 17:49:45.262969 dv-neutron-818844-2-hyperv neutron-server[115360]: DEBUG neutron_lib.callbacks.manager [None req-3eeb066f-4a74-4fc1-8905-731fb6a3c8cc tempest-ExternalNetworksTestJSON-1069692583 tempest-ExternalNetworksTestJSON-1069692583-project-admin] Subscribe: > port after_delete 55550000 {{(pid=115360) subscribe /usr/local/lib/python3.8/dist-packages/neutron_lib/callbacks/manager.py:45}}
Jan 21 17:49:45.263354 dv-neutron-818844-2-hyperv neutron-server[115360]: DEBUG neutron_lib.callbacks.manager [None req-3eeb066f-4a74-4fc1-8905-731fb6a3c8cc tempest-ExternalNetworksTestJSON-1069692583 tempest-ExternalNetworksTestJSON-1069692583-project-admin] Subscribe: > port after_update 55550000 {{(pid=115360) subscribe /usr/local/lib/python3.8/dist-packages/neutron_lib/callbacks/manager.py:45}}
Jan 21 17:49:45.263750 dv-neutron-818844-2-hyperv neutron-server[115360]: DEBUG neutron_lib.callbacks.manager [None req-3eeb066f-4a74-4fc1-8905-731fb6a3c8cc tempest-ExternalNetworksTestJSON-1069692583 tempest-ExternalNetworksTestJSON-1069692583-project-admin] Subscribe: > segment after_delete 55550000 {{(pid=115360) subscribe /usr/local/lib/python3.8/dist-packages/neutron_lib/callbacks/manager.py:45}}
Jan 21 17:49:45.264258 dv-neutron-818844-2-hyperv neutron-server[115360]: DEBUG neutron_lib.callbacks.manager [None req-3eeb066f-4a74-4fc1-8905-731fb6a3c8cc tempest-ExternalNetworksTestJSON-1069692583 tempest-ExternalNetworksTestJSON-1069692583-project-admin] Subscribe: > subnet after_create 55550000 {{(pid=115360) subscribe /usr/local/lib/python3.8/dist-packages/neutron_lib/callbacks/manager.py:45}}
Jan 21 17:49:45.264602 dv-neutron-818844-2-hyperv neutron-server[115360]: DEBUG neutron_lib.callbacks.manager [None req-3eeb066f-4a74-4fc1-8905-731fb6a3c8cc tempest-ExternalNetworksTestJSON-1069692583 tempest-ExternalNetworksTestJSON-1069692583-project-admin] Subscribe: > subnet after_delete 55550000 {{(pid=115360) subscribe /usr/local/lib/python3.8/dist-packages/neutron_lib/callbacks/manager.py:45}}
Jan 21 17:49:45.264988 dv-neutron-818844-2-hyperv neutron-server[115360]: DEBUG neutron_lib.callbacks.manager [None req-3eeb066f-4a74-4fc1-8905-731fb6a3c8cc tempest-ExternalNetworksTestJSON-1069692583 tempest-ExternalNetworksTestJSON-1069692583-project-admin] Subscribe: > subnet after_update 55550000 {{(pid=115360) subscribe /usr/local/lib/python3.8/dist-packages/neutron_lib/callbacks/manager.py:45}}
Jan 21 17:49:45.369221 dv-neutron-818844-2-hyperv neutron-server[115359]: DEBUG neutron.api.rpc.handlers.resources_rpc [None req-320a5e18-4d5e-48b7-b8a3-4121c7abef4d admin admin] Pushing event deleted for resources: {'SecurityGroup': ['ID=b6aa6cef-2b51-4957-968d-b13c0ff61f22,revision_number=None']} {{(pid=115359) push /opt/stack/neutron/neutron/api/rpc/handlers/resources_rpc.py:237}}
Jan 21 17:49:45.418982 dv-neutron-818844-2-hyperv neutron-server[115359]: DEBUG neutron_lib.callbacks.manager [None req-220d6588-c70a-434a-884a-b2421c43c2f6 tempest-RoutersTestDVR-1475110517 tempest-RoutersTestDVR-1475110517-project-admin] Publish callbacks ['neutron.services.l3_router.l3_router_plugin.L3_HA_NAT_db_mixin._release_router_vr_id-3702409', 'neutron.services.l3_router.service_providers.driver_controller.DriverController._clear_router_provider-6982'] for router (36eb4b2f-9dc2-4162-9954-601270cb92a7), precommit_delete {{(pid=115359) _notify_loop /usr/local/lib/python3.8/dist-packages/neutron_lib/callbacks/manager.py:176}}
Jan 21 17:49:45.461758 dv-neutron-818844-2-hyperv neutron-server[115360]: DEBUG neutron_lib.callbacks.manager [None req-3eeb066f-4a74-4fc1-8905-731fb6a3c8cc tempest-ExternalNetworksTestJSON-1069692583 tempest-ExternalNetworksTestJSON-1069692583-project-admin] Subscribe: > subnet after_create 55550000 {{(pid=115360) subscribe /usr/local/lib/python3.8/dist-packages/neutron_lib/callbacks/manager.py:45}}
Jan 21 17:49:45.462112 dv-neutron-818844-2-hyperv neutron-server[115360]: DEBUG neutron_lib.callbacks.manager [None req-3eeb066f-4a74-4fc1-8905-731fb6a3c8cc tempest-ExternalNetworksTestJSON-1069692583 tempest-ExternalNetworksTestJSON-1069692583-project-admin] Subscribe: > subnet after_delete 55550000 {{(pid=115360) subscribe /usr/local/lib/python3.8/dist-packages/neutron_lib/callbacks/manager.py:45}}
Jan 21 17:49:45.462488 dv-neutron-818844-2-hyperv neutron-server[115360]: DEBUG neutron_lib.callbacks.manager [None req-3eeb066f-4a74-4fc1-8905-731fb6a3c8cc tempest-ExternalNetworksTestJSON-1069692583 tempest-ExternalNetworksTestJSON-1069692583-project-admin] Subscribe: > subnet before_create 55550000 {{(pid=115360) subscribe /usr/local/lib/python3.8/dist-packages/neutron_lib/callbacks/manager.py:45}}
Jan 21 17:49:45.462981 dv-neutron-818844-2-hyperv neutron-server[115360]: DEBUG neutron_lib.callbacks.manager [None req-3eeb066f-4a74-4fc1-8905-731fb6a3c8cc tempest-ExternalNetworksTestJSON-1069692583 tempest-ExternalNetworksTestJSON-1069692583-project-admin] Subscribe: > subnet before_update 55550000 {{(pid=115360) subscribe /usr/local/lib/python3.8/dist-packages/neutron_lib/callbacks/manager.py:45}}
Jan 21 17:49:45.463358 dv-neutron-818844-2-hyperv neutron-server[115360]: DEBUG neutron.services.segments.db [None req-3eeb066f-4a74-4fc1-8905-731fb6a3c8cc tempest-ExternalNetworksTestJSON-1069692583 tempest-ExternalNetworksTestJSON-1069692583-project-admin] neutron.services.segments.plugin.Plugin method get_segments called with arguments (,) {'filters': {'network_id': ['1adadb82-5874-4bbd-b056-623cdd0dfe13']}} {{(pid=115360) wrapper /usr/local/lib/python3.8/dist-packages/oslo_log/helpers.py:65}}
Jan 21 17:49:45.474476 dv-neutron-818844-2-hyperv neutron-server[115360]: DEBUG neutron.wsgi [-] (115360) accepted ('10.222.0.104', 59104) {{(pid=115360) server /usr/local/lib/python3.8/dist-packages/eventlet/wsgi.py:1004}}
Jan 21 17:49:45.507514 dv-neutron-818844-2-hyperv neutron-server[115359]: DEBUG neutron_lib.callbacks.manager [None req-220d6588-c70a-434a-884a-b2421c43c2f6 tempest-RoutersTestDVR-1475110517 tempest-RoutersTestDVR-1475110517-project-admin] Publish callbacks [] for router_controller (36eb4b2f-9dc2-4162-9954-601270cb92a7), precommit_delete_associations {{(pid=115359) _notify_loop /usr/local/lib/python3.8/dist-packages/neutron_lib/callbacks/manager.py:176}}
Jan 21 17:49:45.513726 dv-neutron-818844-2-hyperv neutron-server[115360]: DEBUG neutron.services.segments.db [None req-3eeb066f-4a74-4fc1-8905-731fb6a3c8cc tempest-ExternalNetworksTestJSON-1069692583 tempest-ExternalNetworksTestJSON-1069692583-project-admin] neutron.services.segments.plugin.Plugin method delete_segment called with arguments (, 'd68f20ee-d0bf-4c2a-b424-0aaeacd699b0') {'for_net_delete': True} {{(pid=115360) wrapper /usr/local/lib/python3.8/dist-packages/oslo_log/helpers.py:65}}
Jan 21 17:49:45.514035 dv-neutron-818844-2-hyperv neutron-server[115360]: DEBUG neutron.services.segments.db [None req-3eeb066f-4a74-4fc1-8905-731fb6a3c8cc tempest-ExternalNetworksTestJSON-1069692583 tempest-ExternalNetworksTestJSON-1069692583-project-admin] neutron.services.segments.plugin.Plugin method get_segment called with arguments (, 'd68f20ee-d0bf-4c2a-b424-0aaeacd699b0') {} {{(pid=115360) wrapper /usr/local/lib/python3.8/dist-packages/oslo_log/helpers.py:65}}
Jan 21 17:49:45.572343 dv-neutron-818844-2-hyperv neutron-server[115360]: INFO neutron.wsgi [req-265b4f05-dd97-43b1-9091-40980f8a1f5d req-f590894d-43e1-4a65-92de-8d5dd4b0af2c tempest-ServerActionsTestJSON-660682381 tempest-ServerActionsTestJSON-660682381-project] 10.222.0.99 "GET /v2.0/ports?device_id=0a7ccab6-34aa-4545-9d19-65c34e9e82c3 HTTP/1.1" status: 200 len: 210 time: 0.0971215
Jan 21 17:49:45.581691 dv-neutron-818844-2-hyperv neutron-server[115359]: DEBUG neutron_lib.callbacks.manager [None req-a0e13f66-e236-4bec-be6f-91ff7330e9f0 tempest-RoutersAdminNegativeTest-1015554210 tempest-RoutersAdminNegativeTest-1015554210-project-admin] Publish callbacks ['neutron.services.l3_router.l3_router_plugin.L3_HA_NAT_db_mixin._release_router_vr_id-3702409', 'neutron.services.l3_router.service_providers.driver_controller.DriverController._clear_router_provider-6982'] for router (3dc89de9-3c29-44bc-b819-805bc3198edd), precommit_delete {{(pid=115359) _notify_loop /usr/local/lib/python3.8/dist-packages/neutron_lib/callbacks/manager.py:176}}
Jan 21 17:49:45.591472 dv-neutron-818844-2-hyperv neutron-server[115359]: DEBUG neutron_lib.callbacks.manager [None req-e3f27ee2-9831-4884-81c5-d1ef4ae21857 tempest-MeteringIpV6TestJSON-353144727 tempest-MeteringIpV6TestJSON-353144727-project-admin] Publish callbacks [] for metering_label (None), before_response {{(pid=115359) _notify_loop /usr/local/lib/python3.8/dist-packages/neutron_lib/callbacks/manager.py:176}}
Jan 21 17:49:45.591472 dv-neutron-818844-2-hyperv neutron-server[115359]: INFO neutron.wsgi [None req-e3f27ee2-9831-4884-81c5-d1ef4ae21857 tempest-MeteringIpV6TestJSON-353144727 tempest-MeteringIpV6TestJSON-353144727-project-admin] 10.222.0.99 "DELETE /v2.0/metering/metering-labels/4d542d52-ecec-4b94-aac3-5b95b38739da HTTP/1.1" status: 204 len: 168 time: 0.6074133
Jan 21 17:49:45.591472 dv-neutron-818844-2-hyperv neutron-server[115359]: DEBUG neutron_lib.callbacks.manager [None req-a0e13f66-e236-4bec-be6f-91ff7330e9f0 tempest-RoutersAdminNegativeTest-1015554210 tempest-RoutersAdminNegativeTest-1015554210-project-admin] Publish callbacks [] for router_controller (3dc89de9-3c29-44bc-b819-805bc3198edd), precommit_delete_associations {{(pid=115359) _notify_loop /usr/local/lib/python3.8/dist-packages/neutron_lib/callbacks/manager.py:176}}
Jan 21 17:49:45.592281 dv-neutron-818844-2-hyperv neutron-server[115359]: DEBUG neutron.wsgi [-] (115359) accepted ('10.222.0.99', 44796) {{(pid=115359) server /usr/local/lib/python3.8/dist-packages/eventlet/wsgi.py:1004}}
Jan 21 17:49:45.602873 dv-neutron-818844-2-hyperv neutron-server[115360]: DEBUG neutron_lib.callbacks.manager [None req-3eeb066f-4a74-4fc1-8905-731fb6a3c8cc tempest-ExternalNetworksTestJSON-1069692583 tempest-ExternalNetworksTestJSON-1069692583-project-admin] Publish callbacks ['neutron.plugins.ml2.db._prevent_segment_delete_with_port_bound-8788109648285', 'neutron.services.segments.plugin.Plugin._prevent_segment_delete_with_subnet_associated-126799246'] for segment (d68f20ee-d0bf-4c2a-b424-0aaeacd699b0), before_delete {{(pid=115360) _notify_loop /usr/local/lib/python3.8/dist-packages/neutron_lib/callbacks/manager.py:176}}
Jan 21 17:49:45.609888 dv-neutron-818844-2-hyperv neutron-server[115359]: INFO neutron.wsgi [None req-5c4b5447-09c2-46ad-895f-dc70624d409d tempest-MeteringIpV6TestJSON-353144727 tempest-MeteringIpV6TestJSON-353144727-project-admin] 10.222.0.99 "GET /v2.0/metering/metering-labels?id=4d542d52-ecec-4b94-aac3-5b95b38739da HTTP/1.1" status: 200 len: 216 time: 0.0164146
Jan 21 17:49:45.640342 dv-neutron-818844-2-hyperv neutron-server[115359]: DEBUG neutron.wsgi [-] (115359) accepted ('10.222.0.99', 44800) {{(pid=115359) server /usr/local/lib/python3.8/dist-packages/eventlet/wsgi.py:1004}}
Jan 21 17:49:45.652336 dv-neutron-818844-2-hyperv neutron-server[115359]: INFO neutron.wsgi [None req-9beccea7-5684-4ab3-b6c5-a648427bba36 tempest-MeteringIpV6TestJSON-353144727 tempest-MeteringIpV6TestJSON-353144727-project-admin] 10.222.0.99 "GET /v2.0/metering/metering-label-rules?id=33 HTTP/1.1" status: 200 len: 221 time: 0.0108051
Jan 21 17:49:45.655790 dv-neutron-818844-2-hyperv neutron-server[115359]: DEBUG neutron.wsgi [-] (115359) accepted ('10.222.0.99', 44804) {{(pid=115359) server /usr/local/lib/python3.8/dist-packages/eventlet/wsgi.py:1004}}
Jan 21 17:49:45.668851 dv-neutron-818844-2-hyperv neutron-server[115359]: INFO neutron.wsgi [None req-38c3ad15-74ee-48ec-8bb8-924bb52f1d7a tempest-MeteringIpV6TestJSON-353144727 tempest-MeteringIpV6TestJSON-353144727-project-admin] 10.222.0.99 "GET /v2.0/metering/metering-labels?id=33 HTTP/1.1" status: 200 len: 216 time: 0.0116014
Jan 21 17:49:45.673341 dv-neutron-818844-2-hyperv neutron-server[115359]: DEBUG neutron_lib.callbacks.manager [None req-220d6588-c70a-434a-884a-b2421c43c2f6 tempest-RoutersTestDVR-1475110517 tempest-RoutersTestDVR-1475110517-project-admin] Publish callbacks ['neutron.services.l3_router.l3_router_plugin.L3_HA_NAT_db_mixin._cleanup_ha_network_handler-3702402'] for router (36eb4b2f-9dc2-4162-9954-601270cb92a7), after_delete {{(pid=115359) _notify_loop /usr/local/lib/python3.8/dist-packages/neutron_lib/callbacks/manager.py:176}}
Jan 21 17:49:45.674088 dv-neutron-818844-2-hyperv neutron-server[115359]: DEBUG neutron.api.rpc.agentnotifiers.l3_rpc_agent_api [None req-220d6588-c70a-434a-884a-b2421c43c2f6 tempest-RoutersTestDVR-1475110517 tempest-RoutersTestDVR-1475110517-project-admin] Fanout notify agent at l3_agent the message router_deleted on router 36eb4b2f-9dc2-4162-9954-601270cb92a7 {{(pid=115359) _notification_fanout /opt/stack/neutron/neutron/api/rpc/agentnotifiers/l3_rpc_agent_api.py:114}}
Jan 21 17:49:45.675783 dv-neutron-818844-2-hyperv neutron-server[115359]: DEBUG neutron.wsgi [-] (115359) accepted ('10.222.0.99', 44806) {{(pid=115359) server /usr/local/lib/python3.8/dist-packages/eventlet/wsgi.py:1004}}
Jan 21 17:49:45.681754 dv-neutron-818844-2-hyperv neutron-server[115359]: DEBUG neutron_lib.callbacks.manager [None req-220d6588-c70a-434a-884a-b2421c43c2f6 tempest-RoutersTestDVR-1475110517 tempest-RoutersTestDVR-1475110517-project-admin] Publish callbacks [] for router (None), before_response {{(pid=115359) _notify_loop /usr/local/lib/python3.8/dist-packages/neutron_lib/callbacks/manager.py:176}}
Jan 21 17:49:45.683122 dv-neutron-818844-2-hyperv neutron-server[115359]: INFO neutron.wsgi [None req-220d6588-c70a-434a-884a-b2421c43c2f6 tempest-RoutersTestDVR-1475110517 tempest-RoutersTestDVR-1475110517-project-admin] 10.222.0.99 "DELETE /v2.0/routers/36eb4b2f-9dc2-4162-9954-601270cb92a7 HTTP/1.1" status: 204 len: 168 time: 0.8156161
Jan 21 17:49:45.689343 dv-neutron-818844-2-hyperv neutron-server[115359]: DEBUG neutron.wsgi [-] (115359) accepted ('10.222.0.99', 44808) {{(pid=115359) server /usr/local/lib/python3.8/dist-packages/eventlet/wsgi.py:1004}}
Jan 21 17:49:45.693504 dv-neutron-818844-2-hyperv neutron-server[115359]: DEBUG neutron.api.v2.base [None req-6b9a00e4-cb60-48d0-b9e5-c8256046f164 tempest-RoutersTestDVR-1475110517 tempest-RoutersTestDVR-1475110517-project-admin] Request body: {'router': {'name': 'tempest-router-1857715867', 'distributed': True}} {{(pid=115359) prepare_request_body /opt/stack/neutron/neutron/api/v2/base.py:729}}
Jan 21 17:49:45.964730 dv-neutron-818844-2-hyperv neutron-server[115359]: INFO neutron.wsgi [None req-1d872cbf-7a2a-468c-83a1-2ad23a4a1722 tempest-MeteringIpV6TestJSON-353144727 tempest-MeteringIpV6TestJSON-353144727-project-admin] 10.222.0.99 "GET /v2.0/metering/metering-labels/da90c3cc-605a-4a80-b3dd-ac0a6a74a46c HTTP/1.1" status: 200 len: 473 time: 0.2874107
Jan 21 17:49:45.965375 dv-neutron-818844-2-hyperv neutron-server[115359]: DEBUG neutron_lib.callbacks.manager [None req-a0e13f66-e236-4bec-be6f-91ff7330e9f0 tempest-RoutersAdminNegativeTest-1015554210 tempest-RoutersAdminNegativeTest-1015554210-project-admin] Publish callbacks ['neutron.services.l3_router.l3_router_plugin.L3_HA_NAT_db_mixin._cleanup_ha_network_handler-3702402'] for router (3dc89de9-3c29-44bc-b819-805bc3198edd), after_delete {{(pid=115359) _notify_loop /usr/local/lib/python3.8/dist-packages/neutron_lib/callbacks/manager.py:176}}
Jan 21 17:49:45.965870 dv-neutron-818844-2-hyperv neutron-server[115359]: DEBUG neutron.api.rpc.agentnotifiers.l3_rpc_agent_api [None req-a0e13f66-e236-4bec-be6f-91ff7330e9f0 tempest-RoutersAdminNegativeTest-1015554210 tempest-RoutersAdminNegativeTest-1015554210-project-admin] Fanout notify agent at l3_agent the message router_deleted on router 3dc89de9-3c29-44bc-b819-805bc3198edd {{(pid=115359) _notification_fanout /opt/stack/neutron/neutron/api/rpc/agentnotifiers/l3_rpc_agent_api.py:114}}
Jan 21 17:49:45.968959 dv-neutron-818844-2-hyperv neutron-server[115359]: DEBUG neutron.wsgi [-] (115359) accepted ('10.222.0.99', 44818) {{(pid=115359) server /usr/local/lib/python3.8/dist-packages/eventlet/wsgi.py:1004}}
Jan 21 17:49:45.978951 dv-neutron-818844-2-hyperv neutron-server[115360]: DEBUG neutron_lib.callbacks.manager [None req-3eeb066f-4a74-4fc1-8905-731fb6a3c8cc tempest-ExternalNetworksTestJSON-1069692583 tempest-ExternalNetworksTestJSON-1069692583-project-admin] Publish callbacks ['neutron.plugins.ml2.plugin.Ml2Plugin._handle_segment_change-1330731'] for segment (d68f20ee-d0bf-4c2a-b424-0aaeacd699b0), precommit_delete {{(pid=115360) _notify_loop /usr/local/lib/python3.8/dist-packages/neutron_lib/callbacks/manager.py:176}}
Jan 21 17:49:45.999099 dv-neutron-818844-2-hyperv neutron-server[115359]: INFO neutron.wsgi [None req-e16ad71a-0722-4aee-a43d-0bed9d6805cd tempest-MeteringIpV6TestJSON-353144727 tempest-MeteringIpV6TestJSON-353144727-project-admin] 10.222.0.99 "GET /v2.0/metering/metering-label-rules/34b98fe2-5c5c-4f69-99e2-f2ba3bbd0ce3 HTTP/1.1" status: 200 len: 459 time: 0.0271871
Jan 21 17:49:46.003256 dv-neutron-818844-2-hyperv neutron-server[115359]: DEBUG neutron.wsgi [-] (115359) accepted ('10.222.0.99', 44822) {{(pid=115359) server /usr/local/lib/python3.8/dist-packages/eventlet/wsgi.py:1004}}
Jan 21 17:49:46.010344 dv-neutron-818844-2-hyperv neutron-server[115360]: DEBUG neutron.plugins.ml2.drivers.type_vlan [None req-3eeb066f-4a74-4fc1-8905-731fb6a3c8cc tempest-ExternalNetworksTestJSON-1069692583 tempest-ExternalNetworksTestJSON-1069692583-project-admin] Releasing vlan 196 on physical network physnet1 to pool {{(pid=115360) release_segment /opt/stack/neutron/neutron/plugins/ml2/drivers/type_vlan.py:304}}
Jan 21 17:49:46.010344 dv-neutron-818844-2-hyperv neutron-server[115360]: DEBUG neutron_lib.callbacks.manager [None req-3eeb066f-4a74-4fc1-8905-731fb6a3c8cc tempest-ExternalNetworksTestJSON-1069692583 tempest-ExternalNetworksTestJSON-1069692583-project-admin] Publish callbacks ['neutron.plugins.ml2.plugin.Ml2Plugin._handle_segment_change-1330731', 'neutron.services.segments.plugin.NovaSegmentNotifier._notify_segment_deleted-125983389'] for segment (d68f20ee-d0bf-4c2a-b424-0aaeacd699b0), after_delete {{(pid=115360) _notify_loop /usr/local/lib/python3.8/dist-packages/neutron_lib/callbacks/manager.py:176}}
