Nov 24 22:16:44.421880 dv-neutron-818715-1-hyperv neutron-server[102410]: DEBUG neutron_lib.callbacks.manager [None req-e5d1aba0-d37d-455d-81a1-09372eca2e69 tempest-RoutersIpV6AdminTest-1465944833 tempest-RoutersIpV6AdminTest-1465944833-project-admin] Notify callbacks [] for router, before_response {{(pid=102410) _notify_loop /usr/local/lib/python3.8/dist-packages/neutron_lib/callbacks/manager.py:192}}
Nov 24 22:16:44.422793 dv-neutron-818715-1-hyperv neutron-server[102410]: INFO neutron.wsgi [None req-e5d1aba0-d37d-455d-81a1-09372eca2e69 tempest-RoutersIpV6AdminTest-1465944833 tempest-RoutersIpV6AdminTest-1465944833-project-admin] 10.222.0.41 "POST /v2.0/routers HTTP/1.1" status: 201 len: 722 time: 0.4177082
Nov 24 22:16:44.427913 dv-neutron-818715-1-hyperv neutron-server[102409]: DEBUG neutron.wsgi [-] (102409) accepted ('10.222.0.41', 55452) {{(pid=102409) server /usr/local/lib/python3.8/dist-packages/eventlet/wsgi.py:982}}
Nov 24 22:16:44.490112 dv-neutron-818715-1-hyperv neutron-server[102410]: DEBUG neutron.api.v2.base [None req-d772b0b1-2f74-4272-a917-6e27b9d4444a tempest-PortsIpV6TestJSON-1810591859 tempest-PortsIpV6TestJSON-1810591859-project] Request body: {'network': {'name': 'tempest-PortsIpV6TestJSON-test-network-717770637'}} {{(pid=102410) prepare_request_body /opt/stack/neutron/neutron/api/v2/base.py:729}}
Nov 24 22:16:44.507892 dv-neutron-818715-1-hyperv neutron-server[102410]: INFO neutron.wsgi [req-f5d7098c-e6c6-4703-95b2-f3ed4cb4b934 req-1c9c3665-5716-4815-b6a9-e7537dd2236e service neutron] 10.222.0.41 "GET /v2.0/networks/baf38131-5088-4198-bc0c-824aac5d4b43?fields=segments HTTP/1.1" status: 200 len: 212 time: 0.1525548
Nov 24 22:16:44.512503 dv-neutron-818715-1-hyperv neutron-server[102409]: DEBUG neutron_lib.callbacks.manager [None req-6739a33f-e9b7-452d-9dbe-bc2b7c545375 tempest-RoutersIpV6AdminTest-1465944833 tempest-RoutersIpV6AdminTest-1465944833-project-admin] Notify callbacks [] for router, before_delete {{(pid=102409) _notify_loop /usr/local/lib/python3.8/dist-packages/neutron_lib/callbacks/manager.py:192}}
Nov 24 22:16:44.598718 dv-neutron-818715-1-hyperv neutron-server[102410]: DEBUG neutron.pecan_wsgi.hooks.quota_enforcement [None req-d772b0b1-2f74-4272-a917-6e27b9d4444a tempest-PortsIpV6TestJSON-1810591859 tempest-PortsIpV6TestJSON-1810591859-project] Made reservation on behalf of afd433422191402da9516c3613871b60 for: {'network': 1} {{(pid=102410) before /opt/stack/neutron/neutron/pecan_wsgi/hooks/quota_enforcement.py:53}}
Nov 24 22:16:44.603057 dv-neutron-818715-1-hyperv neutron-server[102410]: DEBUG neutron_lib.callbacks.manager [None req-d772b0b1-2f74-4272-a917-6e27b9d4444a tempest-PortsIpV6TestJSON-1810591859 tempest-PortsIpV6TestJSON-1810591859-project] Notify callbacks ['neutron.plugins.ml2.plugin.SecurityGroupDbMixin._ensure_default_security_group_handler-550317'] for network, before_create {{(pid=102410) _notify_loop /usr/local/lib/python3.8/dist-packages/neutron_lib/callbacks/manager.py:192}}
Nov 24 22:16:44.618709 dv-neutron-818715-1-hyperv neutron-server[102410]: DEBUG neutron_lib.callbacks.manager [None req-d772b0b1-2f74-4272-a917-6e27b9d4444a tempest-PortsIpV6TestJSON-1810591859 tempest-PortsIpV6TestJSON-1810591859-project] Notify callbacks [] for security_group, before_create {{(pid=102410) _notify_loop /usr/local/lib/python3.8/dist-packages/neutron_lib/callbacks/manager.py:192}}
Nov 24 22:16:44.682555 dv-neutron-818715-1-hyperv neutron-server[102410]: INFO neutron.wsgi [req-f5d7098c-e6c6-4703-95b2-f3ed4cb4b934 req-5e86af6f-b82e-4da0-8339-da565800cdf3 service neutron] 10.222.0.41 "GET /v2.0/networks/baf38131-5088-4198-bc0c-824aac5d4b43?fields=provider%3Aphysical_network&fields=provider%3Anetwork_type HTTP/1.1" status: 200 len: 281 time: 0.1675758
Nov 24 22:16:44.724945 dv-neutron-818715-1-hyperv neutron-server[102409]: DEBUG neutron_lib.callbacks.manager [None req-844a077b-3258-4293-96c9-dc6fc22fb520 tempest-ExternalNetworksTestJSON-358497189 tempest-ExternalNetworksTestJSON-358497189-project-admin] Notify callbacks ['neutron.plugins.ml2.ovo_rpc._ObjectChangeHandler.handle_event-33064013', 'neutron.api.rpc.agentnotifiers.dhcp_rpc_agent_api.DhcpAgentNotifyAPI._native_event_send_dhcp_notification-33037785'] for network, after_create {{(pid=102409) _notify_loop /usr/local/lib/python3.8/dist-packages/neutron_lib/callbacks/manager.py:192}}
Nov 24 22:16:44.726062 dv-neutron-818715-1-hyperv neutron-server[102409]: DEBUG neutron.pecan_wsgi.hooks.policy_enforcement [None req-844a077b-3258-4293-96c9-dc6fc22fb520 tempest-ExternalNetworksTestJSON-358497189 tempest-ExternalNetworksTestJSON-358497189-project-admin] Attributes excluded by policy engine: ['standard_attr_id', 'vlan_transparent'] {{(pid=102409) _exclude_attributes_by_policy /opt/stack/neutron/neutron/pecan_wsgi/hooks/policy_enforcement.py:255}}
Nov 24 22:16:44.726997 dv-neutron-818715-1-hyperv neutron-server[102409]: DEBUG neutron_lib.callbacks.manager [None req-844a077b-3258-4293-96c9-dc6fc22fb520 tempest-ExternalNetworksTestJSON-358497189 tempest-ExternalNetworksTestJSON-358497189-project-admin] Notify callbacks ['neutron.api.rpc.agentnotifiers.dhcp_rpc_agent_api.DhcpAgentNotifyAPI._send_dhcp_notification-33037611'] for network, before_response {{(pid=102409) _notify_loop /usr/local/lib/python3.8/dist-packages/neutron_lib/callbacks/manager.py:192}}
Nov 24 22:16:44.763614 dv-neutron-818715-1-hyperv neutron-server[102409]: INFO neutron.wsgi [None req-844a077b-3258-4293-96c9-dc6fc22fb520 tempest-ExternalNetworksTestJSON-358497189 tempest-ExternalNetworksTestJSON-358497189-project-admin] 10.222.0.41 "POST /v2.0/networks HTTP/1.1" status: 201 len: 863 time: 0.6824186
Nov 24 22:16:44.769325 dv-neutron-818715-1-hyperv neutron-server[102410]: DEBUG neutron.wsgi [-] (102410) accepted ('10.222.0.41', 55462) {{(pid=102410) server /usr/local/lib/python3.8/dist-packages/eventlet/wsgi.py:982}}
Nov 24 22:16:44.775966 dv-neutron-818715-1-hyperv neutron-server[102410]: DEBUG neutron.api.v2.base [None req-8a6253bc-7287-4b1e-8e35-6dce0eaa96fe tempest-ExternalNetworksTestJSON-358497189 tempest-ExternalNetworksTestJSON-358497189-project-admin] Request body: {'network': {'router:external': True}} {{(pid=102410) prepare_request_body /opt/stack/neutron/neutron/api/v2/base.py:729}}
Nov 24 22:16:44.834529 dv-neutron-818715-1-hyperv neutron-server[102409]: DEBUG neutron_lib.callbacks.manager [None req-6739a33f-e9b7-452d-9dbe-bc2b7c545375 tempest-RoutersIpV6AdminTest-1465944833 tempest-RoutersIpV6AdminTest-1465944833-project-admin] Notify callbacks ['neutron.services.l3_router.l3_router_plugin.L3_HA_NAT_db_mixin._release_router_vr_id-33502519', 'neutron.services.l3_router.service_providers.driver_controller.DriverController._clear_router_provider-9171'] for router, precommit_delete {{(pid=102409) _notify_loop /usr/local/lib/python3.8/dist-packages/neutron_lib/callbacks/manager.py:192}}
Nov 24 22:16:44.849403 dv-neutron-818715-1-hyperv neutron-server[102409]: DEBUG neutron_lib.callbacks.manager [None req-6739a33f-e9b7-452d-9dbe-bc2b7c545375 tempest-RoutersIpV6AdminTest-1465944833 tempest-RoutersIpV6AdminTest-1465944833-project-admin] Notify callbacks [] for router_controller, precommit_delete_associations {{(pid=102409) _notify_loop /usr/local/lib/python3.8/dist-packages/neutron_lib/callbacks/manager.py:192}}
Nov 24 22:16:44.858528 dv-neutron-818715-1-hyperv neutron-server[102409]: DEBUG neutron_lib.callbacks.manager [None req-f30262d1-cd17-4708-860b-ad8e3a7bd892 admin admin] Notify callbacks ['neutron.plugins.ml2.ovo_rpc._ObjectChangeHandler.handle_event-33064124'] for security_group, after_delete {{(pid=102409) _notify_loop /usr/local/lib/python3.8/dist-packages/neutron_lib/callbacks/manager.py:192}}
Nov 24 22:16:44.866224 dv-neutron-818715-1-hyperv neutron-server[102409]: DEBUG neutron_lib.callbacks.manager [None req-f30262d1-cd17-4708-860b-ad8e3a7bd892 admin admin] Notify callbacks [] for security_group, before_response {{(pid=102409) _notify_loop /usr/local/lib/python3.8/dist-packages/neutron_lib/callbacks/manager.py:192}}
Nov 24 22:16:44.871435 dv-neutron-818715-1-hyperv neutron-server[102409]: INFO neutron.wsgi [None req-f30262d1-cd17-4708-860b-ad8e3a7bd892 admin admin] 10.222.0.41 "DELETE /v2.0/security-groups/d7665f57-86c3-49d0-8f7d-5042280e4205 HTTP/1.1" status: 204 len: 168 time: 0.7695255
Nov 24 22:16:44.948032 dv-neutron-818715-1-hyperv neutron-server[102410]: DEBUG neutron_lib.callbacks.manager [None req-d772b0b1-2f74-4272-a917-6e27b9d4444a tempest-PortsIpV6TestJSON-1810591859 tempest-PortsIpV6TestJSON-1810591859-project] Notify callbacks [] for security_group, precommit_create {{(pid=102410) _notify_loop /usr/local/lib/python3.8/dist-packages/neutron_lib/callbacks/manager.py:192}}
Nov 24 22:16:44.968674 dv-neutron-818715-1-hyperv neutron-server[102409]: DEBUG neutron.api.rpc.handlers.resources_rpc [None req-f30262d1-cd17-4708-860b-ad8e3a7bd892 admin admin] Pushing event deleted for resources: {'SecurityGroup': ['ID=d7665f57-86c3-49d0-8f7d-5042280e4205,revision_number=None']} {{(pid=102409) push /opt/stack/neutron/neutron/api/rpc/handlers/resources_rpc.py:237}}
Nov 24 22:16:44.979571 dv-neutron-818715-1-hyperv neutron-server[102410]: DEBUG neutron_lib.callbacks.manager [None req-d772b0b1-2f74-4272-a917-6e27b9d4444a tempest-PortsIpV6TestJSON-1810591859 tempest-PortsIpV6TestJSON-1810591859-project] Notify callbacks ['neutron.plugins.ml2.ovo_rpc._ObjectChangeHandler.handle_event-33064124'] for security_group, after_create {{(pid=102410) _notify_loop /usr/local/lib/python3.8/dist-packages/neutron_lib/callbacks/manager.py:192}}
Nov 24 22:16:45.037973 dv-neutron-818715-1-hyperv neutron-server[102409]: DEBUG neutron.api.rpc.handlers.resources_rpc [None req-844a077b-3258-4293-96c9-dc6fc22fb520 tempest-ExternalNetworksTestJSON-358497189 tempest-ExternalNetworksTestJSON-358497189-project-admin] Pushing event updated for resources: {'Network': ['ID=ac658323-b8b0-4d80-bc04-62306f36a564,revision_number=1']} {{(pid=102409) push /opt/stack/neutron/neutron/api/rpc/handlers/resources_rpc.py:237}}
Nov 24 22:16:45.051976 dv-neutron-818715-1-hyperv neutron-server[102409]: DEBUG neutron_lib.callbacks.manager [None req-6739a33f-e9b7-452d-9dbe-bc2b7c545375 tempest-RoutersIpV6AdminTest-1465944833 tempest-RoutersIpV6AdminTest-1465944833-project-admin] Notify callbacks ['neutron.services.l3_router.l3_router_plugin.L3_HA_NAT_db_mixin._cleanup_ha_network_handler-33502526'] for router, after_delete {{(pid=102409) _notify_loop /usr/local/lib/python3.8/dist-packages/neutron_lib/callbacks/manager.py:192}}
Nov 24 22:16:45.052562 dv-neutron-818715-1-hyperv neutron-server[102409]: DEBUG neutron.api.rpc.agentnotifiers.l3_rpc_agent_api [None req-6739a33f-e9b7-452d-9dbe-bc2b7c545375 tempest-RoutersIpV6AdminTest-1465944833 tempest-RoutersIpV6AdminTest-1465944833-project-admin] Fanout notify agent at l3_agent the message router_deleted on router 3341a23d-7422-4d95-8426-c310f304f221 {{(pid=102409) _notification_fanout /opt/stack/neutron/neutron/api/rpc/agentnotifiers/l3_rpc_agent_api.py:114}}
Nov 24 22:16:45.057413 dv-neutron-818715-1-hyperv neutron-server[102411]: DEBUG neutron.plugins.ml2.rpc [None req-c8425645-1323-4c4e-b2eb-9565916f359b None None] Network ac658323-b8b0-4d80-bc04-62306f36a564 details requested by agent ovs-agent-dv-neutron-818715-1-hyperv with host dv-neutron-818715-1-hyperv {{(pid=102411) get_network_details /opt/stack/neutron/neutron/plugins/ml2/rpc.py:248}}
Nov 24 22:16:45.061349 dv-neutron-818715-1-hyperv neutron-server[102409]: DEBUG neutron_lib.callbacks.manager [None req-6739a33f-e9b7-452d-9dbe-bc2b7c545375 tempest-RoutersIpV6AdminTest-1465944833 tempest-RoutersIpV6AdminTest-1465944833-project-admin] Notify callbacks [] for router, before_response {{(pid=102409) _notify_loop /usr/local/lib/python3.8/dist-packages/neutron_lib/callbacks/manager.py:192}}
Nov 24 22:16:45.065890 dv-neutron-818715-1-hyperv neutron-server[102409]: INFO neutron.wsgi [None req-6739a33f-e9b7-452d-9dbe-bc2b7c545375 tempest-RoutersIpV6AdminTest-1465944833 tempest-RoutersIpV6AdminTest-1465944833-project-admin] 10.222.0.41 "DELETE /v2.0/routers/3341a23d-7422-4d95-8426-c310f304f221 HTTP/1.1" status: 204 len: 168 time: 0.6362514
Nov 24 22:16:45.123601 dv-neutron-818715-1-hyperv neutron-server[102410]: DEBUG neutron.api.rpc.handlers.resources_rpc [None req-d772b0b1-2f74-4272-a917-6e27b9d4444a tempest-PortsIpV6TestJSON-1810591859 tempest-PortsIpV6TestJSON-1810591859-project] Pushing event updated for resources: {'SecurityGroup': ['ID=b4f33da4-864f-44b4-9606-9f4960c7a654,revision_number=1']} {{(pid=102410) push /opt/stack/neutron/neutron/api/rpc/handlers/resources_rpc.py:237}}
Nov 24 22:16:45.129564 dv-neutron-818715-1-hyperv neutron-server[102410]: DEBUG neutron.plugins.ml2.drivers.helpers [None req-d772b0b1-2f74-4272-a917-6e27b9d4444a tempest-PortsIpV6TestJSON-1810591859 tempest-PortsIpV6TestJSON-1810591859-project] vlan segment allocate from pool success with {'vlan_id': 747, 'physical_network': 'physnet1'} {{(pid=102410) allocate_partially_specified_segment /opt/stack/neutron/neutron/plugins/ml2/drivers/helpers.py:153}}
Nov 24 22:16:45.161299 dv-neutron-818715-1-hyperv neutron-server[102410]: INFO neutron.wsgi [req-7d20a820-47a3-40e1-9658-29a8afb85977 req-b319efda-3125-4238-b421-ec93eccac514 tempest-ServerActionsTestJSON-738938865 tempest-ServerActionsTestJSON-738938865-project] 10.222.0.41 "GET /v2.0/security-groups?name=tempest-securitygroup--102836298&fields=id&tenant_id=1980012ee3f64d90a7bf7271d5b8c616 HTTP/1.1" status: 200 len: 267 time: 0.2432611
Nov 24 22:16:45.193162 dv-neutron-818715-1-hyperv neutron-server[102410]: INFO neutron.wsgi [req-c008f436-c7fb-4717-b9e9-e81fc3cbe917 req-9b638765-63e5-455f-86f3-47734a9e2919 tempest-ServersTestJSON-932127023 tempest-ServersTestJSON-932127023-project] 10.222.0.41 "GET /v2.0/ports?device_id=7c3beb06-e989-4758-bcb8-bde8d9453e9b HTTP/1.1" status: 200 len: 210 time: 0.1156003
Nov 24 22:16:45.207817 dv-neutron-818715-1-hyperv neutron-server[102410]: DEBUG neutron_lib.callbacks.manager [None req-d772b0b1-2f74-4272-a917-6e27b9d4444a tempest-PortsIpV6TestJSON-1810591859 tempest-PortsIpV6TestJSON-1810591859-project] Notify callbacks ['neutron.plugins.ml2.plugin.Ml2Plugin._handle_segment_change-998820'] for segment, precommit_create {{(pid=102410) _notify_loop /usr/local/lib/python3.8/dist-packages/neutron_lib/callbacks/manager.py:192}}
Nov 24 22:16:45.208162 dv-neutron-818715-1-hyperv neutron-server[102410]: INFO neutron.db.segments_db [None req-d772b0b1-2f74-4272-a917-6e27b9d4444a tempest-PortsIpV6TestJSON-1810591859 tempest-PortsIpV6TestJSON-1810591859-project] Added segment 01db48ad-e6e9-48b0-a049-65b26fb95807 of type vlan for network d7d7fab6-046c-4088-8d75-ee2e31e2b27b
Nov 24 22:16:45.349123 dv-neutron-818715-1-hyperv neutron-server[102410]: INFO neutron.wsgi [req-b8b601c0-19f8-493e-91c1-723dd76d263f req-0b5c2e3d-e8dd-4512-9f23-1a7cf15344f2 tempest-ServersTestManualDisk-1860873521 tempest-ServersTestManualDisk-1860873521-project] 10.222.0.41 "GET /v2.0/ports?device_id=a92a73bd-a50b-4913-9788-df7dc3cb64f3 HTTP/1.1" status: 200 len: 210 time: 0.0779123
Nov 24 22:16:45.396861 dv-neutron-818715-1-hyperv neutron-server[102410]: DEBUG neutron_lib.callbacks.manager [None req-d772b0b1-2f74-4272-a917-6e27b9d4444a tempest-PortsIpV6TestJSON-1810591859 tempest-PortsIpV6TestJSON-1810591859-project] Notify callbacks ['neutron.services.auto_allocate.db._ensure_external_network_default_value_callback-8756414651064'] for network, precommit_create {{(pid=102410) _notify_loop /usr/local/lib/python3.8/dist-packages/neutron_lib/callbacks/manager.py:192}}
Nov 24 22:16:45.428540 dv-neutron-818715-1-hyperv neutron-server[102409]: DEBUG neutron.wsgi [-] (102409) accepted ('10.222.0.41', 55516) {{(pid=102409) server /usr/local/lib/python3.8/dist-packages/eventlet/wsgi.py:982}}
Nov 24 22:16:45.473246 dv-neutron-818715-1-hyperv neutron-server[102410]: DEBUG neutron_lib.callbacks.manager [None req-8a6253bc-7287-4b1e-8e35-6dce0eaa96fe tempest-ExternalNetworksTestJSON-358497189 tempest-ExternalNetworksTestJSON-358497189-project-admin] Notify callbacks ['neutron.services.auto_allocate.db._ensure_external_network_default_value_callback-8756414651064'] for network, precommit_update {{(pid=102410) _notify_loop /usr/local/lib/python3.8/dist-packages/neutron_lib/callbacks/manager.py:192}}
Nov 24 22:16:45.481694 dv-neutron-818715-1-hyperv neutron-server[102410]: DEBUG neutron_lib.callbacks.manager [None req-d772b0b1-2f74-4272-a917-6e27b9d4444a tempest-PortsIpV6TestJSON-1810591859 tempest-PortsIpV6TestJSON-1810591859-project] Notify callbacks ['neutron.plugins.ml2.ovo_rpc._ObjectChangeHandler.handle_event-33064013', 'neutron.api.rpc.agentnotifiers.dhcp_rpc_agent_api.DhcpAgentNotifyAPI._native_event_send_dhcp_notification-33037785'] for network, after_create {{(pid=102410) _notify_loop /usr/local/lib/python3.8/dist-packages/neutron_lib/callbacks/manager.py:192}}
Nov 24 22:16:45.487185 dv-neutron-818715-1-hyperv neutron-server[102410]: DEBUG neutron.pecan_wsgi.hooks.policy_enforcement [None req-d772b0b1-2f74-4272-a917-6e27b9d4444a tempest-PortsIpV6TestJSON-1810591859 tempest-PortsIpV6TestJSON-1810591859-project] Attributes excluded by policy engine: ['standard_attr_id', 'provider:network_type', 'provider:physical_network', 'provider:segmentation_id', 'vlan_transparent'] {{(pid=102410) _exclude_attributes_by_policy /opt/stack/neutron/neutron/pecan_wsgi/hooks/policy_enforcement.py:255}}
Nov 24 22:16:45.487788 dv-neutron-818715-1-hyperv neutron-server[102410]: DEBUG neutron_lib.callbacks.manager [None req-d772b0b1-2f74-4272-a917-6e27b9d4444a tempest-PortsIpV6TestJSON-1810591859 tempest-PortsIpV6TestJSON-1810591859-project] Notify callbacks ['neutron.api.rpc.agentnotifiers.dhcp_rpc_agent_api.DhcpAgentNotifyAPI._send_dhcp_notification-33037611'] for network, before_response {{(pid=102410) _notify_loop /usr/local/lib/python3.8/dist-packages/neutron_lib/callbacks/manager.py:192}}
Nov 24 22:16:45.510684 dv-neutron-818715-1-hyperv neutron-server[102410]: DEBUG neutron.pecan_wsgi.hooks.policy_enforcement [req-7d20a820-47a3-40e1-9658-29a8afb85977 req-1e0fe1b8-2297-4ff1-baa2-2b9e44c3fe43 tempest-ServerActionsTestJSON-738938865 tempest-ServerActionsTestJSON-738938865-project] Attributes excluded by policy engine: ['standard_attr_id', 'vlan_transparent', 'provider:network_type', 'provider:physical_network', 'provider:segmentation_id'] {{(pid=102410) _exclude_attributes_by_policy /opt/stack/neutron/neutron/pecan_wsgi/hooks/policy_enforcement.py:255}}
Nov 24 22:16:45.518253 dv-neutron-818715-1-hyperv neutron-server[102410]: INFO neutron.wsgi [req-7d20a820-47a3-40e1-9658-29a8afb85977 req-1e0fe1b8-2297-4ff1-baa2-2b9e44c3fe43 tempest-ServerActionsTestJSON-738938865 tempest-ServerActionsTestJSON-738938865-project] 10.222.0.41 "GET /v2.0/networks?id=ef4a1b5e-e9a1-4d23-bf12-dc5779f0450a HTTP/1.1" status: 200 len: 811 time: 0.3281868
Nov 24 22:16:45.546442 dv-neutron-818715-1-hyperv neutron-server[102410]: INFO neutron.wsgi [req-7d20a820-47a3-40e1-9658-29a8afb85977 req-569dad51-a80d-4e60-aa13-92567a40b014 tempest-ServerActionsTestJSON-738938865 tempest-ServerActionsTestJSON-738938865-project] 10.222.0.41 "GET /v2.0/quotas/1980012ee3f64d90a7bf7271d5b8c616 HTTP/1.1" status: 200 len: 375 time: 0.0272174
Nov 24 22:16:45.548227 dv-neutron-818715-1-hyperv neutron-server[102410]: DEBUG neutron_lib.callbacks.manager [None req-8a6253bc-7287-4b1e-8e35-6dce0eaa96fe tempest-ExternalNetworksTestJSON-358497189 tempest-ExternalNetworksTestJSON-358497189-project-admin] Notify callbacks ['neutron.plugins.ml2.ovo_rpc._ObjectChangeHandler.handle_event-33064013', 'neutron.api.rpc.agentnotifiers.dhcp_rpc_agent_api.DhcpAgentNotifyAPI._native_event_send_dhcp_notification-33037785'] for network, after_update {{(pid=102410) _notify_loop /usr/local/lib/python3.8/dist-packages/neutron_lib/callbacks/manager.py:192}}
Nov 24 22:16:45.597992 dv-neutron-818715-1-hyperv neutron-server[102410]: INFO neutron.wsgi [None req-d772b0b1-2f74-4272-a917-6e27b9d4444a tempest-PortsIpV6TestJSON-1810591859 tempest-PortsIpV6TestJSON-1810591859-project] 10.222.0.41 "POST /v2.0/networks HTTP/1.1" status: 201 len: 784 time: 1.2372086
Nov 24 22:16:45.598404 dv-neutron-818715-1-hyperv neutron-server[102409]: DEBUG neutron.wsgi [-] (102409) accepted ('10.222.0.41', 55524) {{(pid=102409) server /usr/local/lib/python3.8/dist-packages/eventlet/wsgi.py:982}}
Nov 24 22:16:45.604480 dv-neutron-818715-1-hyperv neutron-server[102409]: DEBUG neutron.api.v2.base [None req-b71797fd-8f79-43a8-a993-246c93c2b84c tempest-PortsIpV6TestJSON-1810591859 tempest-PortsIpV6TestJSON-1810591859-project] Request body: {'port': {'network_id': 'd7d7fab6-046c-4088-8d75-ee2e31e2b27b', 'name': 'tempest-PortsIpV6TestJSON-1638785069'}} {{(pid=102409) prepare_request_body /opt/stack/neutron/neutron/api/v2/base.py:729}}
Nov 24 22:16:45.616135 dv-neutron-818715-1-hyperv neutron-server[102410]: DEBUG neutron.api.rpc.agentnotifiers.dhcp_rpc_agent_api [None req-8a6253bc-7287-4b1e-8e35-6dce0eaa96fe tempest-ExternalNetworksTestJSON-358497189 tempest-ExternalNetworksTestJSON-358497189-project-admin] Network ac658323-b8b0-4d80-bc04-62306f36a564 is not hosted by any dhcp agent {{(pid=102410) _notify_agents /opt/stack/neutron/neutron/api/rpc/agentnotifiers/dhcp_rpc_agent_api.py:225}}
Nov 24 22:16:45.616986 dv-neutron-818715-1-hyperv neutron-server[102410]: DEBUG neutron.pecan_wsgi.hooks.policy_enforcement [None req-8a6253bc-7287-4b1e-8e35-6dce0eaa96fe tempest-ExternalNetworksTestJSON-358497189 tempest-ExternalNetworksTestJSON-358497189-project-admin] Attributes excluded by policy engine: ['standard_attr_id', 'vlan_transparent'] {{(pid=102410) _exclude_attributes_by_policy /opt/stack/neutron/neutron/pecan_wsgi/hooks/policy_enforcement.py:255}}
Nov 24 22:16:45.617591 dv-neutron-818715-1-hyperv neutron-server[102410]: DEBUG neutron_lib.callbacks.manager [None req-8a6253bc-7287-4b1e-8e35-6dce0eaa96fe tempest-ExternalNetworksTestJSON-358497189 tempest-ExternalNetworksTestJSON-358497189-project-admin] Notify callbacks [] for network, before_response {{(pid=102410) _notify_loop /usr/local/lib/python3.8/dist-packages/neutron_lib/callbacks/manager.py:192}}
Nov 24 22:16:45.618944 dv-neutron-818715-1-hyperv neutron-server[102410]: INFO neutron.wsgi [None req-8a6253bc-7287-4b1e-8e35-6dce0eaa96fe tempest-ExternalNetworksTestJSON-358497189 tempest-ExternalNetworksTestJSON-358497189-project-admin] 10.222.0.41 "PUT /v2.0/networks/ac658323-b8b0-4d80-bc04-62306f36a564 HTTP/1.1" status: 200 len: 857 time: 0.8482840
Nov 24 22:16:45.622630 dv-neutron-818715-1-hyperv neutron-server[102410]: DEBUG neutron.wsgi [-] (102410) accepted ('10.222.0.41', 55526) {{(pid=102410) server /usr/local/lib/python3.8/dist-packages/eventlet/wsgi.py:982}}
Nov 24 22:16:45.687222 dv-neutron-818715-1-hyperv neutron-server[102410]: DEBUG neutron.api.rpc.handlers.resources_rpc [None req-d772b0b1-2f74-4272-a917-6e27b9d4444a tempest-PortsIpV6TestJSON-1810591859 tempest-PortsIpV6TestJSON-1810591859-project] Pushing event updated for resources: {'Network': ['ID=d7d7fab6-046c-4088-8d75-ee2e31e2b27b,revision_number=1']} {{(pid=102410) push /opt/stack/neutron/neutron/api/rpc/handlers/resources_rpc.py:237}}
Nov 24 22:16:45.701240 dv-neutron-818715-1-hyperv neutron-server[102411]: DEBUG neutron.plugins.ml2.rpc [None req-c8425645-1323-4c4e-b2eb-9565916f359b None None] Network d7d7fab6-046c-4088-8d75-ee2e31e2b27b details requested by agent ovs-agent-dv-neutron-818715-1-hyperv with host dv-neutron-818715-1-hyperv {{(pid=102411) get_network_details /opt/stack/neutron/neutron/plugins/ml2/rpc.py:248}}
Nov 24 22:16:45.781540 dv-neutron-818715-1-hyperv neutron-server[102410]: INFO neutron.wsgi [req-7d20a820-47a3-40e1-9658-29a8afb85977 req-d007f4a3-1a8c-4bfe-8c37-eec835cc91f8 tempest-ServerActionsTestJSON-738938865 tempest-ServerActionsTestJSON-738938865-project] 10.222.0.41 "GET /v2.0/ports?tenant_id=1980012ee3f64d90a7bf7271d5b8c616&fields=id HTTP/1.1" status: 200 len: 348 time: 0.2264802
Nov 24 22:16:45.877879 dv-neutron-818715-1-hyperv neutron-server[102409]: DEBUG neutron.pecan_wsgi.hooks.quota_enforcement [None req-b71797fd-8f79-43a8-a993-246c93c2b84c tempest-PortsIpV6TestJSON-1810591859 tempest-PortsIpV6TestJSON-1810591859-project] Made reservation on behalf of afd433422191402da9516c3613871b60 for: {'port': 1} {{(pid=102409) before /opt/stack/neutron/neutron/pecan_wsgi/hooks/quota_enforcement.py:53}}
Nov 24 22:16:45.886672 dv-neutron-818715-1-hyperv neutron-server[102409]: DEBUG neutron_lib.callbacks.manager [None req-b71797fd-8f79-43a8-a993-246c93c2b84c tempest-PortsIpV6TestJSON-1810591859 tempest-PortsIpV6TestJSON-1810591859-project] Notify callbacks ['neutron.plugins.ml2.plugin.SecurityGroupDbMixin._ensure_default_security_group_handler-550317'] for port, before_create {{(pid=102409) _notify_loop /usr/local/lib/python3.8/dist-packages/neutron_lib/callbacks/manager.py:192}}
Nov 24 22:16:45.889781 dv-neutron-818715-1-hyperv neutron-server[102410]: DEBUG neutron_lib.callbacks.manager [None req-f9d5b5dc-0c3b-4405-aca9-43458e2257d4 tempest-ExternalNetworksTestJSON-358497189 tempest-ExternalNetworksTestJSON-358497189-project-admin] Notify callbacks ['neutron.plugins.ml2.plugin.External_net_db_mixin._before_network_delete_handler-844673'] for network, before_delete {{(pid=102410) _notify_loop /usr/local/lib/python3.8/dist-packages/neutron_lib/callbacks/manager.py:192}}
Nov 24 22:16:45.906610 dv-neutron-818715-1-hyperv neutron-server[102410]: DEBUG neutron.api.rpc.handlers.resources_rpc [None req-8a6253bc-7287-4b1e-8e35-6dce0eaa96fe tempest-ExternalNetworksTestJSON-358497189 tempest-ExternalNetworksTestJSON-358497189-project-admin] Pushing event updated for resources: {'Network': ['ID=ac658323-b8b0-4d80-bc04-62306f36a564,revision_number=2']} {{(pid=102410) push /opt/stack/neutron/neutron/api/rpc/handlers/resources_rpc.py:237}}
Nov 24 22:16:45.935361 dv-neutron-818715-1-hyperv neutron-server[102409]: DEBUG neutron.notifiers.nova [None req-b71797fd-8f79-43a8-a993-246c93c2b84c tempest-PortsIpV6TestJSON-1810591859 tempest-PortsIpV6TestJSON-1810591859-project] device_id is not set on port 05869e3f-3bfb-4728-a4f7-d149a51bc286 yet. {{(pid=102409) _can_notify /opt/stack/neutron/neutron/notifiers/nova.py:190}}
Nov 24 22:16:45.967699 dv-neutron-818715-1-hyperv neutron-server[102409]: DEBUG neutron.api.v2.base [None req-a1eb4c42-0a6a-4b79-9ffe-777949e2afda tempest-RoutersIpV6AdminTest-1911918495 tempest-RoutersIpV6AdminTest-1911918495-project] Request body: {'router': {'name': 'tempest-RoutersIpV6AdminTest-router-829061901', 'external_gateway_info': {'network_id': 'db6ff637-9030-4395-a9bd-93960f57e046'}, 'admin_state_up': False}} {{(pid=102409) prepare_request_body /opt/stack/neutron/neutron/api/v2/base.py:729}}
Nov 24 22:16:46.054971 dv-neutron-818715-1-hyperv neutron-server[102409]: DEBUG neutron_lib.callbacks.manager [None req-a1eb4c42-0a6a-4b79-9ffe-777949e2afda tempest-RoutersIpV6AdminTest-1911918495 tempest-RoutersIpV6AdminTest-1911918495-project] Notify callbacks ['neutron.services.l3_router.l3_router_plugin.L3_HA_NAT_db_mixin._before_router_create_handler-33508201', 'neutron.services.l3_router.service_providers.driver_controller.DriverController._check_router_request-9121'] for router, before_create {{(pid=102409) _notify_loop /usr/local/lib/python3.8/dist-packages/neutron_lib/callbacks/manager.py:192}}
Nov 24 22:16:46.057881 dv-neutron-818715-1-hyperv neutron-server[102409]: DEBUG neutron_lib.callbacks.manager [None req-a1eb4c42-0a6a-4b79-9ffe-777949e2afda tempest-RoutersIpV6AdminTest-1911918495 tempest-RoutersIpV6AdminTest-1911918495-project] Notify callbacks ['neutron.services.l3_router.l3_router_plugin.L3_HA_NAT_db_mixin._precommit_router_create-33502713', 'neutron.services.l3_router.l3_router_plugin.DVRResourceOperationHandler._set_distributed_flag-33504709', 'neutron.services.l3_router.l3_router_plugin.RouterAvailabilityZoneMixin._process_az_request-33461054', 'neutron.services.l3_router.service_providers.driver_controller.DriverController._set_router_provider-9176'] for router, precommit_create {{(pid=102409) _notify_loop /usr/local/lib/python3.8/dist-packages/neutron_lib/callbacks/manager.py:192}}
Nov 24 22:16:46.122310 dv-neutron-818715-1-hyperv neutron-server[102410]: DEBUG neutron_lib.callbacks.manager [None req-f9d5b5dc-0c3b-4405-aca9-43458e2257d4 tempest-ExternalNetworksTestJSON-358497189 tempest-ExternalNetworksTestJSON-358497189-project-admin] Notify callbacks ['neutron.plugins.ml2.plugin.Ml2Plugin._network_delete_precommit_handler-985438', 'neutron.services.segments.db._delete_segments_for_network-8756415190712'] for network, precommit_delete {{(pid=102410) _notify_loop /usr/local/lib/python3.8/dist-packages/neutron_lib/callbacks/manager.py:192}}
Nov 24 22:16:46.187956 dv-neutron-818715-1-hyperv neutron-server[102410]: INFO neutron.wsgi [req-7d20a820-47a3-40e1-9658-29a8afb85977 req-9ab83396-5fd8-41d1-b059-407d7f01edbd service neutron] 10.222.0.41 "GET /v2.0/networks/ef4a1b5e-e9a1-4d23-bf12-dc5779f0450a?fields=segments HTTP/1.1" status: 200 len: 212 time: 0.4051585
Nov 24 22:16:46.230964 dv-neutron-818715-1-hyperv neutron-server[102410]: DEBUG neutron.services.segments.db [None req-f9d5b5dc-0c3b-4405-aca9-43458e2257d4 tempest-ExternalNetworksTestJSON-358497189 tempest-ExternalNetworksTestJSON-358497189-project-admin] neutron.services.segments.plugin.Plugin method get_segments called with arguments (,) {'filters': {'network_id': ['ac658323-b8b0-4d80-bc04-62306f36a564']}} {{(pid=102410) wrapper /usr/local/lib/python3.8/dist-packages/oslo_log/helpers.py:65}}
Nov 24 22:16:46.239851 dv-neutron-818715-1-hyperv neutron-server[102409]: DEBUG neutron.wsgi [-] (102409) accepted ('10.222.0.41', 55566) {{(pid=102409) server /usr/local/lib/python3.8/dist-packages/eventlet/wsgi.py:982}}
Nov 24 22:16:46.270576 dv-neutron-818715-1-hyperv neutron-server[102409]: DEBUG neutron_lib.callbacks.manager [None req-a1eb4c42-0a6a-4b79-9ffe-777949e2afda tempest-RoutersIpV6AdminTest-1911918495 tempest-RoutersIpV6AdminTest-1911918495-project] Notify callbacks [] for router_controller, precommit_add_association {{(pid=102409) _notify_loop /usr/local/lib/python3.8/dist-packages/neutron_lib/callbacks/manager.py:192}}
Nov 24 22:16:46.391357 dv-neutron-818715-1-hyperv neutron-server[102410]: DEBUG neutron.services.segments.db [None req-f9d5b5dc-0c3b-4405-aca9-43458e2257d4 tempest-ExternalNetworksTestJSON-358497189 tempest-ExternalNetworksTestJSON-358497189-project-admin] neutron.services.segments.plugin.Plugin method delete_segment called with arguments (, 'fe59ef1a-f3cd-4db1-a5a4-48d82bc987e8') {'for_net_delete': True} {{(pid=102410) wrapper /usr/local/lib/python3.8/dist-packages/oslo_log/helpers.py:65}}
Nov 24 22:16:46.391991 dv-neutron-818715-1-hyperv neutron-server[102410]: DEBUG neutron.services.segments.db [None req-f9d5b5dc-0c3b-4405-aca9-43458e2257d4 tempest-ExternalNetworksTestJSON-358497189 tempest-ExternalNetworksTestJSON-358497189-project-admin] neutron.services.segments.plugin.Plugin method get_segment called with arguments (, 'fe59ef1a-f3cd-4db1-a5a4-48d82bc987e8') {} {{(pid=102410) wrapper /usr/local/lib/python3.8/dist-packages/oslo_log/helpers.py:65}}
Nov 24 22:16:46.455128 dv-neutron-818715-1-hyperv neutron-server[102409]: DEBUG neutron.api.v2.base [None req-d7d378ed-72f5-4f8f-89ec-d9b3711b208b tempest-NetworksTest-1757429005 tempest-NetworksTest-1757429005-project] Request body: {'network': {'name': 'tempest-NetworksTest-test-network-1412052751'}} {{(pid=102409) prepare_request_body /opt/stack/neutron/neutron/api/v2/base.py:729}}
Nov 24 22:16:46.499228 dv-neutron-818715-1-hyperv neutron-server[102409]: DEBUG neutron.pecan_wsgi.hooks.quota_enforcement [None req-d7d378ed-72f5-4f8f-89ec-d9b3711b208b tempest-NetworksTest-1757429005 tempest-NetworksTest-1757429005-project] Made reservation on behalf of 42611ff9f8ba4b6085f097924c54c1f1 for: {'network': 1} {{(pid=102409) before /opt/stack/neutron/neutron/pecan_wsgi/hooks/quota_enforcement.py:53}}
Nov 24 22:16:46.502685 dv-neutron-818715-1-hyperv neutron-server[102409]: DEBUG neutron_lib.callbacks.manager [None req-d7d378ed-72f5-4f8f-89ec-d9b3711b208b tempest-NetworksTest-1757429005 tempest-NetworksTest-1757429005-project] Notify callbacks ['neutron.plugins.ml2.plugin.SecurityGroupDbMixin._ensure_default_security_group_handler-550317'] for network, before_create {{(pid=102409) _notify_loop /usr/local/lib/python3.8/dist-packages/neutron_lib/callbacks/manager.py:192}}
Nov 24 22:16:46.507070 dv-neutron-818715-1-hyperv neutron-server[102410]: INFO neutron.wsgi [req-5273ffa1-53a5-4fe3-84a9-30dd52d7be95 req-d454e5b0-5b7b-43b3-9bde-73591c2b597e tempest-ServersTestJSON-932127023 tempest-ServersTestJSON-932127023-project] 10.222.0.41 "GET /v2.0/ports?device_id=7c3beb06-e989-4758-bcb8-bde8d9453e9b HTTP/1.1" status: 200 len: 210 time: 0.1518748
Nov 24 22:16:46.516200 dv-neutron-818715-1-hyperv neutron-server[102409]: DEBUG neutron_lib.callbacks.manager [None req-d7d378ed-72f5-4f8f-89ec-d9b3711b208b tempest-NetworksTest-1757429005 tempest-NetworksTest-1757429005-project] Notify callbacks [] for security_group, before_create {{(pid=102409) _notify_loop /usr/local/lib/python3.8/dist-packages/neutron_lib/callbacks/manager.py:192}}
Nov 24 22:16:46.516735 dv-neutron-818715-1-hyperv neutron-server[102410]: DEBUG neutron_lib.callbacks.manager [None req-f9d5b5dc-0c3b-4405-aca9-43458e2257d4 tempest-ExternalNetworksTestJSON-358497189 tempest-ExternalNetworksTestJSON-358497189-project-admin] Notify callbacks ['neutron.plugins.ml2.db._prevent_segment_delete_with_port_bound-8756414950256', 'neutron.services.segments.plugin.Plugin._prevent_segment_delete_with_subnet_associated-30170726'] for segment, before_delete {{(pid=102410) _notify_loop /usr/local/lib/python3.8/dist-packages/neutron_lib/callbacks/manager.py:192}}
Nov 24 22:16:46.547985 dv-neutron-818715-1-hyperv neutron-server[102410]: DEBUG neutron_lib.callbacks.manager [None req-f9d5b5dc-0c3b-4405-aca9-43458e2257d4 tempest-ExternalNetworksTestJSON-358497189 tempest-ExternalNetworksTestJSON-358497189-project-admin] Notify callbacks ['neutron.plugins.ml2.plugin.Ml2Plugin._handle_segment_change-998820'] for segment, precommit_delete {{(pid=102410) _notify_loop /usr/local/lib/python3.8/dist-packages/neutron_lib/callbacks/manager.py:192}}
Nov 24 22:16:46.557643 dv-neutron-818715-1-hyperv neutron-server[102410]: DEBUG neutron.plugins.ml2.drivers.type_vlan [None req-f9d5b5dc-0c3b-4405-aca9-43458e2257d4 tempest-ExternalNetworksTestJSON-358497189 tempest-ExternalNetworksTestJSON-358497189-project-admin] Releasing vlan 702 on physical network physnet1 to pool {{(pid=102410) release_segment /opt/stack/neutron/neutron/plugins/ml2/drivers/type_vlan.py:304}}
Nov 24 22:16:46.558140 dv-neutron-818715-1-hyperv neutron-server[102410]: DEBUG neutron_lib.callbacks.manager [None req-f9d5b5dc-0c3b-4405-aca9-43458e2257d4 tempest-ExternalNetworksTestJSON-358497189 tempest-ExternalNetworksTestJSON-358497189-project-admin] Notify callbacks ['neutron.plugins.ml2.plugin.Ml2Plugin._handle_segment_change-998820', 'neutron.services.segments.plugin.NovaSegmentNotifier._notify_segment_deleted-30397516'] for segment, after_delete {{(pid=102410) _notify_loop /usr/local/lib/python3.8/dist-packages/neutron_lib/callbacks/manager.py:192}}
Nov 24 22:16:46.560114 dv-neutron-818715-1-hyperv neutron-server[102410]: Traceback (most recent call last):
Nov 24 22:16:46.560114 dv-neutron-818715-1-hyperv neutron-server[102410]: File "/usr/local/lib/python3.8/dist-packages/eventlet/hubs/hub.py", line 476, in fire_timers
Nov 24 22:16:46.560114 dv-neutron-818715-1-hyperv neutron-server[102410]: timer()
Nov 24 22:16:46.560114 dv-neutron-818715-1-hyperv neutron-server[102410]: File "/usr/local/lib/python3.8/dist-packages/eventlet/hubs/timer.py", line 59, in __call__
Nov 24 22:16:46.560114 dv-neutron-818715-1-hyperv neutron-server[102410]: cb(*args, **kw)
Nov 24 22:16:46.560114 dv-neutron-818715-1-hyperv neutron-server[102410]: File "/opt/stack/neutron/neutron/common/utils.py", line 914, in wrapper
Nov 24 22:16:46.560114 dv-neutron-818715-1-hyperv neutron-server[102410]: return func(*args, **kwargs)
Nov 24 22:16:46.560114 dv-neutron-818715-1-hyperv neutron-server[102410]: File "/opt/stack/neutron/neutron/notifiers/batch_notifier.py", line 58, in synced_send
Nov 24 22:16:46.560114 dv-neutron-818715-1-hyperv neutron-server[102410]: self._notify()
Nov 24 22:16:46.560114 dv-neutron-818715-1-hyperv neutron-server[102410]: File "/opt/stack/neutron/neutron/notifiers/batch_notifier.py", line 69, in _notify
Nov 24 22:16:46.560114 dv-neutron-818715-1-hyperv neutron-server[102410]: self.callback(batched_events)
Nov 24 22:16:46.560114 dv-neutron-818715-1-hyperv neutron-server[102410]: File "/opt/stack/neutron/neutron/services/segments/plugin.py", line 211, in _send_notifications
Nov 24 22:16:46.560114 dv-neutron-818715-1-hyperv neutron-server[102410]: event.method(event)
Nov 24 22:16:46.560114 dv-neutron-818715-1-hyperv neutron-server[102410]: File "/opt/stack/neutron/neutron/services/segments/plugin.py", line 383, in _delete_nova_inventory
Nov 24 22:16:46.560114 dv-neutron-818715-1-hyperv neutron-server[102410]: aggregate_id = self._get_aggregate_id(event.segment_id)
Nov 24 22:16:46.560114 dv-neutron-818715-1-hyperv neutron-server[102410]: File "/opt/stack/neutron/neutron/services/segments/plugin.py", line 370, in _get_aggregate_id
Nov 24 22:16:46.560114 dv-neutron-818715-1-hyperv neutron-server[102410]: aggregate_uuid = self.p_client.list_aggregates(
Nov 24 22:16:46.560114 dv-neutron-818715-1-hyperv neutron-server[102410]: File "/usr/local/lib/python3.8/dist-packages/neutron_lib/placement/client.py", line 58, in wrapper
Nov 24 22:16:46.560114 dv-neutron-818715-1-hyperv neutron-server[102410]: return f(self, *a, **k)
Nov 24 22:16:46.560114 dv-neutron-818715-1-hyperv neutron-server[102410]: File "/usr/local/lib/python3.8/dist-packages/neutron_lib/placement/client.py", line 554, in list_aggregates
Nov 24 22:16:46.560114 dv-neutron-818715-1-hyperv neutron-server[102410]: return self._get(url).json()
Nov 24 22:16:46.560114 dv-neutron-818715-1-hyperv neutron-server[102410]: File "/usr/local/lib/python3.8/dist-packages/neutron_lib/placement/client.py", line 190, in _get
Nov 24 22:16:46.560114 dv-neutron-818715-1-hyperv neutron-server[102410]: return self._client.get(url, endpoint_filter=self._ks_filter,
Nov 24 22:16:46.560114 dv-neutron-818715-1-hyperv neutron-server[102410]: File "/usr/local/lib/python3.8/dist-packages/keystoneauth1/session.py", line 1141, in get
Nov 24 22:16:46.560114 dv-neutron-818715-1-hyperv neutron-server[102410]: return self.request(url, 'GET', **kwargs)
Nov 24 22:16:46.560114 dv-neutron-818715-1-hyperv neutron-server[102410]: File "/usr/local/lib/python3.8/dist-packages/keystoneauth1/session.py", line 811, in request
Nov 24 22:16:46.560114 dv-neutron-818715-1-hyperv neutron-server[102410]: base_url = self.get_endpoint(auth, allow=allow,
Nov 24 22:16:46.560114 dv-neutron-818715-1-hyperv neutron-server[102410]: File "/usr/local/lib/python3.8/dist-packages/keystoneauth1/session.py", line 1241, in get_endpoint
Nov 24 22:16:46.560114 dv-neutron-818715-1-hyperv neutron-server[102410]: auth = self._auth_required(auth, 'determine endpoint URL')
Nov 24 22:16:46.560114 dv-neutron-818715-1-hyperv neutron-server[102410]: File "/usr/local/lib/python3.8/dist-packages/keystoneauth1/session.py", line 1181, in _auth_required
Nov 24 22:16:46.560114 dv-neutron-818715-1-hyperv neutron-server[102410]: raise exceptions.MissingAuthPlugin(msg_fmt % msg)
Nov 24 22:16:46.560114 dv-neutron-818715-1-hyperv neutron-server[102410]: keystoneauth1.exceptions.auth_plugins.MissingAuthPlugin: An auth plugin is required to determine endpoint URL
Nov 24 22:16:46.572916 dv-neutron-818715-1-hyperv neutron-server[102410]: INFO neutron.wsgi [req-7d20a820-47a3-40e1-9658-29a8afb85977 req-a679c099-2b75-4c3c-8713-c24ab0b065a6 service neutron] 10.222.0.41 "GET /v2.0/networks/ef4a1b5e-e9a1-4d23-bf12-dc5779f0450a?fields=provider%3Aphysical_network&fields=provider%3Anetwork_type HTTP/1.1" status: 200 len: 281 time: 0.3645570
Nov 24 22:16:46.600326 dv-neutron-818715-1-hyperv neutron-server[102411]: DEBUG neutron_lib.callbacks.manager [None req-e5889276-640e-42de-8f29-f0f2f43f5594 None None] Notify callbacks ['neutron.services.segments.db._update_segment_host_mapping_for_agent-8756415190694', 'neutron.plugins.ml2.plugin.Ml2Plugin._retry_binding_revived_agents-983656'] for agent, after_update {{(pid=102411) _notify_loop /usr/local/lib/python3.8/dist-packages/neutron_lib/callbacks/manager.py:192}}
Nov 24 22:16:46.637950 dv-neutron-818715-1-hyperv neutron-server[102409]: DEBUG neutron_lib.callbacks.manager [None req-d7d378ed-72f5-4f8f-89ec-d9b3711b208b tempest-NetworksTest-1757429005 tempest-NetworksTest-1757429005-project] Notify callbacks [] for security_group, precommit_create {{(pid=102409) _notify_loop /usr/local/lib/python3.8/dist-packages/neutron_lib/callbacks/manager.py:192}}
Nov 24 22:16:46.641513 dv-neutron-818715-1-hyperv neutron-server[102410]: DEBUG neutron_lib.callbacks.manager [None req-f9d5b5dc-0c3b-4405-aca9-43458e2257d4 tempest-ExternalNetworksTestJSON-358497189 tempest-ExternalNetworksTestJSON-358497189-project-admin] Notify callbacks ['neutron.plugins.ml2.plugin.Ml2Plugin._network_delete_after_delete_handler-986029', 'neutron.plugins.ml2.ovo_rpc._ObjectChangeHandler.handle_event-33064013', 'neutron.api.rpc.agentnotifiers.dhcp_rpc_agent_api.DhcpAgentNotifyAPI._native_event_send_dhcp_notification-33037785', 'neutron.services.l3_router.l3_router_plugin.DVRResourceOperationHandler.delete_fip_namespaces_for_ext_net-33504592'] for network, after_delete {{(pid=102410) _notify_loop /usr/local/lib/python3.8/dist-packages/neutron_lib/callbacks/manager.py:192}}
Nov 24 22:16:46.679623 dv-neutron-818715-1-hyperv neutron-server[102410]: DEBUG neutron.api.rpc.agentnotifiers.l3_rpc_agent_api [None req-f9d5b5dc-0c3b-4405-aca9-43458e2257d4 tempest-ExternalNetworksTestJSON-358497189 tempest-ExternalNetworksTestJSON-358497189-project-admin] Fanout notify agent at l3_agent the message fipnamespace_delete_on_ext_net for external_network ac658323-b8b0-4d80-bc04-62306f36a564 {{(pid=102410) _notification_fanout /opt/stack/neutron/neutron/api/rpc/agentnotifiers/l3_rpc_agent_api.py:120}}
Nov 24 22:16:46.688248 dv-neutron-818715-1-hyperv neutron-server[102409]: DEBUG neutron_lib.callbacks.manager [None req-d7d378ed-72f5-4f8f-89ec-d9b3711b208b tempest-NetworksTest-1757429005 tempest-NetworksTest-1757429005-project] Notify callbacks ['neutron.plugins.ml2.ovo_rpc._ObjectChangeHandler.handle_event-33064124'] for security_group, after_create {{(pid=102409) _notify_loop /usr/local/lib/python3.8/dist-packages/neutron_lib/callbacks/manager.py:192}}
Nov 24 22:16:46.695908 dv-neutron-818715-1-hyperv neutron-server[102410]: INFO neutron.wsgi [req-61d84c88-8758-482c-8ebc-dd461e18f7a8 req-68623a4f-2c33-462c-95cd-5d8ecf5c5f02 tempest-ServersTestManualDisk-1860873521 tempest-ServersTestManualDisk-1860873521-project] 10.222.0.41 "GET /v2.0/ports?device_id=a92a73bd-a50b-4913-9788-df7dc3cb64f3 HTTP/1.1" status: 200 len: 210 time: 0.0611806
Nov 24 22:16:46.701616 dv-neutron-818715-1-hyperv neutron-server[102409]: DEBUG neutron.plugins.ml2.drivers.helpers [None req-d7d378ed-72f5-4f8f-89ec-d9b3711b208b tempest-NetworksTest-1757429005 tempest-NetworksTest-1757429005-project] vlan segment allocate from pool success with {'vlan_id': 731, 'physical_network': 'physnet1'} {{(pid=102409) allocate_partially_specified_segment /opt/stack/neutron/neutron/plugins/ml2/drivers/helpers.py:153}}
Nov 24 22:16:46.712182 dv-neutron-818715-1-hyperv neutron-server[102409]: DEBUG neutron_lib.callbacks.manager [None req-d7d378ed-72f5-4f8f-89ec-d9b3711b208b tempest-NetworksTest-1757429005 tempest-NetworksTest-1757429005-project] Notify callbacks ['neutron.plugins.ml2.plugin.Ml2Plugin._handle_segment_change-998820'] for segment, precommit_create {{(pid=102409) _notify_loop /usr/local/lib/python3.8/dist-packages/neutron_lib/callbacks/manager.py:192}}
Nov 24 22:16:46.712773 dv-neutron-818715-1-hyperv neutron-server[102409]: INFO neutron.db.segments_db [None req-d7d378ed-72f5-4f8f-89ec-d9b3711b208b tempest-NetworksTest-1757429005 tempest-NetworksTest-1757429005-project] Added segment c75b5b1b-0b72-46d4-b427-437ced7c6dc0 of type vlan for network b6c8a333-f876-40de-84e7-122bbb885e4b
Nov 24 22:16:46.714066 dv-neutron-818715-1-hyperv neutron-server[102410]: DEBUG neutron_lib.callbacks.manager [None req-f9d5b5dc-0c3b-4405-aca9-43458e2257d4 tempest-ExternalNetworksTestJSON-358497189 tempest-ExternalNetworksTestJSON-358497189-project-admin] Notify callbacks [] for network, before_response {{(pid=102410) _notify_loop /usr/local/lib/python3.8/dist-packages/neutron_lib/callbacks/manager.py:192}}
Nov 24 22:16:46.718549 dv-neutron-818715-1-hyperv neutron-server[102410]: INFO neutron.wsgi [None req-f9d5b5dc-0c3b-4405-aca9-43458e2257d4 tempest-ExternalNetworksTestJSON-358497189 tempest-ExternalNetworksTestJSON-358497189-project-admin] 10.222.0.41 "DELETE /v2.0/networks/ac658323-b8b0-4d80-bc04-62306f36a564 HTTP/1.1" status: 204 len: 168 time: 1.0880613
Nov 24 22:16:46.721488 dv-neutron-818715-1-hyperv neutron-server[102410]: DEBUG neutron.api.rpc.handlers.resources_rpc [None req-f9d5b5dc-0c3b-4405-aca9-43458e2257d4 tempest-ExternalNetworksTestJSON-358497189 tempest-ExternalNetworksTestJSON-358497189-project-admin] Pushing event deleted for resources: {'Network': ['ID=ac658323-b8b0-4d80-bc04-62306f36a564,revision_number=None']} {{(pid=102410) push /opt/stack/neutron/neutron/api/rpc/handlers/resources_rpc.py:237}}
Nov 24 22:16:46.727808 dv-neutron-818715-1-hyperv neutron-server[102410]: DEBUG neutron.wsgi [-] (102410) accepted ('10.222.0.41', 55592) {{(pid=102410) server /usr/local/lib/python3.8/dist-packages/eventlet/wsgi.py:982}}
Nov 24 22:16:46.760555 dv-neutron-818715-1-hyperv neutron-server[102410]: INFO neutron.pecan_wsgi.hooks.translation [None req-21acd813-3776-44bb-bdf3-dc9ae8da56ee tempest-ExternalNetworksTestJSON-1522785960 tempest-ExternalNetworksTestJSON-1522785960-project] DELETE failed (client error): The resource could not be found.
Nov 24 22:16:46.761337 dv-neutron-818715-1-hyperv neutron-server[102410]: DEBUG neutron.pecan_wsgi.hooks.notifier [None req-21acd813-3776-44bb-bdf3-dc9ae8da56ee tempest-ExternalNetworksTestJSON-1522785960 tempest-ExternalNetworksTestJSON-1522785960-project] No notification will be sent due to unsuccessful status code: 404 {{(pid=102410) after /opt/stack/neutron/neutron/pecan_wsgi/hooks/notifier.py:78}}
Nov 24 22:16:46.763395 dv-neutron-818715-1-hyperv neutron-server[102409]: DEBUG neutron_lib.callbacks.manager [None req-d7d378ed-72f5-4f8f-89ec-d9b3711b208b tempest-NetworksTest-1757429005 tempest-NetworksTest-1757429005-project] Notify callbacks ['neutron.services.auto_allocate.db._ensure_external_network_default_value_callback-8756414651064'] for network, precommit_create {{(pid=102409) _notify_loop /usr/local/lib/python3.8/dist-packages/neutron_lib/callbacks/manager.py:192}}
Nov 24 22:16:46.771192 dv-neutron-818715-1-hyperv neutron-server[102410]: INFO neutron.wsgi [None req-21acd813-3776-44bb-bdf3-dc9ae8da56ee tempest-ExternalNetworksTestJSON-1522785960 tempest-ExternalNetworksTestJSON-1522785960-project] 10.222.0.41 "DELETE /v2.0/subnets/9bfbef23-7da5-4fca-8b4f-b1176eabaec5 HTTP/1.1" status: 404 len: 337 time: 0.0415502
Nov 24 22:16:46.774614 dv-neutron-818715-1-hyperv neutron-server[102410]: DEBUG neutron.wsgi [-] (102410) accepted ('10.222.0.41', 55596) {{(pid=102410) server /usr/local/lib/python3.8/dist-packages/eventlet/wsgi.py:982}}
Nov 24 22:16:46.843773 dv-neutron-818715-1-hyperv neutron-server[102409]: DEBUG neutron_lib.callbacks.manager [None req-d7d378ed-72f5-4f8f-89ec-d9b3711b208b tempest-NetworksTest-1757429005 tempest-NetworksTest-1757429005-project] Notify callbacks ['neutron.plugins.ml2.ovo_rpc._ObjectChangeHandler.handle_event-33064013', 'neutron.api.rpc.agentnotifiers.dhcp_rpc_agent_api.DhcpAgentNotifyAPI._native_event_send_dhcp_notification-33037785'] for network, after_create {{(pid=102409) _notify_loop /usr/local/lib/python3.8/dist-packages/neutron_lib/callbacks/manager.py:192}}
Nov 24 22:16:46.850375 dv-neutron-818715-1-hyperv neutron-server[102409]: DEBUG neutron.pecan_wsgi.hooks.policy_enforcement [None req-d7d378ed-72f5-4f8f-89ec-d9b3711b208b tempest-NetworksTest-1757429005 tempest-NetworksTest-1757429005-project] Attributes excluded by policy engine: ['standard_attr_id', 'provider:network_type', 'provider:physical_network', 'provider:segmentation_id', 'vlan_transparent'] {{(pid=102409) _exclude_attributes_by_policy /opt/stack/neutron/neutron/pecan_wsgi/hooks/policy_enforcement.py:255}}
Nov 24 22:16:46.851147 dv-neutron-818715-1-hyperv neutron-server[102409]: DEBUG neutron_lib.callbacks.manager [None req-d7d378ed-72f5-4f8f-89ec-d9b3711b208b tempest-NetworksTest-1757429005 tempest-NetworksTest-1757429005-project] Notify callbacks ['neutron.api.rpc.agentnotifiers.dhcp_rpc_agent_api.DhcpAgentNotifyAPI._send_dhcp_notification-33037611'] for network, before_response {{(pid=102409) _notify_loop /usr/local/lib/python3.8/dist-packages/neutron_lib/callbacks/manager.py:192}}
Nov 24 22:16:46.853135 dv-neutron-818715-1-hyperv neutron-server[102411]: DEBUG neutron_lib.callbacks.manager [None req-c8425645-1323-4c4e-b2eb-9565916f359b None None] Notify callbacks ['neutron.services.segments.db._update_segment_host_mapping_for_agent-8756415190694', 'neutron.plugins.ml2.plugin.Ml2Plugin._retry_binding_revived_agents-983656'] for agent, after_update {{(pid=102411) _notify_loop /usr/local/lib/python3.8/dist-packages/neutron_lib/callbacks/manager.py:192}}
