Dec 22 10:45:00.136378 dv-neutron-818540-3-hyperv neutron-server[114962]: DEBUG neutron.api.rpc.handlers.resources_rpc [None req-fdc4f1a8-2b0c-48bd-85b7-0085861e210d tempest-RoutersAdminTest-517414558 tempest-RoutersAdminTest-517414558-project-admin] Pushing event updated for resources: {'SecurityGroup': ['ID=6fdd350a-b3c1-4bc0-88a5-d48b27bf0ff7,revision_number=1']} {{(pid=114962) push /opt/stack/neutron/neutron/api/rpc/handlers/resources_rpc.py:237}}
Dec 22 10:45:00.159320 dv-neutron-818540-3-hyperv neutron-server[114964]: DEBUG neutron.plugins.ml2.drivers.mech_agent [None req-36d1667f-4134-4b8d-9fe9-96a62fa1d875 None None] Checking agent: {'id': '5e35484a-9f57-4a5f-a0f0-9e062eca7df1', 'agent_type': 'Open vSwitch agent', 'binary': 'neutron-openvswitch-agent', 'topic': 'N/A', 'host': 'dv-neutron-818540-3-hyperv', 'admin_state_up': True, 'created_at': datetime.datetime(2021, 12, 22, 10, 37, 27), 'started_at': datetime.datetime(2021, 12, 22, 10, 37, 57), 'heartbeat_timestamp': datetime.datetime(2021, 12, 22, 10, 44, 58), 'description': None, 'resources_synced': None, 'availability_zone': None, 'alive': True, 'configurations': {'arp_responder_enabled': False, 'baremetal_smartnic': False, 'bridge_mappings': {'physnet1': 'br-data'}, 'datapath_type': 'system', 'devices': 0, 'enable_distributed_routing': False, 'extensions': [], 'in_distributed_mode': False, 'integration_bridge': 'br-int', 'l2_population': False, 'log_agent_heartbeats': False, 'ovs_capabilities': {'datapath_types': ['netdev', 'system'], 'iface_types': ['erspan', 'geneve', 'gre', 'internal', 'ip6erspan', 'ip6gre', 'lisp', 'patch', 'stt', 'system', 'tap', 'vxlan']}, 'ovs_hybrid_plug': False, 'resource_provider_bandwidths': {}, 'resource_provider_hypervisors': {'br-data': 'dv-neutron-818540-3-hyperv'}, 'resource_provider_inventory_defaults': {'allocation_ratio': 1.0, 'min_unit': 1, 'step_size': 1, 'reserved': 0}, 'resource_provider_packet_processing_inventory_defaults': {'allocation_ratio': 1.0, 'min_unit': 1, 'step_size': 1, 'reserved': 0}, 'resource_provider_packet_processing_with_direction': {}, 'resource_provider_packet_processing_without_direction': {}, 'tunnel_types': [], 'tunneling_ip': None, 'vhostuser_socket_dir': '/var/run/openvswitch'}, 'resource_versions': {'AddressGroup': '1.2', 'ConntrackHelper': '1.0', 'LocalIPAssociation': '1.0', 'Log': '1.0', 'Network': '1.1', 'Port': '1.7', 'PortForwarding': '1.2', 'QosPolicy': '1.10', 'SecurityGroup': '1.5', 'SecurityGroupRule': '1.2', 'SubPort': '1.0', 'Subnet': '1.1', 'Trunk': '1.1'}} {{(pid=114964) bind_port /opt/stack/neutron/neutron/plugins/ml2/drivers/mech_agent.py:110}}
Dec 22 10:45:00.159727 dv-neutron-818540-3-hyperv neutron-server[114964]: DEBUG neutron.plugins.ml2.drivers.mech_agent [None req-36d1667f-4134-4b8d-9fe9-96a62fa1d875 None None] Checking segment: {'id': '3e454c73-1197-414b-9c77-0af91c8c9471', 'network_type': 'vlan', 'physical_network': 'physnet1', 'segmentation_id': 102, 'network_id': '6782ee89-83aa-4a6f-8e09-feb4b39ea5d4'} for mappings: {'physnet1': 'br-data'} with network types: ['local', 'flat', 'vlan'] {{(pid=114964) check_segment_for_agent /opt/stack/neutron/neutron/plugins/ml2/drivers/mech_agent.py:371}}
Dec 22 10:45:00.160277 dv-neutron-818540-3-hyperv neutron-server[114964]: DEBUG neutron_lib.callbacks.manager [None req-36d1667f-4134-4b8d-9fe9-96a62fa1d875 None None] Publish callbacks [] for ovs_bridge_name, before_read {{(pid=114964) _notify_loop /usr/local/lib/python3.8/dist-packages/neutron_lib/callbacks/manager.py:175}}
Dec 22 10:45:00.160675 dv-neutron-818540-3-hyperv neutron-server[114964]: DEBUG neutron.plugins.ml2.drivers.mech_agent [None req-36d1667f-4134-4b8d-9fe9-96a62fa1d875 None None] Bound using segment: {'id': '3e454c73-1197-414b-9c77-0af91c8c9471', 'network_type': 'vlan', 'physical_network': 'physnet1', 'segmentation_id': 102, 'network_id': '6782ee89-83aa-4a6f-8e09-feb4b39ea5d4'} {{(pid=114964) bind_port /opt/stack/neutron/neutron/plugins/ml2/drivers/mech_agent.py:120}}
Dec 22 10:45:00.161164 dv-neutron-818540-3-hyperv neutron-server[114964]: DEBUG neutron.plugins.ml2.managers [None req-36d1667f-4134-4b8d-9fe9-96a62fa1d875 None None] Bound port: 76fdc47c-d721-42e4-ac13-72866d393820, host: dv-neutron-818540-3-hyperv, vif_type: ovs, vif_details: {"connectivity": "l2", "port_filter": true, "ovs_hybrid_plug": false, "datapath_type": "system", "bridge_name": "br-int"}, binding_levels: [{'bound_driver': 'openvswitch', 'bound_segment': {'id': '3e454c73-1197-414b-9c77-0af91c8c9471', 'network_type': 'vlan', 'physical_network': 'physnet1', 'segmentation_id': 102, 'network_id': '6782ee89-83aa-4a6f-8e09-feb4b39ea5d4'}}] {{(pid=114964) _bind_port_level /opt/stack/neutron/neutron/plugins/ml2/managers.py:932}}
Dec 22 10:45:00.161544 dv-neutron-818540-3-hyperv neutron-server[114964]: DEBUG neutron_lib.callbacks.manager [None req-36d1667f-4134-4b8d-9fe9-96a62fa1d875 None None] Publish callbacks ['neutron.plugins.ml2.plugin.SecurityGroupDbMixin._ensure_default_security_group_handler-609795'] for port, before_update {{(pid=114964) _notify_loop /usr/local/lib/python3.8/dist-packages/neutron_lib/callbacks/manager.py:175}}
Dec 22 10:45:00.167103 dv-neutron-818540-3-hyperv neutron-server[114962]: DEBUG neutron_lib.callbacks.manager [None req-fdc4f1a8-2b0c-48bd-85b7-0085861e210d tempest-RoutersAdminTest-517414558 tempest-RoutersAdminTest-517414558-project-admin] Publish callbacks ['neutron.plugins.ml2.plugin.Ml2Plugin._handle_segment_change-686555'] for segment, precommit_create {{(pid=114962) _notify_loop /usr/local/lib/python3.8/dist-packages/neutron_lib/callbacks/manager.py:175}}
Dec 22 10:45:00.167840 dv-neutron-818540-3-hyperv neutron-server[114962]: INFO neutron.db.segments_db [None req-fdc4f1a8-2b0c-48bd-85b7-0085861e210d tempest-RoutersAdminTest-517414558 tempest-RoutersAdminTest-517414558-project-admin] Added segment f0bc39b8-0e6b-49a5-92a5-97ab029c64ed of type vlan for network bcf873f9-18e5-4800-b679-7a03bae45522
Dec 22 10:45:00.199423 dv-neutron-818540-3-hyperv neutron-server[114962]: DEBUG neutron.wsgi [req-a20ee3f6-05b9-4ce2-944c-3661338d918b req-85464416-2f8f-4d06-ba25-87f30692e026 service neutron] http://10.222.0.49:9696/v2.0/extensions returned with HTTP 200 {{(pid=114962) __call__ /opt/stack/neutron/neutron/wsgi.py:729}}
Dec 22 10:45:00.200513 dv-neutron-818540-3-hyperv neutron-server[114962]: INFO neutron.wsgi [req-a20ee3f6-05b9-4ce2-944c-3661338d918b req-85464416-2f8f-4d06-ba25-87f30692e026 service neutron] 10.222.0.49 "GET /v2.0/extensions HTTP/1.1" status: 200 len: 14082 time: 0.1200476
Dec 22 10:45:00.208336 dv-neutron-818540-3-hyperv neutron-server[114962]: DEBUG neutron.scheduler.dhcp_agent_scheduler [None req-646bc603-9282-45d1-b9db-cb3e565fd11b tempest-AllowedAddressPairIpV6TestJSON-1598718040 tempest-AllowedAddressPairIpV6TestJSON-1598718040-project] Network 5d359179-5288-4591-8342-34857936ae1e is already hosted by enough agents. {{(pid=114962) _get_dhcp_agents_hosting_network /opt/stack/neutron/neutron/scheduler/dhcp_agent_scheduler.py:275}}
Dec 22 10:45:00.220101 dv-neutron-818540-3-hyperv neutron-server[114964]: DEBUG neutron_lib.callbacks.manager [None req-d0d3951b-2366-4545-a9d0-153e5ffbd1e9 None None] Publish callbacks ['neutron.plugins.ml2.plugin.SecurityGroupDbMixin._ensure_default_security_group_handler-609795'] for port, before_update {{(pid=114964) _notify_loop /usr/local/lib/python3.8/dist-packages/neutron_lib/callbacks/manager.py:175}}
Dec 22 10:45:00.231024 dv-neutron-818540-3-hyperv neutron-server[114962]: DEBUG neutron.scheduler.base_scheduler [None req-646bc603-9282-45d1-b9db-cb3e565fd11b tempest-AllowedAddressPairIpV6TestJSON-1598718040 tempest-AllowedAddressPairIpV6TestJSON-1598718040-project] Resources bound (agent type, host, resource id): {{(pid=114962) schedule /opt/stack/neutron/neutron/scheduler/base_scheduler.py:57}}
Dec 22 10:45:00.233599 dv-neutron-818540-3-hyperv neutron-server[114962]: DEBUG neutron.db.l3_dvrscheduler_db [None req-646bc603-9282-45d1-b9db-cb3e565fd11b tempest-AllowedAddressPairIpV6TestJSON-1598718040 tempest-AllowedAddressPairIpV6TestJSON-1598718040-project] Received port after_create {{(pid=114962) _notify_l3_agent_new_port /opt/stack/neutron/neutron/db/l3_dvrscheduler_db.py:535}}
Dec 22 10:45:00.240028 dv-neutron-818540-3-hyperv neutron-server[114962]: DEBUG neutron.pecan_wsgi.hooks.policy_enforcement [None req-646bc603-9282-45d1-b9db-cb3e565fd11b tempest-AllowedAddressPairIpV6TestJSON-1598718040 tempest-AllowedAddressPairIpV6TestJSON-1598718040-project] Attributes excluded by policy engine: ['standard_attr_id', 'binding:profile', 'binding:host_id', 'binding:vif_type', 'binding:vif_details', 'network'] {{(pid=114962) _exclude_attributes_by_policy /opt/stack/neutron/neutron/pecan_wsgi/hooks/policy_enforcement.py:255}}
Dec 22 10:45:00.240664 dv-neutron-818540-3-hyperv neutron-server[114962]: DEBUG neutron_lib.callbacks.manager [None req-646bc603-9282-45d1-b9db-cb3e565fd11b tempest-AllowedAddressPairIpV6TestJSON-1598718040 tempest-AllowedAddressPairIpV6TestJSON-1598718040-project] Publish callbacks ['neutron.notifiers.nova.Notifier._send_nova_notification-40506'] for port, before_response {{(pid=114962) _notify_loop /usr/local/lib/python3.8/dist-packages/neutron_lib/callbacks/manager.py:175}}
Dec 22 10:45:00.286979 dv-neutron-818540-3-hyperv neutron-server[114962]: DEBUG neutron.api.rpc.handlers.resources_rpc [None req-646bc603-9282-45d1-b9db-cb3e565fd11b tempest-AllowedAddressPairIpV6TestJSON-1598718040 tempest-AllowedAddressPairIpV6TestJSON-1598718040-project] Pushing event updated for resources: {'Port': ['ID=2dff3f0f-095f-44f4-81a9-28b066c510f1,revision_number=1']} {{(pid=114962) push /opt/stack/neutron/neutron/api/rpc/handlers/resources_rpc.py:237}}
Dec 22 10:45:00.309928 dv-neutron-818540-3-hyperv neutron-server[114964]: DEBUG neutron.plugins.ml2.plugin [None req-3697d0ae-b57e-4726-aa2b-1f2ae2b3370e None None] Deleting port 91d4e865-6863-4409-b776-4f5c5d9e3040 {{(pid=114964) _pre_delete_port /opt/stack/neutron/neutron/plugins/ml2/plugin.py:1936}}
Dec 22 10:45:00.310363 dv-neutron-818540-3-hyperv neutron-server[114964]: DEBUG neutron_lib.callbacks.manager [None req-3697d0ae-b57e-4726-aa2b-1f2ae2b3370e None None] Publish callbacks ['neutron.db.l3_db.L3_NAT_dbonly_mixin._prevent_l3_port_delete_callback-8768130066643'] for port, before_delete {{(pid=114964) _notify_loop /usr/local/lib/python3.8/dist-packages/neutron_lib/callbacks/manager.py:175}}
Dec 22 10:45:00.322470 dv-neutron-818540-3-hyperv neutron-server[114964]: DEBUG neutron.plugins.ml2.db [None req-36d1667f-4134-4b8d-9fe9-96a62fa1d875 None None] For port 76fdc47c-d721-42e4-ac13-72866d393820, host dv-neutron-818540-3-hyperv, cleared binding levels {{(pid=114964) clear_binding_levels /opt/stack/neutron/neutron/plugins/ml2/db.py:87}}
Dec 22 10:45:00.325977 dv-neutron-818540-3-hyperv neutron-server[114964]: DEBUG neutron.db.provisioning_blocks [None req-322f0207-adde-463f-ab42-a229b6022ce2 None None] Provisioning complete for port d10dac92-4e9b-4143-abc1-0c15042ca3c1 triggered by entity L2. {{(pid=114964) provisioning_complete /opt/stack/neutron/neutron/db/provisioning_blocks.py:139}}
Dec 22 10:45:00.326345 dv-neutron-818540-3-hyperv neutron-server[114964]: DEBUG neutron_lib.callbacks.manager [None req-322f0207-adde-463f-ab42-a229b6022ce2 None None] Publish callbacks ['neutron.plugins.ml2.plugin.Ml2Plugin._port_provisioned-680004'] for port, provisioning_complete {{(pid=114964) _notify_loop /usr/local/lib/python3.8/dist-packages/neutron_lib/callbacks/manager.py:175}}
Dec 22 10:45:00.329926 dv-neutron-818540-3-hyperv neutron-server[114964]: DEBUG neutron.plugins.ml2.db [None req-d0d3951b-2366-4545-a9d0-153e5ffbd1e9 None None] For port d10dac92-4e9b-4143-abc1-0c15042ca3c1, host dv-neutron-818540-3-hyperv, got binding levels [PortBindingLevel(driver='openvswitch',host='dv-neutron-818540-3-hyperv',level=0,port_id=d10dac92-4e9b-4143-abc1-0c15042ca3c1,segment=NetworkSegment(00d8a976-df5a-4e96-bf2a-a92637b764ee),segment_id=00d8a976-df5a-4e96-bf2a-a92637b764ee)] {{(pid=114964) get_binding_level_objs /opt/stack/neutron/neutron/plugins/ml2/db.py:74}}
Dec 22 10:45:00.392096 dv-neutron-818540-3-hyperv neutron-server[114964]: DEBUG neutron.plugins.ml2.db [None req-36d1667f-4134-4b8d-9fe9-96a62fa1d875 None None] For port 76fdc47c-d721-42e4-ac13-72866d393820, host dv-neutron-818540-3-hyperv, set binding levels [PortBindingLevel(driver='openvswitch',host='dv-neutron-818540-3-hyperv',level=0,port_id=76fdc47c-d721-42e4-ac13-72866d393820,segment=NetworkSegment(3e454c73-1197-414b-9c77-0af91c8c9471),segment_id=3e454c73-1197-414b-9c77-0af91c8c9471)] {{(pid=114964) set_binding_levels /opt/stack/neutron/neutron/plugins/ml2/db.py:59}}
Dec 22 10:45:00.396433 dv-neutron-818540-3-hyperv neutron-server[114964]: DEBUG neutron_lib.callbacks.manager [None req-d0d3951b-2366-4545-a9d0-153e5ffbd1e9 None None] Publish callbacks ['neutron.plugins.ml2.plugin.SecurityGroupServerNotifierRpcMixin._notify_sg_on_port_change-609860', 'neutron.plugins.ml2.ovo_rpc._ObjectChangeHandler.handle_event-71366', 'neutron.api.rpc.agentnotifiers.dhcp_rpc_agent_api.DhcpAgentNotifyAPI._native_event_send_dhcp_notification-7910222', 'neutron.db.l3_db.L3RpcNotifierMixin._notify_gateway_port_ip_changed-8768129991756', 'neutron.db.l3_dvrscheduler_db._notify_l3_agent_port_update-8768129503236', 'neutron.db.l3_hascheduler_db._notify_l3_agent_ha_port_update-8768129503254'] for port, after_update {{(pid=114964) _notify_loop /usr/local/lib/python3.8/dist-packages/neutron_lib/callbacks/manager.py:175}}
Dec 22 10:45:00.397390 dv-neutron-818540-3-hyperv neutron-server[114962]: INFO neutron.wsgi [None req-646bc603-9282-45d1-b9db-cb3e565fd11b tempest-AllowedAddressPairIpV6TestJSON-1598718040 tempest-AllowedAddressPairIpV6TestJSON-1598718040-project] 10.222.0.49 "POST /v2.0/ports HTTP/1.1" status: 201 len: 942 time: 2.4862766
Dec 22 10:45:00.400620 dv-neutron-818540-3-hyperv neutron-server[114962]: DEBUG neutron_lib.callbacks.manager [None req-fdc4f1a8-2b0c-48bd-85b7-0085861e210d tempest-RoutersAdminTest-517414558 tempest-RoutersAdminTest-517414558-project-admin] Publish callbacks ['neutron.services.auto_allocate.db._ensure_external_network_default_value_callback-8768129493580'] for network, precommit_create {{(pid=114962) _notify_loop /usr/local/lib/python3.8/dist-packages/neutron_lib/callbacks/manager.py:175}}
Dec 22 10:45:00.403033 dv-neutron-818540-3-hyperv neutron-server[114962]: DEBUG neutron.wsgi [-] (114962) accepted ('10.222.0.49', 38480) {{(pid=114962) server /usr/local/lib/python3.8/dist-packages/eventlet/wsgi.py:1004}}
Dec 22 10:45:00.421094 dv-neutron-818540-3-hyperv neutron-server[114962]: DEBUG neutron_lib.callbacks.manager [None req-efe62536-06a8-4848-af49-126062543267 tempest-ServersTestManualDisk-584767452 tempest-ServersTestManualDisk-584767452-project] Publish callbacks [] for security_group_rule, precommit_create {{(pid=114962) _notify_loop /usr/local/lib/python3.8/dist-packages/neutron_lib/callbacks/manager.py:175}}
Dec 22 10:45:00.428099 dv-neutron-818540-3-hyperv neutron-server[114962]: DEBUG neutron.api.v2.base [None req-e045c0e1-4ac6-4359-af2d-b560178e3cd8 tempest-AllowedAddressPairIpV6TestJSON-1598718040 tempest-AllowedAddressPairIpV6TestJSON-1598718040-project] Request body: {'port': {'network_id': '5d359179-5288-4591-8342-34857936ae1e', 'name': 'tempest-AllowedAddressPairIpV6TestJSON-2040835650'}} {{(pid=114962) prepare_request_body /opt/stack/neutron/neutron/api/v2/base.py:729}}
Dec 22 10:45:00.439366 dv-neutron-818540-3-hyperv neutron-server[114962]: DEBUG neutron_lib.callbacks.manager [None req-efe62536-06a8-4848-af49-126062543267 tempest-ServersTestManualDisk-584767452 tempest-ServersTestManualDisk-584767452-project] Publish callbacks ['neutron.plugins.ml2.ovo_rpc._ObjectChangeHandler.handle_event-8104071'] for security_group_rule, after_create {{(pid=114962) _notify_loop /usr/local/lib/python3.8/dist-packages/neutron_lib/callbacks/manager.py:175}}
Dec 22 10:45:00.441109 dv-neutron-818540-3-hyperv neutron-server[114963]: DEBUG neutron_lib.callbacks.manager [None req-432adca7-34c8-4969-8805-925bfac668cf tempest-ExternalNetworksTestJSON-2047629121 tempest-ExternalNetworksTestJSON-2047629121-project-admin] Publish callbacks ['neutron.services.l3_router.l3_router_plugin.L3_NAT_dbonly_mixin._precommit_delete_port_callback-8051456'] for port, precommit_delete {{(pid=114963) _notify_loop /usr/local/lib/python3.8/dist-packages/neutron_lib/callbacks/manager.py:175}}
Dec 22 10:45:00.441557 dv-neutron-818540-3-hyperv neutron-server[114963]: DEBUG neutron_lib.callbacks.manager [None req-432adca7-34c8-4969-8805-925bfac668cf tempest-ExternalNetworksTestJSON-2047629121 tempest-ExternalNetworksTestJSON-2047629121-project-admin] Publish callbacks [] for floatingip, precommit_delete {{(pid=114963) _notify_loop /usr/local/lib/python3.8/dist-packages/neutron_lib/callbacks/manager.py:175}}
Dec 22 10:45:00.447203 dv-neutron-818540-3-hyperv neutron-server[114964]: DEBUG neutron_lib.callbacks.manager [None req-36d1667f-4134-4b8d-9fe9-96a62fa1d875 None None] Publish callbacks ['neutron.plugins.ml2.plugin.SecurityGroupServerNotifierRpcMixin._notify_sg_on_port_change-609860', 'neutron.plugins.ml2.ovo_rpc._ObjectChangeHandler.handle_event-71366', 'neutron.api.rpc.agentnotifiers.dhcp_rpc_agent_api.DhcpAgentNotifyAPI._native_event_send_dhcp_notification-7910222', 'neutron.db.l3_db.L3RpcNotifierMixin._notify_gateway_port_ip_changed-8768129991756', 'neutron.db.l3_dvrscheduler_db._notify_l3_agent_port_update-8768129503236', 'neutron.db.l3_hascheduler_db._notify_l3_agent_ha_port_update-8768129503254'] for port, after_update {{(pid=114964) _notify_loop /usr/local/lib/python3.8/dist-packages/neutron_lib/callbacks/manager.py:175}}
Dec 22 10:45:00.470108 dv-neutron-818540-3-hyperv neutron-server[114963]: DEBUG neutron.plugins.ml2.plugin [None req-432adca7-34c8-4969-8805-925bfac668cf tempest-ExternalNetworksTestJSON-2047629121 tempest-ExternalNetworksTestJSON-2047629121-project-admin] Calling delete_port for 51ecdb54-382c-42c1-a3d9-9695ac0005f4 owned by network:floatingip {{(pid=114963) delete_port /opt/stack/neutron/neutron/plugins/ml2/plugin.py:2014}}
Dec 22 10:45:00.511509 dv-neutron-818540-3-hyperv neutron-server[114964]: DEBUG neutron.plugins.ml2.db [None req-3697d0ae-b57e-4726-aa2b-1f2ae2b3370e None None] For port 91d4e865-6863-4409-b776-4f5c5d9e3040, host dv-neutron-818540-3-hyperv, got binding levels [PortBindingLevel(driver='openvswitch',host='dv-neutron-818540-3-hyperv',level=0,port_id=91d4e865-6863-4409-b776-4f5c5d9e3040,segment=NetworkSegment(c433f5ac-5faf-48f1-966c-3416fd3b2557),segment_id=c433f5ac-5faf-48f1-966c-3416fd3b2557)] {{(pid=114964) get_binding_level_objs /opt/stack/neutron/neutron/plugins/ml2/db.py:74}}
Dec 22 10:45:00.511900 dv-neutron-818540-3-hyperv neutron-server[114964]: DEBUG neutron_lib.callbacks.manager [None req-3697d0ae-b57e-4726-aa2b-1f2ae2b3370e None None] Publish callbacks ['neutron.services.l3_router.l3_router_plugin.L3_NAT_dbonly_mixin._precommit_delete_port_callback-8051456'] for port, precommit_delete {{(pid=114964) _notify_loop /usr/local/lib/python3.8/dist-packages/neutron_lib/callbacks/manager.py:175}}
Dec 22 10:45:00.550886 dv-neutron-818540-3-hyperv neutron-server[114962]: DEBUG neutron.api.rpc.handlers.resources_rpc [None req-efe62536-06a8-4848-af49-126062543267 tempest-ServersTestManualDisk-584767452 tempest-ServersTestManualDisk-584767452-project] Pushing event updated for resources: {'SecurityGroupRule': ['ID=2b19522b-7e3f-4c05-bb39-1e0cf3e7934d,revision_number=0']} {{(pid=114962) push /opt/stack/neutron/neutron/api/rpc/handlers/resources_rpc.py:237}}
Dec 22 10:45:00.569488 dv-neutron-818540-3-hyperv neutron-server[114964]: DEBUG neutron.plugins.ml2.plugin [None req-3697d0ae-b57e-4726-aa2b-1f2ae2b3370e None None] Calling delete_port for 91d4e865-6863-4409-b776-4f5c5d9e3040 owned by network:dhcp {{(pid=114964) delete_port /opt/stack/neutron/neutron/plugins/ml2/plugin.py:2014}}
Dec 22 10:45:00.591288 dv-neutron-818540-3-hyperv neutron-server[114962]: DEBUG neutron_lib.callbacks.manager [None req-efe62536-06a8-4848-af49-126062543267 tempest-ServersTestManualDisk-584767452 tempest-ServersTestManualDisk-584767452-project] Publish callbacks [] for security_group_rule, before_response {{(pid=114962) _notify_loop /usr/local/lib/python3.8/dist-packages/neutron_lib/callbacks/manager.py:175}}
Dec 22 10:45:00.596511 dv-neutron-818540-3-hyperv neutron-server[114962]: INFO neutron.wsgi [None req-efe62536-06a8-4848-af49-126062543267 tempest-ServersTestManualDisk-584767452 tempest-ServersTestManualDisk-584767452-project] 10.222.0.49 "POST /v2.0/security-group-rules HTTP/1.1" status: 201 len: 764 time: 0.7968197
Dec 22 10:45:00.604025 dv-neutron-818540-3-hyperv neutron-server[114962]: DEBUG neutron.wsgi [-] (114962) accepted ('10.222.0.49', 38482) {{(pid=114962) server /usr/local/lib/python3.8/dist-packages/eventlet/wsgi.py:1004}}
Dec 22 10:45:00.608999 dv-neutron-818540-3-hyperv neutron-server[114962]: DEBUG neutron.api.v2.base [None req-fbe03f4e-60be-42ee-925e-fea46ccc3787 tempest-ServersTestManualDisk-584767452 tempest-ServersTestManualDisk-584767452-project] Request body: {'security_group_rule': {'security_group_id': '11289ab3-03b7-41a5-ae99-17ff6c5b1d0d', 'protocol': 'icmp', 'ethertype': 'IPv4', 'direction': 'ingress'}} {{(pid=114962) prepare_request_body /opt/stack/neutron/neutron/api/v2/base.py:729}}
Dec 22 10:45:00.635034 dv-neutron-818540-3-hyperv neutron-server[114963]: DEBUG neutron_lib.callbacks.manager [None req-036cd93b-50f2-4e68-923b-32dd2390dc3d tempest-PortsAdminExtendedAttrsTestJSON-1286910127 tempest-PortsAdminExtendedAttrsTestJSON-1286910127-project] Publish callbacks ['neutron.plugins.ml2.plugin.Ml2Plugin._handle_segment_change-686555'] for segment, precommit_create {{(pid=114963) _notify_loop /usr/local/lib/python3.8/dist-packages/neutron_lib/callbacks/manager.py:175}}
Dec 22 10:45:00.636038 dv-neutron-818540-3-hyperv neutron-server[114963]: INFO neutron.db.segments_db [None req-036cd93b-50f2-4e68-923b-32dd2390dc3d tempest-PortsAdminExtendedAttrsTestJSON-1286910127 tempest-PortsAdminExtendedAttrsTestJSON-1286910127-project] Added segment 6b348c2c-2900-4ee6-b066-6d602413163b of type vlan for network bab10547-07fe-4c96-a1e0-db2c68d4fa7d
Dec 22 10:45:00.646636 dv-neutron-818540-3-hyperv neutron-server[114962]: INFO neutron.wsgi [req-a20ee3f6-05b9-4ce2-944c-3661338d918b req-4f35c896-ca58-4367-b672-fbcfbf1fe1db service neutron] 10.222.0.49 "GET /v2.0/networks/11ba443b-f791-4af8-b1f8-da7f09e6fc4e?fields=segments HTTP/1.1" status: 200 len: 212 time: 0.4016435
Dec 22 10:45:00.650852 dv-neutron-818540-3-hyperv neutron-server[114962]: DEBUG neutron_lib.callbacks.manager [None req-fdc4f1a8-2b0c-48bd-85b7-0085861e210d tempest-RoutersAdminTest-517414558 tempest-RoutersAdminTest-517414558-project-admin] Publish callbacks ['neutron.plugins.ml2.ovo_rpc._ObjectChangeHandler.handle_event-8106535', 'neutron.api.rpc.agentnotifiers.dhcp_rpc_agent_api.DhcpAgentNotifyAPI._native_event_send_dhcp_notification-7910222'] for network, after_create {{(pid=114962) _notify_loop /usr/local/lib/python3.8/dist-packages/neutron_lib/callbacks/manager.py:175}}
Dec 22 10:45:00.652021 dv-neutron-818540-3-hyperv neutron-server[114962]: DEBUG neutron.pecan_wsgi.hooks.policy_enforcement [None req-fdc4f1a8-2b0c-48bd-85b7-0085861e210d tempest-RoutersAdminTest-517414558 tempest-RoutersAdminTest-517414558-project-admin] Attributes excluded by policy engine: ['standard_attr_id', 'vlan_transparent'] {{(pid=114962) _exclude_attributes_by_policy /opt/stack/neutron/neutron/pecan_wsgi/hooks/policy_enforcement.py:255}}
Dec 22 10:45:00.653079 dv-neutron-818540-3-hyperv neutron-server[114962]: DEBUG neutron_lib.callbacks.manager [None req-fdc4f1a8-2b0c-48bd-85b7-0085861e210d tempest-RoutersAdminTest-517414558 tempest-RoutersAdminTest-517414558-project-admin] Publish callbacks ['neutron.api.rpc.agentnotifiers.dhcp_rpc_agent_api.DhcpAgentNotifyAPI._send_dhcp_notification-7910332'] for network, before_response {{(pid=114962) _notify_loop /usr/local/lib/python3.8/dist-packages/neutron_lib/callbacks/manager.py:175}}
Dec 22 10:45:00.735771 dv-neutron-818540-3-hyperv neutron-server[114964]: DEBUG neutron.api.rpc.handlers.resources_rpc [None req-d0d3951b-2366-4545-a9d0-153e5ffbd1e9 None None] Pushing event updated for resources: {'Port': ['ID=d10dac92-4e9b-4143-abc1-0c15042ca3c1,revision_number=5']} {{(pid=114964) push /opt/stack/neutron/neutron/api/rpc/handlers/resources_rpc.py:237}}
Dec 22 10:45:00.738527 dv-neutron-818540-3-hyperv neutron-server[114964]: DEBUG neutron.db.l3_dvrscheduler_db [None req-36d1667f-4134-4b8d-9fe9-96a62fa1d875 None None] Routers {'b84d0e4a-1aa0-4dd5-a8d5-43733d043d0f'} bound to L3 agent in host dv-neutron-818540-3-hyperv {{(pid=114964) _get_router_ids_for_agent /opt/stack/neutron/neutron/db/l3_dvrscheduler_db.py:420}}
Dec 22 10:45:00.739193 dv-neutron-818540-3-hyperv neutron-server[114964]: DEBUG neutron.db.l3_hamode_db [None req-36d1667f-4134-4b8d-9fe9-96a62fa1d875 None None] neutron.services.l3_router.l3_router_plugin.L3RouterPlugin method get_ha_sync_data_for_host called with arguments (, 'dv-neutron-818540-3-hyperv', Agent(admin_state_up=True,agent_type='L3 agent',availability_zone='nova',binary='neutron-l3-agent',configurations={"agent_mode": "legacy", "ex_gw_ports": 4, "extensions": [], "floating_ips": 0, "handle_internal_only_routers": true, "interface_driver": "openvswitch", "interfaces": 2, "log_agent_heartbeats": false, "routers": 4},created_at=2021-12-22T10:37:24Z,description=,heartbeat_timestamp=2021-12-22T10:44:54Z,host='dv-neutron-818540-3-hyperv',id=c65555fe-9911-408e-b8c3-ca9283b713eb,load=0,resource_versions=,resources_synced=,started_at=2021-12-22T10:37:24Z,topic='l3_agent')) {'router_ids': ['b84d0e4a-1aa0-4dd5-a8d5-43733d043d0f'], 'active': True} {{(pid=114964) wrapper /usr/local/lib/python3.8/dist-packages/oslo_log/helpers.py:65}}
Dec 22 10:45:00.748878 dv-neutron-818540-3-hyperv neutron-server[114963]: DEBUG neutron.api.rpc.handlers.resources_rpc [None req-036cd93b-50f2-4e68-923b-32dd2390dc3d tempest-PortsAdminExtendedAttrsTestJSON-1286910127 tempest-PortsAdminExtendedAttrsTestJSON-1286910127-project] Pushing event updated for resources: {'SecurityGroup': ['ID=a386aea6-4caa-40f9-94f9-bf6bca684b5c,revision_number=1']} {{(pid=114963) push /opt/stack/neutron/neutron/api/rpc/handlers/resources_rpc.py:237}}
Dec 22 10:45:00.751900 dv-neutron-818540-3-hyperv neutron-server[114962]: INFO neutron.wsgi [None req-fdc4f1a8-2b0c-48bd-85b7-0085861e210d tempest-RoutersAdminTest-517414558 tempest-RoutersAdminTest-517414558-project-admin] 10.222.0.49 "POST /v2.0/networks HTTP/1.1" status: 201 len: 871 time: 2.4390359
Dec 22 10:45:00.766251 dv-neutron-818540-3-hyperv neutron-server[114962]: DEBUG neutron.wsgi [-] (114962) accepted ('10.222.0.49', 38484) {{(pid=114962) server /usr/local/lib/python3.8/dist-packages/eventlet/wsgi.py:1004}}
Dec 22 10:45:00.777317 dv-neutron-818540-3-hyperv neutron-server[114963]: DEBUG neutron_lib.callbacks.manager [None req-884f7ccf-ce55-49e5-ba82-19b57514d5c2 tempest-ServersTestJSON-797664255 tempest-ServersTestJSON-797664255-project] Publish callbacks [] for security_group, before_create {{(pid=114963) _notify_loop /usr/local/lib/python3.8/dist-packages/neutron_lib/callbacks/manager.py:175}}
Dec 22 10:45:00.803049 dv-neutron-818540-3-hyperv neutron-server[114963]: DEBUG neutron_lib.callbacks.manager [None req-036cd93b-50f2-4e68-923b-32dd2390dc3d tempest-PortsAdminExtendedAttrsTestJSON-1286910127 tempest-PortsAdminExtendedAttrsTestJSON-1286910127-project] Publish callbacks ['neutron.services.auto_allocate.db._ensure_external_network_default_value_callback-8768129493580'] for network, precommit_create {{(pid=114963) _notify_loop /usr/local/lib/python3.8/dist-packages/neutron_lib/callbacks/manager.py:175}}
Dec 22 10:45:00.805394 dv-neutron-818540-3-hyperv neutron-server[114963]: DEBUG neutron_lib.callbacks.manager [None req-17e92e18-8794-4e4b-9042-9b64c2baf528 tempest-DHCPAgentSchedulersTestJSON-509491263 tempest-DHCPAgentSchedulersTestJSON-509491263-project] Publish callbacks ['neutron.plugins.ml2.plugin.SecurityGroupServerNotifierRpcMixin._notify_sg_on_port_change-609860', 'neutron.plugins.ml2.ovo_rpc._ObjectChangeHandler.handle_event-71366', 'neutron.api.rpc.agentnotifiers.dhcp_rpc_agent_api.DhcpAgentNotifyAPI._native_event_send_dhcp_notification-7910222', 'neutron.db.l3_db.L3RpcNotifierMixin._notify_routers_callback-8768129991738', 'neutron.db.l3_dvrscheduler_db._notify_port_delete-8768129506807', 'neutron.services.segments.plugin.NovaSegmentNotifier._notify_port_created_or_deleted-6559849'] for port, after_delete {{(pid=114963) _notify_loop /usr/local/lib/python3.8/dist-packages/neutron_lib/callbacks/manager.py:175}}
Dec 22 10:45:00.836573 dv-neutron-818540-3-hyperv neutron-server[114964]: DEBUG neutron.db.provisioning_blocks [None req-8ea74eee-3ebd-4b17-87ca-1f3e465a0a2f None None] Provisioning complete for port 76fdc47c-d721-42e4-ac13-72866d393820 triggered by entity DHCP. {{(pid=114964) provisioning_complete /opt/stack/neutron/neutron/db/provisioning_blocks.py:139}}
Dec 22 10:45:00.838276 dv-neutron-818540-3-hyperv neutron-server[114964]: DEBUG neutron_lib.callbacks.manager [None req-8ea74eee-3ebd-4b17-87ca-1f3e465a0a2f None None] Publish callbacks ['neutron.plugins.ml2.plugin.Ml2Plugin._port_provisioned-680004'] for port, provisioning_complete {{(pid=114964) _notify_loop /usr/local/lib/python3.8/dist-packages/neutron_lib/callbacks/manager.py:175}}
Dec 22 10:45:00.840680 dv-neutron-818540-3-hyperv neutron-server[114962]: DEBUG neutron.api.v2.base [None req-818c4355-d18f-485d-a8f5-c51bdeff5d4f tempest-RoutersAdminTest-517414558 tempest-RoutersAdminTest-517414558-project-admin] Request body: {'subnet': {'network_id': 'bcf873f9-18e5-4800-b679-7a03bae45522', 'cidr': '172.20.0.0/28', 'ip_version': 4, 'gateway_ip': '172.20.0.1', 'enable_dhcp': False}} {{(pid=114962) prepare_request_body /opt/stack/neutron/neutron/api/v2/base.py:729}}
Dec 22 10:45:00.863169 dv-neutron-818540-3-hyperv neutron-server[114962]: DEBUG neutron_lib.callbacks.manager [None req-fbe03f4e-60be-42ee-925e-fea46ccc3787 tempest-ServersTestManualDisk-584767452 tempest-ServersTestManualDisk-584767452-project] Publish callbacks [] for security_group_rule, before_create {{(pid=114962) _notify_loop /usr/local/lib/python3.8/dist-packages/neutron_lib/callbacks/manager.py:175}}
Dec 22 10:45:00.880299 dv-neutron-818540-3-hyperv neutron-server[114963]: DEBUG neutron.api.rpc.handlers.resources_rpc [None req-17e92e18-8794-4e4b-9042-9b64c2baf528 tempest-DHCPAgentSchedulersTestJSON-509491263 tempest-DHCPAgentSchedulersTestJSON-509491263-project] Pushing event deleted for resources: {'Port': ['ID=91d4e865-6863-4409-b776-4f5c5d9e3040,revision_number=None']} {{(pid=114963) push /opt/stack/neutron/neutron/api/rpc/handlers/resources_rpc.py:237}}
Dec 22 10:45:00.882307 dv-neutron-818540-3-hyperv neutron-server[114963]: DEBUG neutron.db.l3_dvrscheduler_db [None req-17e92e18-8794-4e4b-9042-9b64c2baf528 tempest-DHCPAgentSchedulersTestJSON-509491263 tempest-DHCPAgentSchedulersTestJSON-509491263-project] No DVR routers for this DVR port 91d4e865-6863-4409-b776-4f5c5d9e3040 on host dv-neutron-818540-3-hyperv {{(pid=114963) get_dvr_routers_to_remove /opt/stack/neutron/neutron/db/l3_dvrscheduler_db.py:214}}
Dec 22 10:45:00.937379 dv-neutron-818540-3-hyperv neutron-server[114962]: DEBUG neutron.api.rpc.handlers.resources_rpc [None req-fdc4f1a8-2b0c-48bd-85b7-0085861e210d tempest-RoutersAdminTest-517414558 tempest-RoutersAdminTest-517414558-project-admin] Pushing event updated for resources: {'Network': ['ID=bcf873f9-18e5-4800-b679-7a03bae45522,revision_number=1']} {{(pid=114962) push /opt/stack/neutron/neutron/api/rpc/handlers/resources_rpc.py:237}}
Dec 22 10:45:00.946299 dv-neutron-818540-3-hyperv neutron-server[114962]: DEBUG neutron.pecan_wsgi.hooks.quota_enforcement [None req-818c4355-d18f-485d-a8f5-c51bdeff5d4f tempest-RoutersAdminTest-517414558 tempest-RoutersAdminTest-517414558-project-admin] Made reservation on behalf of cc383aae143f4fe3bceb990e13c718bc for: {'subnet': 1} {{(pid=114962) before /opt/stack/neutron/neutron/pecan_wsgi/hooks/quota_enforcement.py:53}}
Dec 22 10:45:00.948933 dv-neutron-818540-3-hyperv neutron-server[114962]: DEBUG neutron_lib.callbacks.manager [None req-818c4355-d18f-485d-a8f5-c51bdeff5d4f tempest-RoutersAdminTest-517414558 tempest-RoutersAdminTest-517414558-project-admin] Publish callbacks ['neutron.services.segments.plugin.SegmentHostRoutes.host_routes_before_create-5659368'] for subnet, before_create {{(pid=114962) _notify_loop /usr/local/lib/python3.8/dist-packages/neutron_lib/callbacks/manager.py:175}}
Dec 22 10:45:00.969075 dv-neutron-818540-3-hyperv neutron-server[114963]: DEBUG neutron_lib.callbacks.manager [None req-036cd93b-50f2-4e68-923b-32dd2390dc3d tempest-PortsAdminExtendedAttrsTestJSON-1286910127 tempest-PortsAdminExtendedAttrsTestJSON-1286910127-project] Publish callbacks ['neutron.plugins.ml2.ovo_rpc._ObjectChangeHandler.handle_event-8106535', 'neutron.api.rpc.agentnotifiers.dhcp_rpc_agent_api.DhcpAgentNotifyAPI._native_event_send_dhcp_notification-7910222'] for network, after_create {{(pid=114963) _notify_loop /usr/local/lib/python3.8/dist-packages/neutron_lib/callbacks/manager.py:175}}
Dec 22 10:45:00.973846 dv-neutron-818540-3-hyperv neutron-server[114962]: DEBUG neutron_lib.callbacks.manager [None req-fbe03f4e-60be-42ee-925e-fea46ccc3787 tempest-ServersTestManualDisk-584767452 tempest-ServersTestManualDisk-584767452-project] Publish callbacks [] for security_group_rule, precommit_create {{(pid=114962) _notify_loop /usr/local/lib/python3.8/dist-packages/neutron_lib/callbacks/manager.py:175}}
Dec 22 10:45:00.975102 dv-neutron-818540-3-hyperv neutron-server[114964]: DEBUG neutron.plugins.ml2.rpc [None req-322f0207-adde-463f-ab42-a229b6022ce2 None None] Network bcf873f9-18e5-4800-b679-7a03bae45522 details requested by agent ovs-agent-dv-neutron-818540-3-hyperv with host dv-neutron-818540-3-hyperv {{(pid=114964) get_network_details /opt/stack/neutron/neutron/plugins/ml2/rpc.py:248}}
Dec 22 10:45:00.975367 dv-neutron-818540-3-hyperv neutron-server[114963]: DEBUG neutron.pecan_wsgi.hooks.policy_enforcement [None req-036cd93b-50f2-4e68-923b-32dd2390dc3d tempest-PortsAdminExtendedAttrsTestJSON-1286910127 tempest-PortsAdminExtendedAttrsTestJSON-1286910127-project] Attributes excluded by policy engine: ['standard_attr_id', 'provider:network_type', 'provider:physical_network', 'provider:segmentation_id', 'vlan_transparent'] {{(pid=114963) _exclude_attributes_by_policy /opt/stack/neutron/neutron/pecan_wsgi/hooks/policy_enforcement.py:255}}
Dec 22 10:45:00.975924 dv-neutron-818540-3-hyperv neutron-server[114963]: DEBUG neutron_lib.callbacks.manager [None req-036cd93b-50f2-4e68-923b-32dd2390dc3d tempest-PortsAdminExtendedAttrsTestJSON-1286910127 tempest-PortsAdminExtendedAttrsTestJSON-1286910127-project] Publish callbacks ['neutron.api.rpc.agentnotifiers.dhcp_rpc_agent_api.DhcpAgentNotifyAPI._send_dhcp_notification-7910332'] for network, before_response {{(pid=114963) _notify_loop /usr/local/lib/python3.8/dist-packages/neutron_lib/callbacks/manager.py:175}}
Dec 22 10:45:00.978305 dv-neutron-818540-3-hyperv neutron-server[114963]: DEBUG neutron_lib.callbacks.manager [None req-432adca7-34c8-4969-8805-925bfac668cf tempest-ExternalNetworksTestJSON-2047629121 tempest-ExternalNetworksTestJSON-2047629121-project-admin] Publish callbacks ['neutron.plugins.ml2.plugin.SecurityGroupServerNotifierRpcMixin._notify_sg_on_port_change-609860', 'neutron.plugins.ml2.ovo_rpc._ObjectChangeHandler.handle_event-71366', 'neutron.api.rpc.agentnotifiers.dhcp_rpc_agent_api.DhcpAgentNotifyAPI._native_event_send_dhcp_notification-7910222', 'neutron.db.l3_db.L3RpcNotifierMixin._notify_routers_callback-8768129991738', 'neutron.db.l3_dvrscheduler_db._notify_port_delete-8768129506807', 'neutron.services.segments.plugin.NovaSegmentNotifier._notify_port_created_or_deleted-6559849'] for port, after_delete {{(pid=114963) _notify_loop /usr/local/lib/python3.8/dist-packages/neutron_lib/callbacks/manager.py:175}}
Dec 22 10:45:00.990337 dv-neutron-818540-3-hyperv neutron-server[114962]: DEBUG neutron_lib.callbacks.manager [None req-fbe03f4e-60be-42ee-925e-fea46ccc3787 tempest-ServersTestManualDisk-584767452 tempest-ServersTestManualDisk-584767452-project] Publish callbacks ['neutron.plugins.ml2.ovo_rpc._ObjectChangeHandler.handle_event-8104071'] for security_group_rule, after_create {{(pid=114962) _notify_loop /usr/local/lib/python3.8/dist-packages/neutron_lib/callbacks/manager.py:175}}
Dec 22 10:45:01.030396 dv-neutron-818540-3-hyperv neutron-server[114962]: DEBUG neutron.api.rpc.handlers.resources_rpc [None req-fbe03f4e-60be-42ee-925e-fea46ccc3787 tempest-ServersTestManualDisk-584767452 tempest-ServersTestManualDisk-584767452-project] Pushing event updated for resources: {'SecurityGroupRule': ['ID=79936eee-66c0-44af-9cc4-3aa0ec236c59,revision_number=0']} {{(pid=114962) push /opt/stack/neutron/neutron/api/rpc/handlers/resources_rpc.py:237}}
Dec 22 10:45:01.040961 dv-neutron-818540-3-hyperv neutron-server[114962]: DEBUG neutron.pecan_wsgi.hooks.quota_enforcement [None req-e045c0e1-4ac6-4359-af2d-b560178e3cd8 tempest-AllowedAddressPairIpV6TestJSON-1598718040 tempest-AllowedAddressPairIpV6TestJSON-1598718040-project] Made reservation on behalf of 257b0ba7736f49959327beb723109762 for: {'port': 1} {{(pid=114962) before /opt/stack/neutron/neutron/pecan_wsgi/hooks/quota_enforcement.py:53}}
Dec 22 10:45:01.045722 dv-neutron-818540-3-hyperv neutron-server[114962]: DEBUG neutron_lib.callbacks.manager [None req-e045c0e1-4ac6-4359-af2d-b560178e3cd8 tempest-AllowedAddressPairIpV6TestJSON-1598718040 tempest-AllowedAddressPairIpV6TestJSON-1598718040-project] Publish callbacks ['neutron.plugins.ml2.plugin.SecurityGroupDbMixin._ensure_default_security_group_handler-609795'] for port, before_create {{(pid=114962) _notify_loop /usr/local/lib/python3.8/dist-packages/neutron_lib/callbacks/manager.py:175}}
Dec 22 10:45:01.077937 dv-neutron-818540-3-hyperv neutron-server[114963]: DEBUG neutron.api.rpc.handlers.resources_rpc [None req-432adca7-34c8-4969-8805-925bfac668cf tempest-ExternalNetworksTestJSON-2047629121 tempest-ExternalNetworksTestJSON-2047629121-project-admin] Pushing event deleted for resources: {'Port': ['ID=51ecdb54-382c-42c1-a3d9-9695ac0005f4,revision_number=None']} {{(pid=114963) push /opt/stack/neutron/neutron/api/rpc/handlers/resources_rpc.py:237}}
Dec 22 10:45:01.107152 dv-neutron-818540-3-hyperv neutron-server[114962]: DEBUG neutron_lib.callbacks.manager [None req-fbe03f4e-60be-42ee-925e-fea46ccc3787 tempest-ServersTestManualDisk-584767452 tempest-ServersTestManualDisk-584767452-project] Publish callbacks [] for security_group_rule, before_response {{(pid=114962) _notify_loop /usr/local/lib/python3.8/dist-packages/neutron_lib/callbacks/manager.py:175}}
Dec 22 10:45:01.111630 dv-neutron-818540-3-hyperv neutron-server[114962]: INFO neutron.wsgi [None req-fbe03f4e-60be-42ee-925e-fea46ccc3787 tempest-ServersTestManualDisk-584767452 tempest-ServersTestManualDisk-584767452-project] 10.222.0.49 "POST /v2.0/security-group-rules HTTP/1.1" status: 201 len: 769 time: 0.5065465
Dec 22 10:45:01.113947 dv-neutron-818540-3-hyperv neutron-server[114962]: INFO neutron.wsgi [req-a20ee3f6-05b9-4ce2-944c-3661338d918b req-95bb7459-c996-486e-9181-41816edef8ee service neutron] 10.222.0.49 "GET /v2.0/networks/11ba443b-f791-4af8-b1f8-da7f09e6fc4e?fields=provider%3Aphysical_network&fields=provider%3Anetwork_type HTTP/1.1" status: 200 len: 281 time: 0.4505079
Dec 22 10:45:01.114440 dv-neutron-818540-3-hyperv neutron-server[114962]: DEBUG neutron.wsgi [-] (114962) accepted ('10.222.0.49', 38486) {{(pid=114962) server /usr/local/lib/python3.8/dist-packages/eventlet/wsgi.py:1004}}
Dec 22 10:45:01.126316 dv-neutron-818540-3-hyperv neutron-server[114962]: DEBUG neutron.api.v2.base [None req-72d9aec4-8c99-4556-b8e7-74484b038573 tempest-ServersTestManualDisk-584767452 tempest-ServersTestManualDisk-584767452-project] Request body: {'floatingip': {'floating_network_id': '97cec475-a71b-4636-8929-a6caffa23853'}} {{(pid=114962) prepare_request_body /opt/stack/neutron/neutron/api/v2/base.py:729}}
Dec 22 10:45:01.149457 dv-neutron-818540-3-hyperv neutron-server[114963]: DEBUG neutron_lib.callbacks.manager [None req-17e92e18-8794-4e4b-9042-9b64c2baf528 tempest-DHCPAgentSchedulersTestJSON-509491263 tempest-DHCPAgentSchedulersTestJSON-509491263-project] Publish callbacks ['neutron.plugins.ml2.plugin.Ml2Plugin._network_delete_precommit_handler-683213', 'neutron.services.segments.db._delete_segments_for_network-8768130072293'] for network, precommit_delete {{(pid=114963) _notify_loop /usr/local/lib/python3.8/dist-packages/neutron_lib/callbacks/manager.py:175}}
Dec 22 10:45:01.163292 dv-neutron-818540-3-hyperv neutron-server[114962]: DEBUG neutron.notifiers.nova [None req-e045c0e1-4ac6-4359-af2d-b560178e3cd8 tempest-AllowedAddressPairIpV6TestJSON-1598718040 tempest-AllowedAddressPairIpV6TestJSON-1598718040-project] device_id is not set on port 10e43596-8519-4f94-ba87-1fb4f99c6b6b yet. {{(pid=114962) _can_notify /opt/stack/neutron/neutron/notifiers/nova.py:190}}
Dec 22 10:45:01.170777 dv-neutron-818540-3-hyperv neutron-server[114962]: DEBUG neutron_lib.callbacks.manager [None req-72d9aec4-8c99-4556-b8e7-74484b038573 tempest-ServersTestManualDisk-584767452 tempest-ServersTestManualDisk-584767452-project] Publish callbacks [] for floatingip, before_create {{(pid=114962) _notify_loop /usr/local/lib/python3.8/dist-packages/neutron_lib/callbacks/manager.py:175}}
Dec 22 10:45:01.183901 dv-neutron-818540-3-hyperv neutron-server[114963]: INFO neutron.wsgi [None req-036cd93b-50f2-4e68-923b-32dd2390dc3d tempest-PortsAdminExtendedAttrsTestJSON-1286910127 tempest-PortsAdminExtendedAttrsTestJSON-1286910127-project] 10.222.0.49 "POST /v2.0/networks HTTP/1.1" status: 201 len: 798 time: 4.0078101
Dec 22 10:45:01.267417 dv-neutron-818540-3-hyperv neutron-server[114964]: DEBUG neutron.api.rpc.handlers.resources_rpc [None req-c7523112-64f4-4e8b-950b-380b93c25350 None None] Pushing event updated for resources: {'Port': ['ID=76fdc47c-d721-42e4-ac13-72866d393820,revision_number=4']} {{(pid=114964) push /opt/stack/neutron/neutron/api/rpc/handlers/resources_rpc.py:237}}
Dec 22 10:45:01.274418 dv-neutron-818540-3-hyperv neutron-server[114963]: DEBUG neutron.api.rpc.handlers.resources_rpc [None req-036cd93b-50f2-4e68-923b-32dd2390dc3d tempest-PortsAdminExtendedAttrsTestJSON-1286910127 tempest-PortsAdminExtendedAttrsTestJSON-1286910127-project] Pushing event updated for resources: {'Network': ['ID=bab10547-07fe-4c96-a1e0-db2c68d4fa7d,revision_number=1']} {{(pid=114963) push /opt/stack/neutron/neutron/api/rpc/handlers/resources_rpc.py:237}}
Dec 22 10:45:01.291431 dv-neutron-818540-3-hyperv neutron-server[114963]: DEBUG neutron.services.segments.db [None req-17e92e18-8794-4e4b-9042-9b64c2baf528 tempest-DHCPAgentSchedulersTestJSON-509491263 tempest-DHCPAgentSchedulersTestJSON-509491263-project] neutron.services.segments.plugin.Plugin method get_segments called with arguments (,) {'filters': {'network_id': ['f3f3f4b9-2ff2-4189-9155-cad66db809bd']}} {{(pid=114963) wrapper /usr/local/lib/python3.8/dist-packages/oslo_log/helpers.py:65}}
Dec 22 10:45:01.291674 dv-neutron-818540-3-hyperv neutron-server[114964]: DEBUG neutron_lib.callbacks.manager [None req-3697d0ae-b57e-4726-aa2b-1f2ae2b3370e None None] Publish callbacks ['neutron.plugins.ml2.plugin.SecurityGroupServerNotifierRpcMixin._notify_sg_on_port_change-609860', 'neutron.plugins.ml2.ovo_rpc._ObjectChangeHandler.handle_event-71366', 'neutron.api.rpc.agentnotifiers.dhcp_rpc_agent_api.DhcpAgentNotifyAPI._native_event_send_dhcp_notification-7910222', 'neutron.db.l3_db.L3RpcNotifierMixin._notify_routers_callback-8768129991738', 'neutron.db.l3_dvrscheduler_db._notify_port_delete-8768129506807'] for port, after_delete {{(pid=114964) _notify_loop /usr/local/lib/python3.8/dist-packages/neutron_lib/callbacks/manager.py:175}}
Dec 22 10:45:01.331815 dv-neutron-818540-3-hyperv neutron-server[114963]: DEBUG neutron_lib.callbacks.manager [None req-884f7ccf-ce55-49e5-ba82-19b57514d5c2 tempest-ServersTestJSON-797664255 tempest-ServersTestJSON-797664255-project] Publish callbacks [] for security_group, precommit_create {{(pid=114963) _notify_loop /usr/local/lib/python3.8/dist-packages/neutron_lib/callbacks/manager.py:175}}
Dec 22 10:45:01.337116 dv-neutron-818540-3-hyperv neutron-server[114963]: DEBUG neutron.services.segments.db [None req-17e92e18-8794-4e4b-9042-9b64c2baf528 tempest-DHCPAgentSchedulersTestJSON-509491263 tempest-DHCPAgentSchedulersTestJSON-509491263-project] neutron.services.segments.plugin.Plugin method delete_segment called with arguments (, 'c433f5ac-5faf-48f1-966c-3416fd3b2557') {'for_net_delete': True} {{(pid=114963) wrapper /usr/local/lib/python3.8/dist-packages/oslo_log/helpers.py:65}}
Dec 22 10:45:01.337413 dv-neutron-818540-3-hyperv neutron-server[114963]: DEBUG neutron.services.segments.db [None req-17e92e18-8794-4e4b-9042-9b64c2baf528 tempest-DHCPAgentSchedulersTestJSON-509491263 tempest-DHCPAgentSchedulersTestJSON-509491263-project] neutron.services.segments.plugin.Plugin method get_segment called with arguments (, 'c433f5ac-5faf-48f1-966c-3416fd3b2557') {} {{(pid=114963) wrapper /usr/local/lib/python3.8/dist-packages/oslo_log/helpers.py:65}}
Dec 22 10:45:01.357303 dv-neutron-818540-3-hyperv neutron-server[114964]: DEBUG neutron.plugins.ml2.rpc [None req-322f0207-adde-463f-ab42-a229b6022ce2 None None] Network bab10547-07fe-4c96-a1e0-db2c68d4fa7d details requested by agent ovs-agent-dv-neutron-818540-3-hyperv with host dv-neutron-818540-3-hyperv {{(pid=114964) get_network_details /opt/stack/neutron/neutron/plugins/ml2/rpc.py:248}}
Dec 22 10:45:01.367626 dv-neutron-818540-3-hyperv neutron-server[114964]: DEBUG neutron.api.rpc.handlers.resources_rpc [None req-3697d0ae-b57e-4726-aa2b-1f2ae2b3370e None None] Pushing event deleted for resources: {'Port': ['ID=91d4e865-6863-4409-b776-4f5c5d9e3040,revision_number=None']} {{(pid=114964) push /opt/stack/neutron/neutron/api/rpc/handlers/resources_rpc.py:237}}
Dec 22 10:45:01.381620 dv-neutron-818540-3-hyperv neutron-server[114963]: DEBUG neutron_lib.callbacks.manager [None req-884f7ccf-ce55-49e5-ba82-19b57514d5c2 tempest-ServersTestJSON-797664255 tempest-ServersTestJSON-797664255-project] Publish callbacks ['neutron.plugins.ml2.ovo_rpc._ObjectChangeHandler.handle_event-8104168'] for security_group, after_create {{(pid=114963) _notify_loop /usr/local/lib/python3.8/dist-packages/neutron_lib/callbacks/manager.py:175}}
Dec 22 10:45:01.391030 dv-neutron-818540-3-hyperv neutron-server[114963]: DEBUG neutron_lib.callbacks.manager [None req-17e92e18-8794-4e4b-9042-9b64c2baf528 tempest-DHCPAgentSchedulersTestJSON-509491263 tempest-DHCPAgentSchedulersTestJSON-509491263-project] Publish callbacks ['neutron.plugins.ml2.db._prevent_segment_delete_with_port_bound-8768130077166', 'neutron.services.segments.plugin.Plugin._prevent_segment_delete_with_subnet_associated-6196530'] for segment, before_delete {{(pid=114963) _notify_loop /usr/local/lib/python3.8/dist-packages/neutron_lib/callbacks/manager.py:175}}
Dec 22 10:45:01.408487 dv-neutron-818540-3-hyperv neutron-server[114964]: DEBUG neutron.db.l3_dvr_db [None req-36d1667f-4134-4b8d-9fe9-96a62fa1d875 None None] Set router b84d0e4a-1aa0-4dd5-a8d5-43733d043d0f gateway port host: dv-neutron-818540-3-hyperv {{(pid=114964) _build_routers_list /opt/stack/neutron/neutron/db/l3_dvr_db.py:906}}
Dec 22 10:45:01.414095 dv-neutron-818540-3-hyperv neutron-server[114964]: DEBUG neutron.db.l3_dvrscheduler_db [None req-3697d0ae-b57e-4726-aa2b-1f2ae2b3370e None None] No DVR routers for this DVR port 91d4e865-6863-4409-b776-4f5c5d9e3040 on host dv-neutron-818540-3-hyperv {{(pid=114964) get_dvr_routers_to_remove /opt/stack/neutron/neutron/db/l3_dvrscheduler_db.py:214}}
Dec 22 10:45:01.419787 dv-neutron-818540-3-hyperv neutron-server[114963]: DEBUG neutron_lib.callbacks.manager [None req-432adca7-34c8-4969-8805-925bfac668cf tempest-ExternalNetworksTestJSON-2047629121 tempest-ExternalNetworksTestJSON-2047629121-project-admin] Publish callbacks [] for floatingip, after_delete {{(pid=114963) _notify_loop /usr/local/lib/python3.8/dist-packages/neutron_lib/callbacks/manager.py:175}}
Dec 22 10:45:01.435020 dv-neutron-818540-3-hyperv neutron-server[114963]: DEBUG neutron_lib.callbacks.manager [None req-17e92e18-8794-4e4b-9042-9b64c2baf528 tempest-DHCPAgentSchedulersTestJSON-509491263 tempest-DHCPAgentSchedulersTestJSON-509491263-project] Publish callbacks ['neutron.plugins.ml2.plugin.Ml2Plugin._handle_segment_change-686555'] for segment, precommit_delete {{(pid=114963) _notify_loop /usr/local/lib/python3.8/dist-packages/neutron_lib/callbacks/manager.py:175}}
Dec 22 10:45:01.464227 dv-neutron-818540-3-hyperv neutron-server[114963]: DEBUG neutron_lib.callbacks.manager [None req-884f7ccf-ce55-49e5-ba82-19b57514d5c2 tempest-ServersTestJSON-797664255 tempest-ServersTestJSON-797664255-project] Publish callbacks [] for security_group, before_response {{(pid=114963) _notify_loop /usr/local/lib/python3.8/dist-packages/neutron_lib/callbacks/manager.py:175}}
Dec 22 10:45:01.465496 dv-neutron-818540-3-hyperv neutron-server[114963]: INFO neutron.wsgi [None req-884f7ccf-ce55-49e5-ba82-19b57514d5c2 tempest-ServersTestJSON-797664255 tempest-ServersTestJSON-797664255-project] 10.222.0.49 "POST /v2.0/security-groups HTTP/1.1" status: 201 len: 1795 time: 1.8098323
