Dec 22 10:44:01.668619 dv-neutron-818540-3-hyperv devstack@n-api.service[128901]: DEBUG nova.api.openstack.wsgi_app [-] oslo_messaging_rabbit.rpc_conn_pool_size = 30 {{(pid=128901) log_opt_values /usr/local/lib/python3.8/dist-packages/oslo_config/cfg.py:2609}}
Dec 22 10:44:01.668943 dv-neutron-818540-3-hyperv devstack@n-api.service[128901]: DEBUG nova.api.openstack.wsgi_app [-] oslo_messaging_rabbit.ssl = False {{(pid=128901) log_opt_values /usr/local/lib/python3.8/dist-packages/oslo_config/cfg.py:2609}}
Dec 22 10:44:01.669277 dv-neutron-818540-3-hyperv devstack@n-api.service[128901]: DEBUG nova.api.openstack.wsgi_app [-] oslo_messaging_rabbit.ssl_ca_file = {{(pid=128901) log_opt_values /usr/local/lib/python3.8/dist-packages/oslo_config/cfg.py:2609}}
Dec 22 10:44:01.669609 dv-neutron-818540-3-hyperv devstack@n-api.service[128901]: DEBUG nova.api.openstack.wsgi_app [-] oslo_messaging_rabbit.ssl_cert_file = {{(pid=128901) log_opt_values /usr/local/lib/python3.8/dist-packages/oslo_config/cfg.py:2609}}
Dec 22 10:44:01.669942 dv-neutron-818540-3-hyperv devstack@n-api.service[128901]: DEBUG nova.api.openstack.wsgi_app [-] oslo_messaging_rabbit.ssl_key_file = {{(pid=128901) log_opt_values /usr/local/lib/python3.8/dist-packages/oslo_config/cfg.py:2609}}
Dec 22 10:44:01.670276 dv-neutron-818540-3-hyperv devstack@n-api.service[128901]: DEBUG nova.api.openstack.wsgi_app [-] oslo_messaging_rabbit.ssl_version = {{(pid=128901) log_opt_values /usr/local/lib/python3.8/dist-packages/oslo_config/cfg.py:2609}}
Dec 22 10:44:01.670629 dv-neutron-818540-3-hyperv devstack@n-api.service[128901]: DEBUG nova.api.openstack.wsgi_app [-] oslo_messaging_notifications.driver = ['messagingv2'] {{(pid=128901) log_opt_values /usr/local/lib/python3.8/dist-packages/oslo_config/cfg.py:2609}}
Dec 22 10:44:01.670950 dv-neutron-818540-3-hyperv devstack@n-api.service[128901]: DEBUG nova.api.openstack.wsgi_app [-] oslo_messaging_notifications.retry = -1 {{(pid=128901) log_opt_values /usr/local/lib/python3.8/dist-packages/oslo_config/cfg.py:2609}}
Dec 22 10:44:01.671304 dv-neutron-818540-3-hyperv devstack@n-api.service[128901]: DEBUG nova.api.openstack.wsgi_app [-] oslo_messaging_notifications.topics = ['notifications'] {{(pid=128901) log_opt_values /usr/local/lib/python3.8/dist-packages/oslo_config/cfg.py:2609}}
Dec 22 10:44:01.671667 dv-neutron-818540-3-hyperv devstack@n-api.service[128901]: DEBUG nova.api.openstack.wsgi_app [-] oslo_messaging_notifications.transport_url = **** {{(pid=128901) log_opt_values /usr/local/lib/python3.8/dist-packages/oslo_config/cfg.py:2609}}
Dec 22 10:44:01.672058 dv-neutron-818540-3-hyperv devstack@n-api.service[128901]: DEBUG nova.api.openstack.wsgi_app [-] oslo_reports.file_event_handler = None {{(pid=128901) log_opt_values /usr/local/lib/python3.8/dist-packages/oslo_config/cfg.py:2609}}
Dec 22 10:44:01.672311 dv-neutron-818540-3-hyperv devstack@n-api.service[128901]: DEBUG nova.api.openstack.wsgi_app [-] oslo_reports.file_event_handler_interval = 1 {{(pid=128901) log_opt_values /usr/local/lib/python3.8/dist-packages/oslo_config/cfg.py:2609}}
Dec 22 10:44:01.672624 dv-neutron-818540-3-hyperv devstack@n-api.service[128901]: DEBUG nova.api.openstack.wsgi_app [-] oslo_reports.log_dir = None {{(pid=128901) log_opt_values /usr/local/lib/python3.8/dist-packages/oslo_config/cfg.py:2609}}
Dec 22 10:44:01.672874 dv-neutron-818540-3-hyperv devstack@n-api.service[128901]: DEBUG nova.api.openstack.wsgi_app [-] ******************************************************************************** {{(pid=128901) log_opt_values /usr/local/lib/python3.8/dist-packages/oslo_config/cfg.py:2613}}
Dec 22 10:44:01.692682 dv-neutron-818540-3-hyperv devstack@n-api.service[128900]: DEBUG oslo_db.sqlalchemy.engines [None req-6a707975-3070-4fc8-abf0-799d36e27cac None None] MySQL server mode set to STRICT_TRANS_TABLES,STRICT_ALL_TABLES,NO_ZERO_IN_DATE,NO_ZERO_DATE,ERROR_FOR_DIVISION_BY_ZERO,TRADITIONAL,NO_ENGINE_SUBSTITUTION {{(pid=128900) _check_effective_sql_mode /usr/local/lib/python3.8/dist-packages/oslo_db/sqlalchemy/engines.py:314}}
Dec 22 10:44:01.697998 dv-neutron-818540-3-hyperv devstack@n-api.service[128901]: DEBUG oslo_db.sqlalchemy.engines [None req-c42e0d94-86f5-4f15-91ad-48ad5dbe01ec None None] MySQL server mode set to STRICT_TRANS_TABLES,STRICT_ALL_TABLES,NO_ZERO_IN_DATE,NO_ZERO_DATE,ERROR_FOR_DIVISION_BY_ZERO,TRADITIONAL,NO_ENGINE_SUBSTITUTION {{(pid=128901) _check_effective_sql_mode /usr/local/lib/python3.8/dist-packages/oslo_db/sqlalchemy/engines.py:314}}
Dec 22 10:44:01.760176 dv-neutron-818540-3-hyperv devstack@n-api.service[128900]: DEBUG nova.context [None req-6a707975-3070-4fc8-abf0-799d36e27cac None None] Found 2 cells: 00000000-0000-0000-0000-000000000000(cell0),f17d4d84-60c7-49be-9328-b4b6570972bb(cell1) {{(pid=128900) load_cells /opt/stack/nova/nova/context.py:464}}
Dec 22 10:44:01.764496 dv-neutron-818540-3-hyperv devstack@n-api.service[128900]: DEBUG oslo_concurrency.lockutils [None req-6a707975-3070-4fc8-abf0-799d36e27cac None None] Lock "00000000-0000-0000-0000-000000000000" acquired by "nova.context.set_target_cell.<locals>.get_or_set_cached_cell_and_set_connections" :: waited 0.000s {{(pid=128900) inner /usr/local/lib/python3.8/dist-packages/oslo_concurrency/lockutils.py:386}}
Dec 22 10:44:01.766119 dv-neutron-818540-3-hyperv devstack@n-api.service[128900]: DEBUG oslo_concurrency.lockutils [None req-6a707975-3070-4fc8-abf0-799d36e27cac None None] Lock "00000000-0000-0000-0000-000000000000" "released" by "nova.context.set_target_cell.<locals>.get_or_set_cached_cell_and_set_connections" :: held 0.002s {{(pid=128900) inner /usr/local/lib/python3.8/dist-packages/oslo_concurrency/lockutils.py:400}}
Dec 22 10:44:01.766955 dv-neutron-818540-3-hyperv devstack@n-api.service[128900]: DEBUG oslo_concurrency.lockutils [None req-6a707975-3070-4fc8-abf0-799d36e27cac None None] Lock "f17d4d84-60c7-49be-9328-b4b6570972bb" acquired by "nova.context.set_target_cell.<locals>.get_or_set_cached_cell_and_set_connections" :: waited 0.000s {{(pid=128900) inner /usr/local/lib/python3.8/dist-packages/oslo_concurrency/lockutils.py:386}}
Dec 22 10:44:01.767063 dv-neutron-818540-3-hyperv devstack@n-api.service[128901]: DEBUG nova.context [None req-c42e0d94-86f5-4f15-91ad-48ad5dbe01ec None None] Found 2 cells: 00000000-0000-0000-0000-000000000000(cell0),f17d4d84-60c7-49be-9328-b4b6570972bb(cell1) {{(pid=128901) load_cells /opt/stack/nova/nova/context.py:464}}
Dec 22 10:44:01.768976 dv-neutron-818540-3-hyperv devstack@n-api.service[128900]: DEBUG oslo_concurrency.lockutils [None req-6a707975-3070-4fc8-abf0-799d36e27cac None None] Lock "f17d4d84-60c7-49be-9328-b4b6570972bb" "released" by "nova.context.set_target_cell.<locals>.get_or_set_cached_cell_and_set_connections" :: held 0.002s {{(pid=128900) inner /usr/local/lib/python3.8/dist-packages/oslo_concurrency/lockutils.py:400}}
Dec 22 10:44:01.772702 dv-neutron-818540-3-hyperv devstack@n-api.service[128901]: DEBUG oslo_concurrency.lockutils [None req-c42e0d94-86f5-4f15-91ad-48ad5dbe01ec None None] Lock "00000000-0000-0000-0000-000000000000" acquired by "nova.context.set_target_cell.<locals>.get_or_set_cached_cell_and_set_connections" :: waited 0.000s {{(pid=128901) inner /usr/local/lib/python3.8/dist-packages/oslo_concurrency/lockutils.py:386}}
Dec 22 10:44:01.774732 dv-neutron-818540-3-hyperv devstack@n-api.service[128901]: DEBUG oslo_concurrency.lockutils [None req-c42e0d94-86f5-4f15-91ad-48ad5dbe01ec None None] Lock "00000000-0000-0000-0000-000000000000" "released" by "nova.context.set_target_cell.<locals>.get_or_set_cached_cell_and_set_connections" :: held 0.002s {{(pid=128901) inner /usr/local/lib/python3.8/dist-packages/oslo_concurrency/lockutils.py:400}}
Dec 22 10:44:01.775724 dv-neutron-818540-3-hyperv devstack@n-api.service[128901]: DEBUG oslo_concurrency.lockutils [None req-c42e0d94-86f5-4f15-91ad-48ad5dbe01ec None None] Lock "f17d4d84-60c7-49be-9328-b4b6570972bb" acquired by "nova.context.set_target_cell.<locals>.get_or_set_cached_cell_and_set_connections" :: waited 0.000s {{(pid=128901) inner /usr/local/lib/python3.8/dist-packages/oslo_concurrency/lockutils.py:386}}
Dec 22 10:44:01.778111 dv-neutron-818540-3-hyperv devstack@n-api.service[128901]: DEBUG oslo_concurrency.lockutils [None req-c42e0d94-86f5-4f15-91ad-48ad5dbe01ec None None] Lock "f17d4d84-60c7-49be-9328-b4b6570972bb" "released" by "nova.context.set_target_cell.<locals>.get_or_set_cached_cell_and_set_connections" :: held 0.002s {{(pid=128901) inner /usr/local/lib/python3.8/dist-packages/oslo_concurrency/lockutils.py:400}}
Dec 22 10:44:01.782834 dv-neutron-818540-3-hyperv devstack@n-api.service[128900]: DEBUG oslo_db.sqlalchemy.engines [None req-6a707975-3070-4fc8-abf0-799d36e27cac None None] MySQL server mode set to STRICT_TRANS_TABLES,STRICT_ALL_TABLES,NO_ZERO_IN_DATE,NO_ZERO_DATE,ERROR_FOR_DIVISION_BY_ZERO,TRADITIONAL,NO_ENGINE_SUBSTITUTION {{(pid=128900) _check_effective_sql_mode /usr/local/lib/python3.8/dist-packages/oslo_db/sqlalchemy/engines.py:314}}
Dec 22 10:44:01.783724 dv-neutron-818540-3-hyperv devstack@n-api.service[128900]: DEBUG oslo_db.sqlalchemy.engines [None req-6a707975-3070-4fc8-abf0-799d36e27cac None None] MySQL server mode set to STRICT_TRANS_TABLES,STRICT_ALL_TABLES,NO_ZERO_IN_DATE,NO_ZERO_DATE,ERROR_FOR_DIVISION_BY_ZERO,TRADITIONAL,NO_ENGINE_SUBSTITUTION {{(pid=128900) _check_effective_sql_mode /usr/local/lib/python3.8/dist-packages/oslo_db/sqlalchemy/engines.py:314}}
Dec 22 10:44:01.792340 dv-neutron-818540-3-hyperv devstack@n-api.service[128901]: DEBUG oslo_db.sqlalchemy.engines [None req-c42e0d94-86f5-4f15-91ad-48ad5dbe01ec None None] MySQL server mode set to STRICT_TRANS_TABLES,STRICT_ALL_TABLES,NO_ZERO_IN_DATE,NO_ZERO_DATE,ERROR_FOR_DIVISION_BY_ZERO,TRADITIONAL,NO_ENGINE_SUBSTITUTION {{(pid=128901) _check_effective_sql_mode /usr/local/lib/python3.8/dist-packages/oslo_db/sqlalchemy/engines.py:314}}
Dec 22 10:44:01.798870 dv-neutron-818540-3-hyperv devstack@n-api.service[128901]: DEBUG oslo_db.sqlalchemy.engines [None req-c42e0d94-86f5-4f15-91ad-48ad5dbe01ec None None] MySQL server mode set to STRICT_TRANS_TABLES,STRICT_ALL_TABLES,NO_ZERO_IN_DATE,NO_ZERO_DATE,ERROR_FOR_DIVISION_BY_ZERO,TRADITIONAL,NO_ENGINE_SUBSTITUTION {{(pid=128901) _check_effective_sql_mode /usr/local/lib/python3.8/dist-packages/oslo_db/sqlalchemy/engines.py:314}}
Dec 22 10:44:01.950760 dv-neutron-818540-3-hyperv devstack@n-api.service[128900]: DEBUG oslo_db.sqlalchemy.engines [None req-6a707975-3070-4fc8-abf0-799d36e27cac None None] MySQL server mode set to STRICT_TRANS_TABLES,STRICT_ALL_TABLES,NO_ZERO_IN_DATE,NO_ZERO_DATE,ERROR_FOR_DIVISION_BY_ZERO,TRADITIONAL,NO_ENGINE_SUBSTITUTION {{(pid=128900) _check_effective_sql_mode /usr/local/lib/python3.8/dist-packages/oslo_db/sqlalchemy/engines.py:314}}
Dec 22 10:44:01.959047 dv-neutron-818540-3-hyperv devstack@n-api.service[128901]: DEBUG oslo_db.sqlalchemy.engines [None req-c42e0d94-86f5-4f15-91ad-48ad5dbe01ec None None] MySQL server mode set to STRICT_TRANS_TABLES,STRICT_ALL_TABLES,NO_ZERO_IN_DATE,NO_ZERO_DATE,ERROR_FOR_DIVISION_BY_ZERO,TRADITIONAL,NO_ENGINE_SUBSTITUTION {{(pid=128901) _check_effective_sql_mode /usr/local/lib/python3.8/dist-packages/oslo_db/sqlalchemy/engines.py:314}}
Dec 22 10:44:02.283783 dv-neutron-818540-3-hyperv devstack@n-api.service[128901]: WARNING keystonemiddleware.auth_token [None req-c42e0d94-86f5-4f15-91ad-48ad5dbe01ec None None] AuthToken middleware is set with keystone_authtoken.service_token_roles_required set to False. This is backwards compatible but deprecated behaviour. Please set this to True.
Dec 22 10:44:02.288892 dv-neutron-818540-3-hyperv devstack@n-api.service[128900]: WARNING keystonemiddleware.auth_token [None req-6a707975-3070-4fc8-abf0-799d36e27cac None None] AuthToken middleware is set with keystone_authtoken.service_token_roles_required set to False. This is backwards compatible but deprecated behaviour. Please set this to True.
Dec 22 10:44:02.291013 dv-neutron-818540-3-hyperv devstack@n-api.service[128901]: WARNING keystonemiddleware.auth_token [None req-c42e0d94-86f5-4f15-91ad-48ad5dbe01ec None None] Configuring www_authenticate_uri to point to the public identity endpoint is required; clients may not be able to authenticate against an admin endpoint
Dec 22 10:44:02.295685 dv-neutron-818540-3-hyperv devstack@n-api.service[128900]: WARNING keystonemiddleware.auth_token [None req-6a707975-3070-4fc8-abf0-799d36e27cac None None] Configuring www_authenticate_uri to point to the public identity endpoint is required; clients may not be able to authenticate against an admin endpoint
Dec 22 10:44:02.633333 dv-neutron-818540-3-hyperv devstack@n-api.service[128901]: WARNING keystonemiddleware.auth_token [None req-c42e0d94-86f5-4f15-91ad-48ad5dbe01ec None None] AuthToken middleware is set with keystone_authtoken.service_token_roles_required set to False. This is backwards compatible but deprecated behaviour. Please set this to True.
Dec 22 10:44:02.638531 dv-neutron-818540-3-hyperv devstack@n-api.service[128901]: WARNING keystonemiddleware.auth_token [None req-c42e0d94-86f5-4f15-91ad-48ad5dbe01ec None None] Configuring www_authenticate_uri to point to the public identity endpoint is required; clients may not be able to authenticate against an admin endpoint
Dec 22 10:44:02.642650 dv-neutron-818540-3-hyperv devstack@n-api.service[128900]: WARNING keystonemiddleware.auth_token [None req-6a707975-3070-4fc8-abf0-799d36e27cac None None] AuthToken middleware is set with keystone_authtoken.service_token_roles_required set to False. This is backwards compatible but deprecated behaviour. Please set this to True.
Dec 22 10:44:02.643888 dv-neutron-818540-3-hyperv devstack@n-api.service[128901]: WSGI app 0 (mountpoint='') ready in 5 seconds on interpreter 0x55bf255759c0 pid: 128901 (default app)
Dec 22 10:44:02.648419 dv-neutron-818540-3-hyperv devstack@n-api.service[128900]: WARNING keystonemiddleware.auth_token [None req-6a707975-3070-4fc8-abf0-799d36e27cac None None] Configuring www_authenticate_uri to point to the public identity endpoint is required; clients may not be able to authenticate against an admin endpoint
Dec 22 10:44:02.653708 dv-neutron-818540-3-hyperv devstack@n-api.service[128900]: WSGI app 0 (mountpoint='') ready in 5 seconds on interpreter 0x55bf255759c0 pid: 128900 (default app)
Dec 22 10:44:46.084804 dv-neutron-818540-3-hyperv devstack@n-api.service[128901]: DEBUG nova.api.openstack.wsgi [None req-55caed07-5500-4393-b317-baad157f7de0 tempest-ServerActionsTestJSON-1992284139 tempest-ServerActionsTestJSON-1992284139-project] Action: 'create', calling method: <function Controller.__getattribute__.<locals>.version_select at 0x7ff70984bee0>, body: {"keypair": {"name": "tempest-keypair-1618645960"}} {{(pid=128901) _process_stack /opt/stack/nova/nova/api/openstack/wsgi.py:511}}
Dec 22 10:44:46.147866 dv-neutron-818540-3-hyperv devstack@n-api.service[128901]: DEBUG nova.quota [None req-55caed07-5500-4393-b317-baad157f7de0 tempest-ServerActionsTestJSON-1992284139 tempest-ServerActionsTestJSON-1992284139-project] Getting quotas for project 31133f00525f40f1adef1b6a60dbc5ec. Resources: {'key_pairs'} {{(pid=128901) _get_quotas /opt/stack/nova/nova/quota.py:387}}
Dec 22 10:44:46.154696 dv-neutron-818540-3-hyperv devstack@n-api.service[128901]: DEBUG nova.quota [None req-55caed07-5500-4393-b317-baad157f7de0 tempest-ServerActionsTestJSON-1992284139 tempest-ServerActionsTestJSON-1992284139-project] Getting quotas for user b972f818029a4c27a2b4569cbe2bd37e and project 31133f00525f40f1adef1b6a60dbc5ec. Resources: {'key_pairs'} {{(pid=128901) _get_quotas /opt/stack/nova/nova/quota.py:377}}
Dec 22 10:44:46.653673 dv-neutron-818540-3-hyperv devstack@n-api.service[128901]: DEBUG nova.quota [None req-55caed07-5500-4393-b317-baad157f7de0 tempest-ServerActionsTestJSON-1992284139 tempest-ServerActionsTestJSON-1992284139-project] Getting quotas for project 31133f00525f40f1adef1b6a60dbc5ec. Resources: {'key_pairs'} {{(pid=128901) _get_quotas /opt/stack/nova/nova/quota.py:387}}
Dec 22 10:44:46.661658 dv-neutron-818540-3-hyperv devstack@n-api.service[128901]: DEBUG nova.quota [None req-55caed07-5500-4393-b317-baad157f7de0 tempest-ServerActionsTestJSON-1992284139 tempest-ServerActionsTestJSON-1992284139-project] Getting quotas for user b972f818029a4c27a2b4569cbe2bd37e and project 31133f00525f40f1adef1b6a60dbc5ec. Resources: {'key_pairs'} {{(pid=128901) _get_quotas /opt/stack/nova/nova/quota.py:377}}
Dec 22 10:44:46.676028 dv-neutron-818540-3-hyperv devstack@n-api.service[128901]: INFO nova.api.openstack.requestlog [None req-55caed07-5500-4393-b317-baad157f7de0 tempest-ServerActionsTestJSON-1992284139 tempest-ServerActionsTestJSON-1992284139-project] 10.222.0.49 "POST /compute/v2.1/os-keypairs" status: 200 len: 2305 microversion: 2.1 time: 1.204502
Dec 22 10:44:46.697340 dv-neutron-818540-3-hyperv devstack@n-api.service[128901]: [pid: 128901|app: 0|req: 1/1] 10.222.0.49 () {60 vars in 1157 bytes} [Wed Dec 22 10:44:45 2021] POST /compute/v2.1/os-keypairs => generated 2305 bytes in 1227 msecs (HTTP/1.1 200) 9 headers in 358 bytes (1 switches on core 0)
Dec 22 10:44:57.474814 dv-neutron-818540-3-hyperv devstack@n-api.service[128900]: DEBUG nova.api.openstack.wsgi [None req-a20ee3f6-05b9-4ce2-944c-3661338d918b tempest-ServerActionsTestJSON-1992284139 tempest-ServerActionsTestJSON-1992284139-project] Action: 'create', calling method: <bound method ServersController.create of <nova.api.openstack.compute.servers.ServersController object at 0x7ff709a48dc0>>, body: {"server": {"name": "tempest-ServerActionsTestJSON-server-1958495311", "imageRef": "62aa3271-bd1b-4bfe-a7db-f5e361d0e8e8", "flavorRef": "452", "adminPass": "***", "networks": [{"uuid": "11ba443b-f791-4af8-b1f8-da7f09e6fc4e"}], "security_groups": [{"name": "tempest-securitygroup--645997242"}], "key_name": "tempest-keypair-1618645960", "user_data": "IyEvYmluL3NoCmVjaG8gIlByaW50aW5nIHVidW50dSB1c2VyIGF1dGhvcml6ZWQga2V5cyIKY2F0IH51YnVudHUvLnNzaC9hdXRob3JpemVkX2tleXMgfHwgdHJ1ZQo="}} {{(pid=128900) _process_stack /opt/stack/nova/nova/api/openstack/wsgi.py:511}}
Dec 22 10:44:57.947471 dv-neutron-818540-3-hyperv devstack@n-api.service[128901]: DEBUG nova.api.openstack.wsgi [None req-9601010b-0e06-4926-8cbc-e6076cdd8e99 tempest-ServersTestManualDisk-584767452 tempest-ServersTestManualDisk-584767452-project] Action: 'create', calling method: <function Controller.__getattribute__.<locals>.version_select at 0x7ff7097f7a60>, body: {"keypair": {"name": "tempest-keypair-909768734"}} {{(pid=128901) _process_stack /opt/stack/nova/nova/api/openstack/wsgi.py:511}}
Dec 22 10:44:57.997675 dv-neutron-818540-3-hyperv devstack@n-api.service[128901]: DEBUG nova.quota [None req-9601010b-0e06-4926-8cbc-e6076cdd8e99 tempest-ServersTestManualDisk-584767452 tempest-ServersTestManualDisk-584767452-project] Getting quotas for project a3a7b0e16d2a4d44a0db082b0bd0df24. Resources: {'key_pairs'} {{(pid=128901) _get_quotas /opt/stack/nova/nova/quota.py:387}}
Dec 22 10:44:58.015944 dv-neutron-818540-3-hyperv devstack@n-api.service[128901]: DEBUG nova.quota [None req-9601010b-0e06-4926-8cbc-e6076cdd8e99 tempest-ServersTestManualDisk-584767452 tempest-ServersTestManualDisk-584767452-project] Getting quotas for user 564558b8fc774aa9bcda12681caff459 and project a3a7b0e16d2a4d44a0db082b0bd0df24. Resources: {'key_pairs'} {{(pid=128901) _get_quotas /opt/stack/nova/nova/quota.py:377}}
Dec 22 10:44:58.615902 dv-neutron-818540-3-hyperv devstack@n-api.service[128901]: DEBUG nova.quota [None req-9601010b-0e06-4926-8cbc-e6076cdd8e99 tempest-ServersTestManualDisk-584767452 tempest-ServersTestManualDisk-584767452-project] Getting quotas for project a3a7b0e16d2a4d44a0db082b0bd0df24. Resources: {'key_pairs'} {{(pid=128901) _get_quotas /opt/stack/nova/nova/quota.py:387}}
Dec 22 10:44:58.622623 dv-neutron-818540-3-hyperv devstack@n-api.service[128901]: DEBUG nova.quota [None req-9601010b-0e06-4926-8cbc-e6076cdd8e99 tempest-ServersTestManualDisk-584767452 tempest-ServersTestManualDisk-584767452-project] Getting quotas for user 564558b8fc774aa9bcda12681caff459 and project a3a7b0e16d2a4d44a0db082b0bd0df24. Resources: {'key_pairs'} {{(pid=128901) _get_quotas /opt/stack/nova/nova/quota.py:377}}
Dec 22 10:44:58.650069 dv-neutron-818540-3-hyperv devstack@n-api.service[128901]: INFO nova.api.openstack.requestlog [None req-9601010b-0e06-4926-8cbc-e6076cdd8e99 tempest-ServersTestManualDisk-584767452 tempest-ServersTestManualDisk-584767452-project] 10.222.0.49 "POST /compute/v2.1/os-keypairs" status: 200 len: 2300 microversion: 2.1 time: 1.286600
Dec 22 10:44:58.652978 dv-neutron-818540-3-hyperv devstack@n-api.service[128901]: [pid: 128901|app: 0|req: 2/2] 10.222.0.49 () {60 vars in 1157 bytes} [Wed Dec 22 10:44:57 2021] POST /compute/v2.1/os-keypairs => generated 2300 bytes in 1291 msecs (HTTP/1.1 200) 9 headers in 358 bytes (1 switches on core 0)
Dec 22 10:44:58.806706 dv-neutron-818540-3-hyperv devstack@n-api.service[128900]: DEBUG nova.network.neutron [None req-a20ee3f6-05b9-4ce2-944c-3661338d918b tempest-ServerActionsTestJSON-1992284139 tempest-ServerActionsTestJSON-1992284139-project] validate_networks() for [('11ba443b-f791-4af8-b1f8-da7f09e6fc4e', None, None, None, None, None)] {{(pid=128900) validate_networks /opt/stack/nova/nova/network/neutron.py:2482}}
Dec 22 10:44:58.884879 dv-neutron-818540-3-hyperv devstack@n-api.service[128901]: DEBUG nova.api.openstack.wsgi [None req-0fc74bf7-96ec-4594-9343-37cff91fa44d tempest-ServersTestJSON-797664255 tempest-ServersTestJSON-797664255-project] Action: 'create', calling method: <function Controller.__getattribute__.<locals>.version_select at 0x7ff708ee11f0>, body: {"keypair": {"name": "tempest-keypair-1033192415"}} {{(pid=128901) _process_stack /opt/stack/nova/nova/api/openstack/wsgi.py:511}}
Dec 22 10:44:58.920116 dv-neutron-818540-3-hyperv devstack@n-api.service[128901]: DEBUG nova.quota [None req-0fc74bf7-96ec-4594-9343-37cff91fa44d tempest-ServersTestJSON-797664255 tempest-ServersTestJSON-797664255-project] Getting quotas for project 56ebd24fb9be41a0913eda1319548a3a. Resources: {'key_pairs'} {{(pid=128901) _get_quotas /opt/stack/nova/nova/quota.py:387}}
Dec 22 10:44:58.945503 dv-neutron-818540-3-hyperv devstack@n-api.service[128901]: DEBUG nova.quota [None req-0fc74bf7-96ec-4594-9343-37cff91fa44d tempest-ServersTestJSON-797664255 tempest-ServersTestJSON-797664255-project] Getting quotas for user 6ac58e1b574c423d9c6dcd851b0ed2fb and project 56ebd24fb9be41a0913eda1319548a3a. Resources: {'key_pairs'} {{(pid=128901) _get_quotas /opt/stack/nova/nova/quota.py:377}}
Dec 22 10:44:59.578812 dv-neutron-818540-3-hyperv devstack@n-api.service[128901]: DEBUG nova.quota [None req-0fc74bf7-96ec-4594-9343-37cff91fa44d tempest-ServersTestJSON-797664255 tempest-ServersTestJSON-797664255-project] Getting quotas for project 56ebd24fb9be41a0913eda1319548a3a. Resources: {'key_pairs'} {{(pid=128901) _get_quotas /opt/stack/nova/nova/quota.py:387}}
Dec 22 10:44:59.591694 dv-neutron-818540-3-hyperv devstack@n-api.service[128901]: DEBUG nova.quota [None req-0fc74bf7-96ec-4594-9343-37cff91fa44d tempest-ServersTestJSON-797664255 tempest-ServersTestJSON-797664255-project] Getting quotas for user 6ac58e1b574c423d9c6dcd851b0ed2fb and project 56ebd24fb9be41a0913eda1319548a3a. Resources: {'key_pairs'} {{(pid=128901) _get_quotas /opt/stack/nova/nova/quota.py:377}}
Dec 22 10:44:59.622262 dv-neutron-818540-3-hyperv devstack@n-api.service[128901]: INFO nova.api.openstack.requestlog [None req-0fc74bf7-96ec-4594-9343-37cff91fa44d tempest-ServersTestJSON-797664255 tempest-ServersTestJSON-797664255-project] 10.222.0.49 "POST /compute/v2.1/os-keypairs" status: 200 len: 2305 microversion: 2.1 time: 0.968183
Dec 22 10:44:59.623098 dv-neutron-818540-3-hyperv devstack@n-api.service[128901]: [pid: 128901|app: 0|req: 3/3] 10.222.0.49 () {60 vars in 1157 bytes} [Wed Dec 22 10:44:58 2021] POST /compute/v2.1/os-keypairs => generated 2305 bytes in 970 msecs (HTTP/1.1 200) 9 headers in 358 bytes (1 switches on core 0)
Dec 22 10:45:01.119725 dv-neutron-818540-3-hyperv devstack@n-api.service[128900]: DEBUG nova.virt.hardware [None req-a20ee3f6-05b9-4ce2-944c-3661338d918b tempest-ServerActionsTestJSON-1992284139 tempest-ServerActionsTestJSON-1992284139-project] Flavor limits 0:0:0 {{(pid=128900) get_cpu_topology_constraints /opt/stack/nova/nova/virt/hardware.py:343}}
Dec 22 10:45:01.121041 dv-neutron-818540-3-hyperv devstack@n-api.service[128900]: DEBUG nova.virt.hardware [None req-a20ee3f6-05b9-4ce2-944c-3661338d918b tempest-ServerActionsTestJSON-1992284139 tempest-ServerActionsTestJSON-1992284139-project] Image limits 0:0:0 {{(pid=128900) get_cpu_topology_constraints /opt/stack/nova/nova/virt/hardware.py:347}}
Dec 22 10:45:01.121759 dv-neutron-818540-3-hyperv devstack@n-api.service[128900]: DEBUG nova.virt.hardware [None req-a20ee3f6-05b9-4ce2-944c-3661338d918b tempest-ServerActionsTestJSON-1992284139 tempest-ServerActionsTestJSON-1992284139-project] Flavor pref 0:0:0 {{(pid=128900) get_cpu_topology_constraints /opt/stack/nova/nova/virt/hardware.py:383}}
Dec 22 10:45:01.123566 dv-neutron-818540-3-hyperv devstack@n-api.service[128900]: DEBUG nova.virt.hardware [None req-a20ee3f6-05b9-4ce2-944c-3661338d918b tempest-ServerActionsTestJSON-1992284139 tempest-ServerActionsTestJSON-1992284139-project] Image pref 0:0:0 {{(pid=128900) get_cpu_topology_constraints /opt/stack/nova/nova/virt/hardware.py:387}}
Dec 22 10:45:01.125211 dv-neutron-818540-3-hyperv devstack@n-api.service[128900]: DEBUG nova.virt.hardware [None req-a20ee3f6-05b9-4ce2-944c-3661338d918b tempest-ServerActionsTestJSON-1992284139 tempest-ServerActionsTestJSON-1992284139-project] Chose sockets=0, cores=0, threads=0; limits were sockets=65536, cores=65536, threads=65536 {{(pid=128900) get_cpu_topology_constraints /opt/stack/nova/nova/virt/hardware.py:425}}
Dec 22 10:45:01.146473 dv-neutron-818540-3-hyperv devstack@n-api.service[128900]: DEBUG oslo_concurrency.lockutils [None req-a20ee3f6-05b9-4ce2-944c-3661338d918b tempest-ServerActionsTestJSON-1992284139 tempest-ServerActionsTestJSON-1992284139-project] Lock "00000000-0000-0000-0000-000000000000" acquired by "nova.context.set_target_cell.<locals>.get_or_set_cached_cell_and_set_connections" :: waited 0.000s {{(pid=128900) inner /usr/local/lib/python3.8/dist-packages/oslo_concurrency/lockutils.py:386}}
Dec 22 10:45:01.153576 dv-neutron-818540-3-hyperv devstack@n-api.service[128900]: DEBUG oslo_concurrency.lockutils [None req-a20ee3f6-05b9-4ce2-944c-3661338d918b tempest-ServerActionsTestJSON-1992284139 tempest-ServerActionsTestJSON-1992284139-project] Lock "00000000-0000-0000-0000-000000000000" "released" by "nova.context.set_target_cell.<locals>.get_or_set_cached_cell_and_set_connections" :: held 0.001s {{(pid=128900) inner /usr/local/lib/python3.8/dist-packages/oslo_concurrency/lockutils.py:400}}
Dec 22 10:45:01.154964 dv-neutron-818540-3-hyperv devstack@n-api.service[128900]: DEBUG oslo_concurrency.lockutils [None req-a20ee3f6-05b9-4ce2-944c-3661338d918b tempest-ServerActionsTestJSON-1992284139 tempest-ServerActionsTestJSON-1992284139-project] Lock "f17d4d84-60c7-49be-9328-b4b6570972bb" acquired by "nova.context.set_target_cell.<locals>.get_or_set_cached_cell_and_set_connections" :: waited 0.000s {{(pid=128900) inner /usr/local/lib/python3.8/dist-packages/oslo_concurrency/lockutils.py:386}}
Dec 22 10:45:01.156485 dv-neutron-818540-3-hyperv devstack@n-api.service[128900]: DEBUG oslo_concurrency.lockutils [None req-a20ee3f6-05b9-4ce2-944c-3661338d918b tempest-ServerActionsTestJSON-1992284139 tempest-ServerActionsTestJSON-1992284139-project] Lock "f17d4d84-60c7-49be-9328-b4b6570972bb" "released" by "nova.context.set_target_cell.<locals>.get_or_set_cached_cell_and_set_connections" :: held 0.001s {{(pid=128900) inner /usr/local/lib/python3.8/dist-packages/oslo_concurrency/lockutils.py:400}}
Dec 22 10:45:01.217468 dv-neutron-818540-3-hyperv devstack@n-api.service[128900]: DEBUG nova.quota [None req-a20ee3f6-05b9-4ce2-944c-3661338d918b tempest-ServerActionsTestJSON-1992284139 tempest-ServerActionsTestJSON-1992284139-project] Getting quotas for project 31133f00525f40f1adef1b6a60dbc5ec. Resources: {'cores', 'ram', 'instances'} {{(pid=128900) _get_quotas /opt/stack/nova/nova/quota.py:387}}
Dec 22 10:45:01.228656 dv-neutron-818540-3-hyperv devstack@n-api.service[128900]: DEBUG nova.quota [None req-a20ee3f6-05b9-4ce2-944c-3661338d918b tempest-ServerActionsTestJSON-1992284139 tempest-ServerActionsTestJSON-1992284139-project] Getting quotas for user b972f818029a4c27a2b4569cbe2bd37e and project 31133f00525f40f1adef1b6a60dbc5ec. Resources: {'cores', 'ram', 'instances'} {{(pid=128900) _get_quotas /opt/stack/nova/nova/quota.py:377}}
Dec 22 10:45:01.263902 dv-neutron-818540-3-hyperv devstack@n-api.service[128900]: DEBUG nova.compute.api [None req-a20ee3f6-05b9-4ce2-944c-3661338d918b tempest-ServerActionsTestJSON-1992284139 tempest-ServerActionsTestJSON-1992284139-project] Going to run 1 instances... {{(pid=128900) _provision_instances /opt/stack/nova/nova/compute/api.py:1350}}
Dec 22 10:45:01.306029 dv-neutron-818540-3-hyperv devstack@n-api.service[128900]: DEBUG nova.compute.api [None req-a20ee3f6-05b9-4ce2-944c-3661338d918b tempest-ServerActionsTestJSON-1992284139 tempest-ServerActionsTestJSON-1992284139-project] [instance: 606596fd-fef7-4e61-a4b2-d298e5decc54] block_device_mapping [BlockDeviceMapping(attachment_id=<?>,boot_index=0,connection_info=None,created_at=<?>,delete_on_termination=True,deleted=<?>,deleted_at=<?>,destination_type='local',device_name=None,device_type='disk',disk_bus=None,guest_format=None,id=<?>,image_id='62aa3271-bd1b-4bfe-a7db-f5e361d0e8e8',instance=<?>,instance_uuid=<?>,no_device=False,snapshot_id=None,source_type='image',tag=None,updated_at=<?>,uuid=<?>,volume_id=None,volume_size=None,volume_type=None)] {{(pid=128900) _bdm_validate_set_size_and_instance /opt/stack/nova/nova/compute/api.py:1757}}
Dec 22 10:45:01.383773 dv-neutron-818540-3-hyperv devstack@n-api.service[128901]: DEBUG nova.api.openstack.wsgi [None req-77616897-5539-4d32-afd1-f26816bb291c tempest-PortsAdminExtendedAttrsTestJSON-1175765290 tempest-PortsAdminExtendedAttrsTestJSON-1175765290-project-admin] Calling method '<function Controller.__getattribute__.<locals>.version_select at 0x7ff708ee1820>' {{(pid=128901) _process_stack /opt/stack/nova/nova/api/openstack/wsgi.py:513}}
Dec 22 10:45:01.385800 dv-neutron-818540-3-hyperv devstack@n-api.service[128901]: /usr/local/lib/python3.8/dist-packages/oslo_policy/policy.py:1119: UserWarning: Policy "os_compute_api:os-hypervisors:list": "rule:system_reader_api" failed scope check. The token used to make the request was project scoped but the policy requires ['system'] scope. This behavior may change in the future where using the intended scope is required
Dec 22 10:45:01.385800 dv-neutron-818540-3-hyperv devstack@n-api.service[128901]: warnings.warn(msg)
Dec 22 10:45:01.395813 dv-neutron-818540-3-hyperv devstack@n-api.service[128901]: DEBUG nova.compute.api [None req-77616897-5539-4d32-afd1-f26816bb291c tempest-PortsAdminExtendedAttrsTestJSON-1175765290 tempest-PortsAdminExtendedAttrsTestJSON-1175765290-project-admin] Found 2 cells: 00000000-0000-0000-0000-000000000000(cell0),f17d4d84-60c7-49be-9328-b4b6570972bb(cell1) {{(pid=128901) load_cells /opt/stack/nova/nova/compute/api.py:302}}
Dec 22 10:45:01.408795 dv-neutron-818540-3-hyperv devstack@n-api.service[128901]: DEBUG oslo_concurrency.lockutils [None req-77616897-5539-4d32-afd1-f26816bb291c tempest-PortsAdminExtendedAttrsTestJSON-1175765290 tempest-PortsAdminExtendedAttrsTestJSON-1175765290-project-admin] Lock "f17d4d84-60c7-49be-9328-b4b6570972bb" acquired by "nova.context.set_target_cell.<locals>.get_or_set_cached_cell_and_set_connections" :: waited 0.000s {{(pid=128901) inner /usr/local/lib/python3.8/dist-packages/oslo_concurrency/lockutils.py:386}}
Dec 22 10:45:01.409800 dv-neutron-818540-3-hyperv devstack@n-api.service[128901]: DEBUG oslo_concurrency.lockutils [None req-77616897-5539-4d32-afd1-f26816bb291c tempest-PortsAdminExtendedAttrsTestJSON-1175765290 tempest-PortsAdminExtendedAttrsTestJSON-1175765290-project-admin] Lock "f17d4d84-60c7-49be-9328-b4b6570972bb" "released" by "nova.context.set_target_cell.<locals>.get_or_set_cached_cell_and_set_connections" :: held 0.001s {{(pid=128901) inner /usr/local/lib/python3.8/dist-packages/oslo_concurrency/lockutils.py:400}}
Dec 22 10:45:01.478287 dv-neutron-818540-3-hyperv devstack@n-api.service[128901]: DEBUG oslo_concurrency.lockutils [None req-77616897-5539-4d32-afd1-f26816bb291c tempest-PortsAdminExtendedAttrsTestJSON-1175765290 tempest-PortsAdminExtendedAttrsTestJSON-1175765290-project-admin] Lock "f17d4d84-60c7-49be-9328-b4b6570972bb" acquired by "nova.context.set_target_cell.<locals>.get_or_set_cached_cell_and_set_connections" :: waited 0.000s {{(pid=128901) inner /usr/local/lib/python3.8/dist-packages/oslo_concurrency/lockutils.py:386}}
Dec 22 10:45:01.478755 dv-neutron-818540-3-hyperv devstack@n-api.service[128901]: DEBUG oslo_concurrency.lockutils [None req-77616897-5539-4d32-afd1-f26816bb291c tempest-PortsAdminExtendedAttrsTestJSON-1175765290 tempest-PortsAdminExtendedAttrsTestJSON-1175765290-project-admin] Lock "f17d4d84-60c7-49be-9328-b4b6570972bb" "released" by "nova.context.set_target_cell.<locals>.get_or_set_cached_cell_and_set_connections" :: held 0.001s {{(pid=128901) inner /usr/local/lib/python3.8/dist-packages/oslo_concurrency/lockutils.py:400}}
Dec 22 10:45:01.496158 dv-neutron-818540-3-hyperv devstack@n-api.service[128901]: INFO nova.api.openstack.requestlog [None req-77616897-5539-4d32-afd1-f26816bb291c tempest-PortsAdminExtendedAttrsTestJSON-1175765290 tempest-PortsAdminExtendedAttrsTestJSON-1175765290-project-admin] 10.222.0.49 "GET /compute/v2.1/os-hypervisors" status: 200 len: 106 microversion: 2.1 time: 0.307986
Dec 22 10:45:01.497314 dv-neutron-818540-3-hyperv devstack@n-api.service[128901]: [pid: 128901|app: 0|req: 4/4] 10.222.0.49 () {58 vars in 1145 bytes} [Wed Dec 22 10:45:01 2021] GET /compute/v2.1/os-hypervisors => generated 106 bytes in 310 msecs (HTTP/1.1 200) 9 headers in 357 bytes (1 switches on core 0)
Dec 22 10:45:01.514717 dv-neutron-818540-3-hyperv devstack@n-api.service[128900]: INFO nova.api.openstack.requestlog [None req-a20ee3f6-05b9-4ce2-944c-3661338d918b tempest-ServerActionsTestJSON-1992284139 tempest-ServerActionsTestJSON-1992284139-project] 10.222.0.49 "POST /compute/v2.1/servers" status: 202 len: 408 microversion: 2.1 time: 4.396115
Dec 22 10:45:01.521045 dv-neutron-818540-3-hyperv devstack@n-api.service[128900]: [pid: 128900|app: 0|req: 1/5] 10.222.0.49 () {60 vars in 1146 bytes} [Wed Dec 22 10:44:57 2021] POST /compute/v2.1/servers => generated 408 bytes in 4404 msecs (HTTP/1.1 202) 10 headers in 451 bytes (1 switches on core 0)
Dec 22 10:45:01.534381 dv-neutron-818540-3-hyperv devstack@n-api.service[128901]: DEBUG nova.api.openstack.wsgi [None req-a3da97eb-27ba-44fb-9b9e-91dda5476552 tempest-ServerActionsTestJSON-1992284139 tempest-ServerActionsTestJSON-1992284139-project] Calling method '<bound method ServersController.show of <nova.api.openstack.compute.servers.ServersController object at 0x7ff709a15790>>' {{(pid=128901) _process_stack /opt/stack/nova/nova/api/openstack/wsgi.py:513}}
Dec 22 10:45:01.536631 dv-neutron-818540-3-hyperv devstack@n-api.service[128901]: DEBUG nova.compute.api [None req-a3da97eb-27ba-44fb-9b9e-91dda5476552 tempest-ServerActionsTestJSON-1992284139 tempest-ServerActionsTestJSON-1992284139-project] [instance: 606596fd-fef7-4e61-a4b2-d298e5decc54] Fetching instance by UUID {{(pid=128901) get /opt/stack/nova/nova/compute/api.py:2865}}
Dec 22 10:45:02.395434 dv-neutron-818540-3-hyperv devstack@n-api.service[128901]: DEBUG nova.policy [None req-a3da97eb-27ba-44fb-9b9e-91dda5476552 tempest-ServerActionsTestJSON-1992284139 tempest-ServerActionsTestJSON-1992284139-project] Policy check for os_compute_api:os-extended-server-attributes failed with credentials {'is_admin': False, 'user_id': 'b972f818029a4c27a2b4569cbe2bd37e', 'user_domain_id': 'default', 'system_scope': None, 'domain_id': None, 'project_id': '31133f00525f40f1adef1b6a60dbc5ec', 'project_domain_id': 'default', 'roles': ['reader', 'member'], 'is_admin_project': True, 'service_user_id': None, 'service_user_domain_id': None, 'service_project_id': None, 'service_project_domain_id': None, 'service_roles': []} {{(pid=128901) authorize /opt/stack/nova/nova/policy.py:199}}
Dec 22 10:45:02.418280 dv-neutron-818540-3-hyperv devstack@n-api.service[128901]: INFO nova.api.openstack.requestlog [None req-a3da97eb-27ba-44fb-9b9e-91dda5476552 tempest-ServerActionsTestJSON-1992284139 tempest-ServerActionsTestJSON-1992284139-project] 10.222.0.49 "GET /compute/v2.1/servers/606596fd-fef7-4e61-a4b2-d298e5decc54" status: 200 len: 1239 microversion: 2.1 time: 0.891456
Dec 22 10:45:02.419597 dv-neutron-818540-3-hyperv devstack@n-api.service[128901]: [pid: 128901|app: 0|req: 5/6] 10.222.0.49 () {58 vars in 1235 bytes} [Wed Dec 22 10:45:01 2021] GET /compute/v2.1/servers/606596fd-fef7-4e61-a4b2-d298e5decc54 => generated 1239 bytes in 893 msecs (HTTP/1.1 200) 9 headers in 358 bytes (1 switches on core 0)
Dec 22 10:45:03.450949 dv-neutron-818540-3-hyperv devstack@n-api.service[128900]: DEBUG nova.api.openstack.wsgi [None req-0153a53e-b444-442c-98fe-dc0fc4f660db tempest-ServerActionsTestJSON-1992284139 tempest-ServerActionsTestJSON-1992284139-project] Calling method '<bound method ServersController.show of <nova.api.openstack.compute.servers.ServersController object at 0x7ff709a15370>>' {{(pid=128900) _process_stack /opt/stack/nova/nova/api/openstack/wsgi.py:513}}
Dec 22 10:45:03.451800 dv-neutron-818540-3-hyperv devstack@n-api.service[128900]: DEBUG nova.compute.api [None req-0153a53e-b444-442c-98fe-dc0fc4f660db tempest-ServerActionsTestJSON-1992284139 tempest-ServerActionsTestJSON-1992284139-project] [instance: 606596fd-fef7-4e61-a4b2-d298e5decc54] Fetching instance by UUID {{(pid=128900) get /opt/stack/nova/nova/compute/api.py:2865}}
Dec 22 10:45:03.493012 dv-neutron-818540-3-hyperv devstack@n-api.service[128900]: DEBUG oslo_concurrency.lockutils [None req-0153a53e-b444-442c-98fe-dc0fc4f660db tempest-ServerActionsTestJSON-1992284139 tempest-ServerActionsTestJSON-1992284139-project] Lock "f17d4d84-60c7-49be-9328-b4b6570972bb" acquired by "nova.context.set_target_cell.<locals>.get_or_set_cached_cell_and_set_connections" :: waited 0.000s {{(pid=128900) inner /usr/local/lib/python3.8/dist-packages/oslo_concurrency/lockutils.py:386}}
Dec 22 10:45:03.494310 dv-neutron-818540-3-hyperv devstack@n-api.service[128900]: DEBUG oslo_concurrency.lockutils [None req-0153a53e-b444-442c-98fe-dc0fc4f660db tempest-ServerActionsTestJSON-1992284139 tempest-ServerActionsTestJSON-1992284139-project] Lock "f17d4d84-60c7-49be-9328-b4b6570972bb" "released" by "nova.context.set_target_cell.<locals>.get_or_set_cached_cell_and_set_connections" :: held 0.002s {{(pid=128900) inner /usr/local/lib/python3.8/dist-packages/oslo_concurrency/lockutils.py:400}}
Dec 22 10:45:03.496401 dv-neutron-818540-3-hyperv devstack@n-api.service[128900]: DEBUG oslo_concurrency.lockutils [None req-0153a53e-b444-442c-98fe-dc0fc4f660db tempest-ServerActionsTestJSON-1992284139 tempest-ServerActionsTestJSON-1992284139-project] Lock "f17d4d84-60c7-49be-9328-b4b6570972bb" acquired by "nova.context.set_target_cell.<locals>.get_or_set_cached_cell_and_set_connections" :: waited 0.000s {{(pid=128900) inner /usr/local/lib/python3.8/dist-packages/oslo_concurrency/lockutils.py:386}}
Dec 22 10:45:03.497622 dv-neutron-818540-3-hyperv devstack@n-api.service[128900]: DEBUG oslo_concurrency.lockutils [None req-0153a53e-b444-442c-98fe-dc0fc4f660db tempest-ServerActionsTestJSON-1992284139 tempest-ServerActionsTestJSON-1992284139-project] Lock "f17d4d84-60c7-49be-9328-b4b6570972bb" "released" by "nova.context.set_target_cell.<locals>.get_or_set_cached_cell_and_set_connections" :: held 0.001s {{(pid=128900) inner /usr/local/lib/python3.8/dist-packages/oslo_concurrency/lockutils.py:400}}
Dec 22 10:45:03.934754 dv-neutron-818540-3-hyperv devstack@n-api.service[128900]: DEBUG nova.policy [None req-0153a53e-b444-442c-98fe-dc0fc4f660db tempest-ServerActionsTestJSON-1992284139 tempest-ServerActionsTestJSON-1992284139-project] Policy check for os_compute_api:os-extended-server-attributes failed with credentials {'is_admin': False, 'user_id': 'b972f818029a4c27a2b4569cbe2bd37e', 'user_domain_id': 'default', 'system_scope': None, 'domain_id': None, 'project_id': '31133f00525f40f1adef1b6a60dbc5ec', 'project_domain_id': 'default', 'roles': ['reader', 'member'], 'is_admin_project': True, 'service_user_id': None, 'service_user_domain_id': None, 'service_project_id': None, 'service_project_domain_id': None, 'service_roles': []} {{(pid=128900) authorize /opt/stack/nova/nova/policy.py:199}}
Dec 22 10:45:03.950083 dv-neutron-818540-3-hyperv devstack@n-api.service[128900]: INFO nova.api.openstack.requestlog [None req-0153a53e-b444-442c-98fe-dc0fc4f660db tempest-ServerActionsTestJSON-1992284139 tempest-ServerActionsTestJSON-1992284139-project] 10.222.0.49 "GET /compute/v2.1/servers/606596fd-fef7-4e61-a4b2-d298e5decc54" status: 200 len: 1243 microversion: 2.1 time: 0.516268
Dec 22 10:45:03.957133 dv-neutron-818540-3-hyperv devstack@n-api.service[128900]: [pid: 128900|app: 0|req: 2/7] 10.222.0.49 () {58 vars in 1235 bytes} [Wed Dec 22 10:45:03 2021] GET /compute/v2.1/servers/606596fd-fef7-4e61-a4b2-d298e5decc54 => generated 1243 bytes in 525 msecs (HTTP/1.1 200) 9 headers in 358 bytes (1 switches on core 0)
Dec 22 10:45:04.969318 dv-neutron-818540-3-hyperv devstack@n-api.service[128901]: DEBUG nova.api.openstack.wsgi [None req-38bf6c58-ac63-4ea8-b892-43949f0025c6 tempest-ServerActionsTestJSON-1992284139 tempest-ServerActionsTestJSON-1992284139-project] Calling method '<bound method ServersController.show of <nova.api.openstack.compute.servers.ServersController object at 0x7ff709a15790>>' {{(pid=128901) _process_stack /opt/stack/nova/nova/api/openstack/wsgi.py:513}}
Dec 22 10:45:04.970791 dv-neutron-818540-3-hyperv devstack@n-api.service[128901]: DEBUG nova.compute.api [None req-38bf6c58-ac63-4ea8-b892-43949f0025c6 tempest-ServerActionsTestJSON-1992284139 tempest-ServerActionsTestJSON-1992284139-project] [instance: 606596fd-fef7-4e61-a4b2-d298e5decc54] Fetching instance by UUID {{(pid=128901) get /opt/stack/nova/nova/compute/api.py:2865}}
Dec 22 10:45:04.981981 dv-neutron-818540-3-hyperv devstack@n-api.service[128901]: DEBUG oslo_concurrency.lockutils [None req-38bf6c58-ac63-4ea8-b892-43949f0025c6 tempest-ServerActionsTestJSON-1992284139 tempest-ServerActionsTestJSON-1992284139-project] Lock "f17d4d84-60c7-49be-9328-b4b6570972bb" acquired by "nova.context.set_target_cell.<locals>.get_or_set_cached_cell_and_set_connections" :: waited 0.000s {{(pid=128901) inner /usr/local/lib/python3.8/dist-packages/oslo_concurrency/lockutils.py:386}}
Dec 22 10:45:04.982839 dv-neutron-818540-3-hyperv devstack@n-api.service[128901]: DEBUG oslo_concurrency.lockutils [None req-38bf6c58-ac63-4ea8-b892-43949f0025c6 tempest-ServerActionsTestJSON-1992284139 tempest-ServerActionsTestJSON-1992284139-project] Lock "f17d4d84-60c7-49be-9328-b4b6570972bb" "released" by "nova.context.set_target_cell.<locals>.get_or_set_cached_cell_and_set_connections" :: held 0.001s {{(pid=128901) inner /usr/local/lib/python3.8/dist-packages/oslo_concurrency/lockutils.py:400}}
Dec 22 10:45:04.984646 dv-neutron-818540-3-hyperv devstack@n-api.service[128901]: DEBUG oslo_concurrency.lockutils [None req-38bf6c58-ac63-4ea8-b892-43949f0025c6 tempest-ServerActionsTestJSON-1992284139 tempest-ServerActionsTestJSON-1992284139-project] Lock "f17d4d84-60c7-49be-9328-b4b6570972bb" acquired by "nova.context.set_target_cell.<locals>.get_or_set_cached_cell_and_set_connections" :: waited 0.000s {{(pid=128901) inner /usr/local/lib/python3.8/dist-packages/oslo_concurrency/lockutils.py:386}}
Dec 22 10:45:04.985426 dv-neutron-818540-3-hyperv devstack@n-api.service[128901]: DEBUG oslo_concurrency.lockutils [None req-38bf6c58-ac63-4ea8-b892-43949f0025c6 tempest-ServerActionsTestJSON-1992284139 tempest-ServerActionsTestJSON-1992284139-project] Lock "f17d4d84-60c7-49be-9328-b4b6570972bb" "released" by "nova.context.set_target_cell.<locals>.get_or_set_cached_cell_and_set_connections" :: held 0.001s {{(pid=128901) inner /usr/local/lib/python3.8/dist-packages/oslo_concurrency/lockutils.py:400}}
Dec 22 10:45:05.193540 dv-neutron-818540-3-hyperv devstack@n-api.service[128901]: DEBUG nova.policy [None req-38bf6c58-ac63-4ea8-b892-43949f0025c6 tempest-ServerActionsTestJSON-1992284139 tempest-ServerActionsTestJSON-1992284139-project] Policy check for os_compute_api:os-extended-server-attributes failed with credentials {'is_admin': False, 'user_id': 'b972f818029a4c27a2b4569cbe2bd37e', 'user_domain_id': 'default', 'system_scope': None, 'domain_id': None, 'project_id': '31133f00525f40f1adef1b6a60dbc5ec', 'project_domain_id': 'default', 'roles': ['reader', 'member'], 'is_admin_project': True, 'service_user_id': None, 'service_user_domain_id': None, 'service_project_id': None, 'service_project_domain_id': None, 'service_roles': []} {{(pid=128901) authorize /opt/stack/nova/nova/policy.py:199}}
Dec 22 10:45:05.217038 dv-neutron-818540-3-hyperv devstack@n-api.service[128901]: INFO nova.api.openstack.requestlog [None req-38bf6c58-ac63-4ea8-b892-43949f0025c6 tempest-ServerActionsTestJSON-1992284139 tempest-ServerActionsTestJSON-1992284139-project] 10.222.0.49 "GET /compute/v2.1/servers/606596fd-fef7-4e61-a4b2-d298e5decc54" status: 200 len: 1297 microversion: 2.1 time: 0.251845
Dec 22 10:45:05.219039 dv-neutron-818540-3-hyperv devstack@n-api.service[128901]: [pid: 128901|app: 0|req: 6/8] 10.222.0.49 () {58 vars in 1235 bytes} [Wed Dec 22 10:45:04 2021] GET /compute/v2.1/servers/606596fd-fef7-4e61-a4b2-d298e5decc54 => generated 1297 bytes in 255 msecs (HTTP/1.1 200) 9 headers in 358 bytes (1 switches on core 0)
Dec 22 10:45:06.238771 dv-neutron-818540-3-hyperv devstack@n-api.service[128900]: DEBUG nova.api.openstack.wsgi [None req-9c4c5171-7d2f-4238-a44f-110df4694483 tempest-ServerActionsTestJSON-1992284139 tempest-ServerActionsTestJSON-1992284139-project] Calling method '<bound method ServersController.show of <nova.api.openstack.compute.servers.ServersController object at 0x7ff709a15370>>' {{(pid=128900) _process_stack /opt/stack/nova/nova/api/openstack/wsgi.py:513}}
Dec 22 10:45:06.240131 dv-neutron-818540-3-hyperv devstack@n-api.service[128900]: DEBUG nova.compute.api [None req-9c4c5171-7d2f-4238-a44f-110df4694483 tempest-ServerActionsTestJSON-1992284139 tempest-ServerActionsTestJSON-1992284139-project] [instance: 606596fd-fef7-4e61-a4b2-d298e5decc54] Fetching instance by UUID {{(pid=128900) get /opt/stack/nova/nova/compute/api.py:2865}}
Dec 22 10:45:06.257116 dv-neutron-818540-3-hyperv devstack@n-api.service[128900]: DEBUG oslo_concurrency.lockutils [None req-9c4c5171-7d2f-4238-a44f-110df4694483 tempest-ServerActionsTestJSON-1992284139 tempest-ServerActionsTestJSON-1992284139-project] Lock "f17d4d84-60c7-49be-9328-b4b6570972bb" acquired by "nova.context.set_target_cell.<locals>.get_or_set_cached_cell_and_set_connections" :: waited 0.000s {{(pid=128900) inner /usr/local/lib/python3.8/dist-packages/oslo_concurrency/lockutils.py:386}}
Dec 22 10:45:06.257804 dv-neutron-818540-3-hyperv devstack@n-api.service[128900]: DEBUG oslo_concurrency.lockutils [None req-9c4c5171-7d2f-4238-a44f-110df4694483 tempest-ServerActionsTestJSON-1992284139 tempest-ServerActionsTestJSON-1992284139-project] Lock "f17d4d84-60c7-49be-9328-b4b6570972bb" "released" by "nova.context.set_target_cell.<locals>.get_or_set_cached_cell_and_set_connections" :: held 0.001s {{(pid=128900) inner /usr/local/lib/python3.8/dist-packages/oslo_concurrency/lockutils.py:400}}
Dec 22 10:45:06.259024 dv-neutron-818540-3-hyperv devstack@n-api.service[128900]: DEBUG oslo_concurrency.lockutils [None req-9c4c5171-7d2f-4238-a44f-110df4694483 tempest-ServerActionsTestJSON-1992284139 tempest-ServerActionsTestJSON-1992284139-project] Lock "f17d4d84-60c7-49be-9328-b4b6570972bb" acquired by "nova.context.set_target_cell.<locals>.get_or_set_cached_cell_and_set_connections" :: waited 0.000s {{(pid=128900) inner /usr/local/lib/python3.8/dist-packages/oslo_concurrency/lockutils.py:386}}
Dec 22 10:45:06.259683 dv-neutron-818540-3-hyperv devstack@n-api.service[128900]: DEBUG oslo_concurrency.lockutils [None req-9c4c5171-7d2f-4238-a44f-110df4694483 tempest-ServerActionsTestJSON-1992284139 tempest-ServerActionsTestJSON-1992284139-project] Lock "f17d4d84-60c7-49be-9328-b4b6570972bb" "released" by "nova.context.set_target_cell.<locals>.get_or_set_cached_cell_and_set_connections" :: held 0.001s {{(pid=128900) inner /usr/local/lib/python3.8/dist-packages/oslo_concurrency/lockutils.py:400}}
Dec 22 10:45:06.661252 dv-neutron-818540-3-hyperv devstack@n-api.service[128900]: DEBUG nova.policy [None req-9c4c5171-7d2f-4238-a44f-110df4694483 tempest-ServerActionsTestJSON-1992284139 tempest-ServerActionsTestJSON-1992284139-project] Policy check for os_compute_api:os-extended-server-attributes failed with credentials {'is_admin': False, 'user_id': 'b972f818029a4c27a2b4569cbe2bd37e', 'user_domain_id': 'default', 'system_scope': None, 'domain_id': None, 'project_id': '31133f00525f40f1adef1b6a60dbc5ec', 'project_domain_id': 'default', 'roles': ['reader', 'member'], 'is_admin_project': True, 'service_user_id': None, 'service_user_domain_id': None, 'service_project_id': None, 'service_project_domain_id': None, 'service_roles': []} {{(pid=128900) authorize /opt/stack/nova/nova/policy.py:199}}
