May 13 10:57:47.861076 dv-neutron-818418-4-hyperv neutron-server[103984]: DEBUG neutron.plugins.ml2.plugin [None req-2fb6e66e-5cde-427c-bbb7-f5675e46a949 None None] Port ad553157-ea11-4214-8425-2b8f3446234a cannot update to ACTIVE because it is not bound. {{(pid=103984) _port_provisioned /opt/stack/neutron/neutron/plugins/ml2/plugin.py:352}}
May 13 10:57:47.950961 dv-neutron-818418-4-hyperv neutron-server[103982]: DEBUG neutron_lib.callbacks.manager [None req-a445a3c4-70f9-4ee1-802c-b3ff756b671d tempest-FloatingIPAdminTestJSON-409236248 tempest-FloatingIPAdminTestJSON-409236248-project] Publish callbacks [] for router_gateway (a1303f6a-eb30-4501-a448-c7d177a7bb26), after_create {{(pid=103982) _notify_loop /usr/local/lib/python3.8/dist-packages/neutron_lib/callbacks/manager.py:176}}
May 13 10:57:48.034197 dv-neutron-818418-4-hyperv neutron-server[103982]: DEBUG neutron.scheduler.dhcp_agent_scheduler [None req-0a55f1ff-6e00-4b71-97c8-f67c870941d1 tempest-FloatingIPNegativeTestJSON-1951082863 tempest-FloatingIPNegativeTestJSON-1951082863-project] Network 77e9ecee-9f14-4ebc-b23a-8b0787b8a45c is already hosted by enough agents. {{(pid=103982) _get_dhcp_agents_hosting_network /opt/stack/neutron/neutron/scheduler/dhcp_agent_scheduler.py:275}}
May 13 10:57:48.035950 dv-neutron-818418-4-hyperv neutron-server[103982]: DEBUG neutron.wsgi [-] (103982) accepted ('10.222.0.23', 59168) {{(pid=103982) server /usr/local/lib/python3.8/dist-packages/eventlet/wsgi.py:1004}}
May 13 10:57:48.052149 dv-neutron-818418-4-hyperv neutron-server[103982]: INFO neutron.wsgi [req-98f19e2b-adf4-40c8-a95e-299cf28c5ba3 req-edd5edff-18a3-4b81-a85f-f2a1b9998e33 tempest-ServerActionsTestJSON-1356501926 tempest-ServerActionsTestJSON-1356501926-project] 10.222.0.25 "GET /v2.0/security-groups?fields=id&fields=name&tenant_id=057da2e38d93490c97ea80bfdfcc42a8 HTTP/1.1" status: 200 len: 380 time: 0.8784475
May 13 10:57:48.053066 dv-neutron-818418-4-hyperv neutron-server[103982]: DEBUG neutron.scheduler.base_scheduler [None req-0a55f1ff-6e00-4b71-97c8-f67c870941d1 tempest-FloatingIPNegativeTestJSON-1951082863 tempest-FloatingIPNegativeTestJSON-1951082863-project] Resources bound (agent type, host, resource id): {{(pid=103982) schedule /opt/stack/neutron/neutron/scheduler/base_scheduler.py:57}}
May 13 10:57:48.117794 dv-neutron-818418-4-hyperv neutron-server[103983]: DEBUG neutron.api.rpc.handlers.resources_rpc [None req-468bb26f-329d-4f0f-a838-598c73c536f5 service neutron] Pushing event updated for resources: {'Port': ['ID=5f1be10f-644b-48d8-858a-025291926f51,revision_number=3']} {{(pid=103983) push /opt/stack/neutron/neutron/api/rpc/handlers/resources_rpc.py:237}}
May 13 10:57:48.150707 dv-neutron-818418-4-hyperv neutron-server[103983]: DEBUG novaclient.v2.client [-] REQ: curl -g -i --cacert "/opt/stack/data/ca-bundle.pem" -X POST http://10.222.0.23/compute/v2.1/os-server-external-events -H "Accept: application/json" -H "Content-Type: application/json" -H "User-Agent: python-novaclient" -H "X-Auth-Token: {SHA256}8bb9a5268119fc272fa3216ec5db596b43dc33bf53a4e50322d447fc58175a6a" -H "X-OpenStack-Nova-API-Version: 2.1" -H "X-OpenStack-Request-ID: req-b6bba22b-331e-4a63-ae23-20ce68f64761" -d '{"events": [{"name": "network-changed", "server_uuid": "1bcb0fb6-9141-477b-a99e-803105d9e505", "tag": "5f1be10f-644b-48d8-858a-025291926f51"}]}' {{(pid=103983) _http_log_request /usr/local/lib/python3.8/dist-packages/keystoneauth1/session.py:519}}
May 13 10:57:48.344162 dv-neutron-818418-4-hyperv neutron-server[103982]: DEBUG neutron.api.v2.base [req-98f19e2b-adf4-40c8-a95e-299cf28c5ba3 req-bc532fe0-c64d-4d43-9857-32de099dc73d tempest-ServerActionsTestJSON-1356501926 tempest-ServerActionsTestJSON-1356501926-project] Request body: {'port': {'device_id': 'a90fb89f-a774-4cf9-bbf7-35df477cc4dd', 'network_id': '488142d9-b468-4fc3-9c1a-1ac264e99ac4', 'admin_state_up': True, 'tenant_id': '057da2e38d93490c97ea80bfdfcc42a8', 'security_groups': ['5819777b-fb8f-4df4-9ded-cdc27dc4ace8']}} {{(pid=103982) prepare_request_body /opt/stack/neutron/neutron/api/v2/base.py:730}}
May 13 10:57:48.350472 dv-neutron-818418-4-hyperv neutron-server[103983]: DEBUG neutron.pecan_wsgi.hooks.policy_enforcement [req-421d23ac-d0e2-4526-a7fc-4cd102c8d47c req-0e4dc30e-631b-4848-a7dd-09c4c2f4e41f tempest-ServersTestManualDisk-1709083237 tempest-ServersTestManualDisk-1709083237-project] Attributes excluded by policy engine: ['standard_attr_id', 'binding:profile', 'binding:host_id', 'binding:vif_type', 'binding:vif_details'] {{(pid=103983) _exclude_attributes_by_policy /opt/stack/neutron/neutron/pecan_wsgi/hooks/policy_enforcement.py:259}}
May 13 10:57:48.352216 dv-neutron-818418-4-hyperv neutron-server[103983]: INFO neutron.wsgi [req-421d23ac-d0e2-4526-a7fc-4cd102c8d47c req-0e4dc30e-631b-4848-a7dd-09c4c2f4e41f tempest-ServersTestManualDisk-1709083237 tempest-ServersTestManualDisk-1709083237-project] 10.222.0.23 "GET /v2.0/ports?device_id=c57e9235-8a14-4cb2-bc30-e99eab550ded HTTP/1.1" status: 200 len: 931 time: 0.1121161
May 13 10:57:48.366475 dv-neutron-818418-4-hyperv neutron-server[103983]: DEBUG neutron_lib.callbacks.manager [None req-800ffbb8-b313-4089-b790-a65a35a7e24e tempest-NetworksTestDHCPv6-927182857 tempest-NetworksTestDHCPv6-927182857-project] Publish callbacks ['neutron.services.l3_router.l3_router_plugin.L3_NAT_dbonly_mixin._precommit_delete_port_callback-728305'] for port (0740b221-6ed3-4e17-82cc-7d470c70081e), precommit_delete {{(pid=103983) _notify_loop /usr/local/lib/python3.8/dist-packages/neutron_lib/callbacks/manager.py:176}}
May 13 10:57:48.419337 dv-neutron-818418-4-hyperv neutron-server[103983]: DEBUG neutron.pecan_wsgi.hooks.policy_enforcement [req-a53a64cd-a915-44c5-aeae-971bd5061776 req-6d281f0f-40dd-4054-93c6-ebbc408164bc tempest-ServersTestManualDisk-1709083237 tempest-ServersTestManualDisk-1709083237-project] Attributes excluded by policy engine: ['standard_attr_id', 'binding:profile', 'binding:host_id', 'binding:vif_type', 'binding:vif_details', 'network'] {{(pid=103983) _exclude_attributes_by_policy /opt/stack/neutron/neutron/pecan_wsgi/hooks/policy_enforcement.py:259}}
May 13 10:57:48.419959 dv-neutron-818418-4-hyperv neutron-server[103983]: DEBUG neutron_lib.callbacks.manager [req-a53a64cd-a915-44c5-aeae-971bd5061776 req-6d281f0f-40dd-4054-93c6-ebbc408164bc tempest-ServersTestManualDisk-1709083237 tempest-ServersTestManualDisk-1709083237-project] Publish callbacks ['neutron.notifiers.nova.Notifier._send_nova_notification-12790'] for port (None), before_response {{(pid=103983) _notify_loop /usr/local/lib/python3.8/dist-packages/neutron_lib/callbacks/manager.py:176}}
May 13 10:57:48.427780 dv-neutron-818418-4-hyperv neutron-server[103983]: DEBUG neutron.plugins.ml2.plugin [None req-800ffbb8-b313-4089-b790-a65a35a7e24e tempest-NetworksTestDHCPv6-927182857 tempest-NetworksTestDHCPv6-927182857-project] Calling delete_port for 0740b221-6ed3-4e17-82cc-7d470c70081e owned by {{(pid=103983) delete_port /opt/stack/neutron/neutron/plugins/ml2/plugin.py:2120}}
May 13 10:57:48.435176 dv-neutron-818418-4-hyperv neutron-server[103983]: DEBUG neutron.pecan_wsgi.hooks.policy_enforcement [req-8862b076-f627-4f60-a098-aaf7bd24d9f5 req-7b84ef22-bb89-46a7-b6bb-7717fdb591a7 service neutron] Attributes excluded by policy engine: ['standard_attr_id'] {{(pid=103983) _exclude_attributes_by_policy /opt/stack/neutron/neutron/pecan_wsgi/hooks/policy_enforcement.py:259}}
May 13 10:57:48.437411 dv-neutron-818418-4-hyperv neutron-server[103983]: INFO neutron.wsgi [req-8862b076-f627-4f60-a098-aaf7bd24d9f5 req-7b84ef22-bb89-46a7-b6bb-7717fdb591a7 service neutron] 10.222.0.25 "GET /v2.0/ports?tenant_id=effe8b8e180c47acb860d90d2828ff8b&device_id=1bcb0fb6-9141-477b-a99e-803105d9e505 HTTP/1.1" status: 200 len: 1128 time: 0.8860366
May 13 10:57:48.503072 dv-neutron-818418-4-hyperv neutron-server[103983]: INFO neutron.wsgi [req-421d23ac-d0e2-4526-a7fc-4cd102c8d47c req-d3390897-9bbe-416e-9e88-1ed81a2712ea tempest-ServersTestManualDisk-1709083237 tempest-ServersTestManualDisk-1709083237-project] 10.222.0.23 "GET /v2.0/security-groups?id=cfdad925-39e6-43b0-852a-15ef7546ac83&fields=id&fields=name HTTP/1.1" status: 200 len: 312 time: 0.1334410
May 13 10:57:48.513527 dv-neutron-818418-4-hyperv neutron-server[103982]: INFO neutron.wsgi [None req-ccd6d1ba-e167-4b5d-8c53-300db3fa51c9 tempest-MeteringTestJSON-1206166756 tempest-MeteringTestJSON-1206166756-project-admin] 10.222.0.23 "GET /v2.0/metering/metering-labels?id=a11797c7-70da-45d0-b668-9511dfb21cfc HTTP/1.1" status: 200 len: 468 time: 0.4500582
May 13 10:57:48.517296 dv-neutron-818418-4-hyperv neutron-server[103983]: INFO neutron.wsgi [req-a53a64cd-a915-44c5-aeae-971bd5061776 req-6d281f0f-40dd-4054-93c6-ebbc408164bc tempest-ServersTestManualDisk-1709083237 tempest-ServersTestManualDisk-1709083237-project] 10.222.0.25 "POST /v2.0/ports HTTP/1.1" status: 201 len: 933 time: 8.7300017
May 13 10:57:48.524645 dv-neutron-818418-4-hyperv neutron-server[103982]: DEBUG neutron.wsgi [-] (103982) accepted ('10.222.0.23', 59178) {{(pid=103982) server /usr/local/lib/python3.8/dist-packages/eventlet/wsgi.py:1004}}
May 13 10:57:48.620102 dv-neutron-818418-4-hyperv neutron-server[103983]: DEBUG neutron.api.v2.base [req-a53a64cd-a915-44c5-aeae-971bd5061776 req-84098d65-23e4-4929-96fc-4091f626a3f5 service neutron] Request body: {'port': {'device_id': 'c57e9235-8a14-4cb2-bc30-e99eab550ded', 'device_owner': 'compute:nova', 'binding:host_id': 'hv-neutron-8184'}} {{(pid=103983) prepare_request_body /opt/stack/neutron/neutron/api/v2/base.py:730}}
May 13 10:57:48.624908 dv-neutron-818418-4-hyperv neutron-server[103984]: DEBUG neutron.db.provisioning_blocks [None req-4bedbb76-4e53-4230-8db8-7a3a6c52e94e None None] Provisioning complete for port de268333-9797-44fe-ad59-e096952dd62c triggered by entity DHCP. {{(pid=103984) provisioning_complete /opt/stack/neutron/neutron/db/provisioning_blocks.py:145}}
May 13 10:57:48.628768 dv-neutron-818418-4-hyperv neutron-server[103984]: DEBUG neutron_lib.callbacks.manager [None req-4bedbb76-4e53-4230-8db8-7a3a6c52e94e None None] Publish callbacks ['neutron.plugins.ml2.plugin.Ml2Plugin._port_provisioned-33342452'] for port (de268333-9797-44fe-ad59-e096952dd62c), provisioning_complete {{(pid=103984) _notify_loop /usr/local/lib/python3.8/dist-packages/neutron_lib/callbacks/manager.py:176}}
May 13 10:57:48.690238 dv-neutron-818418-4-hyperv neutron-server[103984]: DEBUG neutron.plugins.ml2.plugin [None req-4bedbb76-4e53-4230-8db8-7a3a6c52e94e None None] Port de268333-9797-44fe-ad59-e096952dd62c cannot update to ACTIVE because it is not bound. {{(pid=103984) _port_provisioned /opt/stack/neutron/neutron/plugins/ml2/plugin.py:352}}
May 13 10:57:48.723420 dv-neutron-818418-4-hyperv neutron-server[103983]: INFO neutron.wsgi [req-8862b076-f627-4f60-a098-aaf7bd24d9f5 req-959335b5-fb23-49e2-968f-366faf489e8f service neutron] 10.222.0.25 "GET /v2.0/floatingips?fixed_ip_address=172.20.0.12&port_id=5f1be10f-644b-48d8-858a-025291926f51 HTTP/1.1" status: 200 len: 217 time: 0.2050767
May 13 10:57:48.823439 dv-neutron-818418-4-hyperv neutron-server[103983]: DEBUG neutron.pecan_wsgi.hooks.policy_enforcement [req-8862b076-f627-4f60-a098-aaf7bd24d9f5 req-ee70efc7-d272-4a89-82d3-e28652b85de2 service neutron] Attributes excluded by policy engine: ['standard_attr_id', 'shared', 'segment_id'] {{(pid=103983) _exclude_attributes_by_policy /opt/stack/neutron/neutron/pecan_wsgi/hooks/policy_enforcement.py:259}}
May 13 10:57:48.825333 dv-neutron-818418-4-hyperv neutron-server[103983]: INFO neutron.wsgi [req-8862b076-f627-4f60-a098-aaf7bd24d9f5 req-ee70efc7-d272-4a89-82d3-e28652b85de2 service neutron] 10.222.0.25 "GET /v2.0/subnets?id=e1e4a5d3-7fef-44c9-a15d-2d8f06f2524f HTTP/1.1" status: 200 len: 844 time: 0.0799110
May 13 10:57:48.835195 dv-neutron-818418-4-hyperv neutron-server[103983]: INFO neutron.wsgi [req-0fead7f1-62ce-4397-9a2f-019f00138c6d req-80d28fd9-0d6e-443c-8171-e415f2103962 tempest-ServerActionsTestJSON-1356501926 tempest-ServerActionsTestJSON-1356501926-project] 10.222.0.23 "GET /v2.0/ports?device_id=a90fb89f-a774-4cf9-bbf7-35df477cc4dd HTTP/1.1" status: 200 len: 210 time: 0.1249640
May 13 10:57:48.966583 dv-neutron-818418-4-hyperv neutron-server[103983]: DEBUG neutron_lib.callbacks.manager [req-a53a64cd-a915-44c5-aeae-971bd5061776 req-84098d65-23e4-4929-96fc-4091f626a3f5 service neutron] Publish callbacks ['neutron.plugins.ml2.plugin.SecurityGroupDbMixin._ensure_default_security_group_handler-33255223'] for port (ad553157-ea11-4214-8425-2b8f3446234a), before_update {{(pid=103983) _notify_loop /usr/local/lib/python3.8/dist-packages/neutron_lib/callbacks/manager.py:176}}
May 13 10:57:49.004719 dv-neutron-818418-4-hyperv neutron-server[103982]: DEBUG neutron.pecan_wsgi.hooks.policy_enforcement [req-0aacfc18-d09c-4e82-8be0-ef5d26aadafc req-85b28794-0f9e-48f9-a8e7-caf78658b688 tempest-ServersTestJSON-1543039039 tempest-ServersTestJSON-1543039039-project] Attributes excluded by policy engine: ['standard_attr_id', 'binding:profile', 'binding:host_id', 'binding:vif_type', 'binding:vif_details'] {{(pid=103982) _exclude_attributes_by_policy /opt/stack/neutron/neutron/pecan_wsgi/hooks/policy_enforcement.py:259}}
May 13 10:57:49.006267 dv-neutron-818418-4-hyperv neutron-server[103982]: INFO neutron.wsgi [req-0aacfc18-d09c-4e82-8be0-ef5d26aadafc req-85b28794-0f9e-48f9-a8e7-caf78658b688 tempest-ServersTestJSON-1543039039 tempest-ServersTestJSON-1543039039-project] 10.222.0.23 "GET /v2.0/ports?device_id=1bcb0fb6-9141-477b-a99e-803105d9e505 HTTP/1.1" status: 200 len: 944 time: 0.7332923
May 13 10:57:49.025132 dv-neutron-818418-4-hyperv neutron-server[103983]: DEBUG neutron.scheduler.l3_agent_scheduler [None req-94a755b0-117c-4e15-926a-65f90727e98a tempest-RoutersIpV6AdminTest-1616707329 tempest-RoutersIpV6AdminTest-1616707329-project] Router e8b43165-b5dc-476b-86dd-238327a044a5 is scheduled to L3 agent 877d769e-cf69-49e8-b6f1-d367bb5ec724 with binding_index 1 {{(pid=103983) bind_router /opt/stack/neutron/neutron/scheduler/l3_agent_scheduler.py:209}}
May 13 10:57:49.117171 dv-neutron-818418-4-hyperv neutron-server[103983]: DEBUG novaclient.v2.client [-] RESP: [200] Connection: close Content-Length: 179 Content-Type: application/json Date: Fri, 13 May 2022 10:57:48 GMT OpenStack-API-Version: compute 2.1 Server: Apache/2.4.41 (Ubuntu) Vary: OpenStack-API-Version,X-OpenStack-Nova-API-Version X-OpenStack-Nova-API-Version: 2.1 x-compute-request-id: req-8d74a4a8-fc67-49f5-b724-71e5ee0b0aa6 x-openstack-request-id: req-8d74a4a8-fc67-49f5-b724-71e5ee0b0aa6 {{(pid=103983) _http_log_response /usr/local/lib/python3.8/dist-packages/keystoneauth1/session.py:550}}
May 13 10:57:49.117471 dv-neutron-818418-4-hyperv neutron-server[103983]: DEBUG novaclient.v2.client [-] RESP BODY: {"events": [{"name": "network-changed", "server_uuid": "1bcb0fb6-9141-477b-a99e-803105d9e505", "tag": "5f1be10f-644b-48d8-858a-025291926f51", "status": "completed", "code": 200}]} {{(pid=103983) _http_log_response /usr/local/lib/python3.8/dist-packages/keystoneauth1/session.py:582}}
May 13 10:57:49.117731 dv-neutron-818418-4-hyperv neutron-server[103983]: DEBUG novaclient.v2.client [-] POST call to compute for http://10.222.0.23/compute/v2.1/os-server-external-events used request id req-8d74a4a8-fc67-49f5-b724-71e5ee0b0aa6 {{(pid=103983) request /usr/local/lib/python3.8/dist-packages/keystoneauth1/session.py:954}}
May 13 10:57:49.118222 dv-neutron-818418-4-hyperv neutron-server[103983]: INFO neutron.notifiers.nova [-] Nova event matching ['req-8d74a4a8-fc67-49f5-b724-71e5ee0b0aa6'] response: {'name': 'network-changed', 'server_uuid': '1bcb0fb6-9141-477b-a99e-803105d9e505', 'tag': '5f1be10f-644b-48d8-858a-025291926f51', 'status': 'completed', 'code': 200}
May 13 10:57:49.200842 dv-neutron-818418-4-hyperv neutron-server[103982]: DEBUG neutron.pecan_wsgi.hooks.quota_enforcement [req-98f19e2b-adf4-40c8-a95e-299cf28c5ba3 req-bc532fe0-c64d-4d43-9857-32de099dc73d tempest-ServerActionsTestJSON-1356501926 tempest-ServerActionsTestJSON-1356501926-project] Made reservation on behalf of 057da2e38d93490c97ea80bfdfcc42a8 for: {'port': 1} {{(pid=103982) before /opt/stack/neutron/neutron/pecan_wsgi/hooks/quota_enforcement.py:53}}
May 13 10:57:49.204095 dv-neutron-818418-4-hyperv neutron-server[103982]: DEBUG neutron_lib.callbacks.manager [req-98f19e2b-adf4-40c8-a95e-299cf28c5ba3 req-bc532fe0-c64d-4d43-9857-32de099dc73d tempest-ServerActionsTestJSON-1356501926 tempest-ServerActionsTestJSON-1356501926-project] Publish callbacks ['neutron.plugins.ml2.plugin.SecurityGroupDbMixin._ensure_default_security_group_handler-33255223'] for port (None), before_create {{(pid=103982) _notify_loop /usr/local/lib/python3.8/dist-packages/neutron_lib/callbacks/manager.py:176}}
May 13 10:57:49.260402 dv-neutron-818418-4-hyperv neutron-server[103983]: DEBUG neutron.pecan_wsgi.hooks.policy_enforcement [req-8862b076-f627-4f60-a098-aaf7bd24d9f5 req-f8dd586e-96d0-4f6e-bf6c-f6f609e3c1c9 service neutron] Attributes excluded by policy engine: ['standard_attr_id'] {{(pid=103983) _exclude_attributes_by_policy /opt/stack/neutron/neutron/pecan_wsgi/hooks/policy_enforcement.py:259}}
May 13 10:57:49.262848 dv-neutron-818418-4-hyperv neutron-server[103983]: INFO neutron.wsgi [req-8862b076-f627-4f60-a098-aaf7bd24d9f5 req-f8dd586e-96d0-4f6e-bf6c-f6f609e3c1c9 service neutron] 10.222.0.25 "GET /v2.0/ports?network_id=123e2b67-063d-4cfd-9448-fae16349933d&device_owner=network%3Adhcp HTTP/1.1" status: 200 len: 1214 time: 0.2157583
May 13 10:57:49.274798 dv-neutron-818418-4-hyperv neutron-server[103983]: DEBUG neutron_lib.callbacks.manager [None req-800ffbb8-b313-4089-b790-a65a35a7e24e tempest-NetworksTestDHCPv6-927182857 tempest-NetworksTestDHCPv6-927182857-project] Publish callbacks ['neutron.plugins.ml2.plugin.SecurityGroupServerNotifierRpcMixin._notify_sg_on_port_change-33255323', 'neutron.plugins.ml2.ovo_rpc._ObjectChangeHandler.handle_event-107287', 'neutron.api.rpc.agentnotifiers.dhcp_rpc_agent_api.DhcpAgentNotifyAPI._native_event_send_dhcp_notification-746051', 'neutron.db.l3_db.L3RpcNotifierMixin._notify_routers_callback-8733429965204', 'neutron.db.l3_dvrscheduler_db._notify_port_delete-8733429470320', 'neutron.services.segments.plugin.NovaSegmentNotifier._notify_port_created_or_deleted-2626540'] for port (0740b221-6ed3-4e17-82cc-7d470c70081e), after_delete {{(pid=103983) _notify_loop /usr/local/lib/python3.8/dist-packages/neutron_lib/callbacks/manager.py:176}}
May 13 10:57:49.294753 dv-neutron-818418-4-hyperv neutron-server[103982]: DEBUG neutron_lib.callbacks.manager [None req-537d0bd0-34a5-4134-a8f8-818bd7cc4cef tempest-MeteringTestJSON-1206166756 tempest-MeteringTestJSON-1206166756-project-admin] Publish callbacks [] for metering_label (None), before_response {{(pid=103982) _notify_loop /usr/local/lib/python3.8/dist-packages/neutron_lib/callbacks/manager.py:176}}
May 13 10:57:49.296525 dv-neutron-818418-4-hyperv neutron-server[103982]: INFO neutron.wsgi [None req-537d0bd0-34a5-4134-a8f8-818bd7cc4cef tempest-MeteringTestJSON-1206166756 tempest-MeteringTestJSON-1206166756-project-admin] 10.222.0.23 "DELETE /v2.0/metering/metering-labels/a11797c7-70da-45d0-b668-9511dfb21cfc HTTP/1.1" status: 204 len: 168 time: 0.7524481
May 13 10:57:49.303825 dv-neutron-818418-4-hyperv neutron-server[103982]: DEBUG neutron.wsgi [-] (103982) accepted ('10.222.0.23', 59186) {{(pid=103982) server /usr/local/lib/python3.8/dist-packages/eventlet/wsgi.py:1004}}
May 13 10:57:49.321198 dv-neutron-818418-4-hyperv neutron-server[103982]: INFO neutron.wsgi [req-0aacfc18-d09c-4e82-8be0-ef5d26aadafc req-166f4673-162d-4219-9ca8-e0b29a3c3daa tempest-ServersTestJSON-1543039039 tempest-ServersTestJSON-1543039039-project] 10.222.0.23 "GET /v2.0/security-groups?id=79bfe5c7-1f1c-4c9b-bfa2-a23c2ddf4d43&fields=id&fields=name HTTP/1.1" status: 200 len: 313 time: 0.2495499
May 13 10:57:49.321447 dv-neutron-818418-4-hyperv neutron-server[103983]: DEBUG neutron.api.rpc.handlers.resources_rpc [None req-800ffbb8-b313-4089-b790-a65a35a7e24e tempest-NetworksTestDHCPv6-927182857 tempest-NetworksTestDHCPv6-927182857-project] Pushing event deleted for resources: {'Port': ['ID=0740b221-6ed3-4e17-82cc-7d470c70081e,revision_number=None']} {{(pid=103983) push /opt/stack/neutron/neutron/api/rpc/handlers/resources_rpc.py:237}}
May 13 10:57:49.344009 dv-neutron-818418-4-hyperv neutron-server[103982]: INFO neutron.wsgi [None req-fccb9596-dc2b-41f7-97d1-cbfff461985c tempest-MeteringTestJSON-1206166756 tempest-MeteringTestJSON-1206166756-project-admin] 10.222.0.23 "GET /v2.0/metering/metering-labels?id=a11797c7-70da-45d0-b668-9511dfb21cfc HTTP/1.1" status: 200 len: 216 time: 0.0338383
May 13 10:57:49.350006 dv-neutron-818418-4-hyperv neutron-server[103982]: DEBUG neutron.wsgi [-] (103982) accepted ('10.222.0.23', 59188) {{(pid=103982) server /usr/local/lib/python3.8/dist-packages/eventlet/wsgi.py:1004}}
May 13 10:57:49.451806 dv-neutron-818418-4-hyperv neutron-server[103982]: INFO neutron.wsgi [None req-b61e3ac9-1f10-4ae9-830e-72a8c2f05e10 tempest-MeteringTestJSON-1206166756 tempest-MeteringTestJSON-1206166756-project-admin] 10.222.0.23 "GET /v2.0/metering/metering-label-rules?id=33 HTTP/1.1" status: 200 len: 221 time: 0.0974984
May 13 10:57:49.461625 dv-neutron-818418-4-hyperv neutron-server[103982]: DEBUG neutron.wsgi [-] (103982) accepted ('10.222.0.23', 59190) {{(pid=103982) server /usr/local/lib/python3.8/dist-packages/eventlet/wsgi.py:1004}}
May 13 10:57:49.484379 dv-neutron-818418-4-hyperv neutron-server[103982]: DEBUG neutron.scheduler.l3_agent_scheduler [None req-0a55f1ff-6e00-4b71-97c8-f67c870941d1 tempest-FloatingIPNegativeTestJSON-1951082863 tempest-FloatingIPNegativeTestJSON-1951082863-project] Router 405f0aea-39ce-461d-8248-4640bf5da1c0 is scheduled to L3 agent 877d769e-cf69-49e8-b6f1-d367bb5ec724 with binding_index 1 {{(pid=103982) bind_router /opt/stack/neutron/neutron/scheduler/l3_agent_scheduler.py:209}}
May 13 10:57:49.487282 dv-neutron-818418-4-hyperv neutron-server[103983]: DEBUG neutron_lib.callbacks.manager [None req-800ffbb8-b313-4089-b790-a65a35a7e24e tempest-NetworksTestDHCPv6-927182857 tempest-NetworksTestDHCPv6-927182857-project] Publish callbacks ['neutron.notifiers.nova.Notifier._send_nova_notification-12790'] for port (None), before_response {{(pid=103983) _notify_loop /usr/local/lib/python3.8/dist-packages/neutron_lib/callbacks/manager.py:176}}
May 13 10:57:49.493639 dv-neutron-818418-4-hyperv neutron-server[103983]: INFO neutron.wsgi [None req-800ffbb8-b313-4089-b790-a65a35a7e24e tempest-NetworksTestDHCPv6-927182857 tempest-NetworksTestDHCPv6-927182857-project] 10.222.0.23 "DELETE /v2.0/ports/0740b221-6ed3-4e17-82cc-7d470c70081e HTTP/1.1" status: 204 len: 168 time: 2.8696518
May 13 10:57:49.496247 dv-neutron-818418-4-hyperv neutron-server[103982]: DEBUG neutron.wsgi [-] (103982) accepted ('10.222.0.23', 59192) {{(pid=103982) server /usr/local/lib/python3.8/dist-packages/eventlet/wsgi.py:1004}}
May 13 10:57:49.510183 dv-neutron-818418-4-hyperv neutron-server[103983]: DEBUG neutron.api.rpc.agentnotifiers.l3_rpc_agent_api [None req-94a755b0-117c-4e15-926a-65f90727e98a tempest-RoutersIpV6AdminTest-1616707329 tempest-RoutersIpV6AdminTest-1616707329-project] Notify agent at l3_agent.dv-neutron-818418-4-hyperv the message routers_updated {{(pid=103983) _agent_notification /opt/stack/neutron/neutron/api/rpc/agentnotifiers/l3_rpc_agent_api.py:65}}
May 13 10:57:49.513328 dv-neutron-818418-4-hyperv neutron-server[103982]: INFO neutron.wsgi [None req-860dac65-50fb-49b1-b1b9-442e40a0142e tempest-MeteringTestJSON-1206166756 tempest-MeteringTestJSON-1206166756-project-admin] 10.222.0.23 "GET /v2.0/metering/metering-labels?id=33 HTTP/1.1" status: 200 len: 216 time: 0.0469928
May 13 10:57:49.514517 dv-neutron-818418-4-hyperv neutron-server[103982]: DEBUG neutron_lib.callbacks.manager [None req-a445a3c4-70f9-4ee1-802c-b3ff756b671d tempest-FloatingIPAdminTestJSON-409236248 tempest-FloatingIPAdminTestJSON-409236248-project] Publish callbacks ['neutron.services.l3_router.l3_router_plugin.L3_HA_NAT_db_mixin._after_router_create-731476', 'neutron.services.l3_router.l3_router_plugin.DVRResourceOperationHandler._create_snat_interfaces_after_change-732437'] for router (a1303f6a-eb30-4501-a448-c7d177a7bb26), after_create {{(pid=103982) _notify_loop /usr/local/lib/python3.8/dist-packages/neutron_lib/callbacks/manager.py:176}}
May 13 10:57:49.526652 dv-neutron-818418-4-hyperv neutron-server[103983]: DEBUG neutron.wsgi [-] (103983) accepted ('10.222.0.23', 59194) {{(pid=103983) server /usr/local/lib/python3.8/dist-packages/eventlet/wsgi.py:1004}}
May 13 10:57:49.543837 dv-neutron-818418-4-hyperv neutron-server[103984]: DEBUG neutron.api.rpc.handlers.l3_rpc [None req-97ae5a86-67fb-4807-a795-5a36c0bdaa5b None None] Sync routers for ids ['e8b43165-b5dc-476b-86dd-238327a044a5'] in dv-neutron-818418-4-hyperv {{(pid=103984) sync_routers /opt/stack/neutron/neutron/api/rpc/handlers/l3_rpc.py:125}}
May 13 10:57:49.567502 dv-neutron-818418-4-hyperv neutron-server[103984]: DEBUG neutron.db.l3_dvrscheduler_db [None req-97ae5a86-67fb-4807-a795-5a36c0bdaa5b None None] Routers {'e8b43165-b5dc-476b-86dd-238327a044a5'} bound to L3 agent in host dv-neutron-818418-4-hyperv {{(pid=103984) _get_router_ids_for_agent /opt/stack/neutron/neutron/db/l3_dvrscheduler_db.py:421}}
May 13 10:57:49.568363 dv-neutron-818418-4-hyperv neutron-server[103984]: DEBUG neutron.db.l3_hamode_db [None req-97ae5a86-67fb-4807-a795-5a36c0bdaa5b None None] neutron.services.l3_router.l3_router_plugin.L3RouterPlugin method get_ha_sync_data_for_host called with arguments (, 'dv-neutron-818418-4-hyperv', Agent(admin_state_up=True,agent_type='L3 agent',availability_zone='nova',binary='neutron-l3-agent',configurations={"agent_mode": "legacy", "ex_gw_ports": 4, "extensions": [], "floating_ips": 0, "handle_internal_only_routers": true, "interface_driver": "openvswitch", "interfaces": 4, "log_agent_heartbeats": false, "routers": 4},created_at=2022-05-13T10:49:12Z,description=,heartbeat_timestamp=2022-05-13T10:57:42Z,host='dv-neutron-818418-4-hyperv',id=877d769e-cf69-49e8-b6f1-d367bb5ec724,load=0,resource_versions=,resources_synced=,started_at=2022-05-13T10:49:12Z,topic='l3_agent')) {'router_ids': ['e8b43165-b5dc-476b-86dd-238327a044a5'], 'active': True} {{(pid=103984) wrapper /usr/local/lib/python3.8/dist-packages/oslo_log/helpers.py:65}}
May 13 10:57:49.634181 dv-neutron-818418-4-hyperv neutron-server[103984]: DEBUG neutron.db.l3_hamode_db [None req-97ae5a86-67fb-4807-a795-5a36c0bdaa5b None None] neutron.services.l3_router.l3_router_plugin.L3RouterPlugin method _process_sync_ha_data called with arguments (, [], 'dv-neutron-818418-4-hyperv', False) {} {{(pid=103984) wrapper /usr/local/lib/python3.8/dist-packages/oslo_log/helpers.py:65}}
May 13 10:57:49.650114 dv-neutron-818418-4-hyperv neutron-server[103983]: INFO neutron.wsgi [None req-11d1b6c8-72be-4c54-a106-9bdff565a36f tempest-MeteringTestJSON-1206166756 tempest-MeteringTestJSON-1206166756-project-admin] 10.222.0.23 "GET /v2.0/metering/metering-labels/9fcc018e-292f-4598-a0b4-4a7c7bb863b8 HTTP/1.1" status: 200 len: 473 time: 0.1223691
May 13 10:57:49.652630 dv-neutron-818418-4-hyperv neutron-server[103984]: DEBUG neutron.db.l3_dvrscheduler_db [None req-97ae5a86-67fb-4807-a795-5a36c0bdaa5b None None] Routers {'e8b43165-b5dc-476b-86dd-238327a044a5'} bound to L3 agent in host dv-neutron-818418-4-hyperv {{(pid=103984) _get_router_ids_for_agent /opt/stack/neutron/neutron/db/l3_dvrscheduler_db.py:421}}
May 13 10:57:49.653463 dv-neutron-818418-4-hyperv neutron-server[103984]: DEBUG neutron.db.l3_hamode_db [None req-97ae5a86-67fb-4807-a795-5a36c0bdaa5b None None] neutron.services.l3_router.l3_router_plugin.L3RouterPlugin method get_ha_sync_data_for_host called with arguments (, 'dv-neutron-818418-4-hyperv', Agent(admin_state_up=True,agent_type='L3 agent',availability_zone='nova',binary='neutron-l3-agent',configurations={"agent_mode": "legacy", "ex_gw_ports": 4, "extensions": [], "floating_ips": 0, "handle_internal_only_routers": true, "interface_driver": "openvswitch", "interfaces": 4, "log_agent_heartbeats": false, "routers": 4},created_at=2022-05-13T10:49:12Z,description=,heartbeat_timestamp=2022-05-13T10:57:42Z,host='dv-neutron-818418-4-hyperv',id=877d769e-cf69-49e8-b6f1-d367bb5ec724,load=0,resource_versions=,resources_synced=,started_at=2022-05-13T10:49:12Z,topic='l3_agent')) {'router_ids': ['e8b43165-b5dc-476b-86dd-238327a044a5'], 'active': True} {{(pid=103984) wrapper /usr/local/lib/python3.8/dist-packages/oslo_log/helpers.py:65}}
May 13 10:57:49.664358 dv-neutron-818418-4-hyperv neutron-server[103982]: DEBUG neutron.wsgi [-] (103982) accepted ('10.222.0.23', 59198) {{(pid=103982) server /usr/local/lib/python3.8/dist-packages/eventlet/wsgi.py:1004}}
May 13 10:57:49.680474 dv-neutron-818418-4-hyperv neutron-server[103983]: DEBUG neutron_lib.callbacks.manager [None req-94a755b0-117c-4e15-926a-65f90727e98a tempest-RoutersIpV6AdminTest-1616707329 tempest-RoutersIpV6AdminTest-1616707329-project] Publish callbacks [] for router (None), before_response {{(pid=103983) _notify_loop /usr/local/lib/python3.8/dist-packages/neutron_lib/callbacks/manager.py:176}}
May 13 10:57:49.686988 dv-neutron-818418-4-hyperv neutron-server[103983]: INFO neutron.wsgi [None req-94a755b0-117c-4e15-926a-65f90727e98a tempest-RoutersIpV6AdminTest-1616707329 tempest-RoutersIpV6AdminTest-1616707329-project] 10.222.0.23 "POST /v2.0/routers HTTP/1.1" status: 201 len: 887 time: 13.8285472
May 13 10:57:49.693904 dv-neutron-818418-4-hyperv neutron-server[103984]: DEBUG neutron.db.l3_hamode_db [None req-97ae5a86-67fb-4807-a795-5a36c0bdaa5b None None] neutron.services.l3_router.l3_router_plugin.L3RouterPlugin method _process_sync_ha_data called with arguments (, [], 'dv-neutron-818418-4-hyperv', False) {} {{(pid=103984) wrapper /usr/local/lib/python3.8/dist-packages/oslo_log/helpers.py:65}}
May 13 10:57:49.694699 dv-neutron-818418-4-hyperv neutron-server[103984]: DEBUG neutron.api.rpc.handlers.l3_rpc [None req-97ae5a86-67fb-4807-a795-5a36c0bdaa5b None None] The sync data for ids ['e8b43165-b5dc-476b-86dd-238327a044a5'] in dv-neutron-818418-4-hyperv is: [] {{(pid=103984) sync_routers /opt/stack/neutron/neutron/api/rpc/handlers/l3_rpc.py:137}}
May 13 10:57:49.695782 dv-neutron-818418-4-hyperv neutron-server[103983]: DEBUG neutron.wsgi [-] (103983) accepted ('10.222.0.23', 59200) {{(pid=103983) server /usr/local/lib/python3.8/dist-packages/eventlet/wsgi.py:1004}}
May 13 10:57:49.698759 dv-neutron-818418-4-hyperv neutron-server[103982]: DEBUG neutron.pecan_wsgi.hooks.policy_enforcement [None req-c9dc35bb-1f53-4304-a2ab-fde7c7726e62 tempest-NetworksTestDHCPv6-927182857 tempest-NetworksTestDHCPv6-927182857-project] Attributes excluded by policy engine: ['standard_attr_id', 'shared', 'segment_id'] {{(pid=103982) _exclude_attributes_by_policy /opt/stack/neutron/neutron/pecan_wsgi/hooks/policy_enforcement.py:259}}
May 13 10:57:49.700710 dv-neutron-818418-4-hyperv neutron-server[103982]: DEBUG neutron.pecan_wsgi.hooks.policy_enforcement [None req-c9dc35bb-1f53-4304-a2ab-fde7c7726e62 tempest-NetworksTestDHCPv6-927182857 tempest-NetworksTestDHCPv6-927182857-project] Attributes excluded by policy engine: ['standard_attr_id', 'shared', 'segment_id'] {{(pid=103982) _exclude_attributes_by_policy /opt/stack/neutron/neutron/pecan_wsgi/hooks/policy_enforcement.py:259}}
May 13 10:57:49.702554 dv-neutron-818418-4-hyperv neutron-server[103982]: INFO neutron.wsgi [None req-c9dc35bb-1f53-4304-a2ab-fde7c7726e62 tempest-NetworksTestDHCPv6-927182857 tempest-NetworksTestDHCPv6-927182857-project] 10.222.0.23 "GET /v2.0/subnets HTTP/1.1" status: 200 len: 1464 time: 0.2021029
May 13 10:57:49.708968 dv-neutron-818418-4-hyperv neutron-server[103983]: DEBUG neutron.wsgi [-] (103983) accepted ('10.222.0.23', 59202) {{(pid=103983) server /usr/local/lib/python3.8/dist-packages/eventlet/wsgi.py:1004}}
May 13 10:57:49.717271 dv-neutron-818418-4-hyperv neutron-server[103982]: INFO neutron.wsgi [None req-b6da1e60-7579-4e1a-ad03-c2055dce2873 tempest-MeteringTestJSON-1206166756 tempest-MeteringTestJSON-1206166756-project-admin] 10.222.0.23 "GET /v2.0/metering/metering-label-rules/46e01c75-e0f3-41a1-8426-5e7fcf760cbe HTTP/1.1" status: 200 len: 461 time: 0.0440793
May 13 10:57:49.757866 dv-neutron-818418-4-hyperv neutron-server[103982]: DEBUG neutron.wsgi [-] (103982) accepted ('10.222.0.23', 59204) {{(pid=103982) server /usr/local/lib/python3.8/dist-packages/eventlet/wsgi.py:1004}}
May 13 10:57:49.770481 dv-neutron-818418-4-hyperv neutron-server[103983]: DEBUG neutron.pecan_wsgi.hooks.policy_enforcement [req-db3967d1-99d4-4a6b-a195-2dc0f8011b8e req-3ff7c65f-e3db-495b-8879-ecb8618d9dcb tempest-ServersTestManualDisk-1709083237 tempest-ServersTestManualDisk-1709083237-project] Attributes excluded by policy engine: ['standard_attr_id', 'binding:profile', 'binding:host_id', 'binding:vif_type', 'binding:vif_details'] {{(pid=103983) _exclude_attributes_by_policy /opt/stack/neutron/neutron/pecan_wsgi/hooks/policy_enforcement.py:259}}
May 13 10:57:49.771976 dv-neutron-818418-4-hyperv neutron-server[103983]: INFO neutron.wsgi [req-db3967d1-99d4-4a6b-a195-2dc0f8011b8e req-3ff7c65f-e3db-495b-8879-ecb8618d9dcb tempest-ServersTestManualDisk-1709083237 tempest-ServersTestManualDisk-1709083237-project] 10.222.0.23 "GET /v2.0/ports?device_id=c57e9235-8a14-4cb2-bc30-e99eab550ded HTTP/1.1" status: 200 len: 931 time: 0.1515524
May 13 10:57:49.772728 dv-neutron-818418-4-hyperv neutron-server[103982]: DEBUG neutron.db.db_base_plugin_common [req-98f19e2b-adf4-40c8-a95e-299cf28c5ba3 req-bc532fe0-c64d-4d43-9857-32de099dc73d tempest-ServerActionsTestJSON-1356501926 tempest-ServerActionsTestJSON-1356501926-project] Allocated IP 172.20.0.14 (488142d9-b468-4fc3-9c1a-1ac264e99ac4/d80341f2-9cae-467f-97e2-ceb38374ea95/b3d13ed3-0b89-4999-846d-ac7c59eeed82) {{(pid=103982) _store_ip_allocation /opt/stack/neutron/neutron/db/db_base_plugin_common.py:131}}
May 13 10:57:49.828043 dv-neutron-818418-4-hyperv neutron-server[103983]: INFO neutron.wsgi [req-8862b076-f627-4f60-a098-aaf7bd24d9f5 req-59abd8f2-46b5-41a9-861e-8fe64532d714 service neutron] 10.222.0.25 "GET /v2.0/networks/123e2b67-063d-4cfd-9448-fae16349933d?fields=segments HTTP/1.1" status: 200 len: 212 time: 0.4193978
May 13 10:57:49.846507 dv-neutron-818418-4-hyperv neutron-server[103982]: DEBUG neutron.api.rpc.agentnotifiers.l3_rpc_agent_api [None req-0a55f1ff-6e00-4b71-97c8-f67c870941d1 tempest-FloatingIPNegativeTestJSON-1951082863 tempest-FloatingIPNegativeTestJSON-1951082863-project] Notify agent at l3_agent.dv-neutron-818418-4-hyperv the message routers_updated {{(pid=103982) _agent_notification /opt/stack/neutron/neutron/api/rpc/agentnotifiers/l3_rpc_agent_api.py:65}}
May 13 10:57:49.858194 dv-neutron-818418-4-hyperv neutron-server[103985]: DEBUG neutron.api.rpc.handlers.l3_rpc [None req-e40aaa5b-6b6b-406e-a6d5-a65826081ce4 None None] Sync routers for ids ['405f0aea-39ce-461d-8248-4640bf5da1c0'] in dv-neutron-818418-4-hyperv {{(pid=103985) sync_routers /opt/stack/neutron/neutron/api/rpc/handlers/l3_rpc.py:125}}
May 13 10:57:49.859131 dv-neutron-818418-4-hyperv neutron-server[103982]: INFO neutron.wsgi [None req-0a55f1ff-6e00-4b71-97c8-f67c870941d1 tempest-FloatingIPNegativeTestJSON-1951082863 tempest-FloatingIPNegativeTestJSON-1951082863-project] 10.222.0.23 "PUT /v2.0/routers/405f0aea-39ce-461d-8248-4640bf5da1c0/add_router_interface HTTP/1.1" status: 200 len: 503 time: 12.1632242
May 13 10:57:49.861652 dv-neutron-818418-4-hyperv neutron-server[103982]: DEBUG neutron.wsgi [-] (103982) accepted ('10.222.0.23', 59206) {{(pid=103982) server /usr/local/lib/python3.8/dist-packages/eventlet/wsgi.py:1004}}
May 13 10:57:49.871055 dv-neutron-818418-4-hyperv neutron-server[103985]: DEBUG neutron.db.l3_dvrscheduler_db [None req-e40aaa5b-6b6b-406e-a6d5-a65826081ce4 None None] Routers {'405f0aea-39ce-461d-8248-4640bf5da1c0'} bound to L3 agent in host dv-neutron-818418-4-hyperv {{(pid=103985) _get_router_ids_for_agent /opt/stack/neutron/neutron/db/l3_dvrscheduler_db.py:421}}
May 13 10:57:49.872639 dv-neutron-818418-4-hyperv neutron-server[103985]: DEBUG neutron.db.l3_hamode_db [None req-e40aaa5b-6b6b-406e-a6d5-a65826081ce4 None None] neutron.services.l3_router.l3_router_plugin.L3RouterPlugin method get_ha_sync_data_for_host called with arguments (, 'dv-neutron-818418-4-hyperv', Agent(admin_state_up=True,agent_type='L3 agent',availability_zone='nova',binary='neutron-l3-agent',configurations={"agent_mode": "legacy", "ex_gw_ports": 4, "extensions": [], "floating_ips": 0, "handle_internal_only_routers": true, "interface_driver": "openvswitch", "interfaces": 4, "log_agent_heartbeats": false, "routers": 4},created_at=2022-05-13T10:49:12Z,description=,heartbeat_timestamp=2022-05-13T10:57:42Z,host='dv-neutron-818418-4-hyperv',id=877d769e-cf69-49e8-b6f1-d367bb5ec724,load=0,resource_versions=,resources_synced=,started_at=2022-05-13T10:49:12Z,topic='l3_agent')) {'router_ids': ['405f0aea-39ce-461d-8248-4640bf5da1c0'], 'active': True} {{(pid=103985) wrapper /usr/local/lib/python3.8/dist-packages/oslo_log/helpers.py:65}}
May 13 10:57:49.879697 dv-neutron-818418-4-hyperv neutron-server[103982]: DEBUG neutron.api.v2.base [None req-ccb985f6-7669-4cd8-891b-fbf3ab0d06cc tempest-FloatingIPNegativeTestJSON-1951082863 tempest-FloatingIPNegativeTestJSON-1951082863-project] Request body: {'port': {'network_id': '77e9ecee-9f14-4ebc-b23a-8b0787b8a45c', 'name': 'tempest-FloatingIPNegativeTestJSON-1277254312'}} {{(pid=103982) prepare_request_body /opt/stack/neutron/neutron/api/v2/base.py:730}}
May 13 10:57:49.919414 dv-neutron-818418-4-hyperv neutron-server[103985]: DEBUG neutron.db.l3_hamode_db [None req-e40aaa5b-6b6b-406e-a6d5-a65826081ce4 None None] neutron.services.l3_router.l3_router_plugin.L3RouterPlugin method _process_sync_ha_data called with arguments (, [], 'dv-neutron-818418-4-hyperv', False) {} {{(pid=103985) wrapper /usr/local/lib/python3.8/dist-packages/oslo_log/helpers.py:65}}
May 13 10:57:49.929407 dv-neutron-818418-4-hyperv neutron-server[103985]: DEBUG neutron.db.l3_dvrscheduler_db [None req-e40aaa5b-6b6b-406e-a6d5-a65826081ce4 None None] Routers {'405f0aea-39ce-461d-8248-4640bf5da1c0'} bound to L3 agent in host dv-neutron-818418-4-hyperv {{(pid=103985) _get_router_ids_for_agent /opt/stack/neutron/neutron/db/l3_dvrscheduler_db.py:421}}
May 13 10:57:49.930229 dv-neutron-818418-4-hyperv neutron-server[103985]: DEBUG neutron.db.l3_hamode_db [None req-e40aaa5b-6b6b-406e-a6d5-a65826081ce4 None None] neutron.services.l3_router.l3_router_plugin.L3RouterPlugin method get_ha_sync_data_for_host called with arguments (, 'dv-neutron-818418-4-hyperv', Agent(admin_state_up=True,agent_type='L3 agent',availability_zone='nova',binary='neutron-l3-agent',configurations={"agent_mode": "legacy", "ex_gw_ports": 4, "extensions": [], "floating_ips": 0, "handle_internal_only_routers": true, "interface_driver": "openvswitch", "interfaces": 4, "log_agent_heartbeats": false, "routers": 4},created_at=2022-05-13T10:49:12Z,description=,heartbeat_timestamp=2022-05-13T10:57:42Z,host='dv-neutron-818418-4-hyperv',id=877d769e-cf69-49e8-b6f1-d367bb5ec724,load=0,resource_versions=,resources_synced=,started_at=2022-05-13T10:49:12Z,topic='l3_agent')) {'router_ids': ['405f0aea-39ce-461d-8248-4640bf5da1c0'], 'active': True} {{(pid=103985) wrapper /usr/local/lib/python3.8/dist-packages/oslo_log/helpers.py:65}}
May 13 10:57:49.965063 dv-neutron-818418-4-hyperv neutron-server[103985]: DEBUG neutron.db.l3_hamode_db [None req-e40aaa5b-6b6b-406e-a6d5-a65826081ce4 None None] neutron.services.l3_router.l3_router_plugin.L3RouterPlugin method _process_sync_ha_data called with arguments (, [], 'dv-neutron-818418-4-hyperv', False) {} {{(pid=103985) wrapper /usr/local/lib/python3.8/dist-packages/oslo_log/helpers.py:65}}
May 13 10:57:49.965769 dv-neutron-818418-4-hyperv neutron-server[103985]: DEBUG neutron.api.rpc.handlers.l3_rpc [None req-e40aaa5b-6b6b-406e-a6d5-a65826081ce4 None None] The sync data for ids ['405f0aea-39ce-461d-8248-4640bf5da1c0'] in dv-neutron-818418-4-hyperv is: [] {{(pid=103985) sync_routers /opt/stack/neutron/neutron/api/rpc/handlers/l3_rpc.py:137}}
May 13 10:57:49.987607 dv-neutron-818418-4-hyperv neutron-server[103983]: DEBUG neutron.db.db_base_plugin_v2 [None req-d16b8988-b20b-4e3f-b767-258947378ac3 tempest-NetworksTestDHCPv6-927182857 tempest-NetworksTestDHCPv6-927182857-project] Deleting subnet 03d80f39-ff85-41a2-bc7b-930b0b4795a7 {{(pid=103983) delete_subnet /opt/stack/neutron/neutron/db/db_base_plugin_v2.py:1067}}
May 13 10:57:50.142020 dv-neutron-818418-4-hyperv neutron-server[103982]: DEBUG neutron_lib.callbacks.manager [None req-a0ffb59d-fd8f-47b1-9fad-3b21cca8c87d tempest-MeteringTestJSON-1206166756 tempest-MeteringTestJSON-1206166756-project-admin] Publish callbacks [] for metering_label_rule (None), before_response {{(pid=103982) _notify_loop /usr/local/lib/python3.8/dist-packages/neutron_lib/callbacks/manager.py:176}}
May 13 10:57:50.143395 dv-neutron-818418-4-hyperv neutron-server[103982]: INFO neutron.wsgi [None req-a0ffb59d-fd8f-47b1-9fad-3b21cca8c87d tempest-MeteringTestJSON-1206166756 tempest-MeteringTestJSON-1206166756-project-admin] 10.222.0.23 "DELETE /v2.0/metering/metering-label-rules/46e01c75-e0f3-41a1-8426-5e7fcf760cbe HTTP/1.1" status: 204 len: 168 time: 0.3831234
May 13 10:57:50.151573 dv-neutron-818418-4-hyperv neutron-server[103982]: INFO neutron.wsgi [req-0d268b9e-b633-4043-be86-a13c3805383a req-7c1bde7c-bf2a-442a-80a6-e0d9dc1d1676 tempest-ServerActionsTestJSON-1356501926 tempest-ServerActionsTestJSON-1356501926-project] 10.222.0.23 "GET /v2.0/ports?device_id=a90fb89f-a774-4cf9-bbf7-35df477cc4dd HTTP/1.1" status: 200 len: 210 time: 0.1602435
May 13 10:57:50.160942 dv-neutron-818418-4-hyperv neutron-server[103982]: DEBUG neutron.wsgi [-] (103982) accepted ('10.222.0.23', 59210) {{(pid=103982) server /usr/local/lib/python3.8/dist-packages/eventlet/wsgi.py:1004}}
May 13 10:57:50.262693 dv-neutron-818418-4-hyperv neutron-server[103983]: DEBUG neutron_lib.callbacks.manager [None req-d16b8988-b20b-4e3f-b767-258947378ac3 tempest-NetworksTestDHCPv6-927182857 tempest-NetworksTestDHCPv6-927182857-project] Publish callbacks [] for subnet (03d80f39-ff85-41a2-bc7b-930b0b4795a7), before_delete {{(pid=103983) _notify_loop /usr/local/lib/python3.8/dist-packages/neutron_lib/callbacks/manager.py:176}}
May 13 10:57:50.266813 dv-neutron-818418-4-hyperv neutron-server[103983]: DEBUG neutron.notifiers.nova [req-a53a64cd-a915-44c5-aeae-971bd5061776 req-84098d65-23e4-4929-96fc-4091f626a3f5 service neutron] Ignoring state change previous_port_status: DOWN current_port_status: DOWN port_id ad553157-ea11-4214-8425-2b8f3446234a {{(pid=103983) record_port_status_changed /opt/stack/neutron/neutron/notifiers/nova.py:233}}
May 13 10:57:50.317318 dv-neutron-818418-4-hyperv neutron-server[103983]: DEBUG neutron_lib.callbacks.manager [req-a53a64cd-a915-44c5-aeae-971bd5061776 req-84098d65-23e4-4929-96fc-4091f626a3f5 service neutron] Publish callbacks [] for port (ad553157-ea11-4214-8425-2b8f3446234a), precommit_update {{(pid=103983) _notify_loop /usr/local/lib/python3.8/dist-packages/neutron_lib/callbacks/manager.py:176}}
May 13 10:57:50.358287 dv-neutron-818418-4-hyperv neutron-server[103982]: DEBUG neutron.scheduler.l3_agent_scheduler [None req-a445a3c4-70f9-4ee1-802c-b3ff756b671d tempest-FloatingIPAdminTestJSON-409236248 tempest-FloatingIPAdminTestJSON-409236248-project] Router a1303f6a-eb30-4501-a448-c7d177a7bb26 is scheduled to L3 agent 877d769e-cf69-49e8-b6f1-d367bb5ec724 with binding_index 1 {{(pid=103982) bind_router /opt/stack/neutron/neutron/scheduler/l3_agent_scheduler.py:209}}
May 13 10:57:50.360017 dv-neutron-818418-4-hyperv neutron-server[103983]: INFO neutron.wsgi [None req-06478449-5896-4dec-9a86-870142a0aa23 tempest-RoutersIpV6AdminTest-1992861858 tempest-RoutersIpV6AdminTest-1992861858-project-admin] 10.222.0.23 "GET /v2.0/routers/e8b43165-b5dc-476b-86dd-238327a044a5 HTTP/1.1" status: 200 len: 923 time: 0.6631083
May 13 10:57:50.368981 dv-neutron-818418-4-hyperv neutron-server[103982]: DEBUG neutron.wsgi [-] (103982) accepted ('10.222.0.23', 59212) {{(pid=103982) server /usr/local/lib/python3.8/dist-packages/eventlet/wsgi.py:1004}}
May 13 10:57:50.376428 dv-neutron-818418-4-hyperv neutron-server[103983]: INFO neutron.wsgi [req-db3967d1-99d4-4a6b-a195-2dc0f8011b8e req-83119d61-6827-4137-a71a-b20ede0b62ca tempest-ServersTestManualDisk-1709083237 tempest-ServersTestManualDisk-1709083237-project] 10.222.0.23 "GET /v2.0/security-groups?id=cfdad925-39e6-43b0-852a-15ef7546ac83&fields=id&fields=name HTTP/1.1" status: 200 len: 312 time: 0.5842323
May 13 10:57:50.383125 dv-neutron-818418-4-hyperv neutron-server[103983]: DEBUG neutron_lib.callbacks.manager [None req-d16b8988-b20b-4e3f-b767-258947378ac3 tempest-NetworksTestDHCPv6-927182857 tempest-NetworksTestDHCPv6-927182857-project] Publish callbacks ['neutron.services.segments.plugin.Plugin._validate_auto_address_subnet_delete-2131062'] for subnet (03d80f39-ff85-41a2-bc7b-930b0b4795a7), precommit_delete_associations {{(pid=103983) _notify_loop /usr/local/lib/python3.8/dist-packages/neutron_lib/callbacks/manager.py:176}}
May 13 10:57:50.421424 dv-neutron-818418-4-hyperv neutron-server[103983]: DEBUG neutron.db.provisioning_blocks [req-a53a64cd-a915-44c5-aeae-971bd5061776 req-84098d65-23e4-4929-96fc-4091f626a3f5 service neutron] Transition to ACTIVE for port object ad553157-ea11-4214-8425-2b8f3446234a will not be triggered until provisioned by entity L2. {{(pid=103983) add_provisioning_component /opt/stack/neutron/neutron/db/provisioning_blocks.py:75}}
May 13 10:57:50.433739 dv-neutron-818418-4-hyperv neutron-server[103983]: DEBUG neutron_lib.callbacks.manager [req-a53a64cd-a915-44c5-aeae-971bd5061776 req-84098d65-23e4-4929-96fc-4091f626a3f5 service neutron] Publish callbacks ['neutron.plugins.ml2.plugin.SecurityGroupServerNotifierRpcMixin._notify_sg_on_port_change-33255323', 'neutron.plugins.ml2.ovo_rpc._ObjectChangeHandler.handle_event-107287', 'neutron.api.rpc.agentnotifiers.dhcp_rpc_agent_api.DhcpAgentNotifyAPI._native_event_send_dhcp_notification-746051', 'neutron.db.l3_db.L3RpcNotifierMixin._notify_gateway_port_ip_changed-8733429965222', 'neutron.db.l3_dvrscheduler_db._notify_l3_agent_port_update-8733429470329', 'neutron.db.l3_hascheduler_db._notify_l3_agent_ha_port_update-8733429470347', 'neutron.services.segments.plugin.NovaSegmentNotifier._notify_port_updated-2626453'] for port (ad553157-ea11-4214-8425-2b8f3446234a), after_update {{(pid=103983) _notify_loop /usr/local/lib/python3.8/dist-packages/neutron_lib/callbacks/manager.py:176}}
May 13 10:57:50.463271 dv-neutron-818418-4-hyperv neutron-server[103982]: DEBUG neutron_lib.callbacks.manager [req-98f19e2b-adf4-40c8-a95e-299cf28c5ba3 req-bc532fe0-c64d-4d43-9857-32de099dc73d tempest-ServerActionsTestJSON-1356501926 tempest-ServerActionsTestJSON-1356501926-project] Publish callbacks [] for port (b3d13ed3-0b89-4999-846d-ac7c59eeed82), precommit_create {{(pid=103982) _notify_loop /usr/local/lib/python3.8/dist-packages/neutron_lib/callbacks/manager.py:176}}
May 13 10:57:50.507087 dv-neutron-818418-4-hyperv neutron-server[103983]: INFO neutron.wsgi [req-8862b076-f627-4f60-a098-aaf7bd24d9f5 req-9b9c61e7-68e0-4ad4-9003-7732c1efd6c3 service neutron] 10.222.0.25 "GET /v2.0/networks/123e2b67-063d-4cfd-9448-fae16349933d?fields=provider%3Aphysical_network&fields=provider%3Anetwork_type HTTP/1.1" status: 200 len: 281 time: 0.6658700
May 13 10:57:50.513114 dv-neutron-818418-4-hyperv neutron-server[103982]: DEBUG neutron.pecan_wsgi.hooks.quota_enforcement [None req-ccb985f6-7669-4cd8-891b-fbf3ab0d06cc tempest-FloatingIPNegativeTestJSON-1951082863 tempest-FloatingIPNegativeTestJSON-1951082863-project] Made reservation on behalf of 20da3018a71148fba640393c9b9529e0 for: {'port': 1} {{(pid=103982) before /opt/stack/neutron/neutron/pecan_wsgi/hooks/quota_enforcement.py:53}}
May 13 10:57:50.516486 dv-neutron-818418-4-hyperv neutron-server[103982]: DEBUG neutron_lib.callbacks.manager [None req-ccb985f6-7669-4cd8-891b-fbf3ab0d06cc tempest-FloatingIPNegativeTestJSON-1951082863 tempest-FloatingIPNegativeTestJSON-1951082863-project] Publish callbacks ['neutron.plugins.ml2.plugin.SecurityGroupDbMixin._ensure_default_security_group_handler-33255223'] for port (None), before_create {{(pid=103982) _notify_loop /usr/local/lib/python3.8/dist-packages/neutron_lib/callbacks/manager.py:176}}
May 13 10:57:50.521094 dv-neutron-818418-4-hyperv neutron-server[103983]: DEBUG neutron.api.rpc.handlers.resources_rpc [None req-84098d65-23e4-4929-96fc-4091f626a3f5 service neutron] Pushing event updated for resources: {'Port': ['ID=ad553157-ea11-4214-8425-2b8f3446234a,revision_number=2']} {{(pid=103983) push /opt/stack/neutron/neutron/api/rpc/handlers/resources_rpc.py:237}}
May 13 10:57:50.536964 dv-neutron-818418-4-hyperv neutron-server[103982]: INFO neutron.wsgi [None req-17ae0eaa-734e-4ab9-8fa2-b19278141e40 tempest-RoutersIpV6AdminTest-1616707329 tempest-RoutersIpV6AdminTest-1616707329-project] 10.222.0.23 "GET /v2.0/ports?device_id=e8b43165-b5dc-476b-86dd-238327a044a5 HTTP/1.1" status: 200 len: 205 time: 0.1626344
May 13 10:57:50.547125 dv-neutron-818418-4-hyperv neutron-server[103983]: DEBUG neutron.wsgi [-] (103983) accepted ('10.222.0.23', 59216) {{(pid=103983) server /usr/local/lib/python3.8/dist-packages/eventlet/wsgi.py:1004}}
May 13 10:57:50.653860 dv-neutron-818418-4-hyperv neutron-server[103982]: DEBUG neutron_lib.callbacks.manager [None req-a40615e5-2780-423e-9174-f67116830dc7 tempest-MeteringTestJSON-1206166756 tempest-MeteringTestJSON-1206166756-project-admin] Publish callbacks [] for metering_label (None), before_response {{(pid=103982) _notify_loop /usr/local/lib/python3.8/dist-packages/neutron_lib/callbacks/manager.py:176}}
