Jan 11 08:33:34.746840 dv-neutron-818228-4-hyperv neutron-server[103726]: DEBUG neutron.api.rpc.callbacks.version_manager [None req-a0daa1e5-001d-4629-9311-da8059c09308 None None] Version for resource type PortForwarding changed None to 1.2 on consumer Open vSwitch agent@dv-neutron-818228-4-hyperv {{(pid=103726) _set_version /opt/stack/neutron/neutron/api/rpc/callbacks/version_manager.py:113}}
Jan 11 08:33:34.747312 dv-neutron-818228-4-hyperv neutron-server[103726]: DEBUG neutron.api.rpc.callbacks.version_manager [None req-a0daa1e5-001d-4629-9311-da8059c09308 None None] Version for resource type QosPolicy changed None to 1.10 on consumer Open vSwitch agent@dv-neutron-818228-4-hyperv {{(pid=103726) _set_version /opt/stack/neutron/neutron/api/rpc/callbacks/version_manager.py:113}}
Jan 11 08:33:34.748111 dv-neutron-818228-4-hyperv neutron-server[103726]: DEBUG neutron.api.rpc.callbacks.version_manager [None req-a0daa1e5-001d-4629-9311-da8059c09308 None None] Version for resource type SecurityGroup changed None to 1.5 on consumer Open vSwitch agent@dv-neutron-818228-4-hyperv {{(pid=103726) _set_version /opt/stack/neutron/neutron/api/rpc/callbacks/version_manager.py:113}}
Jan 11 08:33:34.750035 dv-neutron-818228-4-hyperv neutron-server[103726]: DEBUG neutron.api.rpc.callbacks.version_manager [None req-a0daa1e5-001d-4629-9311-da8059c09308 None None] Version for resource type SecurityGroupRule changed None to 1.2 on consumer Open vSwitch agent@dv-neutron-818228-4-hyperv {{(pid=103726) _set_version /opt/stack/neutron/neutron/api/rpc/callbacks/version_manager.py:113}}
Jan 11 08:33:34.750389 dv-neutron-818228-4-hyperv neutron-server[103726]: DEBUG neutron.api.rpc.callbacks.version_manager [None req-a0daa1e5-001d-4629-9311-da8059c09308 None None] Version for resource type SubPort changed None to 1.0 on consumer Open vSwitch agent@dv-neutron-818228-4-hyperv {{(pid=103726) _set_version /opt/stack/neutron/neutron/api/rpc/callbacks/version_manager.py:113}}
Jan 11 08:33:34.750747 dv-neutron-818228-4-hyperv neutron-server[103726]: DEBUG neutron.api.rpc.callbacks.version_manager [None req-a0daa1e5-001d-4629-9311-da8059c09308 None None] Version for resource type Subnet changed None to 1.1 on consumer Open vSwitch agent@dv-neutron-818228-4-hyperv {{(pid=103726) _set_version /opt/stack/neutron/neutron/api/rpc/callbacks/version_manager.py:113}}
Jan 11 08:33:34.751085 dv-neutron-818228-4-hyperv neutron-server[103726]: DEBUG neutron.api.rpc.callbacks.version_manager [None req-a0daa1e5-001d-4629-9311-da8059c09308 None None] Version for resource type Trunk changed None to 1.1 on consumer Open vSwitch agent@dv-neutron-818228-4-hyperv {{(pid=103726) _set_version /opt/stack/neutron/neutron/api/rpc/callbacks/version_manager.py:113}}
Jan 11 08:33:34.752422 dv-neutron-818228-4-hyperv neutron-server[103726]: DEBUG neutron.api.rpc.callbacks.version_manager [None req-a0daa1e5-001d-4629-9311-da8059c09308 None None] Tracked resource versions report:
Jan 11 08:33:34.752422 dv-neutron-818228-4-hyperv neutron-server[103726]: pushed versions:
Jan 11 08:33:34.752422 dv-neutron-818228-4-hyperv neutron-server[103726]: { 'AddressGroup': {'1.2'},
Jan 11 08:33:34.752422 dv-neutron-818228-4-hyperv neutron-server[103726]: 'ConntrackHelper': {'1.0'},
Jan 11 08:33:34.752422 dv-neutron-818228-4-hyperv neutron-server[103726]: 'LocalIPAssociation': {'1.0'},
Jan 11 08:33:34.752422 dv-neutron-818228-4-hyperv neutron-server[103726]: 'Log': {'1.0'},
Jan 11 08:33:34.752422 dv-neutron-818228-4-hyperv neutron-server[103726]: 'Network': {'1.1'},
Jan 11 08:33:34.752422 dv-neutron-818228-4-hyperv neutron-server[103726]: 'Port': {'1.7'},
Jan 11 08:33:34.752422 dv-neutron-818228-4-hyperv neutron-server[103726]: 'PortForwarding': {'1.2'},
Jan 11 08:33:34.752422 dv-neutron-818228-4-hyperv neutron-server[103726]: 'QosPolicy': {'1.10'},
Jan 11 08:33:34.752422 dv-neutron-818228-4-hyperv neutron-server[103726]: 'SecurityGroup': {'1.5'},
Jan 11 08:33:34.752422 dv-neutron-818228-4-hyperv neutron-server[103726]: 'SecurityGroupRule': {'1.2'},
Jan 11 08:33:34.752422 dv-neutron-818228-4-hyperv neutron-server[103726]: 'SubPort': {'1.0'},
Jan 11 08:33:34.752422 dv-neutron-818228-4-hyperv neutron-server[103726]: 'Subnet': {'1.1'},
Jan 11 08:33:34.752422 dv-neutron-818228-4-hyperv neutron-server[103726]: 'Trunk': {'1.1'}}
Jan 11 08:33:34.752422 dv-neutron-818228-4-hyperv neutron-server[103726]: consumer versions:
Jan 11 08:33:34.752422 dv-neutron-818228-4-hyperv neutron-server[103726]: { DHCP agent@dv-neutron-818228-4-hyperv: {},
Jan 11 08:33:34.752422 dv-neutron-818228-4-hyperv neutron-server[103726]: HyperV agent@hv-neutron-8182: {},
Jan 11 08:33:34.752422 dv-neutron-818228-4-hyperv neutron-server[103726]: L3 agent@dv-neutron-818228-4-hyperv: {},
Jan 11 08:33:34.752422 dv-neutron-818228-4-hyperv neutron-server[103726]: Metadata agent@dv-neutron-818228-4-hyperv: {},
Jan 11 08:33:34.752422 dv-neutron-818228-4-hyperv neutron-server[103726]: Metering agent@dv-neutron-818228-4-hyperv: {},
Jan 11 08:33:34.752422 dv-neutron-818228-4-hyperv neutron-server[103726]: Open vSwitch agent@dv-neutron-818228-4-hyperv: { 'AddressGroup': '1.2',
Jan 11 08:33:34.752422 dv-neutron-818228-4-hyperv neutron-server[103726]: 'ConntrackHelper': '1.0',
Jan 11 08:33:34.752422 dv-neutron-818228-4-hyperv neutron-server[103726]: 'LocalIPAssociation': '1.0',
Jan 11 08:33:34.752422 dv-neutron-818228-4-hyperv neutron-server[103726]: 'Log': '1.0',
Jan 11 08:33:34.752422 dv-neutron-818228-4-hyperv neutron-server[103726]: 'Network': '1.1',
Jan 11 08:33:34.752422 dv-neutron-818228-4-hyperv neutron-server[103726]: 'Port': '1.7',
Jan 11 08:33:34.752422 dv-neutron-818228-4-hyperv neutron-server[103726]: 'PortForwarding': '1.2',
Jan 11 08:33:34.752422 dv-neutron-818228-4-hyperv neutron-server[103726]: 'QosPolicy': '1.10',
Jan 11 08:33:34.752422 dv-neutron-818228-4-hyperv neutron-server[103726]: 'SecurityGroup': '1.5',
Jan 11 08:33:34.752422 dv-neutron-818228-4-hyperv neutron-server[103726]: 'SecurityGroupRule': '1.2',
Jan 11 08:33:34.752422 dv-neutron-818228-4-hyperv neutron-server[103726]: 'SubPort': '1.0',
Jan 11 08:33:34.752422 dv-neutron-818228-4-hyperv neutron-server[103726]: 'Subnet': '1.1',
Jan 11 08:33:34.752422 dv-neutron-818228-4-hyperv neutron-server[103726]: 'Trunk': '1.1'}}
Jan 11 08:33:34.752422 dv-neutron-818228-4-hyperv neutron-server[103726]: {{(pid=103726) report /opt/stack/neutron/neutron/api/rpc/callbacks/version_manager.py:175}}
Jan 11 08:33:34.765166 dv-neutron-818228-4-hyperv neutron-server[103724]: DEBUG neutron.pecan_wsgi.hooks.quota_enforcement [None req-30f91857-f032-4b3a-a6d0-c4433c1d93e3 tempest-RoutersAdminTest-603762924 tempest-RoutersAdminTest-603762924-project-admin] Made reservation on behalf of dede3484bf2f477797026b14216eb55e for: {'port': 1} {{(pid=103724) before /opt/stack/neutron/neutron/pecan_wsgi/hooks/quota_enforcement.py:53}}
Jan 11 08:33:34.767599 dv-neutron-818228-4-hyperv neutron-server[103724]: DEBUG neutron_lib.callbacks.manager [None req-30f91857-f032-4b3a-a6d0-c4433c1d93e3 tempest-RoutersAdminTest-603762924 tempest-RoutersAdminTest-603762924-project-admin] Publish callbacks ['neutron.plugins.ml2.plugin.SecurityGroupDbMixin._ensure_default_security_group_handler-1612083'] for port (None), before_create {{(pid=103724) _notify_loop /usr/local/lib/python3.8/dist-packages/neutron_lib/callbacks/manager.py:176}}
Jan 11 08:33:34.778315 dv-neutron-818228-4-hyperv neutron-server[103723]: INFO neutron.wsgi [None req-afd44982-b682-4bbe-9a21-5403dfd63eb6 admin admin] 10.222.0.26 "GET /v2.0/security-groups?tenant_id=4c0610f14de54a8b927118f21b754965&name=default HTTP/1.1" status: 200 len: 2995 time: 0.7774186
Jan 11 08:33:34.781317 dv-neutron-818228-4-hyperv neutron-server[103726]: DEBUG neutron_lib.callbacks.manager [None req-ca633c53-77d0-4a86-9942-6361e9e3e007 None None] Publish callbacks ['neutron.plugins.ml2.plugin.SecurityGroupServerNotifierRpcMixin._notify_sg_on_port_change-1612146', 'neutron.plugins.ml2.ovo_rpc._ObjectChangeHandler.handle_event-973721', 'neutron.api.rpc.agentnotifiers.dhcp_rpc_agent_api.DhcpAgentNotifyAPI._native_event_send_dhcp_notification-554988', 'neutron.db.l3_db.L3RpcNotifierMixin._notify_gateway_port_ip_changed-8749062795138', 'neutron.db.l3_dvrscheduler_db._notify_l3_agent_port_update-8749062324776', 'neutron.db.l3_hascheduler_db._notify_l3_agent_ha_port_update-8749062324794'] for port (175a8575-8e27-4260-aacd-74fcb82cada0), after_update {{(pid=103726) _notify_loop /usr/local/lib/python3.8/dist-packages/neutron_lib/callbacks/manager.py:176}}
Jan 11 08:33:34.782960 dv-neutron-818228-4-hyperv neutron-server[103723]: DEBUG neutron.api.rpc.handlers.resources_rpc [None req-afd44982-b682-4bbe-9a21-5403dfd63eb6 admin admin] Pushing event updated for resources: {'SecurityGroup': ['ID=f5b9cc11-c796-4c7e-ba92-884156cee299,revision_number=1']} {{(pid=103723) push /opt/stack/neutron/neutron/api/rpc/handlers/resources_rpc.py:237}}
Jan 11 08:33:34.787069 dv-neutron-818228-4-hyperv neutron-server[103723]: DEBUG neutron.wsgi [-] (103723) accepted ('10.222.0.26', 44264) {{(pid=103723) server /usr/local/lib/python3.8/dist-packages/eventlet/wsgi.py:1004}}
Jan 11 08:33:34.795901 dv-neutron-818228-4-hyperv neutron-server[103724]: DEBUG neutron_lib.callbacks.manager [None req-85e80b6c-4907-4a95-9fc0-aa978fcc473b admin admin] Publish callbacks ['neutron.plugins.ml2.ovo_rpc._ObjectChangeHandler.handle_event-500260'] for security_group (7f83f011-2c36-4435-a9ae-ab7412275a9d), after_create {{(pid=103724) _notify_loop /usr/local/lib/python3.8/dist-packages/neutron_lib/callbacks/manager.py:176}}
Jan 11 08:33:34.798609 dv-neutron-818228-4-hyperv neutron-server[103724]: DEBUG neutron.db.l3_dvrscheduler_db [None req-9fa9d805-268e-49ef-a09a-e0b0b321e175 tempest-PortsAdminExtendedAttrsIpV6TestJSON-1788202445 tempest-PortsAdminExtendedAttrsIpV6TestJSON-1788202445-project-admin] Received port after_create {{(pid=103724) _notify_l3_agent_new_port /opt/stack/neutron/neutron/db/l3_dvrscheduler_db.py:535}}
Jan 11 08:33:34.799262 dv-neutron-818228-4-hyperv neutron-server[103723]: DEBUG neutron_lib.callbacks.manager [None req-bb6cb302-aad9-4a52-ae27-967c73dad6cd admin admin] Publish callbacks [] for router (None), before_response {{(pid=103723) _notify_loop /usr/local/lib/python3.8/dist-packages/neutron_lib/callbacks/manager.py:176}}
Jan 11 08:33:34.803671 dv-neutron-818228-4-hyperv neutron-server[103723]: INFO neutron.wsgi [None req-bb6cb302-aad9-4a52-ae27-967c73dad6cd admin admin] 10.222.0.26 "POST /v2.0/routers HTTP/1.1" status: 201 len: 923 time: 5.6036677
Jan 11 08:33:34.805772 dv-neutron-818228-4-hyperv neutron-server[103723]: DEBUG neutron.wsgi [-] (103723) accepted ('10.222.0.26', 44266) {{(pid=103723) server /usr/local/lib/python3.8/dist-packages/eventlet/wsgi.py:1004}}
Jan 11 08:33:34.838017 dv-neutron-818228-4-hyperv neutron-server[103724]: DEBUG neutron.api.rpc.agentnotifiers.l3_rpc_agent_api [None req-a9c94dc4-92c0-4cb6-add5-c22fd2b7fe7f admin admin] Notify agent at l3_agent.dv-neutron-818228-4-hyperv the message routers_updated {{(pid=103724) _agent_notification /opt/stack/neutron/neutron/api/rpc/agentnotifiers/l3_rpc_agent_api.py:65}}
Jan 11 08:33:34.846976 dv-neutron-818228-4-hyperv neutron-server[103724]: DEBUG neutron.api.rpc.handlers.resources_rpc [None req-85e80b6c-4907-4a95-9fc0-aa978fcc473b admin admin] Pushing event updated for resources: {'SecurityGroup': ['ID=7f83f011-2c36-4435-a9ae-ab7412275a9d,revision_number=1']} {{(pid=103724) push /opt/stack/neutron/neutron/api/rpc/handlers/resources_rpc.py:237}}
Jan 11 08:33:34.867796 dv-neutron-818228-4-hyperv neutron-server[103725]: DEBUG neutron.db.l3_dvr_db [None req-2e918da6-a615-448c-928a-168dcc88ff02 None None] Set router 96879c0c-b8fc-4f40-8ae8-ffde82218db6 gateway port host: dv-neutron-818228-4-hyperv {{(pid=103725) _build_routers_list /opt/stack/neutron/neutron/db/l3_dvr_db.py:906}}
Jan 11 08:33:34.910761 dv-neutron-818228-4-hyperv neutron-server[103724]: DEBUG neutron.notifiers.nova [None req-30f91857-f032-4b3a-a6d0-c4433c1d93e3 tempest-RoutersAdminTest-603762924 tempest-RoutersAdminTest-603762924-project-admin] device_id is not set on port ef259085-1af5-48f9-aacb-85c9814ed1f1 yet. {{(pid=103724) _can_notify /opt/stack/neutron/neutron/notifiers/nova.py:190}}
Jan 11 08:33:34.915798 dv-neutron-818228-4-hyperv neutron-server[103724]: DEBUG neutron.plugins.ml2.managers [None req-9fa9d805-268e-49ef-a09a-e0b0b321e175 tempest-PortsAdminExtendedAttrsIpV6TestJSON-1788202445 tempest-PortsAdminExtendedAttrsIpV6TestJSON-1788202445-project-admin] Attempting to bind port 70efa632-09a7-4042-ad43-834c8017b531 on host hv-neutron-8182 for vnic_type normal with profile {{(pid=103724) bind_port /opt/stack/neutron/neutron/plugins/ml2/managers.py:795}}
Jan 11 08:33:34.916237 dv-neutron-818228-4-hyperv neutron-server[103724]: DEBUG neutron.plugins.ml2.managers [None req-9fa9d805-268e-49ef-a09a-e0b0b321e175 tempest-PortsAdminExtendedAttrsIpV6TestJSON-1788202445 tempest-PortsAdminExtendedAttrsIpV6TestJSON-1788202445-project-admin] Attempting to bind port 70efa632-09a7-4042-ad43-834c8017b531 by drivers openvswitch,hyperv on host hv-neutron-8182 at level 0 using segments [{'id': '8c79d5bc-0c9c-46fe-a57a-0be6f49f2f81', 'network_type': 'vlan', 'physical_network': 'physnet1', 'segmentation_id': 83, 'network_id': 'a6fb34bb-9973-4dcf-976d-cbb3318244da'}] {{(pid=103724) _bind_port_level /opt/stack/neutron/neutron/plugins/ml2/managers.py:820}}
Jan 11 08:33:34.916631 dv-neutron-818228-4-hyperv neutron-server[103724]: DEBUG neutron.plugins.ml2.drivers.mech_agent [None req-9fa9d805-268e-49ef-a09a-e0b0b321e175 tempest-PortsAdminExtendedAttrsIpV6TestJSON-1788202445 tempest-PortsAdminExtendedAttrsIpV6TestJSON-1788202445-project-admin] Attempting to bind port 70efa632-09a7-4042-ad43-834c8017b531 on network a6fb34bb-9973-4dcf-976d-cbb3318244da {{(pid=103724) bind_port /opt/stack/neutron/neutron/plugins/ml2/drivers/mech_agent.py:91}}
Jan 11 08:33:34.922285 dv-neutron-818228-4-hyperv neutron-server[103726]: DEBUG neutron.api.rpc.handlers.resources_rpc [None req-a0daa1e5-001d-4629-9311-da8059c09308 None None] Pushing event updated for resources: {'Port': ['ID=175a8575-8e27-4260-aacd-74fcb82cada0,revision_number=3']} {{(pid=103726) push /opt/stack/neutron/neutron/api/rpc/handlers/resources_rpc.py:237}}
Jan 11 08:33:34.927114 dv-neutron-818228-4-hyperv neutron-server[103724]: DEBUG neutron.plugins.ml2.drivers.mech_agent [None req-9fa9d805-268e-49ef-a09a-e0b0b321e175 tempest-PortsAdminExtendedAttrsIpV6TestJSON-1788202445 tempest-PortsAdminExtendedAttrsIpV6TestJSON-1788202445-project-admin] Port 70efa632-09a7-4042-ad43-834c8017b531 on network a6fb34bb-9973-4dcf-976d-cbb3318244da not bound, no agent of type Open vSwitch agent registered on host hv-neutron-8182 {{(pid=103724) bind_port /opt/stack/neutron/neutron/plugins/ml2/drivers/mech_agent.py:103}}
Jan 11 08:33:34.927584 dv-neutron-818228-4-hyperv neutron-server[103724]: ERROR neutron.plugins.ml2.managers [None req-9fa9d805-268e-49ef-a09a-e0b0b321e175 tempest-PortsAdminExtendedAttrsIpV6TestJSON-1788202445 tempest-PortsAdminExtendedAttrsIpV6TestJSON-1788202445-project-admin] Failed to bind port 70efa632-09a7-4042-ad43-834c8017b531 on host hv-neutron-8182 for vnic_type normal using segments [{'id': '8c79d5bc-0c9c-46fe-a57a-0be6f49f2f81', 'network_type': 'vlan', 'physical_network': 'physnet1', 'segmentation_id': 83, 'network_id': 'a6fb34bb-9973-4dcf-976d-cbb3318244da'}]
Jan 11 08:33:34.930639 dv-neutron-818228-4-hyperv neutron-server[103724]: INFO neutron.plugins.ml2.plugin [None req-9fa9d805-268e-49ef-a09a-e0b0b321e175 tempest-PortsAdminExtendedAttrsIpV6TestJSON-1788202445 tempest-PortsAdminExtendedAttrsIpV6TestJSON-1788202445-project-admin] Attempt 2 to bind port 70efa632-09a7-4042-ad43-834c8017b531
Jan 11 08:33:34.936970 dv-neutron-818228-4-hyperv neutron-server[103724]: INFO neutron.wsgi [None req-85e80b6c-4907-4a95-9fc0-aa978fcc473b admin admin] 10.222.0.26 "GET /v2.0/security-groups?tenant_id=733589d5f8a441f399bf9fa6dd296e60&name=default HTTP/1.1" status: 200 len: 2996 time: 0.5380847
Jan 11 08:33:34.947519 dv-neutron-818228-4-hyperv neutron-server[103724]: DEBUG neutron.wsgi [-] (103724) accepted ('10.222.0.26', 44270) {{(pid=103724) server /usr/local/lib/python3.8/dist-packages/eventlet/wsgi.py:1004}}
Jan 11 08:33:34.947603 dv-neutron-818228-4-hyperv neutron-server[103726]: DEBUG neutron.api.rpc.handlers.l3_rpc [None req-cd696510-24fc-46cb-ad25-8602373cb666 None None] Sync routers for ids ['46348392-419f-42b3-959a-bcf88439ab89'] in dv-neutron-818228-4-hyperv {{(pid=103726) sync_routers /opt/stack/neutron/neutron/api/rpc/handlers/l3_rpc.py:125}}
Jan 11 08:33:34.976161 dv-neutron-818228-4-hyperv neutron-server[103726]: DEBUG neutron.db.l3_dvrscheduler_db [None req-cd696510-24fc-46cb-ad25-8602373cb666 None None] Routers {'46348392-419f-42b3-959a-bcf88439ab89'} bound to L3 agent in host dv-neutron-818228-4-hyperv {{(pid=103726) _get_router_ids_for_agent /opt/stack/neutron/neutron/db/l3_dvrscheduler_db.py:420}}
Jan 11 08:33:34.978185 dv-neutron-818228-4-hyperv neutron-server[103726]: DEBUG neutron.db.l3_hamode_db [None req-cd696510-24fc-46cb-ad25-8602373cb666 None None] neutron.services.l3_router.l3_router_plugin.L3RouterPlugin method get_ha_sync_data_for_host called with arguments (, 'dv-neutron-818228-4-hyperv', Agent(admin_state_up=True,agent_type='L3 agent',availability_zone='nova',binary='neutron-l3-agent',configurations={"agent_mode": "legacy", "ex_gw_ports": 1, "extensions": [], "floating_ips": 0, "handle_internal_only_routers": true, "interface_driver": "openvswitch", "interfaces": 1, "log_agent_heartbeats": false, "routers": 1},created_at=2022-01-11T08:25:41Z,description=,heartbeat_timestamp=2022-01-11T08:33:11Z,host='dv-neutron-818228-4-hyperv',id=84ecff1b-f19f-447d-9ffe-f8cb5ede6c8c,load=0,resource_versions=,resources_synced=,started_at=2022-01-11T08:25:42Z,topic='l3_agent')) {'router_ids': ['46348392-419f-42b3-959a-bcf88439ab89'], 'active': True} {{(pid=103726) wrapper /usr/local/lib/python3.8/dist-packages/oslo_log/helpers.py:65}}
Jan 11 08:33:35.017487 dv-neutron-818228-4-hyperv neutron-server[103724]: INFO neutron.pecan_wsgi.hooks.translation [None req-e9ee4ae4-6ca0-43b1-8ce2-87e1f655b7bc tempest-ExternalNetworksAdminNegativeTestJSON-268280173 tempest-ExternalNetworksAdminNegativeTestJSON-268280173-project-admin] POST failed (client error): There was a conflict when trying to complete your request.
Jan 11 08:33:35.018404 dv-neutron-818228-4-hyperv neutron-server[103724]: DEBUG neutron.pecan_wsgi.hooks.notifier [None req-e9ee4ae4-6ca0-43b1-8ce2-87e1f655b7bc tempest-ExternalNetworksAdminNegativeTestJSON-268280173 tempest-ExternalNetworksAdminNegativeTestJSON-268280173-project-admin] No notification will be sent due to unsuccessful status code: 409 {{(pid=103724) after /opt/stack/neutron/neutron/pecan_wsgi/hooks/notifier.py:78}}
Jan 11 08:33:35.039854 dv-neutron-818228-4-hyperv neutron-server[103724]: DEBUG neutron_lib.callbacks.manager [None req-a9c94dc4-92c0-4cb6-add5-c22fd2b7fe7f admin admin] Publish callbacks [] for router (None), before_response {{(pid=103724) _notify_loop /usr/local/lib/python3.8/dist-packages/neutron_lib/callbacks/manager.py:176}}
Jan 11 08:33:35.044593 dv-neutron-818228-4-hyperv neutron-server[103724]: INFO neutron.wsgi [None req-a9c94dc4-92c0-4cb6-add5-c22fd2b7fe7f admin admin] 10.222.0.26 "POST /v2.0/routers HTTP/1.1" status: 201 len: 922 time: 7.1835623
Jan 11 08:33:35.049949 dv-neutron-818228-4-hyperv neutron-server[103723]: DEBUG neutron.wsgi [-] (103723) accepted ('10.222.0.26', 44272) {{(pid=103723) server /usr/local/lib/python3.8/dist-packages/eventlet/wsgi.py:1004}}
Jan 11 08:33:35.056751 dv-neutron-818228-4-hyperv neutron-server[103724]: DEBUG neutron.plugins.ml2.managers [None req-9fa9d805-268e-49ef-a09a-e0b0b321e175 tempest-PortsAdminExtendedAttrsIpV6TestJSON-1788202445 tempest-PortsAdminExtendedAttrsIpV6TestJSON-1788202445-project-admin] Attempting to bind port 70efa632-09a7-4042-ad43-834c8017b531 on host hv-neutron-8182 for vnic_type normal with profile {{(pid=103724) bind_port /opt/stack/neutron/neutron/plugins/ml2/managers.py:795}}
Jan 11 08:33:35.057349 dv-neutron-818228-4-hyperv neutron-server[103724]: DEBUG neutron.plugins.ml2.managers [None req-9fa9d805-268e-49ef-a09a-e0b0b321e175 tempest-PortsAdminExtendedAttrsIpV6TestJSON-1788202445 tempest-PortsAdminExtendedAttrsIpV6TestJSON-1788202445-project-admin] Attempting to bind port 70efa632-09a7-4042-ad43-834c8017b531 by drivers openvswitch,hyperv on host hv-neutron-8182 at level 0 using segments [{'id': '8c79d5bc-0c9c-46fe-a57a-0be6f49f2f81', 'network_type': 'vlan', 'physical_network': 'physnet1', 'segmentation_id': 83, 'network_id': 'a6fb34bb-9973-4dcf-976d-cbb3318244da'}] {{(pid=103724) _bind_port_level /opt/stack/neutron/neutron/plugins/ml2/managers.py:820}}
Jan 11 08:33:35.057864 dv-neutron-818228-4-hyperv neutron-server[103724]: DEBUG neutron.plugins.ml2.drivers.mech_agent [None req-9fa9d805-268e-49ef-a09a-e0b0b321e175 tempest-PortsAdminExtendedAttrsIpV6TestJSON-1788202445 tempest-PortsAdminExtendedAttrsIpV6TestJSON-1788202445-project-admin] Attempting to bind port 70efa632-09a7-4042-ad43-834c8017b531 on network a6fb34bb-9973-4dcf-976d-cbb3318244da {{(pid=103724) bind_port /opt/stack/neutron/neutron/plugins/ml2/drivers/mech_agent.py:91}}
Jan 11 08:33:35.062886 dv-neutron-818228-4-hyperv neutron-server[103723]: DEBUG neutron_lib.callbacks.manager [None req-ef447acd-9908-4712-b1e8-4252943dde2f admin admin] Publish callbacks ['neutron.plugins.ml2.plugin.SecurityGroupDbMixin._ensure_default_security_group_handler-1612083'] for port (None), before_create {{(pid=103723) _notify_loop /usr/local/lib/python3.8/dist-packages/neutron_lib/callbacks/manager.py:176}}
Jan 11 08:33:35.070049 dv-neutron-818228-4-hyperv neutron-server[103724]: DEBUG neutron.plugins.ml2.drivers.mech_agent [None req-9fa9d805-268e-49ef-a09a-e0b0b321e175 tempest-PortsAdminExtendedAttrsIpV6TestJSON-1788202445 tempest-PortsAdminExtendedAttrsIpV6TestJSON-1788202445-project-admin] Port 70efa632-09a7-4042-ad43-834c8017b531 on network a6fb34bb-9973-4dcf-976d-cbb3318244da not bound, no agent of type Open vSwitch agent registered on host hv-neutron-8182 {{(pid=103724) bind_port /opt/stack/neutron/neutron/plugins/ml2/drivers/mech_agent.py:103}}
Jan 11 08:33:35.070652 dv-neutron-818228-4-hyperv neutron-server[103724]: ERROR neutron.plugins.ml2.managers [None req-9fa9d805-268e-49ef-a09a-e0b0b321e175 tempest-PortsAdminExtendedAttrsIpV6TestJSON-1788202445 tempest-PortsAdminExtendedAttrsIpV6TestJSON-1788202445-project-admin] Failed to bind port 70efa632-09a7-4042-ad43-834c8017b531 on host hv-neutron-8182 for vnic_type normal using segments [{'id': '8c79d5bc-0c9c-46fe-a57a-0be6f49f2f81', 'network_type': 'vlan', 'physical_network': 'physnet1', 'segmentation_id': 83, 'network_id': 'a6fb34bb-9973-4dcf-976d-cbb3318244da'}]
Jan 11 08:33:35.075595 dv-neutron-818228-4-hyperv neutron-server[103724]: INFO neutron.plugins.ml2.plugin [None req-9fa9d805-268e-49ef-a09a-e0b0b321e175 tempest-PortsAdminExtendedAttrsIpV6TestJSON-1788202445 tempest-PortsAdminExtendedAttrsIpV6TestJSON-1788202445-project-admin] Attempt 3 to bind port 70efa632-09a7-4042-ad43-834c8017b531
Jan 11 08:33:35.086680 dv-neutron-818228-4-hyperv neutron-server[103725]: DEBUG neutron.db.l3_hamode_db [None req-2e918da6-a615-448c-928a-168dcc88ff02 None None] neutron.services.l3_router.l3_router_plugin.L3RouterPlugin method _process_sync_ha_data called with arguments (, [{'id': '96879c0c-b8fc-4f40-8ae8-ffde82218db6', 'name': 'tempest-ServerActionsTestJSON-347985377-router', 'tenant_id': '49b61aa2edde4c61a332458500411d28', 'admin_state_up': True, 'status': 'ACTIVE', 'external_gateway_info': {'network_id': 'c0c35703-278e-4805-9873-78fd34f0b2f7', 'external_fixed_ips': [{'subnet_id': '1dd55472-7e40-4fd1-9419-01014cc3f63c', 'ip_address': '172.26.7.148'}], 'enable_snat': True}, 'gw_port_id': '55a1804f-6537-47f8-84a3-50dd4dacd0ab', 'description': '', 'availability_zones': ['nova'], 'distributed': False, 'ha': False, 'ha_vr_id': 0, 'availability_zone_hints': [], 'routes': [], 'flavor_id': None, 'tags': [], 'created_at': '2022-01-11T08:33:29Z', 'updated_at': '2022-01-11T08:33:33Z', 'revision_number': 3, 'project_id': '49b61aa2edde4c61a332458500411d28', 'gw_port': {'id': '55a1804f-6537-47f8-84a3-50dd4dacd0ab', 'name': '', 'network_id': 'c0c35703-278e-4805-9873-78fd34f0b2f7', 'tenant_id': '', 'mac_address': 'fa:16:3e:23:b7:41', 'admin_state_up': True, 'status': 'DOWN', 'device_id': '96879c0c-b8fc-4f40-8ae8-ffde82218db6', 'device_owner': 'network:router_gateway', 'standard_attr_id': 80, 'fixed_ips': [{'subnet_id': '1dd55472-7e40-4fd1-9419-01014cc3f63c', 'ip_address': '172.26.7.148', 'prefixlen': 24}], 'allowed_address_pairs': [], 'extra_dhcp_opts': [], 'security_groups': [], 'description': '', 'binding:vnic_type': 'normal', 'binding:profile': {}, 'binding:host_id': '', 'binding:vif_type': 'unbound', 'binding:vif_details': {}, 'port_security_enabled': False, 'tags': [], 'created_at': '2022-01-11T08:33:31Z', 'updated_at': '2022-01-11T08:33:32Z', 'revision_number': 1, 'project_id': '', 'subnets': [{'id': '1dd55472-7e40-4fd1-9419-01014cc3f63c', 'cidr': '172.26.7.0/24', 'gateway_ip': '172.26.7.1', 'dns_nameservers': [], 'ipv6_ra_mode': None, 'subnetpool_id': None}], 'extra_subnets': [], 'address_scopes': {4: None, 6: None}, 'mtu': 1500}, 'enable_snat': True, 'gw_port_host': 'dv-neutron-818228-4-hyperv'}], 'dv-neutron-818228-4-hyperv', False) {} {{(pid=103725) wrapper /usr/local/lib/python3.8/dist-packages/oslo_log/helpers.py:65}}
Jan 11 08:33:35.094320 dv-neutron-818228-4-hyperv neutron-server[103724]: DEBUG neutron.plugins.ml2.managers [None req-9fa9d805-268e-49ef-a09a-e0b0b321e175 tempest-PortsAdminExtendedAttrsIpV6TestJSON-1788202445 tempest-PortsAdminExtendedAttrsIpV6TestJSON-1788202445-project-admin] Attempting to bind port 70efa632-09a7-4042-ad43-834c8017b531 on host hv-neutron-8182 for vnic_type normal with profile {{(pid=103724) bind_port /opt/stack/neutron/neutron/plugins/ml2/managers.py:795}}
Jan 11 08:33:35.094916 dv-neutron-818228-4-hyperv neutron-server[103724]: DEBUG neutron.plugins.ml2.managers [None req-9fa9d805-268e-49ef-a09a-e0b0b321e175 tempest-PortsAdminExtendedAttrsIpV6TestJSON-1788202445 tempest-PortsAdminExtendedAttrsIpV6TestJSON-1788202445-project-admin] Attempting to bind port 70efa632-09a7-4042-ad43-834c8017b531 by drivers openvswitch,hyperv on host hv-neutron-8182 at level 0 using segments [{'id': '8c79d5bc-0c9c-46fe-a57a-0be6f49f2f81', 'network_type': 'vlan', 'physical_network': 'physnet1', 'segmentation_id': 83, 'network_id': 'a6fb34bb-9973-4dcf-976d-cbb3318244da'}] {{(pid=103724) _bind_port_level /opt/stack/neutron/neutron/plugins/ml2/managers.py:820}}
Jan 11 08:33:35.095577 dv-neutron-818228-4-hyperv neutron-server[103724]: DEBUG neutron.plugins.ml2.drivers.mech_agent [None req-9fa9d805-268e-49ef-a09a-e0b0b321e175 tempest-PortsAdminExtendedAttrsIpV6TestJSON-1788202445 tempest-PortsAdminExtendedAttrsIpV6TestJSON-1788202445-project-admin] Attempting to bind port 70efa632-09a7-4042-ad43-834c8017b531 on network a6fb34bb-9973-4dcf-976d-cbb3318244da {{(pid=103724) bind_port /opt/stack/neutron/neutron/plugins/ml2/drivers/mech_agent.py:91}}
Jan 11 08:33:35.115781 dv-neutron-818228-4-hyperv neutron-server[103726]: DEBUG neutron.db.l3_dvr_db [None req-cd696510-24fc-46cb-ad25-8602373cb666 None None] Set router 46348392-419f-42b3-959a-bcf88439ab89 gateway port host: dv-neutron-818228-4-hyperv {{(pid=103726) _build_routers_list /opt/stack/neutron/neutron/db/l3_dvr_db.py:906}}
Jan 11 08:33:35.119379 dv-neutron-818228-4-hyperv neutron-server[103724]: DEBUG neutron_lib.callbacks.manager [None req-01bfffa1-4e87-4b26-9a52-652a76fba3f8 admin admin] Publish callbacks [] for security_group (7f83f011-2c36-4435-a9ae-ab7412275a9d), before_delete {{(pid=103724) _notify_loop /usr/local/lib/python3.8/dist-packages/neutron_lib/callbacks/manager.py:176}}
Jan 11 08:33:35.119503 dv-neutron-818228-4-hyperv neutron-server[103725]: DEBUG neutron.api.rpc.handlers.l3_rpc [None req-2e918da6-a615-448c-928a-168dcc88ff02 None None] Checking router: 96879c0c-b8fc-4f40-8ae8-ffde82218db6 for host: dv-neutron-818228-4-hyperv {{(pid=103725) _ensure_host_set_on_ports /opt/stack/neutron/neutron/api/rpc/handlers/l3_rpc.py:155}}
Jan 11 08:33:35.119808 dv-neutron-818228-4-hyperv neutron-server[103725]: DEBUG neutron.api.rpc.handlers.l3_rpc [None req-2e918da6-a615-448c-928a-168dcc88ff02 None None] Updating router 96879c0c-b8fc-4f40-8ae8-ffde82218db6 port 55a1804f-6537-47f8-84a3-50dd4dacd0ab binding host dv-neutron-818228-4-hyperv {{(pid=103725) _ensure_host_set_on_port /opt/stack/neutron/neutron/api/rpc/handlers/l3_rpc.py:205}}
Jan 11 08:33:35.129361 dv-neutron-818228-4-hyperv neutron-server[103724]: INFO neutron.wsgi [None req-e9ee4ae4-6ca0-43b1-8ce2-87e1f655b7bc tempest-ExternalNetworksAdminNegativeTestJSON-268280173 tempest-ExternalNetworksAdminNegativeTestJSON-268280173-project-admin] 10.222.0.26 "POST /v2.0/ports HTTP/1.1" status: 409 len: 371 time: 2.4030435
Jan 11 08:33:35.136433 dv-neutron-818228-4-hyperv neutron-server[103724]: DEBUG neutron.wsgi [-] (103724) accepted ('10.222.0.26', 44274) {{(pid=103724) server /usr/local/lib/python3.8/dist-packages/eventlet/wsgi.py:1004}}
Jan 11 08:33:35.141998 dv-neutron-818228-4-hyperv neutron-server[103724]: DEBUG neutron.plugins.ml2.drivers.mech_agent [None req-9fa9d805-268e-49ef-a09a-e0b0b321e175 tempest-PortsAdminExtendedAttrsIpV6TestJSON-1788202445 tempest-PortsAdminExtendedAttrsIpV6TestJSON-1788202445-project-admin] Port 70efa632-09a7-4042-ad43-834c8017b531 on network a6fb34bb-9973-4dcf-976d-cbb3318244da not bound, no agent of type Open vSwitch agent registered on host hv-neutron-8182 {{(pid=103724) bind_port /opt/stack/neutron/neutron/plugins/ml2/drivers/mech_agent.py:103}}
Jan 11 08:33:35.142529 dv-neutron-818228-4-hyperv neutron-server[103724]: ERROR neutron.plugins.ml2.managers [None req-9fa9d805-268e-49ef-a09a-e0b0b321e175 tempest-PortsAdminExtendedAttrsIpV6TestJSON-1788202445 tempest-PortsAdminExtendedAttrsIpV6TestJSON-1788202445-project-admin] Failed to bind port 70efa632-09a7-4042-ad43-834c8017b531 on host hv-neutron-8182 for vnic_type normal using segments [{'id': '8c79d5bc-0c9c-46fe-a57a-0be6f49f2f81', 'network_type': 'vlan', 'physical_network': 'physnet1', 'segmentation_id': 83, 'network_id': 'a6fb34bb-9973-4dcf-976d-cbb3318244da'}]
Jan 11 08:33:35.151717 dv-neutron-818228-4-hyperv neutron-server[103725]: DEBUG neutron_lib.callbacks.manager [None req-2e918da6-a615-448c-928a-168dcc88ff02 None None] Publish callbacks ['neutron.plugins.ml2.plugin.SecurityGroupDbMixin._ensure_default_security_group_handler-1612083'] for port (55a1804f-6537-47f8-84a3-50dd4dacd0ab), before_update {{(pid=103725) _notify_loop /usr/local/lib/python3.8/dist-packages/neutron_lib/callbacks/manager.py:176}}
Jan 11 08:33:35.195816 dv-neutron-818228-4-hyperv neutron-server[103723]: DEBUG neutron_lib.callbacks.manager [None req-18ead8b4-84d6-4749-9d96-4d3d4b0c3bcb admin admin] Publish callbacks [] for security_group (f5b9cc11-c796-4c7e-ba92-884156cee299), before_delete {{(pid=103723) _notify_loop /usr/local/lib/python3.8/dist-packages/neutron_lib/callbacks/manager.py:176}}
Jan 11 08:33:35.263685 dv-neutron-818228-4-hyperv neutron-server[103724]: INFO neutron.plugins.ml2.plugin [None req-9fa9d805-268e-49ef-a09a-e0b0b321e175 tempest-PortsAdminExtendedAttrsIpV6TestJSON-1788202445 tempest-PortsAdminExtendedAttrsIpV6TestJSON-1788202445-project-admin] Attempt 4 to bind port 70efa632-09a7-4042-ad43-834c8017b531
Jan 11 08:33:35.331322 dv-neutron-818228-4-hyperv neutron-server[103724]: DEBUG neutron.plugins.ml2.managers [None req-9fa9d805-268e-49ef-a09a-e0b0b321e175 tempest-PortsAdminExtendedAttrsIpV6TestJSON-1788202445 tempest-PortsAdminExtendedAttrsIpV6TestJSON-1788202445-project-admin] Attempting to bind port 70efa632-09a7-4042-ad43-834c8017b531 on host hv-neutron-8182 for vnic_type normal with profile {{(pid=103724) bind_port /opt/stack/neutron/neutron/plugins/ml2/managers.py:795}}
Jan 11 08:33:35.332017 dv-neutron-818228-4-hyperv neutron-server[103724]: DEBUG neutron.plugins.ml2.managers [None req-9fa9d805-268e-49ef-a09a-e0b0b321e175 tempest-PortsAdminExtendedAttrsIpV6TestJSON-1788202445 tempest-PortsAdminExtendedAttrsIpV6TestJSON-1788202445-project-admin] Attempting to bind port 70efa632-09a7-4042-ad43-834c8017b531 by drivers openvswitch,hyperv on host hv-neutron-8182 at level 0 using segments [{'id': '8c79d5bc-0c9c-46fe-a57a-0be6f49f2f81', 'network_type': 'vlan', 'physical_network': 'physnet1', 'segmentation_id': 83, 'network_id': 'a6fb34bb-9973-4dcf-976d-cbb3318244da'}] {{(pid=103724) _bind_port_level /opt/stack/neutron/neutron/plugins/ml2/managers.py:820}}
Jan 11 08:33:35.332686 dv-neutron-818228-4-hyperv neutron-server[103724]: DEBUG neutron.plugins.ml2.drivers.mech_agent [None req-9fa9d805-268e-49ef-a09a-e0b0b321e175 tempest-PortsAdminExtendedAttrsIpV6TestJSON-1788202445 tempest-PortsAdminExtendedAttrsIpV6TestJSON-1788202445-project-admin] Attempting to bind port 70efa632-09a7-4042-ad43-834c8017b531 on network a6fb34bb-9973-4dcf-976d-cbb3318244da {{(pid=103724) bind_port /opt/stack/neutron/neutron/plugins/ml2/drivers/mech_agent.py:91}}
Jan 11 08:33:35.345074 dv-neutron-818228-4-hyperv neutron-server[103726]: DEBUG neutron.db.l3_dvrscheduler_db [None req-ca633c53-77d0-4a86-9942-6361e9e3e007 None None] Routers {'8943183d-62de-4267-ae30-8333cd1ab721'} bound to L3 agent in host dv-neutron-818228-4-hyperv {{(pid=103726) _get_router_ids_for_agent /opt/stack/neutron/neutron/db/l3_dvrscheduler_db.py:420}}
Jan 11 08:33:35.345983 dv-neutron-818228-4-hyperv neutron-server[103726]: DEBUG neutron.db.l3_hamode_db [None req-ca633c53-77d0-4a86-9942-6361e9e3e007 None None] neutron.services.l3_router.l3_router_plugin.L3RouterPlugin method get_ha_sync_data_for_host called with arguments (, 'dv-neutron-818228-4-hyperv', Agent(admin_state_up=True,agent_type='L3 agent',availability_zone='nova',binary='neutron-l3-agent',configurations={"agent_mode": "legacy", "ex_gw_ports": 1, "extensions": [], "floating_ips": 0, "handle_internal_only_routers": true, "interface_driver": "openvswitch", "interfaces": 1, "log_agent_heartbeats": false, "routers": 1},created_at=2022-01-11T08:25:41Z,description=,heartbeat_timestamp=2022-01-11T08:33:11Z,host='dv-neutron-818228-4-hyperv',id=84ecff1b-f19f-447d-9ffe-f8cb5ede6c8c,load=0,resource_versions=,resources_synced=,started_at=2022-01-11T08:25:42Z,topic='l3_agent')) {'router_ids': ['8943183d-62de-4267-ae30-8333cd1ab721'], 'active': True} {{(pid=103726) wrapper /usr/local/lib/python3.8/dist-packages/oslo_log/helpers.py:65}}
Jan 11 08:33:35.347544 dv-neutron-818228-4-hyperv neutron-server[103724]: DEBUG neutron.plugins.ml2.drivers.mech_agent [None req-9fa9d805-268e-49ef-a09a-e0b0b321e175 tempest-PortsAdminExtendedAttrsIpV6TestJSON-1788202445 tempest-PortsAdminExtendedAttrsIpV6TestJSON-1788202445-project-admin] Port 70efa632-09a7-4042-ad43-834c8017b531 on network a6fb34bb-9973-4dcf-976d-cbb3318244da not bound, no agent of type Open vSwitch agent registered on host hv-neutron-8182 {{(pid=103724) bind_port /opt/stack/neutron/neutron/plugins/ml2/drivers/mech_agent.py:103}}
Jan 11 08:33:35.347902 dv-neutron-818228-4-hyperv neutron-server[103723]: DEBUG neutron_lib.callbacks.manager [None req-18ead8b4-84d6-4749-9d96-4d3d4b0c3bcb admin admin] Publish callbacks [] for security_group (f5b9cc11-c796-4c7e-ba92-884156cee299), precommit_delete {{(pid=103723) _notify_loop /usr/local/lib/python3.8/dist-packages/neutron_lib/callbacks/manager.py:176}}
Jan 11 08:33:35.348288 dv-neutron-818228-4-hyperv neutron-server[103724]: ERROR neutron.plugins.ml2.managers [None req-9fa9d805-268e-49ef-a09a-e0b0b321e175 tempest-PortsAdminExtendedAttrsIpV6TestJSON-1788202445 tempest-PortsAdminExtendedAttrsIpV6TestJSON-1788202445-project-admin] Failed to bind port 70efa632-09a7-4042-ad43-834c8017b531 on host hv-neutron-8182 for vnic_type normal using segments [{'id': '8c79d5bc-0c9c-46fe-a57a-0be6f49f2f81', 'network_type': 'vlan', 'physical_network': 'physnet1', 'segmentation_id': 83, 'network_id': 'a6fb34bb-9973-4dcf-976d-cbb3318244da'}]
Jan 11 08:33:35.351813 dv-neutron-818228-4-hyperv neutron-server[103726]: DEBUG neutron.db.l3_hamode_db [None req-cd696510-24fc-46cb-ad25-8602373cb666 None None] neutron.services.l3_router.l3_router_plugin.L3RouterPlugin method _process_sync_ha_data called with arguments (, [{'id': '46348392-419f-42b3-959a-bcf88439ab89', 'name': 'tempest-ServersTestManualDisk-36297166-router', 'tenant_id': 'ce2eea5e09854fa0a84d5426fbc3a3b1', 'admin_state_up': True, 'status': 'ACTIVE', 'external_gateway_info': {'network_id': 'c0c35703-278e-4805-9873-78fd34f0b2f7', 'external_fixed_ips': [{'subnet_id': '1dd55472-7e40-4fd1-9419-01014cc3f63c', 'ip_address': '172.26.7.203'}], 'enable_snat': True}, 'gw_port_id': 'fa8dce64-ba2e-417a-ae54-465164650432', 'description': '', 'availability_zones': ['nova'], 'distributed': False, 'ha': False, 'ha_vr_id': 0, 'availability_zone_hints': [], 'routes': [], 'flavor_id': None, 'tags': [], 'created_at': '2022-01-11T08:33:28Z', 'updated_at': '2022-01-11T08:33:32Z', 'revision_number': 3, 'project_id': 'ce2eea5e09854fa0a84d5426fbc3a3b1', 'gw_port': {'id': 'fa8dce64-ba2e-417a-ae54-465164650432', 'name': '', 'network_id': 'c0c35703-278e-4805-9873-78fd34f0b2f7', 'tenant_id': '', 'mac_address': 'fa:16:3e:0b:0b:74', 'admin_state_up': True, 'status': 'DOWN', 'device_id': '46348392-419f-42b3-959a-bcf88439ab89', 'device_owner': 'network:router_gateway', 'standard_attr_id': 77, 'fixed_ips': [{'subnet_id': '1dd55472-7e40-4fd1-9419-01014cc3f63c', 'ip_address': '172.26.7.203', 'prefixlen': 24}], 'allowed_address_pairs': [], 'extra_dhcp_opts': [], 'security_groups': [], 'description': '', 'binding:vnic_type': 'normal', 'binding:profile': {}, 'binding:host_id': '', 'binding:vif_type': 'unbound', 'binding:vif_details': {}, 'port_security_enabled': False, 'tags': [], 'created_at': '2022-01-11T08:33:30Z', 'updated_at': '2022-01-11T08:33:31Z', 'revision_number': 1, 'project_id': '', 'subnets': [{'id': '1dd55472-7e40-4fd1-9419-01014cc3f63c', 'cidr': '172.26.7.0/24', 'gateway_ip': '172.26.7.1', 'dns_nameservers': [], 'ipv6_ra_mode': None, 'subnetpool_id': None}], 'extra_subnets': [], 'address_scopes': {4: None, 6: None}, 'mtu': 1500}, 'enable_snat': True, 'gw_port_host': 'dv-neutron-818228-4-hyperv'}], 'dv-neutron-818228-4-hyperv', False) {} {{(pid=103726) wrapper /usr/local/lib/python3.8/dist-packages/oslo_log/helpers.py:65}}
Jan 11 08:33:35.376857 dv-neutron-818228-4-hyperv neutron-server[103724]: INFO neutron.plugins.ml2.plugin [None req-9fa9d805-268e-49ef-a09a-e0b0b321e175 tempest-PortsAdminExtendedAttrsIpV6TestJSON-1788202445 tempest-PortsAdminExtendedAttrsIpV6TestJSON-1788202445-project-admin] Attempt 5 to bind port 70efa632-09a7-4042-ad43-834c8017b531
Jan 11 08:33:35.387632 dv-neutron-818228-4-hyperv neutron-server[103724]: DEBUG neutron_lib.callbacks.manager [None req-01bfffa1-4e87-4b26-9a52-652a76fba3f8 admin admin] Publish callbacks [] for security_group (7f83f011-2c36-4435-a9ae-ab7412275a9d), precommit_delete {{(pid=103724) _notify_loop /usr/local/lib/python3.8/dist-packages/neutron_lib/callbacks/manager.py:176}}
Jan 11 08:33:35.391911 dv-neutron-818228-4-hyperv neutron-server[103724]: DEBUG neutron.plugins.ml2.managers [None req-9fa9d805-268e-49ef-a09a-e0b0b321e175 tempest-PortsAdminExtendedAttrsIpV6TestJSON-1788202445 tempest-PortsAdminExtendedAttrsIpV6TestJSON-1788202445-project-admin] Attempting to bind port 70efa632-09a7-4042-ad43-834c8017b531 on host hv-neutron-8182 for vnic_type normal with profile {{(pid=103724) bind_port /opt/stack/neutron/neutron/plugins/ml2/managers.py:795}}
Jan 11 08:33:35.392595 dv-neutron-818228-4-hyperv neutron-server[103724]: DEBUG neutron.plugins.ml2.managers [None req-9fa9d805-268e-49ef-a09a-e0b0b321e175 tempest-PortsAdminExtendedAttrsIpV6TestJSON-1788202445 tempest-PortsAdminExtendedAttrsIpV6TestJSON-1788202445-project-admin] Attempting to bind port 70efa632-09a7-4042-ad43-834c8017b531 by drivers openvswitch,hyperv on host hv-neutron-8182 at level 0 using segments [{'id': '8c79d5bc-0c9c-46fe-a57a-0be6f49f2f81', 'network_type': 'vlan', 'physical_network': 'physnet1', 'segmentation_id': 83, 'network_id': 'a6fb34bb-9973-4dcf-976d-cbb3318244da'}] {{(pid=103724) _bind_port_level /opt/stack/neutron/neutron/plugins/ml2/managers.py:820}}
Jan 11 08:33:35.393216 dv-neutron-818228-4-hyperv neutron-server[103724]: DEBUG neutron.plugins.ml2.drivers.mech_agent [None req-9fa9d805-268e-49ef-a09a-e0b0b321e175 tempest-PortsAdminExtendedAttrsIpV6TestJSON-1788202445 tempest-PortsAdminExtendedAttrsIpV6TestJSON-1788202445-project-admin] Attempting to bind port 70efa632-09a7-4042-ad43-834c8017b531 on network a6fb34bb-9973-4dcf-976d-cbb3318244da {{(pid=103724) bind_port /opt/stack/neutron/neutron/plugins/ml2/drivers/mech_agent.py:91}}
Jan 11 08:33:35.410689 dv-neutron-818228-4-hyperv neutron-server[103724]: DEBUG neutron.plugins.ml2.drivers.mech_agent [None req-9fa9d805-268e-49ef-a09a-e0b0b321e175 tempest-PortsAdminExtendedAttrsIpV6TestJSON-1788202445 tempest-PortsAdminExtendedAttrsIpV6TestJSON-1788202445-project-admin] Port 70efa632-09a7-4042-ad43-834c8017b531 on network a6fb34bb-9973-4dcf-976d-cbb3318244da not bound, no agent of type Open vSwitch agent registered on host hv-neutron-8182 {{(pid=103724) bind_port /opt/stack/neutron/neutron/plugins/ml2/drivers/mech_agent.py:103}}
Jan 11 08:33:35.411381 dv-neutron-818228-4-hyperv neutron-server[103724]: ERROR neutron.plugins.ml2.managers [None req-9fa9d805-268e-49ef-a09a-e0b0b321e175 tempest-PortsAdminExtendedAttrsIpV6TestJSON-1788202445 tempest-PortsAdminExtendedAttrsIpV6TestJSON-1788202445-project-admin] Failed to bind port 70efa632-09a7-4042-ad43-834c8017b531 on host hv-neutron-8182 for vnic_type normal using segments [{'id': '8c79d5bc-0c9c-46fe-a57a-0be6f49f2f81', 'network_type': 'vlan', 'physical_network': 'physnet1', 'segmentation_id': 83, 'network_id': 'a6fb34bb-9973-4dcf-976d-cbb3318244da'}]
Jan 11 08:33:35.421079 dv-neutron-818228-4-hyperv neutron-server[103724]: INFO neutron.plugins.ml2.plugin [None req-9fa9d805-268e-49ef-a09a-e0b0b321e175 tempest-PortsAdminExtendedAttrsIpV6TestJSON-1788202445 tempest-PortsAdminExtendedAttrsIpV6TestJSON-1788202445-project-admin] Attempt 6 to bind port 70efa632-09a7-4042-ad43-834c8017b531
Jan 11 08:33:35.421268 dv-neutron-818228-4-hyperv neutron-server[103726]: DEBUG neutron.api.rpc.handlers.l3_rpc [None req-cd696510-24fc-46cb-ad25-8602373cb666 None None] Checking router: 46348392-419f-42b3-959a-bcf88439ab89 for host: dv-neutron-818228-4-hyperv {{(pid=103726) _ensure_host_set_on_ports /opt/stack/neutron/neutron/api/rpc/handlers/l3_rpc.py:155}}
Jan 11 08:33:35.421484 dv-neutron-818228-4-hyperv neutron-server[103726]: DEBUG neutron.api.rpc.handlers.l3_rpc [None req-cd696510-24fc-46cb-ad25-8602373cb666 None None] Updating router 46348392-419f-42b3-959a-bcf88439ab89 port fa8dce64-ba2e-417a-ae54-465164650432 binding host dv-neutron-818228-4-hyperv {{(pid=103726) _ensure_host_set_on_port /opt/stack/neutron/neutron/api/rpc/handlers/l3_rpc.py:205}}
Jan 11 08:33:35.443396 dv-neutron-818228-4-hyperv neutron-server[103724]: DEBUG neutron.plugins.ml2.managers [None req-9fa9d805-268e-49ef-a09a-e0b0b321e175 tempest-PortsAdminExtendedAttrsIpV6TestJSON-1788202445 tempest-PortsAdminExtendedAttrsIpV6TestJSON-1788202445-project-admin] Attempting to bind port 70efa632-09a7-4042-ad43-834c8017b531 on host hv-neutron-8182 for vnic_type normal with profile {{(pid=103724) bind_port /opt/stack/neutron/neutron/plugins/ml2/managers.py:795}}
Jan 11 08:33:35.443869 dv-neutron-818228-4-hyperv neutron-server[103724]: DEBUG neutron.plugins.ml2.managers [None req-9fa9d805-268e-49ef-a09a-e0b0b321e175 tempest-PortsAdminExtendedAttrsIpV6TestJSON-1788202445 tempest-PortsAdminExtendedAttrsIpV6TestJSON-1788202445-project-admin] Attempting to bind port 70efa632-09a7-4042-ad43-834c8017b531 by drivers openvswitch,hyperv on host hv-neutron-8182 at level 0 using segments [{'id': '8c79d5bc-0c9c-46fe-a57a-0be6f49f2f81', 'network_type': 'vlan', 'physical_network': 'physnet1', 'segmentation_id': 83, 'network_id': 'a6fb34bb-9973-4dcf-976d-cbb3318244da'}] {{(pid=103724) _bind_port_level /opt/stack/neutron/neutron/plugins/ml2/managers.py:820}}
Jan 11 08:33:35.444300 dv-neutron-818228-4-hyperv neutron-server[103724]: DEBUG neutron.plugins.ml2.drivers.mech_agent [None req-9fa9d805-268e-49ef-a09a-e0b0b321e175 tempest-PortsAdminExtendedAttrsIpV6TestJSON-1788202445 tempest-PortsAdminExtendedAttrsIpV6TestJSON-1788202445-project-admin] Attempting to bind port 70efa632-09a7-4042-ad43-834c8017b531 on network a6fb34bb-9973-4dcf-976d-cbb3318244da {{(pid=103724) bind_port /opt/stack/neutron/neutron/plugins/ml2/drivers/mech_agent.py:91}}
Jan 11 08:33:35.457592 dv-neutron-818228-4-hyperv neutron-server[103724]: DEBUG neutron.plugins.ml2.drivers.mech_agent [None req-9fa9d805-268e-49ef-a09a-e0b0b321e175 tempest-PortsAdminExtendedAttrsIpV6TestJSON-1788202445 tempest-PortsAdminExtendedAttrsIpV6TestJSON-1788202445-project-admin] Port 70efa632-09a7-4042-ad43-834c8017b531 on network a6fb34bb-9973-4dcf-976d-cbb3318244da not bound, no agent of type Open vSwitch agent registered on host hv-neutron-8182 {{(pid=103724) bind_port /opt/stack/neutron/neutron/plugins/ml2/drivers/mech_agent.py:103}}
Jan 11 08:33:35.458064 dv-neutron-818228-4-hyperv neutron-server[103724]: ERROR neutron.plugins.ml2.managers [None req-9fa9d805-268e-49ef-a09a-e0b0b321e175 tempest-PortsAdminExtendedAttrsIpV6TestJSON-1788202445 tempest-PortsAdminExtendedAttrsIpV6TestJSON-1788202445-project-admin] Failed to bind port 70efa632-09a7-4042-ad43-834c8017b531 on host hv-neutron-8182 for vnic_type normal using segments [{'id': '8c79d5bc-0c9c-46fe-a57a-0be6f49f2f81', 'network_type': 'vlan', 'physical_network': 'physnet1', 'segmentation_id': 83, 'network_id': 'a6fb34bb-9973-4dcf-976d-cbb3318244da'}]
Jan 11 08:33:35.465377 dv-neutron-818228-4-hyperv neutron-server[103724]: INFO neutron.plugins.ml2.plugin [None req-9fa9d805-268e-49ef-a09a-e0b0b321e175 tempest-PortsAdminExtendedAttrsIpV6TestJSON-1788202445 tempest-PortsAdminExtendedAttrsIpV6TestJSON-1788202445-project-admin] Attempt 7 to bind port 70efa632-09a7-4042-ad43-834c8017b531
Jan 11 08:33:35.466385 dv-neutron-818228-4-hyperv neutron-server[103725]: DEBUG neutron_lib.callbacks.manager [None req-2e918da6-a615-448c-928a-168dcc88ff02 None None] Publish callbacks [] for port (55a1804f-6537-47f8-84a3-50dd4dacd0ab), precommit_update {{(pid=103725) _notify_loop /usr/local/lib/python3.8/dist-packages/neutron_lib/callbacks/manager.py:176}}
Jan 11 08:33:35.481783 dv-neutron-818228-4-hyperv neutron-server[103726]: DEBUG neutron_lib.callbacks.manager [None req-cd696510-24fc-46cb-ad25-8602373cb666 None None] Publish callbacks ['neutron.plugins.ml2.plugin.SecurityGroupDbMixin._ensure_default_security_group_handler-1612083'] for port (fa8dce64-ba2e-417a-ae54-465164650432), before_update {{(pid=103726) _notify_loop /usr/local/lib/python3.8/dist-packages/neutron_lib/callbacks/manager.py:176}}
Jan 11 08:33:35.491332 dv-neutron-818228-4-hyperv neutron-server[103724]: DEBUG neutron.plugins.ml2.managers [None req-9fa9d805-268e-49ef-a09a-e0b0b321e175 tempest-PortsAdminExtendedAttrsIpV6TestJSON-1788202445 tempest-PortsAdminExtendedAttrsIpV6TestJSON-1788202445-project-admin] Attempting to bind port 70efa632-09a7-4042-ad43-834c8017b531 on host hv-neutron-8182 for vnic_type normal with profile {{(pid=103724) bind_port /opt/stack/neutron/neutron/plugins/ml2/managers.py:795}}
Jan 11 08:33:35.491741 dv-neutron-818228-4-hyperv neutron-server[103724]: DEBUG neutron.plugins.ml2.managers [None req-9fa9d805-268e-49ef-a09a-e0b0b321e175 tempest-PortsAdminExtendedAttrsIpV6TestJSON-1788202445 tempest-PortsAdminExtendedAttrsIpV6TestJSON-1788202445-project-admin] Attempting to bind port 70efa632-09a7-4042-ad43-834c8017b531 by drivers openvswitch,hyperv on host hv-neutron-8182 at level 0 using segments [{'id': '8c79d5bc-0c9c-46fe-a57a-0be6f49f2f81', 'network_type': 'vlan', 'physical_network': 'physnet1', 'segmentation_id': 83, 'network_id': 'a6fb34bb-9973-4dcf-976d-cbb3318244da'}] {{(pid=103724) _bind_port_level /opt/stack/neutron/neutron/plugins/ml2/managers.py:820}}
Jan 11 08:33:35.492290 dv-neutron-818228-4-hyperv neutron-server[103724]: DEBUG neutron.plugins.ml2.drivers.mech_agent [None req-9fa9d805-268e-49ef-a09a-e0b0b321e175 tempest-PortsAdminExtendedAttrsIpV6TestJSON-1788202445 tempest-PortsAdminExtendedAttrsIpV6TestJSON-1788202445-project-admin] Attempting to bind port 70efa632-09a7-4042-ad43-834c8017b531 on network a6fb34bb-9973-4dcf-976d-cbb3318244da {{(pid=103724) bind_port /opt/stack/neutron/neutron/plugins/ml2/drivers/mech_agent.py:91}}
Jan 11 08:33:35.505844 dv-neutron-818228-4-hyperv neutron-server[103724]: DEBUG neutron.db.db_base_plugin_common [None req-30f91857-f032-4b3a-a6d0-c4433c1d93e3 tempest-RoutersAdminTest-603762924 tempest-RoutersAdminTest-603762924-project-admin] Allocated IP 172.20.0.7 (91428c12-f72e-446f-a3b8-aa67b132f3cc/b1aa5853-0acb-40e9-bc1a-c0a7bac9be41/ef259085-1af5-48f9-aacb-85c9814ed1f1) {{(pid=103724) _store_ip_allocation /opt/stack/neutron/neutron/db/db_base_plugin_common.py:131}}
Jan 11 08:33:35.509011 dv-neutron-818228-4-hyperv neutron-server[103724]: DEBUG neutron.plugins.ml2.drivers.mech_agent [None req-9fa9d805-268e-49ef-a09a-e0b0b321e175 tempest-PortsAdminExtendedAttrsIpV6TestJSON-1788202445 tempest-PortsAdminExtendedAttrsIpV6TestJSON-1788202445-project-admin] Port 70efa632-09a7-4042-ad43-834c8017b531 on network a6fb34bb-9973-4dcf-976d-cbb3318244da not bound, no agent of type Open vSwitch agent registered on host hv-neutron-8182 {{(pid=103724) bind_port /opt/stack/neutron/neutron/plugins/ml2/drivers/mech_agent.py:103}}
