Nov 17 11:38:35.494901 dv-neutron-818218-1-hyperv neutron-server[103859]: DEBUG neutron.plugins.ml2.drivers.type_vlan [None req-42445dc4-0bf0-4ce6-b6e2-30626aed383f tempest-PortsAdminExtendedAttrsIpV6TestJSON-1543668093 tempest-PortsAdminExtendedAttrsIpV6TestJSON-1543668093-project] Releasing vlan 749 on physical network physnet1 to pool {{(pid=103859) release_segment /opt/stack/neutron/neutron/plugins/ml2/drivers/type_vlan.py:304}}
Nov 17 11:38:35.495636 dv-neutron-818218-1-hyperv neutron-server[103859]: DEBUG neutron_lib.callbacks.manager [None req-42445dc4-0bf0-4ce6-b6e2-30626aed383f tempest-PortsAdminExtendedAttrsIpV6TestJSON-1543668093 tempest-PortsAdminExtendedAttrsIpV6TestJSON-1543668093-project] Publish callbacks ['neutron.plugins.ml2.plugin.Ml2Plugin._handle_segment_change-1587631', 'neutron.services.segments.plugin.NovaSegmentNotifier._notify_segment_deleted-5712951'] for segment, after_delete {{(pid=103859) _notify_loop /usr/local/lib/python3.8/dist-packages/neutron_lib/callbacks/manager.py:175}}
Nov 17 11:38:35.498614 dv-neutron-818218-1-hyperv neutron-server[103859]: Traceback (most recent call last):
Nov 17 11:38:35.498614 dv-neutron-818218-1-hyperv neutron-server[103859]: File "/usr/local/lib/python3.8/dist-packages/eventlet/hubs/hub.py", line 476, in fire_timers
Nov 17 11:38:35.498614 dv-neutron-818218-1-hyperv neutron-server[103859]: timer()
Nov 17 11:38:35.498614 dv-neutron-818218-1-hyperv neutron-server[103859]: File "/usr/local/lib/python3.8/dist-packages/eventlet/hubs/timer.py", line 59, in __call__
Nov 17 11:38:35.498614 dv-neutron-818218-1-hyperv neutron-server[103859]: cb(*args, **kw)
Nov 17 11:38:35.498614 dv-neutron-818218-1-hyperv neutron-server[103859]: File "/opt/stack/neutron/neutron/common/utils.py", line 914, in wrapper
Nov 17 11:38:35.498614 dv-neutron-818218-1-hyperv neutron-server[103859]: return func(*args, **kwargs)
Nov 17 11:38:35.498614 dv-neutron-818218-1-hyperv neutron-server[103859]: File "/opt/stack/neutron/neutron/notifiers/batch_notifier.py", line 58, in synced_send
Nov 17 11:38:35.498614 dv-neutron-818218-1-hyperv neutron-server[103859]: self._notify()
Nov 17 11:38:35.498614 dv-neutron-818218-1-hyperv neutron-server[103859]: File "/opt/stack/neutron/neutron/notifiers/batch_notifier.py", line 69, in _notify
Nov 17 11:38:35.498614 dv-neutron-818218-1-hyperv neutron-server[103859]: self.callback(batched_events)
Nov 17 11:38:35.498614 dv-neutron-818218-1-hyperv neutron-server[103859]: File "/opt/stack/neutron/neutron/services/segments/plugin.py", line 211, in _send_notifications
Nov 17 11:38:35.498614 dv-neutron-818218-1-hyperv neutron-server[103859]: event.method(event)
Nov 17 11:38:35.498614 dv-neutron-818218-1-hyperv neutron-server[103859]: File "/opt/stack/neutron/neutron/services/segments/plugin.py", line 383, in _delete_nova_inventory
Nov 17 11:38:35.498614 dv-neutron-818218-1-hyperv neutron-server[103859]: aggregate_id = self._get_aggregate_id(event.segment_id)
Nov 17 11:38:35.498614 dv-neutron-818218-1-hyperv neutron-server[103859]: File "/opt/stack/neutron/neutron/services/segments/plugin.py", line 370, in _get_aggregate_id
Nov 17 11:38:35.498614 dv-neutron-818218-1-hyperv neutron-server[103859]: aggregate_uuid = self.p_client.list_aggregates(
Nov 17 11:38:35.498614 dv-neutron-818218-1-hyperv neutron-server[103859]: File "/usr/local/lib/python3.8/dist-packages/neutron_lib/placement/client.py", line 58, in wrapper
Nov 17 11:38:35.498614 dv-neutron-818218-1-hyperv neutron-server[103859]: return f(self, *a, **k)
Nov 17 11:38:35.498614 dv-neutron-818218-1-hyperv neutron-server[103859]: File "/usr/local/lib/python3.8/dist-packages/neutron_lib/placement/client.py", line 554, in list_aggregates
Nov 17 11:38:35.498614 dv-neutron-818218-1-hyperv neutron-server[103859]: return self._get(url).json()
Nov 17 11:38:35.498614 dv-neutron-818218-1-hyperv neutron-server[103859]: File "/usr/local/lib/python3.8/dist-packages/neutron_lib/placement/client.py", line 190, in _get
Nov 17 11:38:35.498614 dv-neutron-818218-1-hyperv neutron-server[103859]: return self._client.get(url, endpoint_filter=self._ks_filter,
Nov 17 11:38:35.498614 dv-neutron-818218-1-hyperv neutron-server[103859]: File "/usr/local/lib/python3.8/dist-packages/keystoneauth1/session.py", line 1141, in get
Nov 17 11:38:35.498614 dv-neutron-818218-1-hyperv neutron-server[103859]: return self.request(url, 'GET', **kwargs)
Nov 17 11:38:35.498614 dv-neutron-818218-1-hyperv neutron-server[103859]: File "/usr/local/lib/python3.8/dist-packages/keystoneauth1/session.py", line 811, in request
Nov 17 11:38:35.498614 dv-neutron-818218-1-hyperv neutron-server[103859]: base_url = self.get_endpoint(auth, allow=allow,
Nov 17 11:38:35.498614 dv-neutron-818218-1-hyperv neutron-server[103859]: File "/usr/local/lib/python3.8/dist-packages/keystoneauth1/session.py", line 1241, in get_endpoint
Nov 17 11:38:35.498614 dv-neutron-818218-1-hyperv neutron-server[103859]: auth = self._auth_required(auth, 'determine endpoint URL')
Nov 17 11:38:35.498614 dv-neutron-818218-1-hyperv neutron-server[103859]: File "/usr/local/lib/python3.8/dist-packages/keystoneauth1/session.py", line 1181, in _auth_required
Nov 17 11:38:35.498614 dv-neutron-818218-1-hyperv neutron-server[103859]: raise exceptions.MissingAuthPlugin(msg_fmt % msg)
Nov 17 11:38:35.498614 dv-neutron-818218-1-hyperv neutron-server[103859]: keystoneauth1.exceptions.auth_plugins.MissingAuthPlugin: An auth plugin is required to determine endpoint URL
Nov 17 11:38:35.558361 dv-neutron-818218-1-hyperv neutron-server[103863]: DEBUG neutron_lib.callbacks.manager [req-7adea0dd-a31f-467d-9cf8-50bfeaef3e91 req-1e271b8e-4b62-47b5-aca0-88d4658b9e34 tempest-ServersTestManualDisk-2116497711 tempest-ServersTestManualDisk-2116497711-project] Publish callbacks ['neutron.plugins.ml2.plugin.SecurityGroupServerNotifierRpcMixin._notify_sg_on_port_change-1832637', 'neutron.plugins.ml2.ovo_rpc._ObjectChangeHandler.handle_event-243581', 'neutron.api.rpc.agentnotifiers.dhcp_rpc_agent_api.DhcpAgentNotifyAPI._native_event_send_dhcp_notification-636777', 'neutron.db.l3_dvrscheduler_db._notify_l3_agent_new_port-8727646322598', 'neutron.services.segments.plugin.NovaSegmentNotifier._notify_port_created_or_deleted-6175562'] for port, after_create {{(pid=103863) _notify_loop /usr/local/lib/python3.8/dist-packages/neutron_lib/callbacks/manager.py:175}}
Nov 17 11:38:35.560318 dv-neutron-818218-1-hyperv neutron-server[103863]: DEBUG neutron_lib.callbacks.manager [None req-40a2c2cd-6e7d-491d-b25d-bd5247b61b8a admin admin] Publish callbacks ['neutron.plugins.ml2.ovo_rpc._ObjectChangeHandler.handle_event-529644'] for security_group, after_delete {{(pid=103863) _notify_loop /usr/local/lib/python3.8/dist-packages/neutron_lib/callbacks/manager.py:175}}
Nov 17 11:38:35.563447 dv-neutron-818218-1-hyperv neutron-server[103863]: DEBUG neutron_lib.callbacks.manager [None req-40a2c2cd-6e7d-491d-b25d-bd5247b61b8a admin admin] Publish callbacks [] for security_group, before_response {{(pid=103863) _notify_loop /usr/local/lib/python3.8/dist-packages/neutron_lib/callbacks/manager.py:175}}
Nov 17 11:38:35.565107 dv-neutron-818218-1-hyperv neutron-server[103863]: INFO neutron.wsgi [None req-40a2c2cd-6e7d-491d-b25d-bd5247b61b8a admin admin] 10.222.0.61 "DELETE /v2.0/security-groups/78461237-5e44-4c24-90f8-fe028e418e52 HTTP/1.1" status: 204 len: 168 time: 0.6687453
Nov 17 11:38:35.773445 dv-neutron-818218-1-hyperv neutron-server[103863]: DEBUG neutron.api.rpc.handlers.resources_rpc [None req-40a2c2cd-6e7d-491d-b25d-bd5247b61b8a admin admin] Pushing event deleted for resources: {'SecurityGroup': ['ID=78461237-5e44-4c24-90f8-fe028e418e52,revision_number=None']} {{(pid=103863) push /opt/stack/neutron/neutron/api/rpc/handlers/resources_rpc.py:237}}
Nov 17 11:38:35.776517 dv-neutron-818218-1-hyperv neutron-server[103859]: DEBUG neutron_lib.callbacks.manager [req-61e47ed8-4924-46d7-bbcb-a89d9a5a1fac req-d55a19a8-6951-45ae-aa72-05e00f1fac75 tempest-ServersTestJSON-967541888 tempest-ServersTestJSON-967541888-project] Publish callbacks [] for port, precommit_create {{(pid=103859) _notify_loop /usr/local/lib/python3.8/dist-packages/neutron_lib/callbacks/manager.py:175}}
Nov 17 11:38:35.791058 dv-neutron-818218-1-hyperv neutron-server[103859]: DEBUG neutron_lib.callbacks.manager [None req-42445dc4-0bf0-4ce6-b6e2-30626aed383f tempest-PortsAdminExtendedAttrsIpV6TestJSON-1543668093 tempest-PortsAdminExtendedAttrsIpV6TestJSON-1543668093-project] Publish callbacks ['neutron.plugins.ml2.plugin.Ml2Plugin._network_delete_after_delete_handler-1583700', 'neutron.plugins.ml2.ovo_rpc._ObjectChangeHandler.handle_event-529408', 'neutron.api.rpc.agentnotifiers.dhcp_rpc_agent_api.DhcpAgentNotifyAPI._native_event_send_dhcp_notification-636777', 'neutron.services.l3_router.l3_router_plugin.DVRResourceOperationHandler.delete_fip_namespaces_for_ext_net-673381'] for network, after_delete {{(pid=103859) _notify_loop /usr/local/lib/python3.8/dist-packages/neutron_lib/callbacks/manager.py:175}}
Nov 17 11:38:35.843430 dv-neutron-818218-1-hyperv neutron-server[103859]: INFO neutron.wsgi [req-ae3cc280-9356-4806-b00a-3e11a5f5a4b1 req-62304bd1-cdd0-49f3-ba11-5bfe649bc051 tempest-ServerActionsTestJSON-1471408401 tempest-ServerActionsTestJSON-1471408401-project] 10.222.0.61 "GET /v2.0/ports?device_id=67b5eb54-226c-4247-9c7d-b6f5ec2fd19f HTTP/1.1" status: 200 len: 210 time: 0.1722891
Nov 17 11:38:35.868437 dv-neutron-818218-1-hyperv neutron-server[103859]: DEBUG neutron_lib.callbacks.manager [None req-42445dc4-0bf0-4ce6-b6e2-30626aed383f tempest-PortsAdminExtendedAttrsIpV6TestJSON-1543668093 tempest-PortsAdminExtendedAttrsIpV6TestJSON-1543668093-project] Publish callbacks ['neutron.api.rpc.agentnotifiers.dhcp_rpc_agent_api.DhcpAgentNotifyAPI._send_dhcp_notification-636763'] for network, before_response {{(pid=103859) _notify_loop /usr/local/lib/python3.8/dist-packages/neutron_lib/callbacks/manager.py:175}}
Nov 17 11:38:35.877264 dv-neutron-818218-1-hyperv neutron-server[103863]: DEBUG neutron.scheduler.dhcp_agent_scheduler [req-7adea0dd-a31f-467d-9cf8-50bfeaef3e91 req-1e271b8e-4b62-47b5-aca0-88d4658b9e34 tempest-ServersTestManualDisk-2116497711 tempest-ServersTestManualDisk-2116497711-project] Network 01c1e790-7979-4bfb-9a25-362613f4342b is already hosted by enough agents. {{(pid=103863) _get_dhcp_agents_hosting_network /opt/stack/neutron/neutron/scheduler/dhcp_agent_scheduler.py:275}}
Nov 17 11:38:35.880518 dv-neutron-818218-1-hyperv neutron-server[103859]: INFO neutron.wsgi [None req-42445dc4-0bf0-4ce6-b6e2-30626aed383f tempest-PortsAdminExtendedAttrsIpV6TestJSON-1543668093 tempest-PortsAdminExtendedAttrsIpV6TestJSON-1543668093-project] 10.222.0.61 "DELETE /v2.0/networks/6753b44f-21bf-4d8f-9bb3-f5f8202c86c7 HTTP/1.1" status: 204 len: 168 time: 1.4716892
Nov 17 11:38:35.894034 dv-neutron-818218-1-hyperv neutron-server[103863]: DEBUG neutron.scheduler.base_scheduler [req-7adea0dd-a31f-467d-9cf8-50bfeaef3e91 req-1e271b8e-4b62-47b5-aca0-88d4658b9e34 tempest-ServersTestManualDisk-2116497711 tempest-ServersTestManualDisk-2116497711-project] Resources bound (agent type, host, resource id): {{(pid=103863) schedule /opt/stack/neutron/neutron/scheduler/base_scheduler.py:57}}
Nov 17 11:38:35.906351 dv-neutron-818218-1-hyperv neutron-server[103863]: DEBUG neutron.db.l3_dvrscheduler_db [req-7adea0dd-a31f-467d-9cf8-50bfeaef3e91 req-1e271b8e-4b62-47b5-aca0-88d4658b9e34 tempest-ServersTestManualDisk-2116497711 tempest-ServersTestManualDisk-2116497711-project] Received port after_create {{(pid=103863) _notify_l3_agent_new_port /opt/stack/neutron/neutron/db/l3_dvrscheduler_db.py:535}}
Nov 17 11:38:35.922610 dv-neutron-818218-1-hyperv neutron-server[103859]: DEBUG neutron.api.rpc.handlers.resources_rpc [None req-42445dc4-0bf0-4ce6-b6e2-30626aed383f tempest-PortsAdminExtendedAttrsIpV6TestJSON-1543668093 tempest-PortsAdminExtendedAttrsIpV6TestJSON-1543668093-project] Pushing event deleted for resources: {'Network': ['ID=6753b44f-21bf-4d8f-9bb3-f5f8202c86c7,revision_number=None']} {{(pid=103859) push /opt/stack/neutron/neutron/api/rpc/handlers/resources_rpc.py:237}}
Nov 17 11:38:35.929799 dv-neutron-818218-1-hyperv neutron-server[103863]: DEBUG neutron.api.rpc.handlers.resources_rpc [None req-1e271b8e-4b62-47b5-aca0-88d4658b9e34 tempest-ServersTestManualDisk-2116497711 tempest-ServersTestManualDisk-2116497711-project] Pushing event updated for resources: {'Port': ['ID=689fb1a7-ab4a-4197-bc7a-7bbedeeb05fc,revision_number=1']} {{(pid=103863) push /opt/stack/neutron/neutron/api/rpc/handlers/resources_rpc.py:237}}
Nov 17 11:38:35.983961 dv-neutron-818218-1-hyperv neutron-server[103859]: DEBUG neutron_lib.callbacks.manager [req-61e47ed8-4924-46d7-bbcb-a89d9a5a1fac req-d55a19a8-6951-45ae-aa72-05e00f1fac75 tempest-ServersTestJSON-967541888 tempest-ServersTestJSON-967541888-project] Publish callbacks ['neutron.plugins.ml2.plugin.SecurityGroupServerNotifierRpcMixin._notify_sg_on_port_change-1832637', 'neutron.plugins.ml2.ovo_rpc._ObjectChangeHandler.handle_event-243581', 'neutron.api.rpc.agentnotifiers.dhcp_rpc_agent_api.DhcpAgentNotifyAPI._native_event_send_dhcp_notification-636777', 'neutron.db.l3_dvrscheduler_db._notify_l3_agent_new_port-8727646322598', 'neutron.services.segments.plugin.NovaSegmentNotifier._notify_port_created_or_deleted-5712964'] for port, after_create {{(pid=103859) _notify_loop /usr/local/lib/python3.8/dist-packages/neutron_lib/callbacks/manager.py:175}}
Nov 17 11:38:36.103692 dv-neutron-818218-1-hyperv neutron-server[103863]: DEBUG neutron.pecan_wsgi.hooks.policy_enforcement [req-a32990c6-62e3-40be-8c81-0229bcce79bd req-eacb9e1a-a469-4520-b6df-13172bffff83 tempest-ServersTestManualDisk-2116497711 tempest-ServersTestManualDisk-2116497711-project] Attributes excluded by policy engine: ['standard_attr_id', 'binding:profile', 'binding:host_id', 'binding:vif_type', 'binding:vif_details'] {{(pid=103863) _exclude_attributes_by_policy /opt/stack/neutron/neutron/pecan_wsgi/hooks/policy_enforcement.py:255}}
Nov 17 11:38:36.114844 dv-neutron-818218-1-hyperv neutron-server[103863]: INFO neutron.wsgi [req-a32990c6-62e3-40be-8c81-0229bcce79bd req-eacb9e1a-a469-4520-b6df-13172bffff83 tempest-ServersTestManualDisk-2116497711 tempest-ServersTestManualDisk-2116497711-project] 10.222.0.61 "GET /v2.0/ports?device_id=62ea5bd7-8a72-4cf0-b865-e00abbceec9a HTTP/1.1" status: 200 len: 932 time: 0.3478193
Nov 17 11:38:36.115523 dv-neutron-818218-1-hyperv neutron-server[103863]: DEBUG neutron_lib.callbacks.manager [None req-fae39928-0d68-4eea-b4b0-cbe8a7adc7c6 admin admin] Publish callbacks ['neutron.plugins.ml2.ovo_rpc._ObjectChangeHandler.handle_event-529644'] for security_group, after_delete {{(pid=103863) _notify_loop /usr/local/lib/python3.8/dist-packages/neutron_lib/callbacks/manager.py:175}}
Nov 17 11:38:36.118565 dv-neutron-818218-1-hyperv neutron-server[103863]: DEBUG neutron_lib.callbacks.manager [None req-fae39928-0d68-4eea-b4b0-cbe8a7adc7c6 admin admin] Publish callbacks [] for security_group, before_response {{(pid=103863) _notify_loop /usr/local/lib/python3.8/dist-packages/neutron_lib/callbacks/manager.py:175}}
Nov 17 11:38:36.119675 dv-neutron-818218-1-hyperv neutron-server[103863]: INFO neutron.wsgi [None req-fae39928-0d68-4eea-b4b0-cbe8a7adc7c6 admin admin] 10.222.0.61 "DELETE /v2.0/security-groups/1f9c0eac-6e2b-468a-b181-d7d3f9094ced HTTP/1.1" status: 204 len: 168 time: 1.2244909
Nov 17 11:38:36.179215 dv-neutron-818218-1-hyperv neutron-server[103863]: DEBUG neutron.api.rpc.handlers.resources_rpc [None req-fae39928-0d68-4eea-b4b0-cbe8a7adc7c6 admin admin] Pushing event deleted for resources: {'SecurityGroup': ['ID=1f9c0eac-6e2b-468a-b181-d7d3f9094ced,revision_number=None']} {{(pid=103863) push /opt/stack/neutron/neutron/api/rpc/handlers/resources_rpc.py:237}}
Nov 17 11:38:36.202173 dv-neutron-818218-1-hyperv neutron-server[103863]: DEBUG neutron_lib.callbacks.manager [None req-6d78cfd2-5831-43f7-91db-0d7a29cb612d tempest-FloatingIPAdminTestJSON-150238914 tempest-FloatingIPAdminTestJSON-150238914-project-admin] Publish callbacks [] for port, precommit_create {{(pid=103863) _notify_loop /usr/local/lib/python3.8/dist-packages/neutron_lib/callbacks/manager.py:175}}
Nov 17 11:38:36.212241 dv-neutron-818218-1-hyperv neutron-server[103863]: DEBUG neutron.pecan_wsgi.hooks.policy_enforcement [req-7adea0dd-a31f-467d-9cf8-50bfeaef3e91 req-1e271b8e-4b62-47b5-aca0-88d4658b9e34 tempest-ServersTestManualDisk-2116497711 tempest-ServersTestManualDisk-2116497711-project] Attributes excluded by policy engine: ['standard_attr_id', 'binding:profile', 'binding:host_id', 'binding:vif_type', 'binding:vif_details', 'network'] {{(pid=103863) _exclude_attributes_by_policy /opt/stack/neutron/neutron/pecan_wsgi/hooks/policy_enforcement.py:255}}
Nov 17 11:38:36.213287 dv-neutron-818218-1-hyperv neutron-server[103863]: DEBUG neutron_lib.callbacks.manager [req-7adea0dd-a31f-467d-9cf8-50bfeaef3e91 req-1e271b8e-4b62-47b5-aca0-88d4658b9e34 tempest-ServersTestManualDisk-2116497711 tempest-ServersTestManualDisk-2116497711-project] Publish callbacks ['neutron.notifiers.nova.Notifier._send_nova_notification-157981'] for port, before_response {{(pid=103863) _notify_loop /usr/local/lib/python3.8/dist-packages/neutron_lib/callbacks/manager.py:175}}
Nov 17 11:38:36.243358 dv-neutron-818218-1-hyperv neutron-server[103859]: DEBUG neutron.scheduler.dhcp_agent_scheduler [req-61e47ed8-4924-46d7-bbcb-a89d9a5a1fac req-d55a19a8-6951-45ae-aa72-05e00f1fac75 tempest-ServersTestJSON-967541888 tempest-ServersTestJSON-967541888-project] Network ad0beeac-4445-4f69-9561-6b05e28db1cb is already hosted by enough agents. {{(pid=103859) _get_dhcp_agents_hosting_network /opt/stack/neutron/neutron/scheduler/dhcp_agent_scheduler.py:275}}
Nov 17 11:38:36.265113 dv-neutron-818218-1-hyperv neutron-server[103859]: DEBUG neutron.scheduler.base_scheduler [req-61e47ed8-4924-46d7-bbcb-a89d9a5a1fac req-d55a19a8-6951-45ae-aa72-05e00f1fac75 tempest-ServersTestJSON-967541888 tempest-ServersTestJSON-967541888-project] Resources bound (agent type, host, resource id): {{(pid=103859) schedule /opt/stack/neutron/neutron/scheduler/base_scheduler.py:57}}
Nov 17 11:38:36.265886 dv-neutron-818218-1-hyperv neutron-server[103863]: INFO neutron.wsgi [req-a32990c6-62e3-40be-8c81-0229bcce79bd req-adb7b371-9813-47ad-a156-92557a77d5dd tempest-ServersTestManualDisk-2116497711 tempest-ServersTestManualDisk-2116497711-project] 10.222.0.61 "GET /v2.0/security-groups?id=fa904127-5b12-4a33-ad4a-9c59e0896ac5&fields=id&fields=name HTTP/1.1" status: 200 len: 312 time: 0.1339922
Nov 17 11:38:36.271216 dv-neutron-818218-1-hyperv neutron-server[103859]: DEBUG neutron.api.rpc.handlers.resources_rpc [None req-d55a19a8-6951-45ae-aa72-05e00f1fac75 tempest-ServersTestJSON-967541888 tempest-ServersTestJSON-967541888-project] Pushing event updated for resources: {'Port': ['ID=7d50d2c7-6bd6-446d-8ef6-6c44d22c8182,revision_number=1']} {{(pid=103859) push /opt/stack/neutron/neutron/api/rpc/handlers/resources_rpc.py:237}}
Nov 17 11:38:36.293562 dv-neutron-818218-1-hyperv neutron-server[103859]: DEBUG neutron.db.l3_dvrscheduler_db [req-61e47ed8-4924-46d7-bbcb-a89d9a5a1fac req-d55a19a8-6951-45ae-aa72-05e00f1fac75 tempest-ServersTestJSON-967541888 tempest-ServersTestJSON-967541888-project] Received port after_create {{(pid=103859) _notify_l3_agent_new_port /opt/stack/neutron/neutron/db/l3_dvrscheduler_db.py:535}}
Nov 17 11:38:36.374128 dv-neutron-818218-1-hyperv neutron-server[103863]: INFO neutron.wsgi [req-7adea0dd-a31f-467d-9cf8-50bfeaef3e91 req-1e271b8e-4b62-47b5-aca0-88d4658b9e34 tempest-ServersTestManualDisk-2116497711 tempest-ServersTestManualDisk-2116497711-project] 10.222.0.50 "POST /v2.0/ports HTTP/1.1" status: 201 len: 934 time: 3.3886449
Nov 17 11:38:36.410747 dv-neutron-818218-1-hyperv neutron-server[103863]: DEBUG neutron_lib.callbacks.manager [None req-6d78cfd2-5831-43f7-91db-0d7a29cb612d tempest-FloatingIPAdminTestJSON-150238914 tempest-FloatingIPAdminTestJSON-150238914-project-admin] Publish callbacks ['neutron.plugins.ml2.plugin.SecurityGroupServerNotifierRpcMixin._notify_sg_on_port_change-1832637', 'neutron.plugins.ml2.ovo_rpc._ObjectChangeHandler.handle_event-243581', 'neutron.api.rpc.agentnotifiers.dhcp_rpc_agent_api.DhcpAgentNotifyAPI._native_event_send_dhcp_notification-636777', 'neutron.db.l3_dvrscheduler_db._notify_l3_agent_new_port-8727646322598', 'neutron.services.segments.plugin.NovaSegmentNotifier._notify_port_created_or_deleted-6175562'] for port, after_create {{(pid=103863) _notify_loop /usr/local/lib/python3.8/dist-packages/neutron_lib/callbacks/manager.py:175}}
Nov 17 11:38:36.442903 dv-neutron-818218-1-hyperv neutron-server[103859]: DEBUG neutron.pecan_wsgi.hooks.policy_enforcement [req-61e47ed8-4924-46d7-bbcb-a89d9a5a1fac req-d55a19a8-6951-45ae-aa72-05e00f1fac75 tempest-ServersTestJSON-967541888 tempest-ServersTestJSON-967541888-project] Attributes excluded by policy engine: ['standard_attr_id', 'binding:profile', 'binding:host_id', 'binding:vif_type', 'binding:vif_details', 'network'] {{(pid=103859) _exclude_attributes_by_policy /opt/stack/neutron/neutron/pecan_wsgi/hooks/policy_enforcement.py:255}}
Nov 17 11:38:36.443853 dv-neutron-818218-1-hyperv neutron-server[103859]: DEBUG neutron_lib.callbacks.manager [req-61e47ed8-4924-46d7-bbcb-a89d9a5a1fac req-d55a19a8-6951-45ae-aa72-05e00f1fac75 tempest-ServersTestJSON-967541888 tempest-ServersTestJSON-967541888-project] Publish callbacks ['neutron.notifiers.nova.Notifier._send_nova_notification-157981'] for port, before_response {{(pid=103859) _notify_loop /usr/local/lib/python3.8/dist-packages/neutron_lib/callbacks/manager.py:175}}
Nov 17 11:38:36.453995 dv-neutron-818218-1-hyperv neutron-server[103865]: DEBUG neutron.db.provisioning_blocks [None req-02c6facd-2690-446c-a146-670ea0e2cbe8 None None] Provisioning complete for port 689fb1a7-ab4a-4197-bc7a-7bbedeeb05fc triggered by entity DHCP. {{(pid=103865) provisioning_complete /opt/stack/neutron/neutron/db/provisioning_blocks.py:139}}
Nov 17 11:38:36.455166 dv-neutron-818218-1-hyperv neutron-server[103865]: DEBUG neutron_lib.callbacks.manager [None req-02c6facd-2690-446c-a146-670ea0e2cbe8 None None] Publish callbacks ['neutron.plugins.ml2.plugin.Ml2Plugin._port_provisioned-1577192'] for port, provisioning_complete {{(pid=103865) _notify_loop /usr/local/lib/python3.8/dist-packages/neutron_lib/callbacks/manager.py:175}}
Nov 17 11:38:36.493568 dv-neutron-818218-1-hyperv neutron-server[103863]: DEBUG neutron.scheduler.dhcp_agent_scheduler [None req-6d78cfd2-5831-43f7-91db-0d7a29cb612d tempest-FloatingIPAdminTestJSON-150238914 tempest-FloatingIPAdminTestJSON-150238914-project-admin] Network f18c2b92-96b9-4674-bab7-f20c29c07930 is already hosted by enough agents. {{(pid=103863) _get_dhcp_agents_hosting_network /opt/stack/neutron/neutron/scheduler/dhcp_agent_scheduler.py:275}}
Nov 17 11:38:36.517747 dv-neutron-818218-1-hyperv neutron-server[103859]: DEBUG neutron.pecan_wsgi.hooks.policy_enforcement [req-72641a54-c0f7-4c72-8520-2121048df1f0 req-feae3d84-a5ec-4fa7-be9f-8e8fccfadfe6 tempest-ServersTestJSON-967541888 tempest-ServersTestJSON-967541888-project] Attributes excluded by policy engine: ['standard_attr_id', 'binding:profile', 'binding:host_id', 'binding:vif_type', 'binding:vif_details'] {{(pid=103859) _exclude_attributes_by_policy /opt/stack/neutron/neutron/pecan_wsgi/hooks/policy_enforcement.py:255}}
Nov 17 11:38:36.523499 dv-neutron-818218-1-hyperv neutron-server[103859]: INFO neutron.wsgi [req-72641a54-c0f7-4c72-8520-2121048df1f0 req-feae3d84-a5ec-4fa7-be9f-8e8fccfadfe6 tempest-ServersTestJSON-967541888 tempest-ServersTestJSON-967541888-project] 10.222.0.61 "GET /v2.0/ports?device_id=084864c1-0b88-45ba-93c8-bdbe07bafd33 HTTP/1.1" status: 200 len: 931 time: 0.4541597
Nov 17 11:38:36.528495 dv-neutron-818218-1-hyperv neutron-server[103865]: DEBUG neutron.plugins.ml2.plugin [None req-02c6facd-2690-446c-a146-670ea0e2cbe8 None None] Port 689fb1a7-ab4a-4197-bc7a-7bbedeeb05fc cannot update to ACTIVE because it is not bound. {{(pid=103865) _port_provisioned /opt/stack/neutron/neutron/plugins/ml2/plugin.py:342}}
Nov 17 11:38:36.551434 dv-neutron-818218-1-hyperv neutron-server[103863]: DEBUG neutron.scheduler.base_scheduler [None req-6d78cfd2-5831-43f7-91db-0d7a29cb612d tempest-FloatingIPAdminTestJSON-150238914 tempest-FloatingIPAdminTestJSON-150238914-project-admin] Resources bound (agent type, host, resource id): {{(pid=103863) schedule /opt/stack/neutron/neutron/scheduler/base_scheduler.py:57}}
Nov 17 11:38:36.558979 dv-neutron-818218-1-hyperv neutron-server[103859]: INFO neutron.wsgi [req-61e47ed8-4924-46d7-bbcb-a89d9a5a1fac req-d55a19a8-6951-45ae-aa72-05e00f1fac75 tempest-ServersTestJSON-967541888 tempest-ServersTestJSON-967541888-project] 10.222.0.50 "POST /v2.0/ports HTTP/1.1" status: 201 len: 933 time: 2.8239172
Nov 17 11:38:36.575081 dv-neutron-818218-1-hyperv neutron-server[103863]: DEBUG neutron.db.l3_dvrscheduler_db [None req-6d78cfd2-5831-43f7-91db-0d7a29cb612d tempest-FloatingIPAdminTestJSON-150238914 tempest-FloatingIPAdminTestJSON-150238914-project-admin] Received port after_create {{(pid=103863) _notify_l3_agent_new_port /opt/stack/neutron/neutron/db/l3_dvrscheduler_db.py:535}}
Nov 17 11:38:36.745960 dv-neutron-818218-1-hyperv neutron-server[103863]: DEBUG neutron.api.rpc.handlers.resources_rpc [None req-6d78cfd2-5831-43f7-91db-0d7a29cb612d tempest-FloatingIPAdminTestJSON-150238914 tempest-FloatingIPAdminTestJSON-150238914-project-admin] Pushing event updated for resources: {'Port': ['ID=f5f5c656-bacf-43a4-bc35-816666b6873d,revision_number=1']} {{(pid=103863) push /opt/stack/neutron/neutron/api/rpc/handlers/resources_rpc.py:237}}
Nov 17 11:38:36.749784 dv-neutron-818218-1-hyperv neutron-server[103859]: INFO neutron.wsgi [req-72641a54-c0f7-4c72-8520-2121048df1f0 req-e014dd0f-8d58-4399-b6c5-beeabae59196 tempest-ServersTestJSON-967541888 tempest-ServersTestJSON-967541888-project] 10.222.0.61 "GET /v2.0/security-groups?id=c595dc52-eb18-4a81-8c18-d88d301b52c9&fields=id&fields=name HTTP/1.1" status: 200 len: 310 time: 0.2149224
Nov 17 11:38:36.782463 dv-neutron-818218-1-hyperv neutron-server[103865]: DEBUG neutron.db.provisioning_blocks [None req-b82da17e-236e-4b6a-875d-f907839474d0 None None] Provisioning complete for port 7d50d2c7-6bd6-446d-8ef6-6c44d22c8182 triggered by entity DHCP. {{(pid=103865) provisioning_complete /opt/stack/neutron/neutron/db/provisioning_blocks.py:139}}
Nov 17 11:38:36.785494 dv-neutron-818218-1-hyperv neutron-server[103865]: DEBUG neutron_lib.callbacks.manager [None req-b82da17e-236e-4b6a-875d-f907839474d0 None None] Publish callbacks ['neutron.plugins.ml2.plugin.Ml2Plugin._port_provisioned-1577192'] for port, provisioning_complete {{(pid=103865) _notify_loop /usr/local/lib/python3.8/dist-packages/neutron_lib/callbacks/manager.py:175}}
Nov 17 11:38:36.902096 dv-neutron-818218-1-hyperv neutron-server[103865]: DEBUG neutron.plugins.ml2.plugin [None req-b82da17e-236e-4b6a-875d-f907839474d0 None None] Port 7d50d2c7-6bd6-446d-8ef6-6c44d22c8182 cannot update to ACTIVE because it is not bound. {{(pid=103865) _port_provisioned /opt/stack/neutron/neutron/plugins/ml2/plugin.py:342}}
Nov 17 11:38:37.027108 dv-neutron-818218-1-hyperv neutron-server[103859]: DEBUG neutron.wsgi [-] (103859) accepted ('10.222.0.61', 46438) {{(pid=103859) server /usr/local/lib/python3.8/dist-packages/eventlet/wsgi.py:982}}
Nov 17 11:38:37.107063 dv-neutron-818218-1-hyperv neutron-server[103863]: INFO neutron.wsgi [req-5ab267ad-f072-4961-8a50-cb0e67e4fa79 req-80efdd6b-996e-4fc1-b284-35d6b95affcf tempest-ServerActionsTestJSON-1471408401 tempest-ServerActionsTestJSON-1471408401-project] 10.222.0.61 "GET /v2.0/ports?device_id=67b5eb54-226c-4247-9c7d-b6f5ec2fd19f HTTP/1.1" status: 200 len: 210 time: 0.0353990
Nov 17 11:38:37.133489 dv-neutron-818218-1-hyperv neutron-server[103859]: DEBUG neutron.wsgi [req-61e47ed8-4924-46d7-bbcb-a89d9a5a1fac req-2b201b7c-c68f-4cf2-8354-fbde56b94d8e tempest-ServersTestJSON-967541888 tempest-ServersTestJSON-967541888-project] http://10.222.0.61:9696/v2.0/extensions returned with HTTP 200 {{(pid=103859) __call__ /opt/stack/neutron/neutron/wsgi.py:729}}
Nov 17 11:38:37.134567 dv-neutron-818218-1-hyperv neutron-server[103859]: INFO neutron.wsgi [req-61e47ed8-4924-46d7-bbcb-a89d9a5a1fac req-2b201b7c-c68f-4cf2-8354-fbde56b94d8e tempest-ServersTestJSON-967541888 tempest-ServersTestJSON-967541888-project] 10.222.0.50 "GET /v2.0/extensions HTTP/1.1" status: 200 len: 14082 time: 0.0052567
Nov 17 11:38:37.137079 dv-neutron-818218-1-hyperv neutron-server[103863]: DEBUG neutron.wsgi [req-7adea0dd-a31f-467d-9cf8-50bfeaef3e91 req-cc80fedd-9ff8-492f-9377-da0ac68e1583 tempest-ServersTestManualDisk-2116497711 tempest-ServersTestManualDisk-2116497711-project] http://10.222.0.61:9696/v2.0/extensions returned with HTTP 200 {{(pid=103863) __call__ /opt/stack/neutron/neutron/wsgi.py:729}}
Nov 17 11:38:37.138303 dv-neutron-818218-1-hyperv neutron-server[103863]: INFO neutron.wsgi [req-7adea0dd-a31f-467d-9cf8-50bfeaef3e91 req-cc80fedd-9ff8-492f-9377-da0ac68e1583 tempest-ServersTestManualDisk-2116497711 tempest-ServersTestManualDisk-2116497711-project] 10.222.0.50 "GET /v2.0/extensions HTTP/1.1" status: 200 len: 14082 time: 0.0066447
Nov 17 11:38:37.297620 dv-neutron-818218-1-hyperv neutron-server[103859]: DEBUG neutron.wsgi [-] (103859) accepted ('10.222.0.61', 46446) {{(pid=103859) server /usr/local/lib/python3.8/dist-packages/eventlet/wsgi.py:982}}
Nov 17 11:38:37.892445 dv-neutron-818218-1-hyperv neutron-server[103859]: INFO neutron.wsgi [None req-973b21b6-a742-4342-b916-4d3d73fafe01 admin admin] 10.222.0.61 "GET /v2.0/security-groups?tenant_id=39ba3ecbade94dbf9598de2e8f90a4c6&name=default HTTP/1.1" status: 200 len: 2992 time: 0.5936503
Nov 17 11:38:37.896236 dv-neutron-818218-1-hyperv neutron-server[103859]: DEBUG neutron.wsgi [-] (103859) accepted ('10.222.0.61', 46464) {{(pid=103859) server /usr/local/lib/python3.8/dist-packages/eventlet/wsgi.py:982}}
Nov 17 11:38:37.911796 dv-neutron-818218-1-hyperv neutron-server[103859]: INFO neutron.wsgi [None req-d753aa94-6e6c-4243-a426-da932bd65dc2 admin admin] 10.222.0.61 "GET /v2.0/security-groups?tenant_id=c374c61325e8429ba055dc7cd2dc6e90&name=default HTTP/1.1" status: 200 len: 2992 time: 0.8834662
Nov 17 11:38:37.913610 dv-neutron-818218-1-hyperv neutron-server[103859]: DEBUG neutron.wsgi [-] (103859) accepted ('10.222.0.61', 46466) {{(pid=103859) server /usr/local/lib/python3.8/dist-packages/eventlet/wsgi.py:982}}
Nov 17 11:38:37.931285 dv-neutron-818218-1-hyperv neutron-server[103859]: DEBUG neutron.pecan_wsgi.hooks.policy_enforcement [req-c3886297-8460-48df-9365-cb6e5c8d5864 req-0195cc5c-61ce-4321-818c-a2052dfc650b tempest-ServersTestManualDisk-2116497711 tempest-ServersTestManualDisk-2116497711-project] Attributes excluded by policy engine: ['standard_attr_id', 'binding:profile', 'binding:host_id', 'binding:vif_type', 'binding:vif_details'] {{(pid=103859) _exclude_attributes_by_policy /opt/stack/neutron/neutron/pecan_wsgi/hooks/policy_enforcement.py:255}}
Nov 17 11:38:37.939270 dv-neutron-818218-1-hyperv neutron-server[103859]: INFO neutron.wsgi [req-c3886297-8460-48df-9365-cb6e5c8d5864 req-0195cc5c-61ce-4321-818c-a2052dfc650b tempest-ServersTestManualDisk-2116497711 tempest-ServersTestManualDisk-2116497711-project] 10.222.0.61 "GET /v2.0/ports?device_id=62ea5bd7-8a72-4cf0-b865-e00abbceec9a HTTP/1.1" status: 200 len: 932 time: 0.2006145
Nov 17 11:38:37.943803 dv-neutron-818218-1-hyperv neutron-server[103865]: DEBUG neutron_lib.callbacks.manager [None req-7915ff6a-ebd7-4147-b8cb-da01e03c88db None None] Publish callbacks ['neutron.services.segments.db._update_segment_host_mapping_for_agent-8727646839601', 'neutron.plugins.ml2.plugin.Ml2Plugin._retry_binding_revived_agents-1577113'] for agent, after_update {{(pid=103865) _notify_loop /usr/local/lib/python3.8/dist-packages/neutron_lib/callbacks/manager.py:175}}
Nov 17 11:38:38.047100 dv-neutron-818218-1-hyperv neutron-server[103863]: DEBUG neutron_lib.callbacks.manager [None req-6d78cfd2-5831-43f7-91db-0d7a29cb612d tempest-FloatingIPAdminTestJSON-150238914 tempest-FloatingIPAdminTestJSON-150238914-project-admin] Publish callbacks [] for floatingip, precommit_create {{(pid=103863) _notify_loop /usr/local/lib/python3.8/dist-packages/neutron_lib/callbacks/manager.py:175}}
Nov 17 11:38:38.065600 dv-neutron-818218-1-hyperv neutron-server[103859]: INFO neutron.wsgi [req-c3886297-8460-48df-9365-cb6e5c8d5864 req-0065e5be-f008-4341-9edf-8e418442a7a8 tempest-ServersTestManualDisk-2116497711 tempest-ServersTestManualDisk-2116497711-project] 10.222.0.61 "GET /v2.0/security-groups?id=fa904127-5b12-4a33-ad4a-9c59e0896ac5&fields=id&fields=name HTTP/1.1" status: 200 len: 312 time: 0.1229892
Nov 17 11:38:38.070570 dv-neutron-818218-1-hyperv neutron-server[103859]: DEBUG neutron_lib.callbacks.manager [None req-47a2a52d-59f5-475b-bbc0-16f189fc13d0 admin admin] Publish callbacks [] for security_group, before_delete {{(pid=103859) _notify_loop /usr/local/lib/python3.8/dist-packages/neutron_lib/callbacks/manager.py:175}}
Nov 17 11:38:38.112153 dv-neutron-818218-1-hyperv neutron-server[103859]: DEBUG neutron_lib.callbacks.manager [None req-47a2a52d-59f5-475b-bbc0-16f189fc13d0 admin admin] Publish callbacks [] for security_group, precommit_delete {{(pid=103859) _notify_loop /usr/local/lib/python3.8/dist-packages/neutron_lib/callbacks/manager.py:175}}
Nov 17 11:38:38.146193 dv-neutron-818218-1-hyperv neutron-server[103863]: DEBUG neutron.pecan_wsgi.hooks.policy_enforcement [req-7120abe5-7007-4c94-b4f0-ceb01eff53f3 req-7130fa6c-de7e-4205-b206-b732d39bc2c4 tempest-ServersTestJSON-967541888 tempest-ServersTestJSON-967541888-project] Attributes excluded by policy engine: ['standard_attr_id', 'binding:profile', 'binding:host_id', 'binding:vif_type', 'binding:vif_details'] {{(pid=103863) _exclude_attributes_by_policy /opt/stack/neutron/neutron/pecan_wsgi/hooks/policy_enforcement.py:255}}
Nov 17 11:38:38.155137 dv-neutron-818218-1-hyperv neutron-server[103863]: INFO neutron.wsgi [req-7120abe5-7007-4c94-b4f0-ceb01eff53f3 req-7130fa6c-de7e-4205-b206-b732d39bc2c4 tempest-ServersTestJSON-967541888 tempest-ServersTestJSON-967541888-project] 10.222.0.61 "GET /v2.0/ports?device_id=084864c1-0b88-45ba-93c8-bdbe07bafd33 HTTP/1.1" status: 200 len: 931 time: 0.1775103
Nov 17 11:38:38.202710 dv-neutron-818218-1-hyperv neutron-server[103859]: DEBUG neutron_lib.callbacks.manager [None req-0e34da11-33e2-4e77-9720-a071d805b693 admin admin] Publish callbacks [] for security_group, before_delete {{(pid=103859) _notify_loop /usr/local/lib/python3.8/dist-packages/neutron_lib/callbacks/manager.py:175}}
Nov 17 11:38:38.258996 dv-neutron-818218-1-hyperv neutron-server[103859]: DEBUG neutron_lib.callbacks.manager [None req-0e34da11-33e2-4e77-9720-a071d805b693 admin admin] Publish callbacks [] for security_group, precommit_delete {{(pid=103859) _notify_loop /usr/local/lib/python3.8/dist-packages/neutron_lib/callbacks/manager.py:175}}
Nov 17 11:38:38.271514 dv-neutron-818218-1-hyperv neutron-server[103863]: INFO neutron.wsgi [req-7120abe5-7007-4c94-b4f0-ceb01eff53f3 req-5a1f6433-0b86-44eb-9bd4-2c1748dc640a tempest-ServersTestJSON-967541888 tempest-ServersTestJSON-967541888-project] 10.222.0.61 "GET /v2.0/security-groups?id=c595dc52-eb18-4a81-8c18-d88d301b52c9&fields=id&fields=name HTTP/1.1" status: 200 len: 310 time: 0.1152561
Nov 17 11:38:38.277636 dv-neutron-818218-1-hyperv neutron-server[103863]: DEBUG neutron_lib.callbacks.manager [None req-6d78cfd2-5831-43f7-91db-0d7a29cb612d tempest-FloatingIPAdminTestJSON-150238914 tempest-FloatingIPAdminTestJSON-150238914-project-admin] Publish callbacks ['neutron.plugins.ml2.plugin.SecurityGroupDbMixin._ensure_default_security_group_handler-1832702'] for port, before_update {{(pid=103863) _notify_loop /usr/local/lib/python3.8/dist-packages/neutron_lib/callbacks/manager.py:175}}
Nov 17 11:38:38.327671 dv-neutron-818218-1-hyperv neutron-server[103859]: DEBUG neutron_lib.callbacks.manager [None req-47a2a52d-59f5-475b-bbc0-16f189fc13d0 admin admin] Publish callbacks ['neutron.plugins.ml2.ovo_rpc._ObjectChangeHandler.handle_event-529644'] for security_group, after_delete {{(pid=103859) _notify_loop /usr/local/lib/python3.8/dist-packages/neutron_lib/callbacks/manager.py:175}}
Nov 17 11:38:38.331922 dv-neutron-818218-1-hyperv neutron-server[103859]: DEBUG neutron_lib.callbacks.manager [None req-47a2a52d-59f5-475b-bbc0-16f189fc13d0 admin admin] Publish callbacks [] for security_group, before_response {{(pid=103859) _notify_loop /usr/local/lib/python3.8/dist-packages/neutron_lib/callbacks/manager.py:175}}
Nov 17 11:38:38.338425 dv-neutron-818218-1-hyperv neutron-server[103859]: INFO neutron.wsgi [None req-47a2a52d-59f5-475b-bbc0-16f189fc13d0 admin admin] 10.222.0.61 "DELETE /v2.0/security-groups/3291edb4-278a-4de9-ae67-1b2949628c98 HTTP/1.1" status: 204 len: 168 time: 0.4407470
Nov 17 11:38:38.362783 dv-neutron-818218-1-hyperv neutron-server[103859]: DEBUG neutron_lib.callbacks.manager [None req-0e34da11-33e2-4e77-9720-a071d805b693 admin admin] Publish callbacks ['neutron.plugins.ml2.ovo_rpc._ObjectChangeHandler.handle_event-529644'] for security_group, after_delete {{(pid=103859) _notify_loop /usr/local/lib/python3.8/dist-packages/neutron_lib/callbacks/manager.py:175}}
Nov 17 11:38:38.366034 dv-neutron-818218-1-hyperv neutron-server[103859]: DEBUG neutron_lib.callbacks.manager [None req-0e34da11-33e2-4e77-9720-a071d805b693 admin admin] Publish callbacks [] for security_group, before_response {{(pid=103859) _notify_loop /usr/local/lib/python3.8/dist-packages/neutron_lib/callbacks/manager.py:175}}
Nov 17 11:38:38.370464 dv-neutron-818218-1-hyperv neutron-server[103859]: INFO neutron.wsgi [None req-0e34da11-33e2-4e77-9720-a071d805b693 admin admin] 10.222.0.61 "DELETE /v2.0/security-groups/ef1beaa8-3076-458e-aea6-843221fe980d HTTP/1.1" status: 204 len: 168 time: 0.4499035
Nov 17 11:38:38.373178 dv-neutron-818218-1-hyperv neutron-server[103859]: DEBUG neutron.api.rpc.handlers.resources_rpc [None req-47a2a52d-59f5-475b-bbc0-16f189fc13d0 admin admin] Pushing event deleted for resources: {'SecurityGroup': ['ID=3291edb4-278a-4de9-ae67-1b2949628c98,revision_number=None']} {{(pid=103859) push /opt/stack/neutron/neutron/api/rpc/handlers/resources_rpc.py:237}}
Nov 17 11:38:38.407344 dv-neutron-818218-1-hyperv neutron-server[103859]: INFO neutron.wsgi [req-bff2b4d6-ff7b-4d33-b8d8-eb5c6e905dd4 req-9d572c54-93f0-4f3d-8fa6-2631fc35c8af tempest-ServerActionsTestJSON-1471408401 tempest-ServerActionsTestJSON-1471408401-project] 10.222.0.61 "GET /v2.0/ports?device_id=67b5eb54-226c-4247-9c7d-b6f5ec2fd19f HTTP/1.1" status: 200 len: 210 time: 0.0776923
Nov 17 11:38:38.417635 dv-neutron-818218-1-hyperv neutron-server[103859]: DEBUG neutron.api.rpc.handlers.resources_rpc [None req-0e34da11-33e2-4e77-9720-a071d805b693 admin admin] Pushing event deleted for resources: {'SecurityGroup': ['ID=ef1beaa8-3076-458e-aea6-843221fe980d,revision_number=None']} {{(pid=103859) push /opt/stack/neutron/neutron/api/rpc/handlers/resources_rpc.py:237}}
Nov 17 11:38:38.551409 dv-neutron-818218-1-hyperv neutron-server[103859]: DEBUG neutron.wsgi [-] (103859) accepted ('10.222.0.50', 56526) {{(pid=103859) server /usr/local/lib/python3.8/dist-packages/eventlet/wsgi.py:982}}
Nov 17 11:38:38.606211 dv-neutron-818218-1-hyperv neutron-server[103863]: DEBUG neutron.api.v2.base [req-61e47ed8-4924-46d7-bbcb-a89d9a5a1fac req-bcd70744-7a57-4b3d-b1bf-6fd9154e50f1 service neutron] Request body: {'port': {'device_id': '084864c1-0b88-45ba-93c8-bdbe07bafd33', 'device_owner': 'compute:nova', 'binding:host_id': 'hv-neutron-8182'}} {{(pid=103863) prepare_request_body /opt/stack/neutron/neutron/api/v2/base.py:729}}
Nov 17 11:38:38.690787 dv-neutron-818218-1-hyperv neutron-server[103863]: DEBUG neutron_lib.callbacks.manager [req-61e47ed8-4924-46d7-bbcb-a89d9a5a1fac req-bcd70744-7a57-4b3d-b1bf-6fd9154e50f1 service neutron] Publish callbacks ['neutron.plugins.ml2.plugin.SecurityGroupDbMixin._ensure_default_security_group_handler-1832702'] for port, before_update {{(pid=103863) _notify_loop /usr/local/lib/python3.8/dist-packages/neutron_lib/callbacks/manager.py:175}}
Nov 17 11:38:38.718469 dv-neutron-818218-1-hyperv neutron-server[103863]: DEBUG neutron_lib.callbacks.manager [None req-6d78cfd2-5831-43f7-91db-0d7a29cb612d tempest-FloatingIPAdminTestJSON-150238914 tempest-FloatingIPAdminTestJSON-150238914-project-admin] Publish callbacks [] for port, precommit_update {{(pid=103863) _notify_loop /usr/local/lib/python3.8/dist-packages/neutron_lib/callbacks/manager.py:175}}
Nov 17 11:38:38.726801 dv-neutron-818218-1-hyperv neutron-server[103863]: DEBUG neutron_lib.callbacks.manager [None req-6d78cfd2-5831-43f7-91db-0d7a29cb612d tempest-FloatingIPAdminTestJSON-150238914 tempest-FloatingIPAdminTestJSON-150238914-project-admin] Publish callbacks ['neutron.plugins.ml2.plugin.SecurityGroupServerNotifierRpcMixin._notify_sg_on_port_change-1832637', 'neutron.plugins.ml2.ovo_rpc._ObjectChangeHandler.handle_event-243581', 'neutron.api.rpc.agentnotifiers.dhcp_rpc_agent_api.DhcpAgentNotifyAPI._native_event_send_dhcp_notification-636777', 'neutron.db.l3_db.L3RpcNotifierMixin._notify_gateway_port_ip_changed-8727646737776', 'neutron.db.l3_dvrscheduler_db._notify_l3_agent_port_update-8727646322616', 'neutron.db.l3_hascheduler_db._notify_l3_agent_ha_port_update-8727646322634', 'neutron.services.segments.plugin.NovaSegmentNotifier._notify_port_updated-6175581'] for port, after_update {{(pid=103863) _notify_loop /usr/local/lib/python3.8/dist-packages/neutron_lib/callbacks/manager.py:175}}
Nov 17 11:38:38.778179 dv-neutron-818218-1-hyperv neutron-server[103859]: DEBUG neutron.api.v2.base [req-7adea0dd-a31f-467d-9cf8-50bfeaef3e91 req-db80f948-0147-4080-9588-53081cb0ae8f service neutron] Request body: {'port': {'device_id': '62ea5bd7-8a72-4cf0-b865-e00abbceec9a', 'device_owner': 'compute:nova', 'binding:host_id': 'hv-neutron-8182'}} {{(pid=103859) prepare_request_body /opt/stack/neutron/neutron/api/v2/base.py:729}}
Nov 17 11:38:38.918436 dv-neutron-818218-1-hyperv neutron-server[103859]: DEBUG neutron_lib.callbacks.manager [req-7adea0dd-a31f-467d-9cf8-50bfeaef3e91 req-db80f948-0147-4080-9588-53081cb0ae8f service neutron] Publish callbacks ['neutron.plugins.ml2.plugin.SecurityGroupDbMixin._ensure_default_security_group_handler-1832702'] for port, before_update {{(pid=103859) _notify_loop /usr/local/lib/python3.8/dist-packages/neutron_lib/callbacks/manager.py:175}}
Nov 17 11:38:38.969038 dv-neutron-818218-1-hyperv neutron-server[103863]: DEBUG neutron.api.rpc.handlers.resources_rpc [None req-6d78cfd2-5831-43f7-91db-0d7a29cb612d tempest-FloatingIPAdminTestJSON-150238914 tempest-FloatingIPAdminTestJSON-150238914-project-admin] Pushing event updated for resources: {'Port': ['ID=f5f5c656-bacf-43a4-bc35-816666b6873d,revision_number=2']} {{(pid=103863) push /opt/stack/neutron/neutron/api/rpc/handlers/resources_rpc.py:237}}
Nov 17 11:38:39.003574 dv-neutron-818218-1-hyperv neutron-server[103863]: DEBUG neutron_lib.callbacks.manager [None req-6d78cfd2-5831-43f7-91db-0d7a29cb612d tempest-FloatingIPAdminTestJSON-150238914 tempest-FloatingIPAdminTestJSON-150238914-project-admin] Publish callbacks ['neutron.services.l3_router.l3_router_plugin.DVRResourceOperationHandler._create_dvr_floating_gw_port-673291'] for floatingip, after_create {{(pid=103863) _notify_loop /usr/local/lib/python3.8/dist-packages/neutron_lib/callbacks/manager.py:175}}
Nov 17 11:38:39.405967 dv-neutron-818218-1-hyperv neutron-server[103863]: INFO neutron.db.l3_db [None req-6d78cfd2-5831-43f7-91db-0d7a29cb612d tempest-FloatingIPAdminTestJSON-150238914 tempest-FloatingIPAdminTestJSON-150238914-project-admin] Floating IP 6479a441-c9b4-4cda-8726-f1cb1ed0d1d2 associated. External IP: 172.26.2.107, port: 465f4214-b539-43ec-972d-489c5ba5e250.
Nov 17 11:38:39.490898 dv-neutron-818218-1-hyperv neutron-server[103859]: DEBUG neutron.notifiers.nova [req-7adea0dd-a31f-467d-9cf8-50bfeaef3e91 req-db80f948-0147-4080-9588-53081cb0ae8f service neutron] Ignoring state change previous_port_status: DOWN current_port_status: DOWN port_id 689fb1a7-ab4a-4197-bc7a-7bbedeeb05fc {{(pid=103859) record_port_status_changed /opt/stack/neutron/neutron/notifiers/nova.py:224}}
Nov 17 11:38:39.496375 dv-neutron-818218-1-hyperv neutron-server[103863]: DEBUG neutron.pecan_wsgi.hooks.policy_enforcement [req-a1448a87-a366-4a4c-9e27-da939c6cdee5 req-6498feb5-5825-43cd-ae47-830398b40b4d tempest-ServersTestManualDisk-2116497711 tempest-ServersTestManualDisk-2116497711-project] Attributes excluded by policy engine: ['standard_attr_id', 'binding:profile', 'binding:host_id', 'binding:vif_type', 'binding:vif_details'] {{(pid=103863) _exclude_attributes_by_policy /opt/stack/neutron/neutron/pecan_wsgi/hooks/policy_enforcement.py:255}}
Nov 17 11:38:39.500294 dv-neutron-818218-1-hyperv neutron-server[103863]: INFO neutron.wsgi [req-a1448a87-a366-4a4c-9e27-da939c6cdee5 req-6498feb5-5825-43cd-ae47-830398b40b4d tempest-ServersTestManualDisk-2116497711 tempest-ServersTestManualDisk-2116497711-project] 10.222.0.61 "GET /v2.0/ports?device_id=62ea5bd7-8a72-4cf0-b865-e00abbceec9a HTTP/1.1" status: 200 len: 932 time: 0.2837596
Nov 17 11:38:39.516169 dv-neutron-818218-1-hyperv neutron-server[103859]: DEBUG neutron_lib.callbacks.manager [req-7adea0dd-a31f-467d-9cf8-50bfeaef3e91 req-db80f948-0147-4080-9588-53081cb0ae8f service neutron] Publish callbacks [] for port, precommit_update {{(pid=103859) _notify_loop /usr/local/lib/python3.8/dist-packages/neutron_lib/callbacks/manager.py:175}}
Nov 17 11:38:39.528038 dv-neutron-818218-1-hyperv neutron-server[103863]: DEBUG neutron.wsgi [-] (103863) accepted ('10.222.0.61', 46498) {{(pid=103863) server /usr/local/lib/python3.8/dist-packages/eventlet/wsgi.py:982}}
Nov 17 11:38:39.542066 dv-neutron-818218-1-hyperv neutron-server[103859]: DEBUG neutron.db.provisioning_blocks [req-7adea0dd-a31f-467d-9cf8-50bfeaef3e91 req-db80f948-0147-4080-9588-53081cb0ae8f service neutron] Transition to ACTIVE for port object 689fb1a7-ab4a-4197-bc7a-7bbedeeb05fc will not be triggered until provisioned by entity L2. {{(pid=103859) add_provisioning_component /opt/stack/neutron/neutron/db/provisioning_blocks.py:73}}
Nov 17 11:38:39.557944 dv-neutron-818218-1-hyperv neutron-server[103859]: DEBUG neutron_lib.callbacks.manager [req-7adea0dd-a31f-467d-9cf8-50bfeaef3e91 req-db80f948-0147-4080-9588-53081cb0ae8f service neutron] Publish callbacks ['neutron.plugins.ml2.plugin.SecurityGroupServerNotifierRpcMixin._notify_sg_on_port_change-1832637', 'neutron.plugins.ml2.ovo_rpc._ObjectChangeHandler.handle_event-243581', 'neutron.api.rpc.agentnotifiers.dhcp_rpc_agent_api.DhcpAgentNotifyAPI._native_event_send_dhcp_notification-636777', 'neutron.db.l3_db.L3RpcNotifierMixin._notify_gateway_port_ip_changed-8727646737776', 'neutron.db.l3_dvrscheduler_db._notify_l3_agent_port_update-8727646322616', 'neutron.db.l3_hascheduler_db._notify_l3_agent_ha_port_update-8727646322634', 'neutron.services.segments.plugin.NovaSegmentNotifier._notify_port_updated-5712979'] for port, after_update {{(pid=103859) _notify_loop /usr/local/lib/python3.8/dist-packages/neutron_lib/callbacks/manager.py:175}}
Nov 17 11:38:39.847101 dv-neutron-818218-1-hyperv neutron-server[103859]: DEBUG neutron.api.rpc.handlers.resources_rpc [None req-db80f948-0147-4080-9588-53081cb0ae8f service neutron] Pushing event updated for resources: {'Port': ['ID=689fb1a7-ab4a-4197-bc7a-7bbedeeb05fc,revision_number=2']} {{(pid=103859) push /opt/stack/neutron/neutron/api/rpc/handlers/resources_rpc.py:237}}
Nov 17 11:38:39.884670 dv-neutron-818218-1-hyperv neutron-server[103859]: DEBUG neutron.pecan_wsgi.hooks.policy_enforcement [req-6e8dfb12-f6c3-442c-94a5-bc24a202f6ff req-5051de28-410f-4554-aa4a-82fc27f458f5 tempest-ServersTestJSON-967541888 tempest-ServersTestJSON-967541888-project] Attributes excluded by policy engine: ['standard_attr_id', 'binding:profile', 'binding:host_id', 'binding:vif_type', 'binding:vif_details'] {{(pid=103859) _exclude_attributes_by_policy /opt/stack/neutron/neutron/pecan_wsgi/hooks/policy_enforcement.py:255}}
Nov 17 11:38:39.892456 dv-neutron-818218-1-hyperv neutron-server[103859]: INFO neutron.wsgi [req-6e8dfb12-f6c3-442c-94a5-bc24a202f6ff req-5051de28-410f-4554-aa4a-82fc27f458f5 tempest-ServersTestJSON-967541888 tempest-ServersTestJSON-967541888-project] 10.222.0.61 "GET /v2.0/ports?device_id=084864c1-0b88-45ba-93c8-bdbe07bafd33 HTTP/1.1" status: 200 len: 931 time: 0.3390582
Nov 17 11:38:39.917902 dv-neutron-818218-1-hyperv neutron-server[103859]: DEBUG neutron.wsgi [-] (103859) accepted ('10.222.0.61', 46510) {{(pid=103859) server /usr/local/lib/python3.8/dist-packages/eventlet/wsgi.py:982}}
Nov 17 11:38:39.949347 dv-neutron-818218-1-hyperv neutron-server[103863]: DEBUG neutron.notifiers.nova [req-61e47ed8-4924-46d7-bbcb-a89d9a5a1fac req-bcd70744-7a57-4b3d-b1bf-6fd9154e50f1 service neutron] Ignoring state change previous_port_status: DOWN current_port_status: DOWN port_id 7d50d2c7-6bd6-446d-8ef6-6c44d22c8182 {{(pid=103863) record_port_status_changed /opt/stack/neutron/neutron/notifiers/nova.py:224}}
Nov 17 11:38:39.959958 dv-neutron-818218-1-hyperv neutron-server[103863]: INFO neutron.wsgi [req-a1448a87-a366-4a4c-9e27-da939c6cdee5 req-2eb3b853-cd36-432a-9869-b0724abfa277 tempest-ServersTestManualDisk-2116497711 tempest-ServersTestManualDisk-2116497711-project] 10.222.0.61 "GET /v2.0/security-groups?id=fa904127-5b12-4a33-ad4a-9c59e0896ac5&fields=id&fields=name HTTP/1.1" status: 200 len: 312 time: 0.4414916
Nov 17 11:38:39.969485 dv-neutron-818218-1-hyperv neutron-server[103863]: DEBUG neutron_lib.callbacks.manager [req-61e47ed8-4924-46d7-bbcb-a89d9a5a1fac req-bcd70744-7a57-4b3d-b1bf-6fd9154e50f1 service neutron] Publish callbacks [] for port, precommit_update {{(pid=103863) _notify_loop /usr/local/lib/python3.8/dist-packages/neutron_lib/callbacks/manager.py:175}}
