Nov 24 08:36:49.871333 dv-neutron-818152-1-hyperv devstack@n-api.service[108016]: DEBUG oslo_concurrency.lockutils [None req-9bc08030-6aca-4bf7-b635-f2fc2f4794e7 None None] Lock "014f729c-d128-4349-92d6-df94980b6dad" released by "nova.context.set_target_cell..get_or_set_cached_cell_and_set_connections" :: held 0.002s {{(pid=108016) inner /usr/local/lib/python3.8/dist-packages/oslo_concurrency/lockutils.py:367}}
Nov 24 08:36:49.871698 dv-neutron-818152-1-hyperv devstack@n-api.service[108017]: DEBUG oslo_concurrency.lockutils [None req-68b8afba-7e35-4827-a30f-f6d0f206dbe0 None None] Lock "00000000-0000-0000-0000-000000000000" released by "nova.context.set_target_cell..get_or_set_cached_cell_and_set_connections" :: held 0.002s {{(pid=108017) inner /usr/local/lib/python3.8/dist-packages/oslo_concurrency/lockutils.py:367}}
Nov 24 08:36:49.872512 dv-neutron-818152-1-hyperv devstack@n-api.service[108017]: DEBUG oslo_concurrency.lockutils [None req-68b8afba-7e35-4827-a30f-f6d0f206dbe0 None None] Lock "014f729c-d128-4349-92d6-df94980b6dad" acquired by "nova.context.set_target_cell..get_or_set_cached_cell_and_set_connections" :: waited 0.000s {{(pid=108017) inner /usr/local/lib/python3.8/dist-packages/oslo_concurrency/lockutils.py:355}}
Nov 24 08:36:49.874574 dv-neutron-818152-1-hyperv devstack@n-api.service[108017]: DEBUG oslo_concurrency.lockutils [None req-68b8afba-7e35-4827-a30f-f6d0f206dbe0 None None] Lock "014f729c-d128-4349-92d6-df94980b6dad" released by "nova.context.set_target_cell..get_or_set_cached_cell_and_set_connections" :: held 0.002s {{(pid=108017) inner /usr/local/lib/python3.8/dist-packages/oslo_concurrency/lockutils.py:367}}
Nov 24 08:36:49.881505 dv-neutron-818152-1-hyperv devstack@n-api.service[108016]: DEBUG oslo_db.sqlalchemy.engines [None req-9bc08030-6aca-4bf7-b635-f2fc2f4794e7 None None] MySQL server mode set to STRICT_TRANS_TABLES,STRICT_ALL_TABLES,NO_ZERO_IN_DATE,NO_ZERO_DATE,ERROR_FOR_DIVISION_BY_ZERO,TRADITIONAL,NO_ENGINE_SUBSTITUTION {{(pid=108016) _check_effective_sql_mode /usr/local/lib/python3.8/dist-packages/oslo_db/sqlalchemy/engines.py:314}}
Nov 24 08:36:49.884646 dv-neutron-818152-1-hyperv devstack@n-api.service[108016]: DEBUG oslo_db.sqlalchemy.engines [None req-9bc08030-6aca-4bf7-b635-f2fc2f4794e7 None None] MySQL server mode set to STRICT_TRANS_TABLES,STRICT_ALL_TABLES,NO_ZERO_IN_DATE,NO_ZERO_DATE,ERROR_FOR_DIVISION_BY_ZERO,TRADITIONAL,NO_ENGINE_SUBSTITUTION {{(pid=108016) _check_effective_sql_mode /usr/local/lib/python3.8/dist-packages/oslo_db/sqlalchemy/engines.py:314}}
Nov 24 08:36:49.888702 dv-neutron-818152-1-hyperv devstack@n-api.service[108017]: DEBUG oslo_db.sqlalchemy.engines [None req-68b8afba-7e35-4827-a30f-f6d0f206dbe0 None None] MySQL server mode set to STRICT_TRANS_TABLES,STRICT_ALL_TABLES,NO_ZERO_IN_DATE,NO_ZERO_DATE,ERROR_FOR_DIVISION_BY_ZERO,TRADITIONAL,NO_ENGINE_SUBSTITUTION {{(pid=108017) _check_effective_sql_mode /usr/local/lib/python3.8/dist-packages/oslo_db/sqlalchemy/engines.py:314}}
Nov 24 08:36:49.893106 dv-neutron-818152-1-hyperv devstack@n-api.service[108017]: DEBUG oslo_db.sqlalchemy.engines [None req-68b8afba-7e35-4827-a30f-f6d0f206dbe0 None None] MySQL server mode set to STRICT_TRANS_TABLES,STRICT_ALL_TABLES,NO_ZERO_IN_DATE,NO_ZERO_DATE,ERROR_FOR_DIVISION_BY_ZERO,TRADITIONAL,NO_ENGINE_SUBSTITUTION {{(pid=108017) _check_effective_sql_mode /usr/local/lib/python3.8/dist-packages/oslo_db/sqlalchemy/engines.py:314}}
Nov 24 08:36:50.144407 dv-neutron-818152-1-hyperv devstack@n-api.service[108016]: DEBUG oslo_db.sqlalchemy.engines [None req-9bc08030-6aca-4bf7-b635-f2fc2f4794e7 None None] MySQL server mode set to STRICT_TRANS_TABLES,STRICT_ALL_TABLES,NO_ZERO_IN_DATE,NO_ZERO_DATE,ERROR_FOR_DIVISION_BY_ZERO,TRADITIONAL,NO_ENGINE_SUBSTITUTION {{(pid=108016) _check_effective_sql_mode /usr/local/lib/python3.8/dist-packages/oslo_db/sqlalchemy/engines.py:314}}
Nov 24 08:36:50.149461 dv-neutron-818152-1-hyperv devstack@n-api.service[108017]: DEBUG oslo_db.sqlalchemy.engines [None req-68b8afba-7e35-4827-a30f-f6d0f206dbe0 None None] MySQL server mode set to STRICT_TRANS_TABLES,STRICT_ALL_TABLES,NO_ZERO_IN_DATE,NO_ZERO_DATE,ERROR_FOR_DIVISION_BY_ZERO,TRADITIONAL,NO_ENGINE_SUBSTITUTION {{(pid=108017) _check_effective_sql_mode /usr/local/lib/python3.8/dist-packages/oslo_db/sqlalchemy/engines.py:314}}
Nov 24 08:36:50.491882 dv-neutron-818152-1-hyperv devstack@n-api.service[108016]: WARNING keystonemiddleware.auth_token [None req-9bc08030-6aca-4bf7-b635-f2fc2f4794e7 None None] AuthToken middleware is set with keystone_authtoken.service_token_roles_required set to False. This is backwards compatible but deprecated behaviour. Please set this to True.
Nov 24 08:36:50.492997 dv-neutron-818152-1-hyperv devstack@n-api.service[108017]: WARNING keystonemiddleware.auth_token [None req-68b8afba-7e35-4827-a30f-f6d0f206dbe0 None None] AuthToken middleware is set with keystone_authtoken.service_token_roles_required set to False. This is backwards compatible but deprecated behaviour. Please set this to True.
Nov 24 08:36:50.498659 dv-neutron-818152-1-hyperv devstack@n-api.service[108016]: WARNING keystonemiddleware.auth_token [None req-9bc08030-6aca-4bf7-b635-f2fc2f4794e7 None None] Configuring www_authenticate_uri to point to the public identity endpoint is required; clients may not be able to authenticate against an admin endpoint
Nov 24 08:36:50.499415 dv-neutron-818152-1-hyperv devstack@n-api.service[108017]: WARNING keystonemiddleware.auth_token [None req-68b8afba-7e35-4827-a30f-f6d0f206dbe0 None None] Configuring www_authenticate_uri to point to the public identity endpoint is required; clients may not be able to authenticate against an admin endpoint
Nov 24 08:36:50.844320 dv-neutron-818152-1-hyperv devstack@n-api.service[108016]: WARNING keystonemiddleware.auth_token [None req-9bc08030-6aca-4bf7-b635-f2fc2f4794e7 None None] AuthToken middleware is set with keystone_authtoken.service_token_roles_required set to False. This is backwards compatible but deprecated behaviour. Please set this to True.
Nov 24 08:36:50.845452 dv-neutron-818152-1-hyperv devstack@n-api.service[108017]: WARNING keystonemiddleware.auth_token [None req-68b8afba-7e35-4827-a30f-f6d0f206dbe0 None None] AuthToken middleware is set with keystone_authtoken.service_token_roles_required set to False. This is backwards compatible but deprecated behaviour. Please set this to True.
Nov 24 08:36:50.849492 dv-neutron-818152-1-hyperv devstack@n-api.service[108016]: WARNING keystonemiddleware.auth_token [None req-9bc08030-6aca-4bf7-b635-f2fc2f4794e7 None None] Configuring www_authenticate_uri to point to the public identity endpoint is required; clients may not be able to authenticate against an admin endpoint
Nov 24 08:36:50.850598 dv-neutron-818152-1-hyperv devstack@n-api.service[108017]: WARNING keystonemiddleware.auth_token [None req-68b8afba-7e35-4827-a30f-f6d0f206dbe0 None None] Configuring www_authenticate_uri to point to the public identity endpoint is required; clients may not be able to authenticate against an admin endpoint
Nov 24 08:36:50.855283 dv-neutron-818152-1-hyperv devstack@n-api.service[108016]: WSGI app 0 (mountpoint='') ready in 5 seconds on interpreter 0x55ae809609c0 pid: 108016 (default app)
Nov 24 08:36:50.856512 dv-neutron-818152-1-hyperv devstack@n-api.service[108017]: WSGI app 0 (mountpoint='') ready in 5 seconds on interpreter 0x55ae809609c0 pid: 108017 (default app)
Nov 24 08:36:50.857364 dv-neutron-818152-1-hyperv devstack@n-api.service[108016]: DEBUG nova.api.openstack.wsgi [None req-9bc08030-6aca-4bf7-b635-f2fc2f4794e7 None None] Calling method '>' {{(pid=108016) _process_stack /opt/stack/nova/nova/api/openstack/wsgi.py:513}}
Nov 24 08:36:50.858543 dv-neutron-818152-1-hyperv devstack@n-api.service[108016]: INFO nova.api.openstack.requestlog [None req-9bc08030-6aca-4bf7-b635-f2fc2f4794e7 None None] 10.222.0.31 "GET /compute/v2.1/" status: 200 len: 388 microversion: 2.1 time: 0.001746
Nov 24 08:36:50.858954 dv-neutron-818152-1-hyperv devstack@n-api.service[108016]: [pid: 108016|app: 0|req: 1/1] 10.222.0.31 () {50 vars in 788 bytes} [Wed Nov 24 08:36:50 2021] GET /compute/v2.1/ => generated 388 bytes in 3 msecs (HTTP/1.1 200) 9 headers in 357 bytes (1 switches on core 0)
Nov 24 08:38:11.201064 dv-neutron-818152-1-hyperv devstack@n-api.service[108017]: DEBUG nova.api.openstack.wsgi [None req-68b8afba-7e35-4827-a30f-f6d0f206dbe0 None None] Calling method '>' {{(pid=108017) _process_stack /opt/stack/nova/nova/api/openstack/wsgi.py:513}}
Nov 24 08:38:11.202287 dv-neutron-818152-1-hyperv devstack@n-api.service[108017]: INFO nova.api.openstack.requestlog [None req-68b8afba-7e35-4827-a30f-f6d0f206dbe0 None None] 10.222.0.31 "GET /compute/v2.1" status: 200 len: 388 microversion: 2.1 time: 0.001969
Nov 24 08:38:11.202695 dv-neutron-818152-1-hyperv devstack@n-api.service[108017]: [pid: 108017|app: 0|req: 1/2] 10.222.0.31 () {54 vars in 930 bytes} [Wed Nov 24 08:38:11 2021] GET /compute/v2.1 => generated 388 bytes in 3 msecs (HTTP/1.1 200) 9 headers in 357 bytes (1 switches on core 0)
Nov 24 08:38:11.625940 dv-neutron-818152-1-hyperv devstack@n-api.service[108016]: DEBUG nova.api.openstack.wsgi [None req-6152b11d-1202-455c-840a-e6dbf8fd63ea admin admin] Calling method '>' {{(pid=108016) _process_stack /opt/stack/nova/nova/api/openstack/wsgi.py:513}}
Nov 24 08:38:11.655918 dv-neutron-818152-1-hyperv devstack@n-api.service[108016]: INFO nova.api.openstack.requestlog [None req-6152b11d-1202-455c-840a-e6dbf8fd63ea admin admin] 10.222.0.31 "GET /compute/v2.1/flavors/detail?is_public=True" status: 200 len: 15 microversion: 2.61 time: 0.446093
Nov 24 08:38:11.656717 dv-neutron-818152-1-hyperv devstack@n-api.service[108016]: [pid: 108016|app: 0|req: 2/3] 10.222.0.31 () {60 vars in 1291 bytes} [Wed Nov 24 08:38:11 2021] GET /compute/v2.1/flavors/detail?is_public=True => generated 15 bytes in 447 msecs (HTTP/1.1 200) 9 headers in 358 bytes (2 switches on core 0)
Nov 24 08:38:13.876382 dv-neutron-818152-1-hyperv devstack@n-api.service[108017]: DEBUG nova.api.openstack.wsgi [None req-68b8afba-7e35-4827-a30f-f6d0f206dbe0 None None] Calling method '>' {{(pid=108017) _process_stack /opt/stack/nova/nova/api/openstack/wsgi.py:513}}
Nov 24 08:38:13.877715 dv-neutron-818152-1-hyperv devstack@n-api.service[108017]: INFO nova.api.openstack.requestlog [None req-68b8afba-7e35-4827-a30f-f6d0f206dbe0 None None] 10.222.0.31 "GET /compute/v2.1" status: 200 len: 388 microversion: 2.1 time: 0.001459
Nov 24 08:38:13.878119 dv-neutron-818152-1-hyperv devstack@n-api.service[108017]: [pid: 108017|app: 0|req: 2/4] 10.222.0.31 () {54 vars in 930 bytes} [Wed Nov 24 08:38:13 2021] GET /compute/v2.1 => generated 388 bytes in 3 msecs (HTTP/1.1 200) 9 headers in 357 bytes (1 switches on core 0)
Nov 24 08:38:13.939268 dv-neutron-818152-1-hyperv devstack@n-api.service[108016]: DEBUG nova.api.openstack.wsgi [None req-4df883bf-d710-41e5-aa6c-391cd9ef80de admin admin] Action: 'create', calling method: >, body: {"flavor": {"id": "c1", "vcpus": 1, "OS-FLV-EXT-DATA:ephemeral": 0, "swap": 0, "name": "cirros256", "disk": 1, "os-flavor-access:is_public": true, "rxtx_factor": 1.0, "ram": 256}} {{(pid=108016) _process_stack /opt/stack/nova/nova/api/openstack/wsgi.py:511}}
Nov 24 08:38:13.957245 dv-neutron-818152-1-hyperv devstack@n-api.service[108016]: /usr/local/lib/python3.8/dist-packages/oslo_policy/policy.py:1075: UserWarning: Policy os_compute_api:os-flavor-manage:create failed scope check. The token used to make the request was project scoped but the policy requires ['system'] scope. This behavior may change in the future where using the intended scope is required
Nov 24 08:38:13.957245 dv-neutron-818152-1-hyperv devstack@n-api.service[108016]: warnings.warn(msg)
Nov 24 08:38:13.986726 dv-neutron-818152-1-hyperv devstack@n-api.service[108016]: INFO nova.api.openstack.requestlog [None req-4df883bf-d710-41e5-aa6c-391cd9ef80de admin admin] 10.222.0.31 "POST /compute/v2.1/flavors" status: 200 len: 407 microversion: 2.61 time: 0.101062
Nov 24 08:38:13.987483 dv-neutron-818152-1-hyperv devstack@n-api.service[108016]: [pid: 108016|app: 0|req: 3/5] 10.222.0.31 () {64 vars in 1282 bytes} [Wed Nov 24 08:38:13 2021] POST /compute/v2.1/flavors => generated 407 bytes in 102 msecs (HTTP/1.1 200) 9 headers in 359 bytes (1 switches on core 0)
Nov 24 08:38:14.217573 dv-neutron-818152-1-hyperv devstack@n-api.service[108017]: DEBUG nova.api.openstack.wsgi [None req-625754d1-5ef2-450b-b03b-ff30e6387018 admin admin] Action: 'create', calling method: >, body: {"extra_specs": {"hw_rng:allowed": "True"}} {{(pid=108017) _process_stack /opt/stack/nova/nova/api/openstack/wsgi.py:511}}
Nov 24 08:38:14.219744 dv-neutron-818152-1-hyperv devstack@n-api.service[108017]: /usr/local/lib/python3.8/dist-packages/oslo_policy/policy.py:1075: UserWarning: Policy os_compute_api:os-flavor-extra-specs:create failed scope check. The token used to make the request was project scoped but the policy requires ['system'] scope. This behavior may change in the future where using the intended scope is required
Nov 24 08:38:14.219744 dv-neutron-818152-1-hyperv devstack@n-api.service[108017]: warnings.warn(msg)
Nov 24 08:38:14.271692 dv-neutron-818152-1-hyperv devstack@n-api.service[108017]: INFO nova.api.openstack.requestlog [None req-625754d1-5ef2-450b-b03b-ff30e6387018 admin admin] 10.222.0.31 "POST /compute/v2.1/flavors/c1/os-extra_specs" status: 200 len: 43 microversion: 2.61 time: 0.275086
Nov 24 08:38:14.273365 dv-neutron-818152-1-hyperv devstack@n-api.service[108017]: [pid: 108017|app: 0|req: 3/6] 10.222.0.31 () {64 vars in 1335 bytes} [Wed Nov 24 08:38:13 2021] POST /compute/v2.1/flavors/c1/os-extra_specs => generated 43 bytes in 278 msecs (HTTP/1.1 200) 9 headers in 358 bytes (1 switches on core 0)
Nov 24 08:38:16.555397 dv-neutron-818152-1-hyperv devstack@n-api.service[108016]: DEBUG nova.api.openstack.wsgi [None req-4df883bf-d710-41e5-aa6c-391cd9ef80de admin admin] Calling method '>' {{(pid=108016) _process_stack /opt/stack/nova/nova/api/openstack/wsgi.py:513}}
Nov 24 08:38:16.556396 dv-neutron-818152-1-hyperv devstack@n-api.service[108016]: INFO nova.api.openstack.requestlog [None req-4df883bf-d710-41e5-aa6c-391cd9ef80de admin admin] 10.222.0.31 "GET /compute/v2.1" status: 200 len: 388 microversion: 2.1 time: 0.001422
Nov 24 08:38:16.556798 dv-neutron-818152-1-hyperv devstack@n-api.service[108016]: [pid: 108016|app: 0|req: 4/7] 10.222.0.31 () {54 vars in 930 bytes} [Wed Nov 24 08:38:16 2021] GET /compute/v2.1 => generated 388 bytes in 2 msecs (HTTP/1.1 200) 9 headers in 357 bytes (1 switches on core 0)
Nov 24 08:38:16.662243 dv-neutron-818152-1-hyperv devstack@n-api.service[108017]: DEBUG nova.api.openstack.wsgi [None req-971c1df2-3a21-4b25-b573-c39c1ffc903c admin admin] Action: 'create', calling method: >, body: {"flavor": {"swap": 0, "ram": 512, "vcpus": 1, "name": "ds512M", "rxtx_factor": 1.0, "id": "d1", "disk": 5, "os-flavor-access:is_public": true, "OS-FLV-EXT-DATA:ephemeral": 0}} {{(pid=108017) _process_stack /opt/stack/nova/nova/api/openstack/wsgi.py:511}}
Nov 24 08:38:16.680205 dv-neutron-818152-1-hyperv devstack@n-api.service[108017]: /usr/local/lib/python3.8/dist-packages/oslo_policy/policy.py:1075: UserWarning: Policy os_compute_api:os-flavor-manage:create failed scope check. The token used to make the request was project scoped but the policy requires ['system'] scope. This behavior may change in the future where using the intended scope is required
Nov 24 08:38:16.680205 dv-neutron-818152-1-hyperv devstack@n-api.service[108017]: warnings.warn(msg)
Nov 24 08:38:16.698704 dv-neutron-818152-1-hyperv devstack@n-api.service[108017]: INFO nova.api.openstack.requestlog [None req-971c1df2-3a21-4b25-b573-c39c1ffc903c admin admin] 10.222.0.31 "POST /compute/v2.1/flavors" status: 200 len: 404 microversion: 2.61 time: 0.135330
Nov 24 08:38:16.701772 dv-neutron-818152-1-hyperv devstack@n-api.service[108017]: [pid: 108017|app: 0|req: 4/8] 10.222.0.31 () {64 vars in 1282 bytes} [Wed Nov 24 08:38:16 2021] POST /compute/v2.1/flavors => generated 404 bytes in 137 msecs (HTTP/1.1 200) 9 headers in 359 bytes (2 switches on core 0)
Nov 24 08:38:16.712950 dv-neutron-818152-1-hyperv devstack@n-api.service[108016]: DEBUG nova.api.openstack.wsgi [None req-55a4c539-d2b9-405a-8987-1a89ec80dc57 admin admin] Action: 'create', calling method: >, body: {"extra_specs": {"hw_rng:allowed": "True"}} {{(pid=108016) _process_stack /opt/stack/nova/nova/api/openstack/wsgi.py:511}}
Nov 24 08:38:16.714470 dv-neutron-818152-1-hyperv devstack@n-api.service[108016]: /usr/local/lib/python3.8/dist-packages/oslo_policy/policy.py:1075: UserWarning: Policy os_compute_api:os-flavor-extra-specs:create failed scope check. The token used to make the request was project scoped but the policy requires ['system'] scope. This behavior may change in the future where using the intended scope is required
Nov 24 08:38:16.714470 dv-neutron-818152-1-hyperv devstack@n-api.service[108016]: warnings.warn(msg)
Nov 24 08:38:16.754620 dv-neutron-818152-1-hyperv devstack@n-api.service[108016]: INFO nova.api.openstack.requestlog [None req-55a4c539-d2b9-405a-8987-1a89ec80dc57 admin admin] 10.222.0.31 "POST /compute/v2.1/flavors/d1/os-extra_specs" status: 200 len: 43 microversion: 2.61 time: 0.046147
Nov 24 08:38:16.755952 dv-neutron-818152-1-hyperv devstack@n-api.service[108016]: [pid: 108016|app: 0|req: 5/9] 10.222.0.31 () {64 vars in 1335 bytes} [Wed Nov 24 08:38:16 2021] POST /compute/v2.1/flavors/d1/os-extra_specs => generated 43 bytes in 48 msecs (HTTP/1.1 200) 9 headers in 358 bytes (1 switches on core 0)
Nov 24 08:38:19.063171 dv-neutron-818152-1-hyperv devstack@n-api.service[108017]: DEBUG nova.api.openstack.wsgi [None req-971c1df2-3a21-4b25-b573-c39c1ffc903c admin admin] Calling method '>' {{(pid=108017) _process_stack /opt/stack/nova/nova/api/openstack/wsgi.py:513}}
Nov 24 08:38:19.066130 dv-neutron-818152-1-hyperv devstack@n-api.service[108017]: INFO nova.api.openstack.requestlog [None req-971c1df2-3a21-4b25-b573-c39c1ffc903c admin admin] 10.222.0.31 "GET /compute/v2.1" status: 200 len: 388 microversion: 2.1 time: 0.003539
Nov 24 08:38:19.066956 dv-neutron-818152-1-hyperv devstack@n-api.service[108017]: [pid: 108017|app: 0|req: 5/10] 10.222.0.31 () {54 vars in 930 bytes} [Wed Nov 24 08:38:19 2021] GET /compute/v2.1 => generated 388 bytes in 5 msecs (HTTP/1.1 200) 9 headers in 357 bytes (1 switches on core 0)
Nov 24 08:38:19.129565 dv-neutron-818152-1-hyperv devstack@n-api.service[108016]: DEBUG nova.api.openstack.wsgi [None req-f37d0af7-f031-4000-9808-31c5b4338e5c admin admin] Action: 'create', calling method: >, body: {"flavor": {"OS-FLV-EXT-DATA:ephemeral": 0, "id": "d2", "ram": 1024, "rxtx_factor": 1.0, "swap": 0, "vcpus": 1, "name": "ds1G", "disk": 10, "os-flavor-access:is_public": true}} {{(pid=108016) _process_stack /opt/stack/nova/nova/api/openstack/wsgi.py:511}}
Nov 24 08:38:19.170885 dv-neutron-818152-1-hyperv devstack@n-api.service[108016]: INFO nova.api.openstack.requestlog [None req-f37d0af7-f031-4000-9808-31c5b4338e5c admin admin] 10.222.0.31 "POST /compute/v2.1/flavors" status: 200 len: 404 microversion: 2.61 time: 0.096517
Nov 24 08:38:19.181147 dv-neutron-818152-1-hyperv devstack@n-api.service[108016]: [pid: 108016|app: 0|req: 6/11] 10.222.0.31 () {64 vars in 1282 bytes} [Wed Nov 24 08:38:19 2021] POST /compute/v2.1/flavors => generated 404 bytes in 107 msecs (HTTP/1.1 200) 9 headers in 359 bytes (1 switches on core 0)
Nov 24 08:38:19.190138 dv-neutron-818152-1-hyperv devstack@n-api.service[108017]: DEBUG nova.api.openstack.wsgi [None req-18f7a53c-8d80-4a3f-a321-09170b686b84 admin admin] Action: 'create', calling method: >, body: {"extra_specs": {"hw_rng:allowed": "True"}} {{(pid=108017) _process_stack /opt/stack/nova/nova/api/openstack/wsgi.py:511}}
Nov 24 08:38:19.216944 dv-neutron-818152-1-hyperv devstack@n-api.service[108017]: INFO nova.api.openstack.requestlog [None req-18f7a53c-8d80-4a3f-a321-09170b686b84 admin admin] 10.222.0.31 "POST /compute/v2.1/flavors/d2/os-extra_specs" status: 200 len: 43 microversion: 2.61 time: 0.030461
Nov 24 08:38:19.230268 dv-neutron-818152-1-hyperv devstack@n-api.service[108017]: [pid: 108017|app: 0|req: 6/12] 10.222.0.31 () {64 vars in 1335 bytes} [Wed Nov 24 08:38:19 2021] POST /compute/v2.1/flavors/d2/os-extra_specs => generated 43 bytes in 44 msecs (HTTP/1.1 200) 9 headers in 358 bytes (1 switches on core 0)
Nov 24 08:38:21.663014 dv-neutron-818152-1-hyperv devstack@n-api.service[108016]: DEBUG nova.api.openstack.wsgi [None req-f37d0af7-f031-4000-9808-31c5b4338e5c admin admin] Calling method '>' {{(pid=108016) _process_stack /opt/stack/nova/nova/api/openstack/wsgi.py:513}}
Nov 24 08:38:21.664673 dv-neutron-818152-1-hyperv devstack@n-api.service[108016]: INFO nova.api.openstack.requestlog [None req-f37d0af7-f031-4000-9808-31c5b4338e5c admin admin] 10.222.0.31 "GET /compute/v2.1" status: 200 len: 388 microversion: 2.1 time: 0.002102
Nov 24 08:38:21.670848 dv-neutron-818152-1-hyperv devstack@n-api.service[108016]: [pid: 108016|app: 0|req: 7/13] 10.222.0.31 () {54 vars in 930 bytes} [Wed Nov 24 08:38:21 2021] GET /compute/v2.1 => generated 388 bytes in 9 msecs (HTTP/1.1 200) 9 headers in 357 bytes (1 switches on core 0)
Nov 24 08:38:21.726668 dv-neutron-818152-1-hyperv devstack@n-api.service[108017]: DEBUG nova.api.openstack.wsgi [None req-7a614f6c-8fcc-4efd-973c-e19bb97c9d51 admin admin] Action: 'create', calling method: >, body: {"flavor": {"swap": 0, "os-flavor-access:is_public": true, "name": "ds2G", "rxtx_factor": 1.0, "vcpus": 2, "disk": 10, "ram": 2048, "id": "d3", "OS-FLV-EXT-DATA:ephemeral": 0}} {{(pid=108017) _process_stack /opt/stack/nova/nova/api/openstack/wsgi.py:511}}
Nov 24 08:38:21.746513 dv-neutron-818152-1-hyperv devstack@n-api.service[108017]: INFO nova.api.openstack.requestlog [None req-7a614f6c-8fcc-4efd-973c-e19bb97c9d51 admin admin] 10.222.0.31 "POST /compute/v2.1/flavors" status: 200 len: 404 microversion: 2.61 time: 0.073894
Nov 24 08:38:21.747438 dv-neutron-818152-1-hyperv devstack@n-api.service[108017]: [pid: 108017|app: 0|req: 7/14] 10.222.0.31 () {64 vars in 1282 bytes} [Wed Nov 24 08:38:21 2021] POST /compute/v2.1/flavors => generated 404 bytes in 76 msecs (HTTP/1.1 200) 9 headers in 359 bytes (1 switches on core 0)
Nov 24 08:38:21.760227 dv-neutron-818152-1-hyperv devstack@n-api.service[108016]: DEBUG nova.api.openstack.wsgi [None req-2b8ef4bb-ce96-49ef-a89b-2859214f96dc admin admin] Action: 'create', calling method: >, body: {"extra_specs": {"hw_rng:allowed": "True"}} {{(pid=108016) _process_stack /opt/stack/nova/nova/api/openstack/wsgi.py:511}}
Nov 24 08:38:21.784898 dv-neutron-818152-1-hyperv devstack@n-api.service[108016]: INFO nova.api.openstack.requestlog [None req-2b8ef4bb-ce96-49ef-a89b-2859214f96dc admin admin] 10.222.0.31 "POST /compute/v2.1/flavors/d3/os-extra_specs" status: 200 len: 43 microversion: 2.61 time: 0.028424
Nov 24 08:38:21.794021 dv-neutron-818152-1-hyperv devstack@n-api.service[108016]: [pid: 108016|app: 0|req: 8/15] 10.222.0.31 () {64 vars in 1335 bytes} [Wed Nov 24 08:38:21 2021] POST /compute/v2.1/flavors/d3/os-extra_specs => generated 43 bytes in 38 msecs (HTTP/1.1 200) 9 headers in 358 bytes (2 switches on core 0)
Nov 24 08:38:24.132636 dv-neutron-818152-1-hyperv devstack@n-api.service[108017]: DEBUG nova.api.openstack.wsgi [None req-7a614f6c-8fcc-4efd-973c-e19bb97c9d51 admin admin] Calling method '>' {{(pid=108017) _process_stack /opt/stack/nova/nova/api/openstack/wsgi.py:513}}
Nov 24 08:38:24.133754 dv-neutron-818152-1-hyperv devstack@n-api.service[108017]: INFO nova.api.openstack.requestlog [None req-7a614f6c-8fcc-4efd-973c-e19bb97c9d51 admin admin] 10.222.0.31 "GET /compute/v2.1" status: 200 len: 388 microversion: 2.1 time: 0.001569
Nov 24 08:38:24.134161 dv-neutron-818152-1-hyperv devstack@n-api.service[108017]: [pid: 108017|app: 0|req: 8/16] 10.222.0.31 () {54 vars in 930 bytes} [Wed Nov 24 08:38:24 2021] GET /compute/v2.1 => generated 388 bytes in 2 msecs (HTTP/1.1 200) 9 headers in 357 bytes (1 switches on core 0)
Nov 24 08:38:24.208351 dv-neutron-818152-1-hyperv devstack@n-api.service[108016]: DEBUG nova.api.openstack.wsgi [None req-00cbab98-9936-45af-ba38-23ffad40022f admin admin] Action: 'create', calling method: >, body: {"flavor": {"vcpus": 4, "disk": 20, "ram": 4096, "swap": 0, "id": "d4", "rxtx_factor": 1.0, "os-flavor-access:is_public": true, "name": "ds4G", "OS-FLV-EXT-DATA:ephemeral": 0}} {{(pid=108016) _process_stack /opt/stack/nova/nova/api/openstack/wsgi.py:511}}
Nov 24 08:38:24.235400 dv-neutron-818152-1-hyperv devstack@n-api.service[108016]: INFO nova.api.openstack.requestlog [None req-00cbab98-9936-45af-ba38-23ffad40022f admin admin] 10.222.0.31 "POST /compute/v2.1/flavors" status: 200 len: 404 microversion: 2.61 time: 0.094133
Nov 24 08:38:24.235973 dv-neutron-818152-1-hyperv devstack@n-api.service[108016]: [pid: 108016|app: 0|req: 9/17] 10.222.0.31 () {64 vars in 1282 bytes} [Wed Nov 24 08:38:24 2021] POST /compute/v2.1/flavors => generated 404 bytes in 95 msecs (HTTP/1.1 200) 9 headers in 359 bytes (1 switches on core 0)
Nov 24 08:38:24.251778 dv-neutron-818152-1-hyperv devstack@n-api.service[108017]: DEBUG nova.api.openstack.wsgi [None req-a61b484f-ede8-4a47-bb02-33971b720fbc admin admin] Action: 'create', calling method: >, body: {"extra_specs": {"hw_rng:allowed": "True"}} {{(pid=108017) _process_stack /opt/stack/nova/nova/api/openstack/wsgi.py:511}}
Nov 24 08:38:24.281818 dv-neutron-818152-1-hyperv devstack@n-api.service[108017]: INFO nova.api.openstack.requestlog [None req-a61b484f-ede8-4a47-bb02-33971b720fbc admin admin] 10.222.0.31 "POST /compute/v2.1/flavors/d4/os-extra_specs" status: 200 len: 43 microversion: 2.61 time: 0.034278
Nov 24 08:38:24.283761 dv-neutron-818152-1-hyperv devstack@n-api.service[108017]: [pid: 108017|app: 0|req: 9/18] 10.222.0.31 () {64 vars in 1335 bytes} [Wed Nov 24 08:38:24 2021] POST /compute/v2.1/flavors/d4/os-extra_specs => generated 43 bytes in 37 msecs (HTTP/1.1 200) 9 headers in 358 bytes (1 switches on core 0)
Nov 24 08:38:26.585858 dv-neutron-818152-1-hyperv devstack@n-api.service[108016]: DEBUG nova.api.openstack.wsgi [None req-00cbab98-9936-45af-ba38-23ffad40022f admin admin] Calling method '>' {{(pid=108016) _process_stack /opt/stack/nova/nova/api/openstack/wsgi.py:513}}
Nov 24 08:38:26.587431 dv-neutron-818152-1-hyperv devstack@n-api.service[108016]: INFO nova.api.openstack.requestlog [None req-00cbab98-9936-45af-ba38-23ffad40022f admin admin] 10.222.0.31 "GET /compute/v2.1" status: 200 len: 388 microversion: 2.1 time: 0.002070
Nov 24 08:38:26.593922 dv-neutron-818152-1-hyperv devstack@n-api.service[108016]: [pid: 108016|app: 0|req: 10/19] 10.222.0.31 () {54 vars in 930 bytes} [Wed Nov 24 08:38:26 2021] GET /compute/v2.1 => generated 388 bytes in 9 msecs (HTTP/1.1 200) 9 headers in 357 bytes (1 switches on core 0)
Nov 24 08:38:26.653113 dv-neutron-818152-1-hyperv devstack@n-api.service[108017]: DEBUG nova.api.openstack.wsgi [None req-7352828e-ac65-4f01-8637-7f9c9e440fd0 admin admin] Calling method '>' {{(pid=108017) _process_stack /opt/stack/nova/nova/api/openstack/wsgi.py:513}}
Nov 24 08:38:26.678671 dv-neutron-818152-1-hyperv devstack@n-api.service[108017]: INFO nova.api.openstack.requestlog [None req-7352828e-ac65-4f01-8637-7f9c9e440fd0 admin admin] 10.222.0.31 "GET /compute/v2.1/flavors/detail?is_public=True" status: 200 len: 2106 microversion: 2.61 time: 0.083431
Nov 24 08:38:26.679420 dv-neutron-818152-1-hyperv devstack@n-api.service[108017]: [pid: 108017|app: 0|req: 10/20] 10.222.0.31 () {60 vars in 1291 bytes} [Wed Nov 24 08:38:26 2021] GET /compute/v2.1/flavors/detail?is_public=True => generated 2106 bytes in 85 msecs (HTTP/1.1 200) 9 headers in 360 bytes (2 switches on core 0)
Nov 24 08:38:28.962613 dv-neutron-818152-1-hyperv devstack@n-api.service[108016]: DEBUG nova.api.openstack.wsgi [None req-00cbab98-9936-45af-ba38-23ffad40022f admin admin] Calling method '>' {{(pid=108016) _process_stack /opt/stack/nova/nova/api/openstack/wsgi.py:513}}
Nov 24 08:38:28.964180 dv-neutron-818152-1-hyperv devstack@n-api.service[108016]: INFO nova.api.openstack.requestlog [None req-00cbab98-9936-45af-ba38-23ffad40022f admin admin] 10.222.0.31 "GET /compute/v2.1" status: 200 len: 388 microversion: 2.1 time: 0.001971
Nov 24 08:38:28.965056 dv-neutron-818152-1-hyperv devstack@n-api.service[108016]: [pid: 108016|app: 0|req: 11/21] 10.222.0.31 () {54 vars in 930 bytes} [Wed Nov 24 08:38:28 2021] GET /compute/v2.1 => generated 388 bytes in 3 msecs (HTTP/1.1 200) 9 headers in 357 bytes (1 switches on core 0)
Nov 24 08:38:29.029702 dv-neutron-818152-1-hyperv devstack@n-api.service[108017]: DEBUG nova.api.openstack.wsgi [None req-029d3e76-b7e2-42c3-b22d-bc4f86162d35 admin admin] Action: 'create', calling method: >, body: {"flavor": {"disk": 1, "OS-FLV-EXT-DATA:ephemeral": 0, "swap": 0, "id": "1", "rxtx_factor": 1.0, "vcpus": 1, "os-flavor-access:is_public": true, "name": "m1.tiny", "ram": 512}} {{(pid=108017) _process_stack /opt/stack/nova/nova/api/openstack/wsgi.py:511}}
Nov 24 08:38:29.057950 dv-neutron-818152-1-hyperv devstack@n-api.service[108017]: INFO nova.api.openstack.requestlog [None req-029d3e76-b7e2-42c3-b22d-bc4f86162d35 admin admin] 10.222.0.31 "POST /compute/v2.1/flavors" status: 200 len: 402 microversion: 2.61 time: 0.086220
Nov 24 08:38:29.072533 dv-neutron-818152-1-hyperv devstack@n-api.service[108016]: DEBUG nova.api.openstack.wsgi [None req-d598d14d-886d-4c4e-9026-1c11082a0c95 admin admin] Action: 'create', calling method: >, body: {"extra_specs": {"hw_rng:allowed": "True"}} {{(pid=108016) _process_stack /opt/stack/nova/nova/api/openstack/wsgi.py:511}}
Nov 24 08:38:29.081623 dv-neutron-818152-1-hyperv devstack@n-api.service[108017]: [pid: 108017|app: 0|req: 11/22] 10.222.0.31 () {64 vars in 1282 bytes} [Wed Nov 24 08:38:28 2021] POST /compute/v2.1/flavors => generated 402 bytes in 110 msecs (HTTP/1.1 200) 9 headers in 359 bytes (1 switches on core 0)
Nov 24 08:38:29.101973 dv-neutron-818152-1-hyperv devstack@n-api.service[108016]: INFO nova.api.openstack.requestlog [None req-d598d14d-886d-4c4e-9026-1c11082a0c95 admin admin] 10.222.0.31 "POST /compute/v2.1/flavors/1/os-extra_specs" status: 200 len: 43 microversion: 2.61 time: 0.033270
Nov 24 08:38:29.102791 dv-neutron-818152-1-hyperv devstack@n-api.service[108016]: [pid: 108016|app: 0|req: 12/23] 10.222.0.31 () {64 vars in 1332 bytes} [Wed Nov 24 08:38:29 2021] POST /compute/v2.1/flavors/1/os-extra_specs => generated 43 bytes in 35 msecs (HTTP/1.1 200) 9 headers in 358 bytes (1 switches on core 0)
Nov 24 08:38:31.455374 dv-neutron-818152-1-hyperv devstack@n-api.service[108017]: DEBUG nova.api.openstack.wsgi [None req-029d3e76-b7e2-42c3-b22d-bc4f86162d35 admin admin] Calling method '>' {{(pid=108017) _process_stack /opt/stack/nova/nova/api/openstack/wsgi.py:513}}
Nov 24 08:38:31.456543 dv-neutron-818152-1-hyperv devstack@n-api.service[108017]: INFO nova.api.openstack.requestlog [None req-029d3e76-b7e2-42c3-b22d-bc4f86162d35 admin admin] 10.222.0.31 "GET /compute/v2.1" status: 200 len: 388 microversion: 2.1 time: 0.001611
Nov 24 08:38:31.456959 dv-neutron-818152-1-hyperv devstack@n-api.service[108017]: [pid: 108017|app: 0|req: 12/24] 10.222.0.31 () {54 vars in 930 bytes} [Wed Nov 24 08:38:31 2021] GET /compute/v2.1 => generated 388 bytes in 3 msecs (HTTP/1.1 200) 9 headers in 357 bytes (2 switches on core 0)
Nov 24 08:38:31.520472 dv-neutron-818152-1-hyperv devstack@n-api.service[108016]: DEBUG nova.api.openstack.wsgi [None req-91b26de9-5ad1-415d-9ce9-0673558ad6ed admin admin] Action: 'create', calling method: >, body: {"flavor": {"ram": 2048, "swap": 0, "id": "2", "os-flavor-access:is_public": true, "disk": 20, "name": "m1.small", "rxtx_factor": 1.0, "OS-FLV-EXT-DATA:ephemeral": 0, "vcpus": 1}} {{(pid=108016) _process_stack /opt/stack/nova/nova/api/openstack/wsgi.py:511}}
Nov 24 08:38:31.545192 dv-neutron-818152-1-hyperv devstack@n-api.service[108016]: INFO nova.api.openstack.requestlog [None req-91b26de9-5ad1-415d-9ce9-0673558ad6ed admin admin] 10.222.0.31 "POST /compute/v2.1/flavors" status: 200 len: 405 microversion: 2.61 time: 0.081505
Nov 24 08:38:31.546377 dv-neutron-818152-1-hyperv devstack@n-api.service[108016]: [pid: 108016|app: 0|req: 13/25] 10.222.0.31 () {64 vars in 1282 bytes} [Wed Nov 24 08:38:31 2021] POST /compute/v2.1/flavors => generated 405 bytes in 83 msecs (HTTP/1.1 200) 9 headers in 359 bytes (2 switches on core 0)
Nov 24 08:38:31.564579 dv-neutron-818152-1-hyperv devstack@n-api.service[108017]: DEBUG nova.api.openstack.wsgi [None req-3c36ce4a-f9a7-419b-9ac6-7c7eccf14526 admin admin] Action: 'create', calling method: >, body: {"extra_specs": {"hw_rng:allowed": "True"}} {{(pid=108017) _process_stack /opt/stack/nova/nova/api/openstack/wsgi.py:511}}
Nov 24 08:38:31.590725 dv-neutron-818152-1-hyperv devstack@n-api.service[108017]: INFO nova.api.openstack.requestlog [None req-3c36ce4a-f9a7-419b-9ac6-7c7eccf14526 admin admin] 10.222.0.31 "POST /compute/v2.1/flavors/2/os-extra_specs" status: 200 len: 43 microversion: 2.61 time: 0.030816
Nov 24 08:38:31.591547 dv-neutron-818152-1-hyperv devstack@n-api.service[108017]: [pid: 108017|app: 0|req: 13/26] 10.222.0.31 () {64 vars in 1332 bytes} [Wed Nov 24 08:38:31 2021] POST /compute/v2.1/flavors/2/os-extra_specs => generated 43 bytes in 33 msecs (HTTP/1.1 200) 9 headers in 358 bytes (1 switches on core 0)
Nov 24 08:38:33.911747 dv-neutron-818152-1-hyperv devstack@n-api.service[108016]: DEBUG nova.api.openstack.wsgi [None req-91b26de9-5ad1-415d-9ce9-0673558ad6ed admin admin] Calling method '>' {{(pid=108016) _process_stack /opt/stack/nova/nova/api/openstack/wsgi.py:513}}
Nov 24 08:38:33.912784 dv-neutron-818152-1-hyperv devstack@n-api.service[108016]: INFO nova.api.openstack.requestlog [None req-91b26de9-5ad1-415d-9ce9-0673558ad6ed admin admin] 10.222.0.31 "GET /compute/v2.1" status: 200 len: 388 microversion: 2.1 time: 0.002247
Nov 24 08:38:33.913202 dv-neutron-818152-1-hyperv devstack@n-api.service[108016]: [pid: 108016|app: 0|req: 14/27] 10.222.0.31 () {54 vars in 930 bytes} [Wed Nov 24 08:38:33 2021] GET /compute/v2.1 => generated 388 bytes in 3 msecs (HTTP/1.1 200) 9 headers in 357 bytes (1 switches on core 0)
Nov 24 08:38:33.977798 dv-neutron-818152-1-hyperv devstack@n-api.service[108017]: DEBUG nova.api.openstack.wsgi [None req-058b4866-1cf4-46b1-a383-c2e33ed2a1a4 admin admin] Action: 'create', calling method: >, body: {"flavor": {"name": "m1.medium", "id": "3", "OS-FLV-EXT-DATA:ephemeral": 0, "ram": 4096, "disk": 40, "vcpus": 2, "rxtx_factor": 1.0, "os-flavor-access:is_public": true, "swap": 0}} {{(pid=108017) _process_stack /opt/stack/nova/nova/api/openstack/wsgi.py:511}}
Nov 24 08:38:33.999251 dv-neutron-818152-1-hyperv devstack@n-api.service[108017]: INFO nova.api.openstack.requestlog [None req-058b4866-1cf4-46b1-a383-c2e33ed2a1a4 admin admin] 10.222.0.31 "POST /compute/v2.1/flavors" status: 200 len: 406 microversion: 2.61 time: 0.078878
Nov 24 08:38:34.000012 dv-neutron-818152-1-hyperv devstack@n-api.service[108017]: [pid: 108017|app: 0|req: 14/28] 10.222.0.31 () {64 vars in 1282 bytes} [Wed Nov 24 08:38:33 2021] POST /compute/v2.1/flavors => generated 406 bytes in 80 msecs (HTTP/1.1 200) 9 headers in 359 bytes (2 switches on core 0)
Nov 24 08:38:34.013337 dv-neutron-818152-1-hyperv devstack@n-api.service[108016]: DEBUG nova.api.openstack.wsgi [None req-21a8606c-021f-473f-812b-ef45ff3cf903 admin admin] Action: 'create', calling method: >, body: {"extra_specs": {"hw_rng:allowed": "True"}} {{(pid=108016) _process_stack /opt/stack/nova/nova/api/openstack/wsgi.py:511}}
Nov 24 08:38:34.036476 dv-neutron-818152-1-hyperv devstack@n-api.service[108016]: INFO nova.api.openstack.requestlog [None req-21a8606c-021f-473f-812b-ef45ff3cf903 admin admin] 10.222.0.31 "POST /compute/v2.1/flavors/3/os-extra_specs" status: 200 len: 43 microversion: 2.61 time: 0.025845
Nov 24 08:38:34.037114 dv-neutron-818152-1-hyperv devstack@n-api.service[108016]: [pid: 108016|app: 0|req: 15/29] 10.222.0.31 () {64 vars in 1332 bytes} [Wed Nov 24 08:38:34 2021] POST /compute/v2.1/flavors/3/os-extra_specs => generated 43 bytes in 28 msecs (HTTP/1.1 200) 9 headers in 358 bytes (2 switches on core 0)
Nov 24 08:38:36.240677 dv-neutron-818152-1-hyperv devstack@n-api.service[108017]: DEBUG nova.api.openstack.wsgi [None req-058b4866-1cf4-46b1-a383-c2e33ed2a1a4 admin admin] Calling method '>' {{(pid=108017) _process_stack /opt/stack/nova/nova/api/openstack/wsgi.py:513}}
Nov 24 08:38:36.241852 dv-neutron-818152-1-hyperv devstack@n-api.service[108017]: INFO nova.api.openstack.requestlog [None req-058b4866-1cf4-46b1-a383-c2e33ed2a1a4 admin admin] 10.222.0.31 "GET /compute/v2.1" status: 200 len: 388 microversion: 2.1 time: 0.001605
Nov 24 08:38:36.242258 dv-neutron-818152-1-hyperv devstack@n-api.service[108017]: [pid: 108017|app: 0|req: 15/30] 10.222.0.31 () {54 vars in 930 bytes} [Wed Nov 24 08:38:36 2021] GET /compute/v2.1 => generated 388 bytes in 2 msecs (HTTP/1.1 200) 9 headers in 357 bytes (1 switches on core 0)
Nov 24 08:38:36.302277 dv-neutron-818152-1-hyperv devstack@n-api.service[108016]: DEBUG nova.api.openstack.wsgi [None req-92ff0746-accd-4d18-9966-eceac9409966 admin admin] Action: 'create', calling method: >, body: {"flavor": {"os-flavor-access:is_public": true, "rxtx_factor": 1.0, "id": "4", "disk": 80, "swap": 0, "vcpus": 4, "name": "m1.large", "OS-FLV-EXT-DATA:ephemeral": 0, "ram": 8192}} {{(pid=108016) _process_stack /opt/stack/nova/nova/api/openstack/wsgi.py:511}}
Nov 24 08:38:36.320031 dv-neutron-818152-1-hyperv devstack@n-api.service[108016]: INFO nova.api.openstack.requestlog [None req-92ff0746-accd-4d18-9966-eceac9409966 admin admin] 10.222.0.31 "POST /compute/v2.1/flavors" status: 200 len: 405 microversion: 2.61 time: 0.071248
Nov 24 08:38:36.320600 dv-neutron-818152-1-hyperv devstack@n-api.service[108016]: [pid: 108016|app: 0|req: 16/31] 10.222.0.31 () {64 vars in 1282 bytes} [Wed Nov 24 08:38:36 2021] POST /compute/v2.1/flavors => generated 405 bytes in 72 msecs (HTTP/1.1 200) 9 headers in 359 bytes (2 switches on core 0)
Nov 24 08:38:36.333170 dv-neutron-818152-1-hyperv devstack@n-api.service[108017]: DEBUG nova.api.openstack.wsgi [None req-add7182b-40d3-4d15-b13c-bfc70d691766 admin admin] Action: 'create', calling method: >, body: {"extra_specs": {"hw_rng:allowed": "True"}} {{(pid=108017) _process_stack /opt/stack/nova/nova/api/openstack/wsgi.py:511}}
Nov 24 08:38:36.357214 dv-neutron-818152-1-hyperv devstack@n-api.service[108017]: INFO nova.api.openstack.requestlog [None req-add7182b-40d3-4d15-b13c-bfc70d691766 admin admin] 10.222.0.31 "POST /compute/v2.1/flavors/4/os-extra_specs" status: 200 len: 43 microversion: 2.61 time: 0.027879
Nov 24 08:38:36.357991 dv-neutron-818152-1-hyperv devstack@n-api.service[108017]: [pid: 108017|app: 0|req: 16/32] 10.222.0.31 () {64 vars in 1332 bytes} [Wed Nov 24 08:38:36 2021] POST /compute/v2.1/flavors/4/os-extra_specs => generated 43 bytes in 29 msecs (HTTP/1.1 200) 9 headers in 358 bytes (2 switches on core 0)
Nov 24 08:38:38.599918 dv-neutron-818152-1-hyperv devstack@n-api.service[108016]: DEBUG nova.api.openstack.wsgi [None req-92ff0746-accd-4d18-9966-eceac9409966 admin admin] Calling method '>' {{(pid=108016) _process_stack /opt/stack/nova/nova/api/openstack/wsgi.py:513}}
Nov 24 08:38:38.600918 dv-neutron-818152-1-hyperv devstack@n-api.service[108016]: INFO nova.api.openstack.requestlog [None req-92ff0746-accd-4d18-9966-eceac9409966 admin admin] 10.222.0.31 "GET /compute/v2.1" status: 200 len: 388 microversion: 2.1 time: 0.001415
Nov 24 08:38:38.601366 dv-neutron-818152-1-hyperv devstack@n-api.service[108016]: [pid: 108016|app: 0|req: 17/33] 10.222.0.31 () {54 vars in 930 bytes} [Wed Nov 24 08:38:38 2021] GET /compute/v2.1 => generated 388 bytes in 2 msecs (HTTP/1.1 200) 9 headers in 357 bytes (1 switches on core 0)
Nov 24 08:38:38.658676 dv-neutron-818152-1-hyperv devstack@n-api.service[108017]: DEBUG nova.api.openstack.wsgi [None req-b3617400-0800-4b83-987e-b4140b0c2bc1 admin admin] Action: 'create', calling method: >, body: {"flavor": {"disk": 160, "name": "m1.xlarge", "id": "5", "vcpus": 8, "ram": 16384, "os-flavor-access:is_public": true, "OS-FLV-EXT-DATA:ephemeral": 0, "rxtx_factor": 1.0, "swap": 0}} {{(pid=108017) _process_stack /opt/stack/nova/nova/api/openstack/wsgi.py:511}}
Nov 24 08:38:38.676167 dv-neutron-818152-1-hyperv devstack@n-api.service[108017]: INFO nova.api.openstack.requestlog [None req-b3617400-0800-4b83-987e-b4140b0c2bc1 admin admin] 10.222.0.31 "POST /compute/v2.1/flavors" status: 200 len: 408 microversion: 2.61 time: 0.068227
Nov 24 08:38:38.676755 dv-neutron-818152-1-hyperv devstack@n-api.service[108017]: [pid: 108017|app: 0|req: 17/34] 10.222.0.31 () {64 vars in 1282 bytes} [Wed Nov 24 08:38:38 2021] POST /compute/v2.1/flavors => generated 408 bytes in 69 msecs (HTTP/1.1 200) 9 headers in 359 bytes (1 switches on core 0)
Nov 24 08:38:38.688935 dv-neutron-818152-1-hyperv devstack@n-api.service[108016]: DEBUG nova.api.openstack.wsgi [None req-f2964194-4a1f-4c89-b018-849fc88d3c12 admin admin] Action: 'create', calling method: >, body: {"extra_specs": {"hw_rng:allowed": "True"}} {{(pid=108016) _process_stack /opt/stack/nova/nova/api/openstack/wsgi.py:511}}
Nov 24 08:38:38.711893 dv-neutron-818152-1-hyperv devstack@n-api.service[108016]: INFO nova.api.openstack.requestlog [None req-f2964194-4a1f-4c89-b018-849fc88d3c12 admin admin] 10.222.0.31 "POST /compute/v2.1/flavors/5/os-extra_specs" status: 200 len: 43 microversion: 2.61 time: 0.026602
Nov 24 08:38:38.712497 dv-neutron-818152-1-hyperv devstack@n-api.service[108016]: [pid: 108016|app: 0|req: 18/35] 10.222.0.31 () {64 vars in 1332 bytes} [Wed Nov 24 08:38:38 2021] POST /compute/v2.1/flavors/5/os-extra_specs => generated 43 bytes in 28 msecs (HTTP/1.1 200) 9 headers in 358 bytes (1 switches on core 0)
Nov 24 08:39:21.675785 dv-neutron-818152-1-hyperv devstack@n-api.service[108017]: DEBUG nova.api.openstack.wsgi [None req-b3617400-0800-4b83-987e-b4140b0c2bc1 admin admin] Calling method '>' {{(pid=108017) _process_stack /opt/stack/nova/nova/api/openstack/wsgi.py:513}}
Nov 24 08:39:21.676781 dv-neutron-818152-1-hyperv devstack@n-api.service[108017]: INFO nova.api.openstack.requestlog [None req-b3617400-0800-4b83-987e-b4140b0c2bc1 admin admin] 10.222.0.31 "GET /compute/v2.1" status: 200 len: 388 microversion: 2.1 time: 0.001413
Nov 24 08:39:21.677174 dv-neutron-818152-1-hyperv devstack@n-api.service[108017]: [pid: 108017|app: 0|req: 18/36] 10.222.0.31 () {54 vars in 930 bytes} [Wed Nov 24 08:39:21 2021] GET /compute/v2.1 => generated 388 bytes in 2 msecs (HTTP/1.1 200) 9 headers in 357 bytes (1 switches on core 0)
Nov 24 08:39:21.733917 dv-neutron-818152-1-hyperv devstack@n-api.service[108016]: DEBUG nova.api.openstack.wsgi [None req-9825277e-3752-4368-8ad0-a74eb5979d9e admin admin] Calling method '>' {{(pid=108016) _process_stack /opt/stack/nova/nova/api/openstack/wsgi.py:513}}
Nov 24 08:39:21.750752 dv-neutron-818152-1-hyperv devstack@n-api.service[108016]: INFO nova.api.openstack.requestlog [None req-9825277e-3752-4368-8ad0-a74eb5979d9e admin admin] 10.222.0.31 "GET /compute/v2.1/flavors/detail?is_public=True" status: 200 len: 4202 microversion: 2.61 time: 0.066898
Nov 24 08:39:21.751288 dv-neutron-818152-1-hyperv devstack@n-api.service[108016]: [pid: 108016|app: 0|req: 19/37] 10.222.0.31 () {60 vars in 1291 bytes} [Wed Nov 24 08:39:21 2021] GET /compute/v2.1/flavors/detail?is_public=True => generated 4202 bytes in 68 msecs (HTTP/1.1 200) 9 headers in 360 bytes (1 switches on core 0)
Nov 24 08:39:23.185212 dv-neutron-818152-1-hyperv devstack@n-api.service[108017]: DEBUG nova.api.openstack.wsgi [None req-b3617400-0800-4b83-987e-b4140b0c2bc1 admin admin] Calling method '>' {{(pid=108017) _process_stack /opt/stack/nova/nova/api/openstack/wsgi.py:513}}
Nov 24 08:39:23.186278 dv-neutron-818152-1-hyperv devstack@n-api.service[108017]: INFO nova.api.openstack.requestlog [None req-b3617400-0800-4b83-987e-b4140b0c2bc1 admin admin] 10.222.0.31 "GET /compute/v2.1" status: 200 len: 388 microversion: 2.1 time: 0.001475
Nov 24 08:39:23.186680 dv-neutron-818152-1-hyperv devstack@n-api.service[108017]: [pid: 108017|app: 0|req: 19/38] 10.222.0.31 () {56 vars in 1074 bytes} [Wed Nov 24 08:39:23 2021] GET /compute/v2.1 => generated 388 bytes in 2 msecs (HTTP/1.1 200) 9 headers in 357 bytes (1 switches on core 0)
Nov 24 08:39:23.390755 dv-neutron-818152-1-hyperv devstack@n-api.service[108016]: DEBUG nova.api.openstack.wsgi [None req-4daab7a1-eb32-4744-beed-ce0bdb37e6d6 admin admin] Calling method '>' {{(pid=108016) _process_stack /opt/stack/nova/nova/api/openstack/wsgi.py:513}}
Nov 24 08:39:23.396292 dv-neutron-818152-1-hyperv devstack@n-api.service[108016]: INFO nova.api.openstack.wsgi [None req-4daab7a1-eb32-4744-beed-ce0bdb37e6d6 admin admin] HTTP exception thrown: Flavor 42 could not be found.
Nov 24 08:39:23.396800 dv-neutron-818152-1-hyperv devstack@n-api.service[108016]: DEBUG nova.api.openstack.wsgi [None req-4daab7a1-eb32-4744-beed-ce0bdb37e6d6 admin admin] Returning 404 to user: Flavor 42 could not be found. {{(pid=108016) __call__ /opt/stack/nova/nova/api/openstack/wsgi.py:936}}
Nov 24 08:39:23.397619 dv-neutron-818152-1-hyperv devstack@n-api.service[108016]: INFO nova.api.openstack.requestlog [None req-4daab7a1-eb32-4744-beed-ce0bdb37e6d6 admin admin] 10.222.0.31 "GET /compute/v2.1/flavors/42" status: 404 len: 75 microversion: 2.90 time: 0.058158
Nov 24 08:39:23.398404 dv-neutron-818152-1-hyperv devstack@n-api.service[108016]: [pid: 108016|app: 0|req: 20/39] 10.222.0.31 () {60 vars in 1190 bytes} [Wed Nov 24 08:39:23 2021] GET /compute/v2.1/flavors/42 => generated 75 bytes in 59 msecs (HTTP/1.1 404) 9 headers in 380 bytes (1 switches on core 0)
Nov 24 08:39:23.407976 dv-neutron-818152-1-hyperv devstack@n-api.service[108017]: DEBUG nova.api.openstack.wsgi [None req-dc76ad4f-701c-45b6-b079-13ca6f252296 admin admin] Calling method '>' {{(pid=108017) _process_stack /opt/stack/nova/nova/api/openstack/wsgi.py:513}}
Nov 24 08:39:23.429404 dv-neutron-818152-1-hyperv devstack@n-api.service[108017]: INFO nova.api.openstack.requestlog [None req-dc76ad4f-701c-45b6-b079-13ca6f252296 admin admin] 10.222.0.31 "GET /compute/v2.1/flavors?is_public=None" status: 200 len: 2056 microversion: 2.90 time: 0.024858
Nov 24 08:39:23.429944 dv-neutron-818152-1-hyperv devstack@n-api.service[108017]: [pid: 108017|app: 0|req: 20/40] 10.222.0.31 () {60 vars in 1210 bytes} [Wed Nov 24 08:39:23 2021] GET /compute/v2.1/flavors?is_public=None => generated 2056 bytes in 26 msecs (HTTP/1.1 200) 9 headers in 360 bytes (1 switches on core 0)
Nov 24 08:39:23.440867 dv-neutron-818152-1-hyperv devstack@n-api.service[108016]: DEBUG nova.api.openstack.wsgi [None req-a2002030-2d32-4169-a5f0-9e312fa840c3 admin admin] Calling method '>' {{(pid=108016) _process_stack /opt/stack/nova/nova/api/openstack/wsgi.py:513}}
Nov 24 08:39:23.461241 dv-neutron-818152-1-hyperv devstack@n-api.service[108016]: INFO nova.api.openstack.requestlog [None req-a2002030-2d32-4169-a5f0-9e312fa840c3 admin admin] 10.222.0.31 "GET /compute/v2.1/flavors?is_public=None" status: 200 len: 2056 microversion: 2.90 time: 0.024600
Nov 24 08:39:23.461780 dv-neutron-818152-1-hyperv devstack@n-api.service[108016]: [pid: 108016|app: 0|req: 21/41] 10.222.0.31 () {60 vars in 1210 bytes} [Wed Nov 24 08:39:23 2021] GET /compute/v2.1/flavors?is_public=None => generated 2056 bytes in 26 msecs (HTTP/1.1 200) 9 headers in 360 bytes (1 switches on core 0)
Nov 24 08:39:23.472133 dv-neutron-818152-1-hyperv devstack@n-api.service[108017]: DEBUG nova.api.openstack.wsgi [None req-05f737d9-bd6a-4fcc-987c-868f4f0c0e7c admin admin] Calling method '>' {{(pid=108017) _process_stack /opt/stack/nova/nova/api/openstack/wsgi.py:513}}
Nov 24 08:39:23.477453 dv-neutron-818152-1-hyperv devstack@n-api.service[108017]: INFO nova.api.openstack.wsgi [None req-05f737d9-bd6a-4fcc-987c-868f4f0c0e7c admin admin] HTTP exception thrown: Flavor 42 could not be found.
Nov 24 08:39:23.478012 dv-neutron-818152-1-hyperv devstack@n-api.service[108017]: DEBUG nova.api.openstack.wsgi [None req-05f737d9-bd6a-4fcc-987c-868f4f0c0e7c admin admin] Returning 404 to user: Flavor 42 could not be found. {{(pid=108017) __call__ /opt/stack/nova/nova/api/openstack/wsgi.py:936}}
Nov 24 08:39:23.478796 dv-neutron-818152-1-hyperv devstack@n-api.service[108017]: INFO nova.api.openstack.requestlog [None req-05f737d9-bd6a-4fcc-987c-868f4f0c0e7c admin admin] 10.222.0.31 "GET /compute/v2.1/flavors/42" status: 404 len: 75 microversion: 2.90 time: 0.010928
Nov 24 08:39:23.479286 dv-neutron-818152-1-hyperv devstack@n-api.service[108017]: [pid: 108017|app: 0|req: 21/42] 10.222.0.31 () {60 vars in 1190 bytes} [Wed Nov 24 08:39:23 2021] GET /compute/v2.1/flavors/42 => generated 75 bytes in 12 msecs (HTTP/1.1 404) 9 headers in 380 bytes (2 switches on core 0)
Nov 24 08:39:24.833718 dv-neutron-818152-1-hyperv devstack@n-api.service[108016]: DEBUG nova.api.openstack.wsgi [None req-a2002030-2d32-4169-a5f0-9e312fa840c3 admin admin] Calling method '>' {{(pid=108016) _process_stack /opt/stack/nova/nova/api/openstack/wsgi.py:513}}
Nov 24 08:39:24.834714 dv-neutron-818152-1-hyperv devstack@n-api.service[108016]: INFO nova.api.openstack.requestlog [None req-a2002030-2d32-4169-a5f0-9e312fa840c3 admin admin] 10.222.0.31 "GET /compute/v2.1" status: 200 len: 388 microversion: 2.1 time: 0.001440
Nov 24 08:39:24.835105 dv-neutron-818152-1-hyperv devstack@n-api.service[108016]: [pid: 108016|app: 0|req: 22/43] 10.222.0.31 () {56 vars in 1074 bytes} [Wed Nov 24 08:39:24 2021] GET /compute/v2.1 => generated 388 bytes in 2 msecs (HTTP/1.1 200) 9 headers in 357 bytes (1 switches on core 0)
