Nov 18 15:59:14.646609 dv-neutron-817790-3-hyperv neutron-server[115935]: INFO neutron.wsgi [None req-a3d1ac21-62c1-46f6-a873-c9665e4472ea tempest-ExternalNetworksTestJSON-1406721154 tempest-ExternalNetworksTestJSON-1406721154-project-admin] 10.222.0.59 "POST /v2.0/networks HTTP/1.1" status: 201 len: 862 time: 1.7646840
Nov 18 15:59:14.646609 dv-neutron-817790-3-hyperv neutron-server[115935]: DEBUG neutron.api.rpc.handlers.resources_rpc [None req-a3d1ac21-62c1-46f6-a873-c9665e4472ea tempest-ExternalNetworksTestJSON-1406721154 tempest-ExternalNetworksTestJSON-1406721154-project-admin] Pushing event updated for resources: {'Network': ['ID=db00058e-0b47-4873-84d5-1aa71a4e5a8a,revision_number=1']} {{(pid=115935) push /opt/stack/neutron/neutron/api/rpc/handlers/resources_rpc.py:237}}
Nov 18 15:59:14.655413 dv-neutron-817790-3-hyperv neutron-server[115936]: DEBUG neutron.plugins.ml2.rpc [None req-06be29a8-007d-4381-a7b0-403f64d5d806 None None] Network db00058e-0b47-4873-84d5-1aa71a4e5a8a details requested by agent ovs-agent-dv-neutron-817790-3-hyperv with host dv-neutron-817790-3-hyperv {{(pid=115936) get_network_details /opt/stack/neutron/neutron/plugins/ml2/rpc.py:248}}
Nov 18 15:59:14.658856 dv-neutron-817790-3-hyperv neutron-server[115935]: DEBUG neutron.wsgi [-] (115935) accepted ('10.222.0.59', 50370) {{(pid=115935) server /usr/local/lib/python3.8/dist-packages/eventlet/wsgi.py:1004}}
Nov 18 15:59:14.663987 dv-neutron-817790-3-hyperv neutron-server[115934]: DEBUG neutron.db.db_base_plugin_common [None req-66a28f97-e333-43c2-a996-7ea3f57995f2 tempest-RoutersAdminNegativeIpV6Test-507057393 tempest-RoutersAdminNegativeIpV6Test-507057393-project-admin] Allocated IP 172.26.0.32 (017071a9-10fd-4978-ba70-6a0013286a57/6aaef1ea-066c-4230-a247-ff25265f9c68/ea30c070-0d14-403c-b8b1-e4678ad697c4) {{(pid=115934) _store_ip_allocation /opt/stack/neutron/neutron/db/db_base_plugin_common.py:131}}
Nov 18 15:59:14.806896 dv-neutron-817790-3-hyperv neutron-server[115937]: DEBUG neutron_lib.callbacks.manager [None req-2c334fc5-5691-477e-8d97-50f7387874b2 None None] Publish callbacks [] for port, precommit_update {{(pid=115937) _notify_loop /usr/local/lib/python3.8/dist-packages/neutron_lib/callbacks/manager.py:175}}
Nov 18 15:59:14.825056 dv-neutron-817790-3-hyperv neutron-server[115935]: DEBUG neutron_lib.callbacks.manager [None req-000ec957-19d2-4655-ba0a-7475d11b8881 tempest-ExternalNetworksTestJSON-1406721154 tempest-ExternalNetworksTestJSON-1406721154-project-admin] Publish callbacks ['neutron.plugins.ml2.plugin.External_net_db_mixin._before_network_delete_handler-4186602'] for network, before_delete {{(pid=115935) _notify_loop /usr/local/lib/python3.8/dist-packages/neutron_lib/callbacks/manager.py:175}}
Nov 18 15:59:14.856095 dv-neutron-817790-3-hyperv neutron-server[115935]: DEBUG neutron.pecan_wsgi.hooks.policy_enforcement [req-bb20598d-5731-49a2-847d-9d5b7eb5ca9a req-88436ee8-8f9d-4849-8b1a-3f101b02f6da tempest-ServerActionsTestJSON-1698985156 tempest-ServerActionsTestJSON-1698985156-project] Attributes excluded by policy engine: ['standard_attr_id', 'binding:profile', 'binding:host_id', 'binding:vif_type', 'binding:vif_details'] {{(pid=115935) _exclude_attributes_by_policy /opt/stack/neutron/neutron/pecan_wsgi/hooks/policy_enforcement.py:255}}
Nov 18 15:59:14.857665 dv-neutron-817790-3-hyperv neutron-server[115935]: INFO neutron.wsgi [req-bb20598d-5731-49a2-847d-9d5b7eb5ca9a req-88436ee8-8f9d-4849-8b1a-3f101b02f6da tempest-ServerActionsTestJSON-1698985156 tempest-ServerActionsTestJSON-1698985156-project] 10.222.0.59 "GET /v2.0/ports?device_id=149bd1aa-50b4-47e7-a8fa-3fafb2b36d21 HTTP/1.1" status: 200 len: 944 time: 0.0965917
Nov 18 15:59:14.860079 dv-neutron-817790-3-hyperv neutron-server[115934]: INFO neutron.wsgi [req-ff7262c7-2b50-433f-8051-e76e1886c3cd req-3863c305-538a-4606-9b2a-1444a5ae71c5 tempest-ServersTestManualDisk-213531626 tempest-ServersTestManualDisk-213531626-project] 10.222.0.59 "GET /v2.0/ports?device_id=66bc6c77-ab37-4904-a186-d27f26609150 HTTP/1.1" status: 200 len: 210 time: 0.3629873
Nov 18 15:59:14.911113 dv-neutron-817790-3-hyperv neutron-server[115937]: DEBUG neutron_lib.callbacks.manager [None req-2c334fc5-5691-477e-8d97-50f7387874b2 None None] Publish callbacks ['neutron.plugins.ml2.plugin.SecurityGroupServerNotifierRpcMixin._notify_sg_on_port_change-3702644', 'neutron.plugins.ml2.ovo_rpc._ObjectChangeHandler.handle_event-113170', 'neutron.api.rpc.agentnotifiers.dhcp_rpc_agent_api.DhcpAgentNotifyAPI._native_event_send_dhcp_notification-554018', 'neutron.db.l3_db.L3RpcNotifierMixin._notify_gateway_port_ip_changed-8779137410618', 'neutron.db.l3_dvrscheduler_db._notify_l3_agent_port_update-8779136827100', 'neutron.db.l3_hascheduler_db._notify_l3_agent_ha_port_update-8779136827118'] for port, after_update {{(pid=115937) _notify_loop /usr/local/lib/python3.8/dist-packages/neutron_lib/callbacks/manager.py:175}}
Nov 18 15:59:14.986286 dv-neutron-817790-3-hyperv neutron-server[115935]: DEBUG neutron_lib.callbacks.manager [None req-000ec957-19d2-4655-ba0a-7475d11b8881 tempest-ExternalNetworksTestJSON-1406721154 tempest-ExternalNetworksTestJSON-1406721154-project-admin] Publish callbacks ['neutron.plugins.ml2.plugin.Ml2Plugin._network_delete_precommit_handler-4113824', 'neutron.services.segments.db._delete_segments_for_network-8779137179037'] for network, precommit_delete {{(pid=115935) _notify_loop /usr/local/lib/python3.8/dist-packages/neutron_lib/callbacks/manager.py:175}}
Nov 18 15:59:15.015460 dv-neutron-817790-3-hyperv neutron-server[115935]: INFO neutron.wsgi [req-bb20598d-5731-49a2-847d-9d5b7eb5ca9a req-00c42eb0-b0e8-49b7-9948-5a792cc25110 tempest-ServerActionsTestJSON-1698985156 tempest-ServerActionsTestJSON-1698985156-project] 10.222.0.59 "GET /v2.0/security-groups?id=3a03fb95-bb24-4c45-81f9-0a4bffe97806&fields=id&fields=name HTTP/1.1" status: 200 len: 312 time: 0.1412790
Nov 18 15:59:15.025550 dv-neutron-817790-3-hyperv neutron-server[115935]: DEBUG neutron.services.segments.db [None req-000ec957-19d2-4655-ba0a-7475d11b8881 tempest-ExternalNetworksTestJSON-1406721154 tempest-ExternalNetworksTestJSON-1406721154-project-admin] neutron.services.segments.plugin.Plugin method get_segments called with arguments (,) {'filters': {'network_id': ['db00058e-0b47-4873-84d5-1aa71a4e5a8a']}} {{(pid=115935) wrapper /usr/local/lib/python3.8/dist-packages/oslo_log/helpers.py:65}}
Nov 18 15:59:15.048759 dv-neutron-817790-3-hyperv neutron-server[115935]: DEBUG neutron.services.segments.db [None req-000ec957-19d2-4655-ba0a-7475d11b8881 tempest-ExternalNetworksTestJSON-1406721154 tempest-ExternalNetworksTestJSON-1406721154-project-admin] neutron.services.segments.plugin.Plugin method delete_segment called with arguments (, '435dbeeb-edc7-4d96-9994-3519f936334c') {'for_net_delete': True} {{(pid=115935) wrapper /usr/local/lib/python3.8/dist-packages/oslo_log/helpers.py:65}}
Nov 18 15:59:15.048759 dv-neutron-817790-3-hyperv neutron-server[115935]: DEBUG neutron.services.segments.db [None req-000ec957-19d2-4655-ba0a-7475d11b8881 tempest-ExternalNetworksTestJSON-1406721154 tempest-ExternalNetworksTestJSON-1406721154-project-admin] neutron.services.segments.plugin.Plugin method get_segment called with arguments (, '435dbeeb-edc7-4d96-9994-3519f936334c') {} {{(pid=115935) wrapper /usr/local/lib/python3.8/dist-packages/oslo_log/helpers.py:65}}
Nov 18 15:59:15.049083 dv-neutron-817790-3-hyperv neutron-server[115937]: DEBUG neutron.api.rpc.handlers.resources_rpc [None req-007b9c9f-f2aa-4216-9024-311caa7cd1fa None None] Pushing event updated for resources: {'Port': ['ID=3a14bbc6-d177-436f-9cbc-22d79c0e9e01,revision_number=2']} {{(pid=115937) push /opt/stack/neutron/neutron/api/rpc/handlers/resources_rpc.py:237}}
Nov 18 15:59:15.050689 dv-neutron-817790-3-hyperv neutron-server[115935]: DEBUG neutron_lib.callbacks.manager [None req-000ec957-19d2-4655-ba0a-7475d11b8881 tempest-ExternalNetworksTestJSON-1406721154 tempest-ExternalNetworksTestJSON-1406721154-project-admin] Publish callbacks ['neutron.plugins.ml2.db._prevent_segment_delete_with_port_bound-8779137352542', 'neutron.services.segments.plugin.Plugin._prevent_segment_delete_with_subnet_associated-28059821'] for segment, before_delete {{(pid=115935) _notify_loop /usr/local/lib/python3.8/dist-packages/neutron_lib/callbacks/manager.py:175}}
Nov 18 15:59:15.061043 dv-neutron-817790-3-hyperv neutron-server[115937]: DEBUG neutron.plugins.ml2.managers [None req-2c334fc5-5691-477e-8d97-50f7387874b2 None None] Attempting to bind port 3a14bbc6-d177-436f-9cbc-22d79c0e9e01 on host dv-neutron-817790-3-hyperv for vnic_type normal with profile {{(pid=115937) bind_port /opt/stack/neutron/neutron/plugins/ml2/managers.py:795}}
Nov 18 15:59:15.061419 dv-neutron-817790-3-hyperv neutron-server[115937]: DEBUG neutron.plugins.ml2.managers [None req-2c334fc5-5691-477e-8d97-50f7387874b2 None None] Attempting to bind port 3a14bbc6-d177-436f-9cbc-22d79c0e9e01 by drivers openvswitch,hyperv on host dv-neutron-817790-3-hyperv at level 0 using segments [{'id': 'a358ee46-5a5d-426b-ae85-e00897850e36', 'network_type': 'vlan', 'physical_network': 'physnet1', 'segmentation_id': 757, 'network_id': '3a24c480-12c9-4c79-b265-c0e33aa2def9'}] {{(pid=115937) _bind_port_level /opt/stack/neutron/neutron/plugins/ml2/managers.py:820}}
Nov 18 15:59:15.061779 dv-neutron-817790-3-hyperv neutron-server[115937]: DEBUG neutron.plugins.ml2.drivers.mech_agent [None req-2c334fc5-5691-477e-8d97-50f7387874b2 None None] Attempting to bind port 3a14bbc6-d177-436f-9cbc-22d79c0e9e01 on network 3a24c480-12c9-4c79-b265-c0e33aa2def9 {{(pid=115937) bind_port /opt/stack/neutron/neutron/plugins/ml2/drivers/mech_agent.py:91}}
Nov 18 15:59:15.072623 dv-neutron-817790-3-hyperv neutron-server[115937]: DEBUG neutron.plugins.ml2.drivers.mech_agent [None req-2c334fc5-5691-477e-8d97-50f7387874b2 None None] Checking agent: {'id': '99264aed-bb1d-44f6-87af-7e297be3137b', 'agent_type': 'Open vSwitch agent', 'binary': 'neutron-openvswitch-agent', 'topic': 'N/A', 'host': 'dv-neutron-817790-3-hyperv', 'admin_state_up': True, 'created_at': datetime.datetime(2021, 11, 18, 15, 50, 58), 'started_at': datetime.datetime(2021, 11, 18, 15, 51, 28), 'heartbeat_timestamp': datetime.datetime(2021, 11, 18, 15, 58, 58), 'description': None, 'resources_synced': None, 'availability_zone': None, 'alive': True, 'configurations': {'arp_responder_enabled': False, 'baremetal_smartnic': False, 'bridge_mappings': {'physnet1': 'br-data'}, 'datapath_type': 'system', 'devices': 0, 'enable_distributed_routing': False, 'extensions': [], 'in_distributed_mode': False, 'integration_bridge': 'br-int', 'l2_population': False, 'log_agent_heartbeats': False, 'ovs_capabilities': {'datapath_types': ['netdev', 'system'], 'iface_types': ['erspan', 'geneve', 'gre', 'internal', 'ip6erspan', 'ip6gre', 'lisp', 'patch', 'stt', 'system', 'tap', 'vxlan']}, 'ovs_hybrid_plug': False, 'resource_provider_bandwidths': {}, 'resource_provider_hypervisors': {'br-data': 'dv-neutron-817790-3-hyperv'}, 'resource_provider_inventory_defaults': {'allocation_ratio': 1.0, 'min_unit': 1, 'step_size': 1, 'reserved': 0}, 'resource_provider_packet_processing_inventory_defaults': {'allocation_ratio': 1.0, 'min_unit': 1, 'step_size': 1, 'reserved': 0}, 'resource_provider_packet_processing_with_direction': {}, 'resource_provider_packet_processing_without_direction': {}, 'tunnel_types': [], 'tunneling_ip': None, 'vhostuser_socket_dir': '/var/run/openvswitch'}, 'resource_versions': {'AddressGroup': '1.2', 'ConntrackHelper': '1.0', 'Log': '1.0', 'Network': '1.1', 'Port': '1.7', 'PortForwarding': '1.2', 'QosPolicy': '1.10', 'SecurityGroup': '1.5', 'SecurityGroupRule': '1.2', 'SubPort': '1.0', 'Subnet': '1.1', 'Trunk': '1.1'}} {{(pid=115937) bind_port /opt/stack/neutron/neutron/plugins/ml2/drivers/mech_agent.py:110}}
Nov 18 15:59:15.075607 dv-neutron-817790-3-hyperv neutron-server[115937]: DEBUG neutron.plugins.ml2.drivers.mech_agent [None req-2c334fc5-5691-477e-8d97-50f7387874b2 None None] Checking segment: {'id': 'a358ee46-5a5d-426b-ae85-e00897850e36', 'network_type': 'vlan', 'physical_network': 'physnet1', 'segmentation_id': 757, 'network_id': '3a24c480-12c9-4c79-b265-c0e33aa2def9'} for mappings: {'physnet1': 'br-data'} with network types: ['local', 'flat', 'vlan'] {{(pid=115937) check_segment_for_agent /opt/stack/neutron/neutron/plugins/ml2/drivers/mech_agent.py:371}}
Nov 18 15:59:15.075607 dv-neutron-817790-3-hyperv neutron-server[115937]: DEBUG neutron_lib.callbacks.manager [None req-2c334fc5-5691-477e-8d97-50f7387874b2 None None] Publish callbacks [] for ovs_bridge_name, before_read {{(pid=115937) _notify_loop /usr/local/lib/python3.8/dist-packages/neutron_lib/callbacks/manager.py:175}}
Nov 18 15:59:15.075607 dv-neutron-817790-3-hyperv neutron-server[115937]: DEBUG neutron.plugins.ml2.drivers.mech_agent [None req-2c334fc5-5691-477e-8d97-50f7387874b2 None None] Bound using segment: {'id': 'a358ee46-5a5d-426b-ae85-e00897850e36', 'network_type': 'vlan', 'physical_network': 'physnet1', 'segmentation_id': 757, 'network_id': '3a24c480-12c9-4c79-b265-c0e33aa2def9'} {{(pid=115937) bind_port /opt/stack/neutron/neutron/plugins/ml2/drivers/mech_agent.py:120}}
Nov 18 15:59:15.075607 dv-neutron-817790-3-hyperv neutron-server[115937]: DEBUG neutron.plugins.ml2.managers [None req-2c334fc5-5691-477e-8d97-50f7387874b2 None None] Bound port: 3a14bbc6-d177-436f-9cbc-22d79c0e9e01, host: dv-neutron-817790-3-hyperv, vif_type: ovs, vif_details: {"connectivity": "l2", "port_filter": true, "ovs_hybrid_plug": false, "datapath_type": "system", "bridge_name": "br-int"}, binding_levels: [{'bound_driver': 'openvswitch', 'bound_segment': {'id': 'a358ee46-5a5d-426b-ae85-e00897850e36', 'network_type': 'vlan', 'physical_network': 'physnet1', 'segmentation_id': 757, 'network_id': '3a24c480-12c9-4c79-b265-c0e33aa2def9'}}] {{(pid=115937) _bind_port_level /opt/stack/neutron/neutron/plugins/ml2/managers.py:932}}
Nov 18 15:59:15.075607 dv-neutron-817790-3-hyperv neutron-server[115937]: DEBUG neutron_lib.callbacks.manager [None req-2c334fc5-5691-477e-8d97-50f7387874b2 None None] Publish callbacks ['neutron.plugins.ml2.plugin.SecurityGroupDbMixin._ensure_default_security_group_handler-3702581'] for port, before_update {{(pid=115937) _notify_loop /usr/local/lib/python3.8/dist-packages/neutron_lib/callbacks/manager.py:175}}
Nov 18 15:59:15.075988 dv-neutron-817790-3-hyperv neutron-server[115935]: DEBUG neutron_lib.callbacks.manager [None req-000ec957-19d2-4655-ba0a-7475d11b8881 tempest-ExternalNetworksTestJSON-1406721154 tempest-ExternalNetworksTestJSON-1406721154-project-admin] Publish callbacks ['neutron.plugins.ml2.plugin.Ml2Plugin._handle_segment_change-4109445'] for segment, precommit_delete {{(pid=115935) _notify_loop /usr/local/lib/python3.8/dist-packages/neutron_lib/callbacks/manager.py:175}}
Nov 18 15:59:15.091177 dv-neutron-817790-3-hyperv neutron-server[115935]: DEBUG neutron.plugins.ml2.drivers.type_vlan [None req-000ec957-19d2-4655-ba0a-7475d11b8881 tempest-ExternalNetworksTestJSON-1406721154 tempest-ExternalNetworksTestJSON-1406721154-project-admin] Releasing vlan 782 on physical network physnet1 to pool {{(pid=115935) release_segment /opt/stack/neutron/neutron/plugins/ml2/drivers/type_vlan.py:304}}
Nov 18 15:59:15.091395 dv-neutron-817790-3-hyperv neutron-server[115934]: DEBUG neutron.plugins.ml2.plugin [None req-e24efb52-7ebb-4ce7-bbed-8b317727ccbc tempest-AllowedAddressPairTestJSON-2117719778 tempest-AllowedAddressPairTestJSON-2117719778-project] Deleting port 98c3236c-9d98-44ec-af00-392dad1b7f08 {{(pid=115934) _pre_delete_port /opt/stack/neutron/neutron/plugins/ml2/plugin.py:1936}}
Nov 18 15:59:15.091544 dv-neutron-817790-3-hyperv neutron-server[115934]: DEBUG neutron_lib.callbacks.manager [None req-e24efb52-7ebb-4ce7-bbed-8b317727ccbc tempest-AllowedAddressPairTestJSON-2117719778 tempest-AllowedAddressPairTestJSON-2117719778-project] Publish callbacks ['neutron.db.l3_db.L3_NAT_dbonly_mixin._prevent_l3_port_delete_callback-8779137405498'] for port, before_delete {{(pid=115934) _notify_loop /usr/local/lib/python3.8/dist-packages/neutron_lib/callbacks/manager.py:175}}
Nov 18 15:59:15.091938 dv-neutron-817790-3-hyperv neutron-server[115935]: DEBUG neutron_lib.callbacks.manager [None req-000ec957-19d2-4655-ba0a-7475d11b8881 tempest-ExternalNetworksTestJSON-1406721154 tempest-ExternalNetworksTestJSON-1406721154-project-admin] Publish callbacks ['neutron.plugins.ml2.plugin.Ml2Plugin._handle_segment_change-4109445', 'neutron.services.segments.plugin.NovaSegmentNotifier._notify_segment_deleted-28393867'] for segment, after_delete {{(pid=115935) _notify_loop /usr/local/lib/python3.8/dist-packages/neutron_lib/callbacks/manager.py:175}}
Nov 18 15:59:15.171242 dv-neutron-817790-3-hyperv neutron-server[115937]: DEBUG neutron.plugins.ml2.db [None req-2c334fc5-5691-477e-8d97-50f7387874b2 None None] For port 3a14bbc6-d177-436f-9cbc-22d79c0e9e01, host dv-neutron-817790-3-hyperv, cleared binding levels {{(pid=115937) clear_binding_levels /opt/stack/neutron/neutron/plugins/ml2/db.py:87}}
Nov 18 15:59:15.182522 dv-neutron-817790-3-hyperv neutron-server[115937]: DEBUG neutron.plugins.ml2.db [None req-2c334fc5-5691-477e-8d97-50f7387874b2 None None] For port 3a14bbc6-d177-436f-9cbc-22d79c0e9e01, host dv-neutron-817790-3-hyperv, set binding levels [PortBindingLevel(driver='openvswitch',host='dv-neutron-817790-3-hyperv',level=0,port_id=3a14bbc6-d177-436f-9cbc-22d79c0e9e01,segment=NetworkSegment(a358ee46-5a5d-426b-ae85-e00897850e36),segment_id=a358ee46-5a5d-426b-ae85-e00897850e36)] {{(pid=115937) set_binding_levels /opt/stack/neutron/neutron/plugins/ml2/db.py:59}}
Nov 18 15:59:15.186936 dv-neutron-817790-3-hyperv neutron-server[115935]: Traceback (most recent call last):
Nov 18 15:59:15.186936 dv-neutron-817790-3-hyperv neutron-server[115935]: File "/usr/local/lib/python3.8/dist-packages/eventlet/hubs/hub.py", line 476, in fire_timers
Nov 18 15:59:15.186936 dv-neutron-817790-3-hyperv neutron-server[115935]: timer()
Nov 18 15:59:15.186936 dv-neutron-817790-3-hyperv neutron-server[115935]: File "/usr/local/lib/python3.8/dist-packages/eventlet/hubs/timer.py", line 59, in __call__
Nov 18 15:59:15.186936 dv-neutron-817790-3-hyperv neutron-server[115935]: cb(*args, **kw)
Nov 18 15:59:15.186936 dv-neutron-817790-3-hyperv neutron-server[115935]: File "/opt/stack/neutron/neutron/common/utils.py", line 914, in wrapper
Nov 18 15:59:15.186936 dv-neutron-817790-3-hyperv neutron-server[115935]: return func(*args, **kwargs)
Nov 18 15:59:15.186936 dv-neutron-817790-3-hyperv neutron-server[115935]: File "/opt/stack/neutron/neutron/notifiers/batch_notifier.py", line 58, in synced_send
Nov 18 15:59:15.186936 dv-neutron-817790-3-hyperv neutron-server[115935]: self._notify()
Nov 18 15:59:15.186936 dv-neutron-817790-3-hyperv neutron-server[115935]: File "/opt/stack/neutron/neutron/notifiers/batch_notifier.py", line 69, in _notify
Nov 18 15:59:15.186936 dv-neutron-817790-3-hyperv neutron-server[115935]: self.callback(batched_events)
Nov 18 15:59:15.186936 dv-neutron-817790-3-hyperv neutron-server[115935]: File "/opt/stack/neutron/neutron/services/segments/plugin.py", line 211, in _send_notifications
Nov 18 15:59:15.186936 dv-neutron-817790-3-hyperv neutron-server[115935]: event.method(event)
Nov 18 15:59:15.186936 dv-neutron-817790-3-hyperv neutron-server[115935]: File "/opt/stack/neutron/neutron/services/segments/plugin.py", line 383, in _delete_nova_inventory
Nov 18 15:59:15.186936 dv-neutron-817790-3-hyperv neutron-server[115935]: aggregate_id = self._get_aggregate_id(event.segment_id)
Nov 18 15:59:15.186936 dv-neutron-817790-3-hyperv neutron-server[115935]: File "/opt/stack/neutron/neutron/services/segments/plugin.py", line 370, in _get_aggregate_id
Nov 18 15:59:15.186936 dv-neutron-817790-3-hyperv neutron-server[115935]: aggregate_uuid = self.p_client.list_aggregates(
Nov 18 15:59:15.186936 dv-neutron-817790-3-hyperv neutron-server[115935]: File "/usr/local/lib/python3.8/dist-packages/neutron_lib/placement/client.py", line 58, in wrapper
Nov 18 15:59:15.186936 dv-neutron-817790-3-hyperv neutron-server[115935]: return f(self, *a, **k)
Nov 18 15:59:15.186936 dv-neutron-817790-3-hyperv neutron-server[115935]: File "/usr/local/lib/python3.8/dist-packages/neutron_lib/placement/client.py", line 554, in list_aggregates
Nov 18 15:59:15.186936 dv-neutron-817790-3-hyperv neutron-server[115935]: return self._get(url).json()
Nov 18 15:59:15.186936 dv-neutron-817790-3-hyperv neutron-server[115935]: File "/usr/local/lib/python3.8/dist-packages/neutron_lib/placement/client.py", line 190, in _get
Nov 18 15:59:15.186936 dv-neutron-817790-3-hyperv neutron-server[115935]: return self._client.get(url, endpoint_filter=self._ks_filter,
Nov 18 15:59:15.186936 dv-neutron-817790-3-hyperv neutron-server[115935]: File "/usr/local/lib/python3.8/dist-packages/keystoneauth1/session.py", line 1141, in get
Nov 18 15:59:15.186936 dv-neutron-817790-3-hyperv neutron-server[115935]: return self.request(url, 'GET', **kwargs)
Nov 18 15:59:15.186936 dv-neutron-817790-3-hyperv neutron-server[115935]: File "/usr/local/lib/python3.8/dist-packages/keystoneauth1/session.py", line 811, in request
Nov 18 15:59:15.186936 dv-neutron-817790-3-hyperv neutron-server[115935]: base_url = self.get_endpoint(auth, allow=allow,
Nov 18 15:59:15.186936 dv-neutron-817790-3-hyperv neutron-server[115935]: File "/usr/local/lib/python3.8/dist-packages/keystoneauth1/session.py", line 1241, in get_endpoint
Nov 18 15:59:15.186936 dv-neutron-817790-3-hyperv neutron-server[115935]: auth = self._auth_required(auth, 'determine endpoint URL')
Nov 18 15:59:15.186936 dv-neutron-817790-3-hyperv neutron-server[115935]: File "/usr/local/lib/python3.8/dist-packages/keystoneauth1/session.py", line 1181, in _auth_required
Nov 18 15:59:15.186936 dv-neutron-817790-3-hyperv neutron-server[115935]: raise exceptions.MissingAuthPlugin(msg_fmt % msg)
Nov 18 15:59:15.186936 dv-neutron-817790-3-hyperv neutron-server[115935]: keystoneauth1.exceptions.auth_plugins.MissingAuthPlugin: An auth plugin is required to determine endpoint URL
Nov 18 15:59:15.211084 dv-neutron-817790-3-hyperv neutron-server[115934]: DEBUG neutron_lib.callbacks.manager [None req-8477cbc1-daed-4f2d-abd9-d9bab26743e3 tempest-RoutersAdminTest-875754863 tempest-RoutersAdminTest-875754863-project-admin] Publish callbacks [] for router_gateway, before_delete {{(pid=115934) _notify_loop /usr/local/lib/python3.8/dist-packages/neutron_lib/callbacks/manager.py:175}}
Nov 18 15:59:15.249056 dv-neutron-817790-3-hyperv neutron-server[115937]: DEBUG neutron_lib.callbacks.manager [None req-2c334fc5-5691-477e-8d97-50f7387874b2 None None] Publish callbacks ['neutron.plugins.ml2.plugin.SecurityGroupServerNotifierRpcMixin._notify_sg_on_port_change-3702644', 'neutron.plugins.ml2.ovo_rpc._ObjectChangeHandler.handle_event-113170', 'neutron.api.rpc.agentnotifiers.dhcp_rpc_agent_api.DhcpAgentNotifyAPI._native_event_send_dhcp_notification-554018', 'neutron.db.l3_db.L3RpcNotifierMixin._notify_gateway_port_ip_changed-8779137410618', 'neutron.db.l3_dvrscheduler_db._notify_l3_agent_port_update-8779136827100', 'neutron.db.l3_hascheduler_db._notify_l3_agent_ha_port_update-8779136827118'] for port, after_update {{(pid=115937) _notify_loop /usr/local/lib/python3.8/dist-packages/neutron_lib/callbacks/manager.py:175}}
Nov 18 15:59:15.278409 dv-neutron-817790-3-hyperv neutron-server[115934]: INFO neutron.wsgi [req-0581b219-9c4c-4338-a3ec-fdde341c536f req-b041b7d3-865d-4887-ac69-f2aab2f537e9 tempest-ServersTestJSON-155063379 tempest-ServersTestJSON-155063379-project] 10.222.0.59 "GET /v2.0/ports?device_id=bf9efdb2-1c05-456b-860a-fb93c9439e94 HTTP/1.1" status: 200 len: 210 time: 0.0748131
Nov 18 15:59:15.286941 dv-neutron-817790-3-hyperv neutron-server[115934]: DEBUG neutron_lib.callbacks.manager [None req-66a28f97-e333-43c2-a996-7ea3f57995f2 tempest-RoutersAdminNegativeIpV6Test-507057393 tempest-RoutersAdminNegativeIpV6Test-507057393-project-admin] Publish callbacks [] for port, precommit_create {{(pid=115934) _notify_loop /usr/local/lib/python3.8/dist-packages/neutron_lib/callbacks/manager.py:175}}
Nov 18 15:59:15.292154 dv-neutron-817790-3-hyperv neutron-server[115934]: DEBUG neutron_lib.callbacks.manager [None req-07b8dc54-6707-4d07-9901-90016ad3cf4c tempest-RoutersIpV6AdminTest-2139878593 tempest-RoutersIpV6AdminTest-2139878593-project-admin] Publish callbacks ['neutron.services.l3_router.l3_router_plugin.L3_HA_NAT_db_mixin._after_router_create-549137', 'neutron.services.l3_router.l3_router_plugin.DVRResourceOperationHandler._create_snat_interfaces_after_change-551055'] for router, after_create {{(pid=115934) _notify_loop /usr/local/lib/python3.8/dist-packages/neutron_lib/callbacks/manager.py:175}}
Nov 18 15:59:15.306996 dv-neutron-817790-3-hyperv neutron-server[115937]: DEBUG neutron.db.l3_dvrscheduler_db [None req-2c334fc5-5691-477e-8d97-50f7387874b2 None None] Routers {'0c62bfc6-cd92-4ef3-b2aa-396fe0f5ee96'} bound to L3 agent in host dv-neutron-817790-3-hyperv {{(pid=115937) _get_router_ids_for_agent /opt/stack/neutron/neutron/db/l3_dvrscheduler_db.py:420}}
Nov 18 15:59:15.307782 dv-neutron-817790-3-hyperv neutron-server[115937]: DEBUG neutron.db.l3_hamode_db [None req-2c334fc5-5691-477e-8d97-50f7387874b2 None None] neutron.services.l3_router.l3_router_plugin.L3RouterPlugin method get_ha_sync_data_for_host called with arguments (, 'dv-neutron-817790-3-hyperv', Agent(admin_state_up=True,agent_type='L3 agent',availability_zone='nova',binary='neutron-l3-agent',configurations={"agent_mode": "legacy", "ex_gw_ports": 4, "extensions": [], "floating_ips": 0, "handle_internal_only_routers": true, "interface_driver": "openvswitch", "interfaces": 3, "log_agent_heartbeats": false, "routers": 4},created_at=2021-11-18T15:50:55Z,description=,heartbeat_timestamp=2021-11-18T15:58:55Z,host='dv-neutron-817790-3-hyperv',id=b36b0d3a-2713-4ce3-a2d2-1e675d04ebbb,load=0,resource_versions=,resources_synced=,started_at=2021-11-18T15:50:55Z,topic='l3_agent')) {'router_ids': ['0c62bfc6-cd92-4ef3-b2aa-396fe0f5ee96'], 'active': True} {{(pid=115937) wrapper /usr/local/lib/python3.8/dist-packages/oslo_log/helpers.py:65}}
Nov 18 15:59:15.311498 dv-neutron-817790-3-hyperv neutron-server[115935]: DEBUG neutron_lib.callbacks.manager [None req-000ec957-19d2-4655-ba0a-7475d11b8881 tempest-ExternalNetworksTestJSON-1406721154 tempest-ExternalNetworksTestJSON-1406721154-project-admin] Publish callbacks ['neutron.plugins.ml2.plugin.Ml2Plugin._network_delete_after_delete_handler-4113881', 'neutron.plugins.ml2.ovo_rpc._ObjectChangeHandler.handle_event-569885', 'neutron.api.rpc.agentnotifiers.dhcp_rpc_agent_api.DhcpAgentNotifyAPI._native_event_send_dhcp_notification-554018', 'neutron.services.l3_router.l3_router_plugin.DVRResourceOperationHandler.delete_fip_namespaces_for_ext_net-551111'] for network, after_delete {{(pid=115935) _notify_loop /usr/local/lib/python3.8/dist-packages/neutron_lib/callbacks/manager.py:175}}
Nov 18 15:59:15.339818 dv-neutron-817790-3-hyperv neutron-server[115935]: DEBUG neutron.api.rpc.agentnotifiers.l3_rpc_agent_api [None req-000ec957-19d2-4655-ba0a-7475d11b8881 tempest-ExternalNetworksTestJSON-1406721154 tempest-ExternalNetworksTestJSON-1406721154-project-admin] Fanout notify agent at l3_agent the message fipnamespace_delete_on_ext_net for external_network db00058e-0b47-4873-84d5-1aa71a4e5a8a {{(pid=115935) _notification_fanout /opt/stack/neutron/neutron/api/rpc/agentnotifiers/l3_rpc_agent_api.py:120}}
Nov 18 15:59:15.342707 dv-neutron-817790-3-hyperv neutron-server[115935]: DEBUG neutron_lib.callbacks.manager [None req-000ec957-19d2-4655-ba0a-7475d11b8881 tempest-ExternalNetworksTestJSON-1406721154 tempest-ExternalNetworksTestJSON-1406721154-project-admin] Publish callbacks ['neutron.api.rpc.agentnotifiers.dhcp_rpc_agent_api.DhcpAgentNotifyAPI._send_dhcp_notification-554036'] for network, before_response {{(pid=115935) _notify_loop /usr/local/lib/python3.8/dist-packages/neutron_lib/callbacks/manager.py:175}}
Nov 18 15:59:15.360360 dv-neutron-817790-3-hyperv neutron-server[115934]: DEBUG neutron.wsgi [-] (115934) accepted ('10.222.0.59', 50374) {{(pid=115934) server /usr/local/lib/python3.8/dist-packages/eventlet/wsgi.py:1004}}
Nov 18 15:59:15.360593 dv-neutron-817790-3-hyperv neutron-server[115935]: INFO neutron.wsgi [None req-000ec957-19d2-4655-ba0a-7475d11b8881 tempest-ExternalNetworksTestJSON-1406721154 tempest-ExternalNetworksTestJSON-1406721154-project-admin] 10.222.0.59 "DELETE /v2.0/networks/db00058e-0b47-4873-84d5-1aa71a4e5a8a HTTP/1.1" status: 204 len: 168 time: 0.7005291
Nov 18 15:59:15.361970 dv-neutron-817790-3-hyperv neutron-server[115935]: DEBUG neutron.api.rpc.handlers.resources_rpc [None req-000ec957-19d2-4655-ba0a-7475d11b8881 tempest-ExternalNetworksTestJSON-1406721154 tempest-ExternalNetworksTestJSON-1406721154-project-admin] Pushing event deleted for resources: {'Network': ['ID=db00058e-0b47-4873-84d5-1aa71a4e5a8a,revision_number=None']} {{(pid=115935) push /opt/stack/neutron/neutron/api/rpc/handlers/resources_rpc.py:237}}
Nov 18 15:59:15.369647 dv-neutron-817790-3-hyperv neutron-server[115934]: DEBUG neutron_lib.callbacks.manager [None req-e24efb52-7ebb-4ce7-bbed-8b317727ccbc tempest-AllowedAddressPairTestJSON-2117719778 tempest-AllowedAddressPairTestJSON-2117719778-project] Publish callbacks ['neutron.services.l3_router.l3_router_plugin.L3_NAT_dbonly_mixin._precommit_delete_port_callback-548113'] for port, precommit_delete {{(pid=115934) _notify_loop /usr/local/lib/python3.8/dist-packages/neutron_lib/callbacks/manager.py:175}}
Nov 18 15:59:15.376852 dv-neutron-817790-3-hyperv neutron-server[115934]: DEBUG neutron.api.v2.base [None req-4a1b8b99-cb6f-488f-9880-7618ddb45370 tempest-ExternalNetworksTestJSON-1406721154 tempest-ExternalNetworksTestJSON-1406721154-project-admin] Request body: {'network': {'router:external': True}} {{(pid=115934) prepare_request_body /opt/stack/neutron/neutron/api/v2/base.py:729}}
Nov 18 15:59:15.400246 dv-neutron-817790-3-hyperv neutron-server[115937]: DEBUG neutron.api.rpc.handlers.resources_rpc [None req-007b9c9f-f2aa-4216-9024-311caa7cd1fa None None] Pushing event updated for resources: {'Port': ['ID=3a14bbc6-d177-436f-9cbc-22d79c0e9e01,revision_number=3']} {{(pid=115937) push /opt/stack/neutron/neutron/api/rpc/handlers/resources_rpc.py:237}}
Nov 18 15:59:15.436879 dv-neutron-817790-3-hyperv neutron-server[115934]: DEBUG neutron.plugins.ml2.plugin [None req-e24efb52-7ebb-4ce7-bbed-8b317727ccbc tempest-AllowedAddressPairTestJSON-2117719778 tempest-AllowedAddressPairTestJSON-2117719778-project] Calling delete_port for 98c3236c-9d98-44ec-af00-392dad1b7f08 owned by {{(pid=115934) delete_port /opt/stack/neutron/neutron/plugins/ml2/plugin.py:2014}}
Nov 18 15:59:15.544330 dv-neutron-817790-3-hyperv neutron-server[115937]: DEBUG neutron.db.l3_dvr_db [None req-2c334fc5-5691-477e-8d97-50f7387874b2 None None] Set router 0c62bfc6-cd92-4ef3-b2aa-396fe0f5ee96 gateway port host: dv-neutron-817790-3-hyperv {{(pid=115937) _build_routers_list /opt/stack/neutron/neutron/db/l3_dvr_db.py:906}}
Nov 18 15:59:15.762466 dv-neutron-817790-3-hyperv neutron-server[115937]: DEBUG neutron.db.l3_hamode_db [None req-2c334fc5-5691-477e-8d97-50f7387874b2 None None] neutron.services.l3_router.l3_router_plugin.L3RouterPlugin method _process_sync_ha_data called with arguments (, [{'id': '0c62bfc6-cd92-4ef3-b2aa-396fe0f5ee96', 'name': '', 'tenant_id': '87e89196fff64b228e53cf60e3fa373e', 'admin_state_up': True, 'status': 'ACTIVE', 'external_gateway_info': {'network_id': '3a24c480-12c9-4c79-b265-c0e33aa2def9', 'external_fixed_ips': [{'subnet_id': '78ab2dbe-be3e-46af-824e-269599a7a3b5', 'ip_address': '172.20.0.11'}], 'enable_snat': True}, 'gw_port_id': '3a14bbc6-d177-436f-9cbc-22d79c0e9e01', 'description': '', 'availability_zones': ['nova'], 'distributed': False, 'ha': False, 'ha_vr_id': 0, 'availability_zone_hints': [], 'routes': [], 'flavor_id': None, 'tags': [], 'created_at': '2021-11-18T15:59:06Z', 'updated_at': '2021-11-18T15:59:11Z', 'revision_number': 3, 'project_id': '87e89196fff64b228e53cf60e3fa373e', 'gw_port': {'id': '3a14bbc6-d177-436f-9cbc-22d79c0e9e01', 'name': '', 'network_id': '3a24c480-12c9-4c79-b265-c0e33aa2def9', 'tenant_id': '', 'mac_address': 'fa:16:3e:6c:8d:d2', 'admin_state_up': True, 'status': 'DOWN', 'device_id': '0c62bfc6-cd92-4ef3-b2aa-396fe0f5ee96', 'device_owner': 'network:router_gateway', 'standard_attr_id': 190, 'fixed_ips': [{'subnet_id': '78ab2dbe-be3e-46af-824e-269599a7a3b5', 'ip_address': '172.20.0.11', 'prefixlen': 28}], 'allowed_address_pairs': [], 'extra_dhcp_opts': [], 'security_groups': [], 'description': '', 'binding:vnic_type': 'normal', 'binding:profile': {}, 'binding:host_id': 'dv-neutron-817790-3-hyperv', 'binding:vif_type': 'ovs', 'binding:vif_details': {'connectivity': 'l2', 'port_filter': True, 'ovs_hybrid_plug': False, 'datapath_type': 'system', 'bridge_name': 'br-int'}, 'port_security_enabled': False, 'tags': [], 'created_at': '2021-11-18T15:59:08Z', 'updated_at': '2021-11-18T15:59:15Z', 'revision_number': 3, 'project_id': '', 'subnets': [{'id': '78ab2dbe-be3e-46af-824e-269599a7a3b5', 'cidr': '172.20.0.0/28', 'gateway_ip': '172.20.0.1', 'dns_nameservers': [], 'ipv6_ra_mode': None, 'subnetpool_id': None}], 'extra_subnets': [], 'address_scopes': {4: None, 6: None}, 'mtu': 1500}, 'enable_snat': True, 'gw_port_host': 'dv-neutron-817790-3-hyperv'}], 'dv-neutron-817790-3-hyperv', False) {} {{(pid=115937) wrapper /usr/local/lib/python3.8/dist-packages/oslo_log/helpers.py:65}}
Nov 18 15:59:15.792361 dv-neutron-817790-3-hyperv neutron-server[115937]: DEBUG neutron.api.rpc.handlers.l3_rpc [None req-2c334fc5-5691-477e-8d97-50f7387874b2 None None] The sync data for ids ['0c62bfc6-cd92-4ef3-b2aa-396fe0f5ee96'] in dv-neutron-817790-3-hyperv is: [{'id': '0c62bfc6-cd92-4ef3-b2aa-396fe0f5ee96', 'name': '', 'tenant_id': '87e89196fff64b228e53cf60e3fa373e', 'admin_state_up': True, 'status': 'ACTIVE', 'external_gateway_info': {'network_id': '3a24c480-12c9-4c79-b265-c0e33aa2def9', 'external_fixed_ips': [{'subnet_id': '78ab2dbe-be3e-46af-824e-269599a7a3b5', 'ip_address': '172.20.0.11'}], 'enable_snat': True}, 'gw_port_id': '3a14bbc6-d177-436f-9cbc-22d79c0e9e01', 'description': '', 'availability_zones': ['nova'], 'distributed': False, 'ha': False, 'ha_vr_id': 0, 'availability_zone_hints': [], 'routes': [], 'flavor_id': None, 'tags': [], 'created_at': '2021-11-18T15:59:06Z', 'updated_at': '2021-11-18T15:59:11Z', 'revision_number': 3, 'project_id': '87e89196fff64b228e53cf60e3fa373e', 'gw_port': {'id': '3a14bbc6-d177-436f-9cbc-22d79c0e9e01', 'name': '', 'network_id': '3a24c480-12c9-4c79-b265-c0e33aa2def9', 'tenant_id': '', 'mac_address': 'fa:16:3e:6c:8d:d2', 'admin_state_up': True, 'status': 'DOWN', 'device_id': '0c62bfc6-cd92-4ef3-b2aa-396fe0f5ee96', 'device_owner': 'network:router_gateway', 'standard_attr_id': 190, 'fixed_ips': [{'subnet_id': '78ab2dbe-be3e-46af-824e-269599a7a3b5', 'ip_address': '172.20.0.11', 'prefixlen': 28}], 'allowed_address_pairs': [], 'extra_dhcp_opts': [], 'security_groups': [], 'description': '', 'binding:vnic_type': 'normal', 'binding:profile': {}, 'binding:host_id': 'dv-neutron-817790-3-hyperv', 'binding:vif_type': 'ovs', 'binding:vif_details': {'connectivity': 'l2', 'port_filter': True, 'ovs_hybrid_plug': False, 'datapath_type': 'system', 'bridge_name': 'br-int'}, 'port_security_enabled': False, 'tags': [], 'created_at': '2021-11-18T15:59:08Z', 'updated_at': '2021-11-18T15:59:15Z', 'revision_number': 3, 'project_id': '', 'subnets': [{'id': '78ab2dbe-be3e-46af-824e-269599a7a3b5', 'cidr': '172.20.0.0/28', 'gateway_ip': '172.20.0.1', 'dns_nameservers': [], 'ipv6_ra_mode': None, 'subnetpool_id': None}], 'extra_subnets': [], 'address_scopes': {4: None, 6: None}, 'mtu': 1500}, 'enable_snat': True, 'gw_port_host': 'dv-neutron-817790-3-hyperv'}] {{(pid=115937) sync_routers /opt/stack/neutron/neutron/api/rpc/handlers/l3_rpc.py:137}}
Nov 18 15:59:15.812756 dv-neutron-817790-3-hyperv neutron-server[115934]: DEBUG neutron.pecan_wsgi.hooks.quota_enforcement [None req-4a1b8b99-cb6f-488f-9880-7618ddb45370 tempest-ExternalNetworksTestJSON-1406721154 tempest-ExternalNetworksTestJSON-1406721154-project-admin] Made reservation on behalf of a0186f91531d487f9b95cb8f2cbd8aec for: {'network': 1} {{(pid=115934) before /opt/stack/neutron/neutron/pecan_wsgi/hooks/quota_enforcement.py:53}}
Nov 18 15:59:15.815078 dv-neutron-817790-3-hyperv neutron-server[115934]: DEBUG neutron_lib.callbacks.manager [None req-4a1b8b99-cb6f-488f-9880-7618ddb45370 tempest-ExternalNetworksTestJSON-1406721154 tempest-ExternalNetworksTestJSON-1406721154-project-admin] Publish callbacks ['neutron.plugins.ml2.plugin.SecurityGroupDbMixin._ensure_default_security_group_handler-3702581'] for network, before_create {{(pid=115934) _notify_loop /usr/local/lib/python3.8/dist-packages/neutron_lib/callbacks/manager.py:175}}
Nov 18 15:59:15.896418 dv-neutron-817790-3-hyperv neutron-server[115934]: DEBUG neutron.plugins.ml2.drivers.helpers [None req-4a1b8b99-cb6f-488f-9880-7618ddb45370 tempest-ExternalNetworksTestJSON-1406721154 tempest-ExternalNetworksTestJSON-1406721154-project-admin] vlan segment allocate from pool success with {'vlan_id': 761, 'physical_network': 'physnet1'} {{(pid=115934) allocate_partially_specified_segment /opt/stack/neutron/neutron/plugins/ml2/drivers/helpers.py:153}}
Nov 18 15:59:15.911580 dv-neutron-817790-3-hyperv neutron-server[115934]: DEBUG neutron.plugins.ml2.plugin [None req-8477cbc1-daed-4f2d-abd9-d9bab26743e3 tempest-RoutersAdminTest-875754863 tempest-RoutersAdminTest-875754863-project-admin] Deleting port 3a14bbc6-d177-436f-9cbc-22d79c0e9e01 {{(pid=115934) _pre_delete_port /opt/stack/neutron/neutron/plugins/ml2/plugin.py:1936}}
Nov 18 15:59:15.911580 dv-neutron-817790-3-hyperv neutron-server[115934]: DEBUG neutron_lib.callbacks.manager [None req-8477cbc1-daed-4f2d-abd9-d9bab26743e3 tempest-RoutersAdminTest-875754863 tempest-RoutersAdminTest-875754863-project-admin] Publish callbacks ['neutron.db.l3_db.L3_NAT_dbonly_mixin._prevent_l3_port_delete_callback-8779137405498'] for port, before_delete {{(pid=115934) _notify_loop /usr/local/lib/python3.8/dist-packages/neutron_lib/callbacks/manager.py:175}}
Nov 18 15:59:15.933655 dv-neutron-817790-3-hyperv neutron-server[115934]: DEBUG neutron_lib.callbacks.manager [None req-4a1b8b99-cb6f-488f-9880-7618ddb45370 tempest-ExternalNetworksTestJSON-1406721154 tempest-ExternalNetworksTestJSON-1406721154-project-admin] Publish callbacks ['neutron.plugins.ml2.plugin.Ml2Plugin._handle_segment_change-4109445'] for segment, precommit_create {{(pid=115934) _notify_loop /usr/local/lib/python3.8/dist-packages/neutron_lib/callbacks/manager.py:175}}
Nov 18 15:59:15.934004 dv-neutron-817790-3-hyperv neutron-server[115934]: INFO neutron.db.segments_db [None req-4a1b8b99-cb6f-488f-9880-7618ddb45370 tempest-ExternalNetworksTestJSON-1406721154 tempest-ExternalNetworksTestJSON-1406721154-project-admin] Added segment 3b4c5913-2ac5-4326-931c-7e0446864282 of type vlan for network e3b37319-d656-4260-8843-875e263bb380
Nov 18 15:59:15.935624 dv-neutron-817790-3-hyperv neutron-server[115934]: DEBUG neutron_lib.callbacks.manager [None req-66a28f97-e333-43c2-a996-7ea3f57995f2 tempest-RoutersAdminNegativeIpV6Test-507057393 tempest-RoutersAdminNegativeIpV6Test-507057393-project-admin] Publish callbacks ['neutron.plugins.ml2.plugin.SecurityGroupServerNotifierRpcMixin._notify_sg_on_port_change-3702644', 'neutron.plugins.ml2.ovo_rpc._ObjectChangeHandler.handle_event-113170', 'neutron.api.rpc.agentnotifiers.dhcp_rpc_agent_api.DhcpAgentNotifyAPI._native_event_send_dhcp_notification-554018', 'neutron.db.l3_dvrscheduler_db._notify_l3_agent_new_port-8779136827082', 'neutron.services.segments.plugin.NovaSegmentNotifier._notify_port_created_or_deleted-29044838'] for port, after_create {{(pid=115934) _notify_loop /usr/local/lib/python3.8/dist-packages/neutron_lib/callbacks/manager.py:175}}
Nov 18 15:59:15.972437 dv-neutron-817790-3-hyperv neutron-server[115935]: INFO neutron.wsgi [req-1238dce7-c86a-45ad-a9d8-815a552af247 req-24130508-e28b-4bc0-9e01-e58e2ee3ea5b tempest-ServersTestManualDisk-213531626 tempest-ServersTestManualDisk-213531626-project] 10.222.0.59 "GET /v2.0/ports?device_id=66bc6c77-ab37-4904-a186-d27f26609150 HTTP/1.1" status: 200 len: 210 time: 0.0283153
Nov 18 15:59:16.109039 dv-neutron-817790-3-hyperv neutron-server[115934]: DEBUG neutron_lib.callbacks.manager [None req-4a1b8b99-cb6f-488f-9880-7618ddb45370 tempest-ExternalNetworksTestJSON-1406721154 tempest-ExternalNetworksTestJSON-1406721154-project-admin] Publish callbacks ['neutron.services.auto_allocate.db._ensure_external_network_default_value_callback-8779136846897'] for network, precommit_create {{(pid=115934) _notify_loop /usr/local/lib/python3.8/dist-packages/neutron_lib/callbacks/manager.py:175}}
Nov 18 15:59:16.112092 dv-neutron-817790-3-hyperv neutron-server[115934]: DEBUG neutron.scheduler.dhcp_agent_scheduler [None req-66a28f97-e333-43c2-a996-7ea3f57995f2 tempest-RoutersAdminNegativeIpV6Test-507057393 tempest-RoutersAdminNegativeIpV6Test-507057393-project-admin] Network 017071a9-10fd-4978-ba70-6a0013286a57 is already hosted by enough agents. {{(pid=115934) _get_dhcp_agents_hosting_network /opt/stack/neutron/neutron/scheduler/dhcp_agent_scheduler.py:275}}
Nov 18 15:59:16.141448 dv-neutron-817790-3-hyperv neutron-server[115934]: DEBUG neutron.scheduler.base_scheduler [None req-66a28f97-e333-43c2-a996-7ea3f57995f2 tempest-RoutersAdminNegativeIpV6Test-507057393 tempest-RoutersAdminNegativeIpV6Test-507057393-project-admin] Resources bound (agent type, host, resource id): {{(pid=115934) schedule /opt/stack/neutron/neutron/scheduler/base_scheduler.py:57}}
Nov 18 15:59:16.168945 dv-neutron-817790-3-hyperv neutron-server[115934]: DEBUG neutron.db.l3_dvrscheduler_db [None req-66a28f97-e333-43c2-a996-7ea3f57995f2 tempest-RoutersAdminNegativeIpV6Test-507057393 tempest-RoutersAdminNegativeIpV6Test-507057393-project-admin] Received port after_create {{(pid=115934) _notify_l3_agent_new_port /opt/stack/neutron/neutron/db/l3_dvrscheduler_db.py:535}}
Nov 18 15:59:16.173562 dv-neutron-817790-3-hyperv neutron-server[115934]: DEBUG neutron.api.rpc.handlers.resources_rpc [None req-66a28f97-e333-43c2-a996-7ea3f57995f2 tempest-RoutersAdminNegativeIpV6Test-507057393 tempest-RoutersAdminNegativeIpV6Test-507057393-project-admin] Pushing event updated for resources: {'Port': ['ID=ea30c070-0d14-403c-b8b1-e4678ad697c4,revision_number=1']} {{(pid=115934) push /opt/stack/neutron/neutron/api/rpc/handlers/resources_rpc.py:237}}
Nov 18 15:59:16.207957 dv-neutron-817790-3-hyperv neutron-server[115934]: DEBUG neutron.scheduler.l3_agent_scheduler [None req-07b8dc54-6707-4d07-9901-90016ad3cf4c tempest-RoutersIpV6AdminTest-2139878593 tempest-RoutersIpV6AdminTest-2139878593-project-admin] Router 3008021a-8270-409c-a293-274348df32af is scheduled to L3 agent b36b0d3a-2713-4ce3-a2d2-1e675d04ebbb with binding_index 1 {{(pid=115934) bind_router /opt/stack/neutron/neutron/scheduler/l3_agent_scheduler.py:209}}
Nov 18 15:59:16.219763 dv-neutron-817790-3-hyperv neutron-server[115934]: DEBUG neutron.plugins.ml2.db [None req-8477cbc1-daed-4f2d-abd9-d9bab26743e3 tempest-RoutersAdminTest-875754863 tempest-RoutersAdminTest-875754863-project-admin] For port 3a14bbc6-d177-436f-9cbc-22d79c0e9e01, host dv-neutron-817790-3-hyperv, got binding levels [PortBindingLevel(driver='openvswitch',host='dv-neutron-817790-3-hyperv',level=0,port_id=3a14bbc6-d177-436f-9cbc-22d79c0e9e01,segment=NetworkSegment(a358ee46-5a5d-426b-ae85-e00897850e36),segment_id=a358ee46-5a5d-426b-ae85-e00897850e36)] {{(pid=115934) get_binding_level_objs /opt/stack/neutron/neutron/plugins/ml2/db.py:74}}
Nov 18 15:59:16.220162 dv-neutron-817790-3-hyperv neutron-server[115934]: DEBUG neutron_lib.callbacks.manager [None req-8477cbc1-daed-4f2d-abd9-d9bab26743e3 tempest-RoutersAdminTest-875754863 tempest-RoutersAdminTest-875754863-project-admin] Publish callbacks ['neutron.services.l3_router.l3_router_plugin.L3_NAT_dbonly_mixin._precommit_delete_port_callback-548113'] for port, precommit_delete {{(pid=115934) _notify_loop /usr/local/lib/python3.8/dist-packages/neutron_lib/callbacks/manager.py:175}}
Nov 18 15:59:16.266489 dv-neutron-817790-3-hyperv neutron-server[115934]: DEBUG neutron_lib.callbacks.manager [None req-e24efb52-7ebb-4ce7-bbed-8b317727ccbc tempest-AllowedAddressPairTestJSON-2117719778 tempest-AllowedAddressPairTestJSON-2117719778-project] Publish callbacks ['neutron.plugins.ml2.plugin.SecurityGroupServerNotifierRpcMixin._notify_sg_on_port_change-3702644', 'neutron.plugins.ml2.ovo_rpc._ObjectChangeHandler.handle_event-113170', 'neutron.api.rpc.agentnotifiers.dhcp_rpc_agent_api.DhcpAgentNotifyAPI._native_event_send_dhcp_notification-554018', 'neutron.db.l3_db.L3RpcNotifierMixin._notify_routers_callback-8779137410600', 'neutron.db.l3_dvrscheduler_db._notify_port_delete-8779136827091', 'neutron.services.segments.plugin.NovaSegmentNotifier._notify_port_created_or_deleted-29044838'] for port, after_delete {{(pid=115934) _notify_loop /usr/local/lib/python3.8/dist-packages/neutron_lib/callbacks/manager.py:175}}
Nov 18 15:59:16.268840 dv-neutron-817790-3-hyperv neutron-server[115934]: DEBUG neutron.plugins.ml2.plugin [None req-8477cbc1-daed-4f2d-abd9-d9bab26743e3 tempest-RoutersAdminTest-875754863 tempest-RoutersAdminTest-875754863-project-admin] Calling delete_port for 3a14bbc6-d177-436f-9cbc-22d79c0e9e01 owned by network:router_gateway {{(pid=115934) delete_port /opt/stack/neutron/neutron/plugins/ml2/plugin.py:2014}}
Nov 18 15:59:16.354862 dv-neutron-817790-3-hyperv neutron-server[115934]: DEBUG neutron.pecan_wsgi.hooks.policy_enforcement [None req-66a28f97-e333-43c2-a996-7ea3f57995f2 tempest-RoutersAdminNegativeIpV6Test-507057393 tempest-RoutersAdminNegativeIpV6Test-507057393-project-admin] Attributes excluded by policy engine: ['standard_attr_id', 'network'] {{(pid=115934) _exclude_attributes_by_policy /opt/stack/neutron/neutron/pecan_wsgi/hooks/policy_enforcement.py:255}}
Nov 18 15:59:16.355510 dv-neutron-817790-3-hyperv neutron-server[115934]: DEBUG neutron_lib.callbacks.manager [None req-66a28f97-e333-43c2-a996-7ea3f57995f2 tempest-RoutersAdminNegativeIpV6Test-507057393 tempest-RoutersAdminNegativeIpV6Test-507057393-project-admin] Publish callbacks ['neutron.notifiers.nova.Notifier._send_nova_notification-469470'] for port, before_response {{(pid=115934) _notify_loop /usr/local/lib/python3.8/dist-packages/neutron_lib/callbacks/manager.py:175}}
Nov 18 15:59:16.365507 dv-neutron-817790-3-hyperv neutron-server[115934]: DEBUG neutron.pecan_wsgi.hooks.policy_enforcement [req-df90ec0e-1038-4d42-8154-9fb2de24918d req-5858207a-3b37-4241-a3a3-8663b53c4271 tempest-ServerActionsTestJSON-1698985156 tempest-ServerActionsTestJSON-1698985156-project] Attributes excluded by policy engine: ['standard_attr_id', 'binding:profile', 'binding:host_id', 'binding:vif_type', 'binding:vif_details'] {{(pid=115934) _exclude_attributes_by_policy /opt/stack/neutron/neutron/pecan_wsgi/hooks/policy_enforcement.py:255}}
Nov 18 15:59:16.367117 dv-neutron-817790-3-hyperv neutron-server[115934]: INFO neutron.wsgi [req-df90ec0e-1038-4d42-8154-9fb2de24918d req-5858207a-3b37-4241-a3a3-8663b53c4271 tempest-ServerActionsTestJSON-1698985156 tempest-ServerActionsTestJSON-1698985156-project] 10.222.0.59 "GET /v2.0/ports?device_id=149bd1aa-50b4-47e7-a8fa-3fafb2b36d21 HTTP/1.1" status: 200 len: 944 time: 0.2539718
Nov 18 15:59:16.373731 dv-neutron-817790-3-hyperv neutron-server[115934]: DEBUG neutron.api.rpc.handlers.resources_rpc [None req-e24efb52-7ebb-4ce7-bbed-8b317727ccbc tempest-AllowedAddressPairTestJSON-2117719778 tempest-AllowedAddressPairTestJSON-2117719778-project] Pushing event deleted for resources: {'Port': ['ID=98c3236c-9d98-44ec-af00-392dad1b7f08,revision_number=None']} {{(pid=115934) push /opt/stack/neutron/neutron/api/rpc/handlers/resources_rpc.py:237}}
Nov 18 15:59:16.383094 dv-neutron-817790-3-hyperv neutron-server[115934]: DEBUG neutron_lib.callbacks.manager [None req-4a1b8b99-cb6f-488f-9880-7618ddb45370 tempest-ExternalNetworksTestJSON-1406721154 tempest-ExternalNetworksTestJSON-1406721154-project-admin] Publish callbacks ['neutron.plugins.ml2.ovo_rpc._ObjectChangeHandler.handle_event-569885', 'neutron.api.rpc.agentnotifiers.dhcp_rpc_agent_api.DhcpAgentNotifyAPI._native_event_send_dhcp_notification-554018'] for network, after_create {{(pid=115934) _notify_loop /usr/local/lib/python3.8/dist-packages/neutron_lib/callbacks/manager.py:175}}
Nov 18 15:59:16.383998 dv-neutron-817790-3-hyperv neutron-server[115934]: DEBUG neutron.pecan_wsgi.hooks.policy_enforcement [None req-4a1b8b99-cb6f-488f-9880-7618ddb45370 tempest-ExternalNetworksTestJSON-1406721154 tempest-ExternalNetworksTestJSON-1406721154-project-admin] Attributes excluded by policy engine: ['standard_attr_id', 'vlan_transparent'] {{(pid=115934) _exclude_attributes_by_policy /opt/stack/neutron/neutron/pecan_wsgi/hooks/policy_enforcement.py:255}}
Nov 18 15:59:16.384579 dv-neutron-817790-3-hyperv neutron-server[115934]: DEBUG neutron_lib.callbacks.manager [None req-4a1b8b99-cb6f-488f-9880-7618ddb45370 tempest-ExternalNetworksTestJSON-1406721154 tempest-ExternalNetworksTestJSON-1406721154-project-admin] Publish callbacks ['neutron.api.rpc.agentnotifiers.dhcp_rpc_agent_api.DhcpAgentNotifyAPI._send_dhcp_notification-554036'] for network, before_response {{(pid=115934) _notify_loop /usr/local/lib/python3.8/dist-packages/neutron_lib/callbacks/manager.py:175}}
Nov 18 15:59:16.393894 dv-neutron-817790-3-hyperv neutron-server[115935]: INFO neutron.wsgi [req-0f3d9edc-7944-4480-8886-2617a8950aad req-bcb4011c-fae4-47ef-a627-2a722e9fe4db tempest-ServersTestJSON-155063379 tempest-ServersTestJSON-155063379-project] 10.222.0.59 "GET /v2.0/ports?device_id=bf9efdb2-1c05-456b-860a-fb93c9439e94 HTTP/1.1" status: 200 len: 210 time: 0.0373161
