Jan 12 09:14:28.522636 dv-neutron-817399-7-hyperv neutron-server[103736]: DEBUG neutron.plugins.ml2.db [None req-ac00d25c-fec9-4c78-bbad-03c1640d82b6 None None] For port 8032fe38-5b5b-45d4-a5b4-01cbee4a61a1, host dv-neutron-817399-7-hyperv, got binding levels [PortBindingLevel(driver='openvswitch',host='dv-neutron-817399-7-hyperv',level=0,port_id=8032fe38-5b5b-45d4-a5b4-01cbee4a61a1,segment=NetworkSegment(087fb0a4-b760-4ce0-9ade-9e7a6d70a629),segment_id=087fb0a4-b760-4ce0-9ade-9e7a6d70a629)] {{(pid=103736) get_binding_level_objs /opt/stack/neutron/neutron/plugins/ml2/db.py:74}}
Jan 12 09:14:28.523546 dv-neutron-817399-7-hyperv neutron-server[103736]: DEBUG neutron_lib.callbacks.manager [None req-ac00d25c-fec9-4c78-bbad-03c1640d82b6 None None] Publish callbacks ['neutron.services.l3_router.l3_router_plugin.L3_NAT_dbonly_mixin._precommit_delete_port_callback-744906'] for port (8032fe38-5b5b-45d4-a5b4-01cbee4a61a1), precommit_delete {{(pid=103736) _notify_loop /usr/local/lib/python3.8/dist-packages/neutron_lib/callbacks/manager.py:176}}
Jan 12 09:14:28.538983 dv-neutron-817399-7-hyperv neutron-server[103736]: DEBUG neutron.plugins.ml2.plugin [None req-ac00d25c-fec9-4c78-bbad-03c1640d82b6 None None] Calling delete_port for 8032fe38-5b5b-45d4-a5b4-01cbee4a61a1 owned by network:dhcp {{(pid=103736) delete_port /opt/stack/neutron/neutron/plugins/ml2/plugin.py:2037}}
Jan 12 09:14:28.539339 dv-neutron-817399-7-hyperv neutron-server[103734]: DEBUG neutron.pecan_wsgi.hooks.quota_enforcement [None req-a7f7c6c9-846e-4f20-8396-2dae8b715a47 tempest-NetworksTestDHCPv6-866874235 tempest-NetworksTestDHCPv6-866874235-project] Made reservation on behalf of e8c9469aa03241c89e07cf616428382f for: {'subnet': 1} {{(pid=103734) before /opt/stack/neutron/neutron/pecan_wsgi/hooks/quota_enforcement.py:53}}
Jan 12 09:14:28.540074 dv-neutron-817399-7-hyperv neutron-server[103735]: DEBUG neutron_lib.callbacks.manager [None req-78a1ccb9-f337-4224-a035-edaf17a20d5d tempest-FloatingIPAdminTestJSON-54311442 tempest-FloatingIPAdminTestJSON-54311442-project-admin] Publish callbacks ['neutron.plugins.ml2.plugin.SecurityGroupDbMixin._ensure_default_security_group_handler-1755655'] for port (None), before_create {{(pid=103735) _notify_loop /usr/local/lib/python3.8/dist-packages/neutron_lib/callbacks/manager.py:176}}
Jan 12 09:14:28.542931 dv-neutron-817399-7-hyperv neutron-server[103734]: DEBUG neutron_lib.callbacks.manager [None req-a7f7c6c9-846e-4f20-8396-2dae8b715a47 tempest-NetworksTestDHCPv6-866874235 tempest-NetworksTestDHCPv6-866874235-project] Publish callbacks ['neutron.services.segments.plugin.SegmentHostRoutes.host_routes_before_create-4680133'] for subnet (None), before_create {{(pid=103734) _notify_loop /usr/local/lib/python3.8/dist-packages/neutron_lib/callbacks/manager.py:176}}
Jan 12 09:14:28.545628 dv-neutron-817399-7-hyperv neutron-server[103735]: DEBUG neutron.pecan_wsgi.hooks.quota_enforcement [None req-09396b0a-b4de-4a15-9213-067f0012d325 tempest-PortsAdminExtendedAttrsTestJSON-646269429 tempest-PortsAdminExtendedAttrsTestJSON-646269429-project-admin] Made reservation on behalf of b42036dfd5d840ec8f385fb84b0c5ed8 for: {'port': 1} {{(pid=103735) before /opt/stack/neutron/neutron/pecan_wsgi/hooks/quota_enforcement.py:53}}
Jan 12 09:14:28.548713 dv-neutron-817399-7-hyperv neutron-server[103734]: DEBUG neutron_lib.callbacks.manager [None req-092f5cb3-554b-45ca-b2be-e0975a631674 admin admin] Publish callbacks ['neutron.plugins.ml2.ovo_rpc._ObjectChangeHandler.handle_event-719175'] for security_group (56d8e451-c269-42a0-81da-ceff20be89ce), after_delete {{(pid=103734) _notify_loop /usr/local/lib/python3.8/dist-packages/neutron_lib/callbacks/manager.py:176}}
Jan 12 09:14:28.550375 dv-neutron-817399-7-hyperv neutron-server[103735]: DEBUG neutron_lib.callbacks.manager [None req-09396b0a-b4de-4a15-9213-067f0012d325 tempest-PortsAdminExtendedAttrsTestJSON-646269429 tempest-PortsAdminExtendedAttrsTestJSON-646269429-project-admin] Publish callbacks ['neutron.plugins.ml2.plugin.SecurityGroupDbMixin._ensure_default_security_group_handler-1755655'] for port (None), before_create {{(pid=103735) _notify_loop /usr/local/lib/python3.8/dist-packages/neutron_lib/callbacks/manager.py:176}}
Jan 12 09:14:28.551045 dv-neutron-817399-7-hyperv neutron-server[103734]: DEBUG neutron_lib.callbacks.manager [None req-092f5cb3-554b-45ca-b2be-e0975a631674 admin admin] Publish callbacks [] for security_group (None), before_response {{(pid=103734) _notify_loop /usr/local/lib/python3.8/dist-packages/neutron_lib/callbacks/manager.py:176}}
Jan 12 09:14:28.554658 dv-neutron-817399-7-hyperv neutron-server[103734]: INFO neutron.wsgi [None req-092f5cb3-554b-45ca-b2be-e0975a631674 admin admin] 10.222.0.39 "DELETE /v2.0/security-groups/56d8e451-c269-42a0-81da-ceff20be89ce HTTP/1.1" status: 204 len: 168 time: 0.5659051
Jan 12 09:14:28.576345 dv-neutron-817399-7-hyperv neutron-server[103734]: DEBUG neutron.api.rpc.handlers.resources_rpc [None req-092f5cb3-554b-45ca-b2be-e0975a631674 admin admin] Pushing event deleted for resources: {'SecurityGroup': ['ID=56d8e451-c269-42a0-81da-ceff20be89ce,revision_number=None']} {{(pid=103734) push /opt/stack/neutron/neutron/api/rpc/handlers/resources_rpc.py:237}}
Jan 12 09:14:28.582474 dv-neutron-817399-7-hyperv neutron-server[103735]: DEBUG neutron.notifiers.nova [None req-09396b0a-b4de-4a15-9213-067f0012d325 tempest-PortsAdminExtendedAttrsTestJSON-646269429 tempest-PortsAdminExtendedAttrsTestJSON-646269429-project-admin] device_id is not set on port 6113948f-d302-44c5-bff7-748429e0ad5f yet. {{(pid=103735) _can_notify /opt/stack/neutron/neutron/notifiers/nova.py:190}}
Jan 12 09:14:28.799581 dv-neutron-817399-7-hyperv neutron-server[103735]: DEBUG neutron.db.db_base_plugin_common [None req-78a1ccb9-f337-4224-a035-edaf17a20d5d tempest-FloatingIPAdminTestJSON-54311442 tempest-FloatingIPAdminTestJSON-54311442-project-admin] Allocated IP 172.26.3.45 (3562b5bf-f844-4dc4-8a63-f510901dfc7e/e45ef6d2-188d-4f10-becc-b93d31932f9c/379d4b4a-4b9d-459d-9a69-15577081c16e) {{(pid=103735) _store_ip_allocation /opt/stack/neutron/neutron/db/db_base_plugin_common.py:131}}
Jan 12 09:14:28.807252 dv-neutron-817399-7-hyperv neutron-server[103736]: DEBUG neutron_lib.callbacks.manager [None req-ac00d25c-fec9-4c78-bbad-03c1640d82b6 None None] Publish callbacks ['neutron.plugins.ml2.plugin.SecurityGroupServerNotifierRpcMixin._notify_sg_on_port_change-1757376', 'neutron.plugins.ml2.ovo_rpc._ObjectChangeHandler.handle_event-84395', 'neutron.api.rpc.agentnotifiers.dhcp_rpc_agent_api.DhcpAgentNotifyAPI._native_event_send_dhcp_notification-554506', 'neutron.db.l3_db.L3RpcNotifierMixin._notify_routers_callback-8743501194819', 'neutron.db.l3_dvrscheduler_db._notify_port_delete-8743500806696'] for port (8032fe38-5b5b-45d4-a5b4-01cbee4a61a1), after_delete {{(pid=103736) _notify_loop /usr/local/lib/python3.8/dist-packages/neutron_lib/callbacks/manager.py:176}}
Jan 12 09:14:28.810680 dv-neutron-817399-7-hyperv neutron-server[103735]: DEBUG neutron_lib.callbacks.manager [None req-568b56c3-4a5b-40e6-b765-685464f220af tempest-RoutersTestDVR-155814050 tempest-RoutersTestDVR-155814050-project-admin] Publish callbacks ['neutron.services.l3_router.l3_router_plugin.L3_HA_NAT_db_mixin._before_router_create_handler-746507', 'neutron.services.l3_router.service_providers.driver_controller.DriverController._check_router_request-433'] for router (87da34e7-fd3b-4a29-ac99-f103ad5fc951), before_create {{(pid=103735) _notify_loop /usr/local/lib/python3.8/dist-packages/neutron_lib/callbacks/manager.py:176}}
Jan 12 09:14:28.811719 dv-neutron-817399-7-hyperv neutron-server[103735]: DEBUG neutron_lib.callbacks.manager [None req-568b56c3-4a5b-40e6-b765-685464f220af tempest-RoutersTestDVR-155814050 tempest-RoutersTestDVR-155814050-project-admin] Publish callbacks ['neutron.services.l3_router.l3_router_plugin.L3_HA_NAT_db_mixin._precommit_router_create-746655', 'neutron.services.l3_router.l3_router_plugin.DVRResourceOperationHandler._set_distributed_flag-658753', 'neutron.services.l3_router.l3_router_plugin.RouterAvailabilityZoneMixin._process_az_request-777811', 'neutron.services.l3_router.service_providers.driver_controller.DriverController._set_router_provider-440'] for router (87da34e7-fd3b-4a29-ac99-f103ad5fc951), precommit_create {{(pid=103735) _notify_loop /usr/local/lib/python3.8/dist-packages/neutron_lib/callbacks/manager.py:176}}
Jan 12 09:14:28.835840 dv-neutron-817399-7-hyperv neutron-server[103736]: DEBUG neutron.api.rpc.handlers.resources_rpc [None req-ac00d25c-fec9-4c78-bbad-03c1640d82b6 None None] Pushing event deleted for resources: {'Port': ['ID=8032fe38-5b5b-45d4-a5b4-01cbee4a61a1,revision_number=None']} {{(pid=103736) push /opt/stack/neutron/neutron/api/rpc/handlers/resources_rpc.py:237}}
Jan 12 09:14:28.840652 dv-neutron-817399-7-hyperv neutron-server[103736]: DEBUG neutron.db.l3_dvrscheduler_db [None req-ac00d25c-fec9-4c78-bbad-03c1640d82b6 None None] No DVR routers for this DVR port 8032fe38-5b5b-45d4-a5b4-01cbee4a61a1 on host dv-neutron-817399-7-hyperv {{(pid=103736) get_dvr_routers_to_remove /opt/stack/neutron/neutron/db/l3_dvrscheduler_db.py:214}}
Jan 12 09:14:28.964892 dv-neutron-817399-7-hyperv neutron-server[103734]: DEBUG neutron_lib.callbacks.manager [None req-a7f7c6c9-846e-4f20-8396-2dae8b715a47 tempest-NetworksTestDHCPv6-866874235 tempest-NetworksTestDHCPv6-866874235-project] Publish callbacks ['neutron.plugins.ml2.ovo_rpc._ObjectChangeHandler.handle_event-721054', 'neutron.api.rpc.agentnotifiers.dhcp_rpc_agent_api.DhcpAgentNotifyAPI._native_event_send_dhcp_notification-554506', 'neutron.services.segments.plugin.NovaSegmentNotifier._notify_subnet_created-4364550', 'neutron.services.segments.plugin.SegmentHostRoutes.host_routes_after_create-4681263'] for subnet (78c18108-7ca2-4c3e-89cc-c69a69625e75), after_create {{(pid=103734) _notify_loop /usr/local/lib/python3.8/dist-packages/neutron_lib/callbacks/manager.py:176}}
Jan 12 09:14:28.987670 dv-neutron-817399-7-hyperv neutron-server[103735]: DEBUG neutron_lib.callbacks.manager [None req-09396b0a-b4de-4a15-9213-067f0012d325 tempest-PortsAdminExtendedAttrsTestJSON-646269429 tempest-PortsAdminExtendedAttrsTestJSON-646269429-project-admin] Publish callbacks [] for port (6113948f-d302-44c5-bff7-748429e0ad5f), precommit_create {{(pid=103735) _notify_loop /usr/local/lib/python3.8/dist-packages/neutron_lib/callbacks/manager.py:176}}
Jan 12 09:14:28.988850 dv-neutron-817399-7-hyperv neutron-server[103735]: DEBUG neutron_lib.callbacks.manager [None req-568b56c3-4a5b-40e6-b765-685464f220af tempest-RoutersTestDVR-155814050 tempest-RoutersTestDVR-155814050-project-admin] Publish callbacks [] for router_controller (87da34e7-fd3b-4a29-ac99-f103ad5fc951), precommit_add_association {{(pid=103735) _notify_loop /usr/local/lib/python3.8/dist-packages/neutron_lib/callbacks/manager.py:176}}
Jan 12 09:14:29.049813 dv-neutron-817399-7-hyperv neutron-server[103735]: DEBUG neutron_lib.callbacks.manager [None req-78a1ccb9-f337-4224-a035-edaf17a20d5d tempest-FloatingIPAdminTestJSON-54311442 tempest-FloatingIPAdminTestJSON-54311442-project-admin] Publish callbacks [] for port (379d4b4a-4b9d-459d-9a69-15577081c16e), precommit_create {{(pid=103735) _notify_loop /usr/local/lib/python3.8/dist-packages/neutron_lib/callbacks/manager.py:176}}
Jan 12 09:14:29.067477 dv-neutron-817399-7-hyperv neutron-server[103735]: DEBUG neutron_lib.callbacks.manager [None req-568b56c3-4a5b-40e6-b765-685464f220af tempest-RoutersTestDVR-155814050 tempest-RoutersTestDVR-155814050-project-admin] Publish callbacks ['neutron.services.l3_router.l3_router_plugin.L3_HA_NAT_db_mixin._after_router_create-746644', 'neutron.services.l3_router.l3_router_plugin.DVRResourceOperationHandler._create_snat_interfaces_after_change-658706'] for router (87da34e7-fd3b-4a29-ac99-f103ad5fc951), after_create {{(pid=103735) _notify_loop /usr/local/lib/python3.8/dist-packages/neutron_lib/callbacks/manager.py:176}}
Jan 12 09:14:29.083966 dv-neutron-817399-7-hyperv neutron-server[103736]: DEBUG neutron.plugins.ml2.rpc [None req-9c2b093f-aeeb-4df8-be9d-1aa11370ef40 None None] Device 8032fe38-5b5b-45d4-a5b4-01cbee4a61a1 no longer exists at agent ovs-agent-dv-neutron-817399-7-hyperv {{(pid=103736) update_device_down /opt/stack/neutron/neutron/plugins/ml2/rpc.py:259}}
Jan 12 09:14:29.113853 dv-neutron-817399-7-hyperv neutron-server[103734]: DEBUG neutron.scheduler.dhcp_agent_scheduler [None req-a7f7c6c9-846e-4f20-8396-2dae8b715a47 tempest-NetworksTestDHCPv6-866874235 tempest-NetworksTestDHCPv6-866874235-project] Network 10ad2d27-c193-4dc5-ac0c-a93effd81199 is already hosted by enough agents. {{(pid=103734) _get_dhcp_agents_hosting_network /opt/stack/neutron/neutron/scheduler/dhcp_agent_scheduler.py:275}}
Jan 12 09:14:29.114193 dv-neutron-817399-7-hyperv neutron-server[103736]: DEBUG neutron.plugins.ml2.plugin [None req-9c2b093f-aeeb-4df8-be9d-1aa11370ef40 None None] No Port match for: 8032fe38-5b5b-45d4-a5b4-01cbee4a61a1 {{(pid=103736) port_bound_to_host /opt/stack/neutron/neutron/plugins/ml2/plugin.py:2297}}
Jan 12 09:14:29.114193 dv-neutron-817399-7-hyperv neutron-server[103736]: DEBUG neutron.plugins.ml2.rpc [None req-9c2b093f-aeeb-4df8-be9d-1aa11370ef40 None None] Device 8032fe38-5b5b-45d4-a5b4-01cbee4a61a1 not bound to the agent host dv-neutron-817399-7-hyperv {{(pid=103736) update_device_down /opt/stack/neutron/neutron/plugins/ml2/rpc.py:269}}
Jan 12 09:14:29.114325 dv-neutron-817399-7-hyperv neutron-server[103734]: DEBUG neutron.scheduler.base_scheduler [None req-a7f7c6c9-846e-4f20-8396-2dae8b715a47 tempest-NetworksTestDHCPv6-866874235 tempest-NetworksTestDHCPv6-866874235-project] Resources bound (agent type, host, resource id): {{(pid=103734) schedule /opt/stack/neutron/neutron/scheduler/base_scheduler.py:57}}
Jan 12 09:14:29.127232 dv-neutron-817399-7-hyperv neutron-server[103736]: DEBUG neutron.api.rpc.handlers.dhcp_rpc [None req-59c998ce-9516-4fed-8624-be482c098fe5 None None] Network 10ad2d27-c193-4dc5-ac0c-a93effd81199 requested from dv-neutron-817399-7-hyperv {{(pid=103736) get_network_info /opt/stack/neutron/neutron/api/rpc/handlers/dhcp_rpc.py:219}}
Jan 12 09:14:29.127956 dv-neutron-817399-7-hyperv neutron-server[103734]: DEBUG neutron.pecan_wsgi.hooks.policy_enforcement [None req-a7f7c6c9-846e-4f20-8396-2dae8b715a47 tempest-NetworksTestDHCPv6-866874235 tempest-NetworksTestDHCPv6-866874235-project] Attributes excluded by policy engine: ['standard_attr_id', 'shared', 'segment_id', 'network'] {{(pid=103734) _exclude_attributes_by_policy /opt/stack/neutron/neutron/pecan_wsgi/hooks/policy_enforcement.py:255}}
Jan 12 09:14:29.129011 dv-neutron-817399-7-hyperv neutron-server[103734]: DEBUG neutron_lib.callbacks.manager [None req-a7f7c6c9-846e-4f20-8396-2dae8b715a47 tempest-NetworksTestDHCPv6-866874235 tempest-NetworksTestDHCPv6-866874235-project] Publish callbacks ['neutron.api.rpc.agentnotifiers.dhcp_rpc_agent_api.DhcpAgentNotifyAPI._send_dhcp_notification-554524'] for subnet (None), before_response {{(pid=103734) _notify_loop /usr/local/lib/python3.8/dist-packages/neutron_lib/callbacks/manager.py:176}}
Jan 12 09:14:29.147376 dv-neutron-817399-7-hyperv neutron-server[103734]: DEBUG neutron.api.rpc.handlers.resources_rpc [None req-a7f7c6c9-846e-4f20-8396-2dae8b715a47 tempest-NetworksTestDHCPv6-866874235 tempest-NetworksTestDHCPv6-866874235-project] Pushing event updated for resources: {'Subnet': ['ID=78c18108-7ca2-4c3e-89cc-c69a69625e75,revision_number=0']} {{(pid=103734) push /opt/stack/neutron/neutron/api/rpc/handlers/resources_rpc.py:237}}
Jan 12 09:14:29.157729 dv-neutron-817399-7-hyperv neutron-server[103734]: DEBUG neutron.wsgi [-] (103734) accepted ('10.222.0.45', 63505) {{(pid=103734) server /usr/local/lib/python3.8/dist-packages/eventlet/wsgi.py:1004}}
Jan 12 09:14:29.194565 dv-neutron-817399-7-hyperv neutron-server[103735]: DEBUG neutron_lib.callbacks.manager [None req-568b56c3-4a5b-40e6-b765-685464f220af tempest-RoutersTestDVR-155814050 tempest-RoutersTestDVR-155814050-project-admin] Publish callbacks [] for router (None), before_response {{(pid=103735) _notify_loop /usr/local/lib/python3.8/dist-packages/neutron_lib/callbacks/manager.py:176}}
Jan 12 09:14:29.199888 dv-neutron-817399-7-hyperv neutron-server[103735]: INFO neutron.wsgi [None req-568b56c3-4a5b-40e6-b765-685464f220af tempest-RoutersTestDVR-155814050 tempest-RoutersTestDVR-155814050-project-admin] 10.222.0.39 "POST /v2.0/routers HTTP/1.1" status: 201 len: 721 time: 0.6799634
Jan 12 09:14:29.200673 dv-neutron-817399-7-hyperv neutron-server[103734]: DEBUG neutron.wsgi [-] (103734) accepted ('10.222.0.39', 57782) {{(pid=103734) server /usr/local/lib/python3.8/dist-packages/eventlet/wsgi.py:1004}}
Jan 12 09:14:29.200785 dv-neutron-817399-7-hyperv neutron-server[103735]: DEBUG neutron_lib.callbacks.manager [None req-09396b0a-b4de-4a15-9213-067f0012d325 tempest-PortsAdminExtendedAttrsTestJSON-646269429 tempest-PortsAdminExtendedAttrsTestJSON-646269429-project-admin] Publish callbacks ['neutron.plugins.ml2.plugin.SecurityGroupServerNotifierRpcMixin._notify_sg_on_port_change-1757376', 'neutron.plugins.ml2.ovo_rpc._ObjectChangeHandler.handle_event-84395', 'neutron.api.rpc.agentnotifiers.dhcp_rpc_agent_api.DhcpAgentNotifyAPI._native_event_send_dhcp_notification-554506', 'neutron.db.l3_dvrscheduler_db._notify_l3_agent_new_port-8743500806687', 'neutron.services.segments.plugin.NovaSegmentNotifier._notify_port_created_or_deleted-4440071'] for port (6113948f-d302-44c5-bff7-748429e0ad5f), after_create {{(pid=103735) _notify_loop /usr/local/lib/python3.8/dist-packages/neutron_lib/callbacks/manager.py:176}}
Jan 12 09:14:29.203048 dv-neutron-817399-7-hyperv neutron-server[103735]: DEBUG neutron_lib.callbacks.manager [None req-78a1ccb9-f337-4224-a035-edaf17a20d5d tempest-FloatingIPAdminTestJSON-54311442 tempest-FloatingIPAdminTestJSON-54311442-project-admin] Publish callbacks ['neutron.plugins.ml2.plugin.SecurityGroupServerNotifierRpcMixin._notify_sg_on_port_change-1757376', 'neutron.plugins.ml2.ovo_rpc._ObjectChangeHandler.handle_event-84395', 'neutron.api.rpc.agentnotifiers.dhcp_rpc_agent_api.DhcpAgentNotifyAPI._native_event_send_dhcp_notification-554506', 'neutron.db.l3_dvrscheduler_db._notify_l3_agent_new_port-8743500806687', 'neutron.services.segments.plugin.NovaSegmentNotifier._notify_port_created_or_deleted-4440071'] for port (379d4b4a-4b9d-459d-9a69-15577081c16e), after_create {{(pid=103735) _notify_loop /usr/local/lib/python3.8/dist-packages/neutron_lib/callbacks/manager.py:176}}
Jan 12 09:14:29.245641 dv-neutron-817399-7-hyperv neutron-server[103736]: DEBUG neutron.api.rpc.handlers.dhcp_rpc [None req-c33563cf-a27c-4a59-9a11-70c62f34f63a None None] Create dhcp port {'port': {'name': '', 'admin_state_up': True, 'device_id': 'dhcpb856d470-20d2-5572-becc-6017bc9b0523-10ad2d27-c193-4dc5-ac0c-a93effd81199', 'network_id': '10ad2d27-c193-4dc5-ac0c-a93effd81199', 'project_id': 'e8c9469aa03241c89e07cf616428382f', 'fixed_ips': [{'subnet_id': '78c18108-7ca2-4c3e-89cc-c69a69625e75'}]}} from dv-neutron-817399-7-hyperv. {{(pid=103736) create_dhcp_port /opt/stack/neutron/neutron/api/rpc/handlers/dhcp_rpc.py:296}}
Jan 12 09:14:29.247205 dv-neutron-817399-7-hyperv neutron-server[103736]: DEBUG neutron_lib.callbacks.manager [None req-c33563cf-a27c-4a59-9a11-70c62f34f63a None None] Publish callbacks ['neutron.plugins.ml2.plugin.SecurityGroupDbMixin._ensure_default_security_group_handler-1755655'] for port (None), before_create {{(pid=103736) _notify_loop /usr/local/lib/python3.8/dist-packages/neutron_lib/callbacks/manager.py:176}}
Jan 12 09:14:29.272971 dv-neutron-817399-7-hyperv neutron-server[103734]: INFO neutron.wsgi [None req-a7f7c6c9-846e-4f20-8396-2dae8b715a47 tempest-NetworksTestDHCPv6-866874235 tempest-NetworksTestDHCPv6-866874235-project] 10.222.0.39 "POST /v2.0/subnets HTTP/1.1" status: 201 len: 834 time: 1.0369003
Jan 12 09:14:29.277007 dv-neutron-817399-7-hyperv neutron-server[103735]: DEBUG neutron.wsgi [-] (103735) accepted ('10.222.0.39', 57786) {{(pid=103735) server /usr/local/lib/python3.8/dist-packages/eventlet/wsgi.py:1004}}
Jan 12 09:14:29.291286 dv-neutron-817399-7-hyperv neutron-server[103735]: DEBUG neutron.api.v2.base [None req-ec373e44-7369-4c2f-a787-dde0dc79488b tempest-NetworksTestDHCPv6-866874235 tempest-NetworksTestDHCPv6-866874235-project] Request body: {'port': {'network_id': '10ad2d27-c193-4dc5-ac0c-a93effd81199', 'name': 'tempest-NetworksTestDHCPv6-1462493393'}} {{(pid=103735) prepare_request_body /opt/stack/neutron/neutron/api/v2/base.py:729}}
Jan 12 09:14:29.349836 dv-neutron-817399-7-hyperv neutron-server[103735]: DEBUG neutron.scheduler.dhcp_agent_scheduler [None req-78a1ccb9-f337-4224-a035-edaf17a20d5d tempest-FloatingIPAdminTestJSON-54311442 tempest-FloatingIPAdminTestJSON-54311442-project-admin] Network 3562b5bf-f844-4dc4-8a63-f510901dfc7e is already hosted by enough agents. {{(pid=103735) _get_dhcp_agents_hosting_network /opt/stack/neutron/neutron/scheduler/dhcp_agent_scheduler.py:275}}
Jan 12 09:14:29.361349 dv-neutron-817399-7-hyperv neutron-server[103735]: DEBUG neutron.scheduler.base_scheduler [None req-78a1ccb9-f337-4224-a035-edaf17a20d5d tempest-FloatingIPAdminTestJSON-54311442 tempest-FloatingIPAdminTestJSON-54311442-project-admin] Resources bound (agent type, host, resource id): {{(pid=103735) schedule /opt/stack/neutron/neutron/scheduler/base_scheduler.py:57}}
Jan 12 09:14:29.376531 dv-neutron-817399-7-hyperv neutron-server[103734]: INFO neutron.wsgi [req-e7b3d72c-0fe9-4389-8cf3-c73089194bf2 req-ef57a038-1741-4886-b083-00870a560494 tempest-ServerActionsTestJSON-842298426 tempest-ServerActionsTestJSON-842298426-project] 10.222.0.39 "GET /v2.0/ports?device_id=273327d1-df54-406f-8064-57e8c6e7e34a HTTP/1.1" status: 200 len: 210 time: 0.1207616
Jan 12 09:14:29.406732 dv-neutron-817399-7-hyperv neutron-server[103735]: DEBUG neutron.scheduler.dhcp_agent_scheduler [None req-09396b0a-b4de-4a15-9213-067f0012d325 tempest-PortsAdminExtendedAttrsTestJSON-646269429 tempest-PortsAdminExtendedAttrsTestJSON-646269429-project-admin] Network 829d99b6-f2bb-4107-91f1-59b96d5d3d9c is already hosted by enough agents. {{(pid=103735) _get_dhcp_agents_hosting_network /opt/stack/neutron/neutron/scheduler/dhcp_agent_scheduler.py:275}}
Jan 12 09:14:29.407704 dv-neutron-817399-7-hyperv neutron-server[103735]: DEBUG neutron.api.rpc.handlers.resources_rpc [None req-78a1ccb9-f337-4224-a035-edaf17a20d5d tempest-FloatingIPAdminTestJSON-54311442 tempest-FloatingIPAdminTestJSON-54311442-project-admin] Pushing event updated for resources: {'Port': ['ID=379d4b4a-4b9d-459d-9a69-15577081c16e,revision_number=1']} {{(pid=103735) push /opt/stack/neutron/neutron/api/rpc/handlers/resources_rpc.py:237}}
Jan 12 09:14:29.410904 dv-neutron-817399-7-hyperv neutron-server[103734]: DEBUG neutron_lib.callbacks.manager [None req-4258812d-680b-42fa-83da-200b3f6f68a7 tempest-RoutersTestDVR-155814050 tempest-RoutersTestDVR-155814050-project-admin] Publish callbacks [] for router (87da34e7-fd3b-4a29-ac99-f103ad5fc951), before_delete {{(pid=103734) _notify_loop /usr/local/lib/python3.8/dist-packages/neutron_lib/callbacks/manager.py:176}}
Jan 12 09:14:29.415411 dv-neutron-817399-7-hyperv neutron-server[103735]: DEBUG neutron.db.l3_dvrscheduler_db [None req-78a1ccb9-f337-4224-a035-edaf17a20d5d tempest-FloatingIPAdminTestJSON-54311442 tempest-FloatingIPAdminTestJSON-54311442-project-admin] Received port after_create {{(pid=103735) _notify_l3_agent_new_port /opt/stack/neutron/neutron/db/l3_dvrscheduler_db.py:535}}
Jan 12 09:14:29.424346 dv-neutron-817399-7-hyperv neutron-server[103735]: DEBUG neutron.scheduler.base_scheduler [None req-09396b0a-b4de-4a15-9213-067f0012d325 tempest-PortsAdminExtendedAttrsTestJSON-646269429 tempest-PortsAdminExtendedAttrsTestJSON-646269429-project-admin] Resources bound (agent type, host, resource id): {{(pid=103735) schedule /opt/stack/neutron/neutron/scheduler/base_scheduler.py:57}}
Jan 12 09:14:29.481814 dv-neutron-817399-7-hyperv neutron-server[103735]: DEBUG neutron.db.l3_dvrscheduler_db [None req-09396b0a-b4de-4a15-9213-067f0012d325 tempest-PortsAdminExtendedAttrsTestJSON-646269429 tempest-PortsAdminExtendedAttrsTestJSON-646269429-project-admin] Received port after_create {{(pid=103735) _notify_l3_agent_new_port /opt/stack/neutron/neutron/db/l3_dvrscheduler_db.py:535}}
Jan 12 09:14:29.484893 dv-neutron-817399-7-hyperv neutron-server[103735]: DEBUG neutron.pecan_wsgi.hooks.policy_enforcement [None req-09396b0a-b4de-4a15-9213-067f0012d325 tempest-PortsAdminExtendedAttrsTestJSON-646269429 tempest-PortsAdminExtendedAttrsTestJSON-646269429-project-admin] Attributes excluded by policy engine: ['standard_attr_id', 'network'] {{(pid=103735) _exclude_attributes_by_policy /opt/stack/neutron/neutron/pecan_wsgi/hooks/policy_enforcement.py:255}}
Jan 12 09:14:29.496748 dv-neutron-817399-7-hyperv neutron-server[103735]: DEBUG neutron_lib.callbacks.manager [None req-09396b0a-b4de-4a15-9213-067f0012d325 tempest-PortsAdminExtendedAttrsTestJSON-646269429 tempest-PortsAdminExtendedAttrsTestJSON-646269429-project-admin] Publish callbacks ['neutron.notifiers.nova.Notifier._send_nova_notification-239798'] for port (None), before_response {{(pid=103735) _notify_loop /usr/local/lib/python3.8/dist-packages/neutron_lib/callbacks/manager.py:176}}
Jan 12 09:14:29.514471 dv-neutron-817399-7-hyperv neutron-server[103736]: DEBUG neutron.db.db_base_plugin_common [None req-c33563cf-a27c-4a59-9a11-70c62f34f63a None None] Allocated IP 2001:db8::2 (10ad2d27-c193-4dc5-ac0c-a93effd81199/78c18108-7ca2-4c3e-89cc-c69a69625e75/4d5ff42c-c100-4de0-8c45-c983b1aeb857) {{(pid=103736) _store_ip_allocation /opt/stack/neutron/neutron/db/db_base_plugin_common.py:131}}
Jan 12 09:14:29.528478 dv-neutron-817399-7-hyperv neutron-server[103734]: DEBUG neutron.pecan_wsgi.hooks.policy_enforcement [req-d7be4b39-ca97-4724-99c4-24b5eb09c3f1 req-51efa7a7-61d6-460b-b161-ad04611777f3 tempest-ServersTestJSON-1817605169 tempest-ServersTestJSON-1817605169-project] Attributes excluded by policy engine: ['standard_attr_id', 'vlan_transparent', 'provider:network_type', 'provider:physical_network', 'provider:segmentation_id'] {{(pid=103734) _exclude_attributes_by_policy /opt/stack/neutron/neutron/pecan_wsgi/hooks/policy_enforcement.py:255}}
Jan 12 09:14:29.530012 dv-neutron-817399-7-hyperv neutron-server[103734]: INFO neutron.wsgi [req-d7be4b39-ca97-4724-99c4-24b5eb09c3f1 req-51efa7a7-61d6-460b-b161-ad04611777f3 tempest-ServersTestJSON-1817605169 tempest-ServersTestJSON-1817605169-project] 10.222.0.45 "GET /v2.0/networks?id=4e3ab2b8-b844-4545-bf24-ef3bf54c63fd HTTP/1.1" status: 200 len: 806 time: 0.3711693
Jan 12 09:14:29.585949 dv-neutron-817399-7-hyperv neutron-server[103734]: DEBUG neutron.wsgi [-] (103734) accepted ('10.222.0.39', 57794) {{(pid=103734) server /usr/local/lib/python3.8/dist-packages/eventlet/wsgi.py:1004}}
Jan 12 09:14:29.596231 dv-neutron-817399-7-hyperv neutron-server[103735]: INFO neutron.wsgi [req-d98258dc-0759-4be6-a47b-ff48240842a6 req-98c6758c-1554-4e8b-94a2-7b9cc9f3a6c5 tempest-ServersTestJSON-1817605169 tempest-ServersTestJSON-1817605169-project] 10.222.0.39 "GET /v2.0/ports?device_id=f4254c66-1ee6-41f9-a4eb-41987071f5d9 HTTP/1.1" status: 200 len: 210 time: 0.0827141
Jan 12 09:14:29.615890 dv-neutron-817399-7-hyperv neutron-server[103735]: DEBUG neutron.api.rpc.handlers.resources_rpc [None req-09396b0a-b4de-4a15-9213-067f0012d325 tempest-PortsAdminExtendedAttrsTestJSON-646269429 tempest-PortsAdminExtendedAttrsTestJSON-646269429-project-admin] Pushing event updated for resources: {'Port': ['ID=6113948f-d302-44c5-bff7-748429e0ad5f,revision_number=1']} {{(pid=103735) push /opt/stack/neutron/neutron/api/rpc/handlers/resources_rpc.py:237}}
Jan 12 09:14:29.672003 dv-neutron-817399-7-hyperv neutron-server[103734]: INFO neutron.wsgi [req-b1f04a31-aa47-4ab1-9845-bf275a07e83f req-a635b7d2-76a2-4604-b43c-871423d1ff75 tempest-ServersTestManualDisk-738180877 tempest-ServersTestManualDisk-738180877-project] 10.222.0.39 "GET /v2.0/ports?device_id=89124f19-5b0d-452d-878f-c672c969e753 HTTP/1.1" status: 200 len: 210 time: 0.1339099
Jan 12 09:14:29.676955 dv-neutron-817399-7-hyperv neutron-server[103735]: INFO neutron.wsgi [None req-09396b0a-b4de-4a15-9213-067f0012d325 tempest-PortsAdminExtendedAttrsTestJSON-646269429 tempest-PortsAdminExtendedAttrsTestJSON-646269429-project-admin] 10.222.0.39 "POST /v2.0/ports HTTP/1.1" status: 201 len: 960 time: 1.3373342
Jan 12 09:14:29.680043 dv-neutron-817399-7-hyperv neutron-server[103735]: DEBUG neutron.wsgi [-] (103735) accepted ('10.222.0.39', 57796) {{(pid=103735) server /usr/local/lib/python3.8/dist-packages/eventlet/wsgi.py:1004}}
Jan 12 09:14:29.760754 dv-neutron-817399-7-hyperv neutron-server[103736]: DEBUG neutron_lib.callbacks.manager [None req-c33563cf-a27c-4a59-9a11-70c62f34f63a None None] Publish callbacks [] for port (4d5ff42c-c100-4de0-8c45-c983b1aeb857), precommit_create {{(pid=103736) _notify_loop /usr/local/lib/python3.8/dist-packages/neutron_lib/callbacks/manager.py:176}}
Jan 12 09:14:29.779837 dv-neutron-817399-7-hyperv neutron-server[103734]: DEBUG neutron_lib.callbacks.manager [None req-4258812d-680b-42fa-83da-200b3f6f68a7 tempest-RoutersTestDVR-155814050 tempest-RoutersTestDVR-155814050-project-admin] Publish callbacks ['neutron.services.l3_router.l3_router_plugin.L3_HA_NAT_db_mixin._release_router_vr_id-746665', 'neutron.services.l3_router.service_providers.driver_controller.DriverController._clear_router_provider-323'] for router (87da34e7-fd3b-4a29-ac99-f103ad5fc951), precommit_delete {{(pid=103734) _notify_loop /usr/local/lib/python3.8/dist-packages/neutron_lib/callbacks/manager.py:176}}
Jan 12 09:14:29.786805 dv-neutron-817399-7-hyperv neutron-server[103734]: DEBUG neutron_lib.callbacks.manager [None req-4258812d-680b-42fa-83da-200b3f6f68a7 tempest-RoutersTestDVR-155814050 tempest-RoutersTestDVR-155814050-project-admin] Publish callbacks [] for router_controller (87da34e7-fd3b-4a29-ac99-f103ad5fc951), precommit_delete_associations {{(pid=103734) _notify_loop /usr/local/lib/python3.8/dist-packages/neutron_lib/callbacks/manager.py:176}}
Jan 12 09:14:29.812307 dv-neutron-817399-7-hyperv neutron-server[103735]: DEBUG neutron.pecan_wsgi.hooks.policy_enforcement [None req-44ad75ff-0f2e-4995-b917-e531cb016f4c tempest-PortsAdminExtendedAttrsTestJSON-646269429 tempest-PortsAdminExtendedAttrsTestJSON-646269429-project-admin] Attributes excluded by policy engine: ['standard_attr_id'] {{(pid=103735) _exclude_attributes_by_policy /opt/stack/neutron/neutron/pecan_wsgi/hooks/policy_enforcement.py:255}}
Jan 12 09:14:29.813752 dv-neutron-817399-7-hyperv neutron-server[103735]: INFO neutron.wsgi [None req-44ad75ff-0f2e-4995-b917-e531cb016f4c tempest-PortsAdminExtendedAttrsTestJSON-646269429 tempest-PortsAdminExtendedAttrsTestJSON-646269429-project-admin] 10.222.0.39 "GET /v2.0/ports/6113948f-d302-44c5-bff7-748429e0ad5f HTTP/1.1" status: 200 len: 955 time: 0.1326389
Jan 12 09:14:29.817847 dv-neutron-817399-7-hyperv neutron-server[103735]: DEBUG neutron.wsgi [-] (103735) accepted ('10.222.0.39', 57798) {{(pid=103735) server /usr/local/lib/python3.8/dist-packages/eventlet/wsgi.py:1004}}
Jan 12 09:14:29.880336 dv-neutron-817399-7-hyperv neutron-server[103734]: INFO neutron.wsgi [None req-9ce014b7-7009-41cc-b698-98693fa0b8d7 admin admin] 10.222.0.39 "GET /v2.0/security-groups?tenant_id=82bba2fdef534e2798c23da4df8502e4&name=default HTTP/1.1" status: 200 len: 2992 time: 0.2932236
Jan 12 09:14:29.886665 dv-neutron-817399-7-hyperv neutron-server[103734]: INFO neutron.wsgi [req-d7be4b39-ca97-4724-99c4-24b5eb09c3f1 req-b65fe88d-87b8-4892-95c3-af9a333c2c08 tempest-ServersTestJSON-1817605169 tempest-ServersTestJSON-1817605169-project] 10.222.0.45 "GET /v2.0/security-groups?fields=id&fields=name&tenant_id=b5500afc64cf40e4b52578ac74d0159a HTTP/1.1" status: 200 len: 379 time: 0.2985575
Jan 12 09:14:29.887940 dv-neutron-817399-7-hyperv neutron-server[103734]: DEBUG neutron.wsgi [-] (103734) accepted ('10.222.0.39', 57802) {{(pid=103734) server /usr/local/lib/python3.8/dist-packages/eventlet/wsgi.py:1004}}
Jan 12 09:14:29.899325 dv-neutron-817399-7-hyperv neutron-server[103734]: DEBUG neutron.api.v2.base [req-d7be4b39-ca97-4724-99c4-24b5eb09c3f1 req-65421a36-7231-4475-a609-f17bdb2ac198 tempest-ServersTestJSON-1817605169 tempest-ServersTestJSON-1817605169-project] Request body: {'port': {'device_id': 'f4254c66-1ee6-41f9-a4eb-41987071f5d9', 'network_id': '4e3ab2b8-b844-4545-bf24-ef3bf54c63fd', 'admin_state_up': True, 'tenant_id': 'b5500afc64cf40e4b52578ac74d0159a', 'security_groups': ['999e6313-9f25-4d73-913d-a5495a9560da']}} {{(pid=103734) prepare_request_body /opt/stack/neutron/neutron/api/v2/base.py:729}}
Jan 12 09:14:29.905027 dv-neutron-817399-7-hyperv neutron-server[103736]: DEBUG neutron_lib.callbacks.manager [None req-c33563cf-a27c-4a59-9a11-70c62f34f63a None None] Publish callbacks ['neutron.plugins.ml2.plugin.SecurityGroupServerNotifierRpcMixin._notify_sg_on_port_change-1757376', 'neutron.plugins.ml2.ovo_rpc._ObjectChangeHandler.handle_event-84395', 'neutron.api.rpc.agentnotifiers.dhcp_rpc_agent_api.DhcpAgentNotifyAPI._native_event_send_dhcp_notification-554506', 'neutron.db.l3_dvrscheduler_db._notify_l3_agent_new_port-8743500806687'] for port (4d5ff42c-c100-4de0-8c45-c983b1aeb857), after_create {{(pid=103736) _notify_loop /usr/local/lib/python3.8/dist-packages/neutron_lib/callbacks/manager.py:176}}
Jan 12 09:14:29.965397 dv-neutron-817399-7-hyperv neutron-server[103736]: DEBUG neutron.scheduler.dhcp_agent_scheduler [None req-c33563cf-a27c-4a59-9a11-70c62f34f63a None None] Network 10ad2d27-c193-4dc5-ac0c-a93effd81199 is already hosted by enough agents. {{(pid=103736) _get_dhcp_agents_hosting_network /opt/stack/neutron/neutron/scheduler/dhcp_agent_scheduler.py:275}}
Jan 12 09:14:29.970923 dv-neutron-817399-7-hyperv neutron-server[103736]: DEBUG neutron.scheduler.base_scheduler [None req-c33563cf-a27c-4a59-9a11-70c62f34f63a None None] Resources bound (agent type, host, resource id): {{(pid=103736) schedule /opt/stack/neutron/neutron/scheduler/base_scheduler.py:57}}
Jan 12 09:14:29.973046 dv-neutron-817399-7-hyperv neutron-server[103736]: DEBUG neutron.api.rpc.handlers.resources_rpc [None req-c33563cf-a27c-4a59-9a11-70c62f34f63a None None] Pushing event updated for resources: {'Port': ['ID=4d5ff42c-c100-4de0-8c45-c983b1aeb857,revision_number=1']} {{(pid=103736) push /opt/stack/neutron/neutron/api/rpc/handlers/resources_rpc.py:237}}
Jan 12 09:14:29.979607 dv-neutron-817399-7-hyperv neutron-server[103736]: DEBUG neutron.db.l3_dvrscheduler_db [None req-c33563cf-a27c-4a59-9a11-70c62f34f63a None None] Received port after_create {{(pid=103736) _notify_l3_agent_new_port /opt/stack/neutron/neutron/db/l3_dvrscheduler_db.py:535}}
Jan 12 09:14:30.031069 dv-neutron-817399-7-hyperv neutron-server[103734]: DEBUG neutron_lib.callbacks.manager [None req-5aadaa1f-40f4-4c73-93d0-25180adb096e admin admin] Publish callbacks [] for security_group (9bedb27a-012a-4d98-ba3d-595c4362943a), before_delete {{(pid=103734) _notify_loop /usr/local/lib/python3.8/dist-packages/neutron_lib/callbacks/manager.py:176}}
Jan 12 09:14:30.053082 dv-neutron-817399-7-hyperv neutron-server[103736]: DEBUG neutron.plugins.ml2.managers [None req-c33563cf-a27c-4a59-9a11-70c62f34f63a None None] Attempting to bind port 4d5ff42c-c100-4de0-8c45-c983b1aeb857 on host dv-neutron-817399-7-hyperv for vnic_type normal with profile {{(pid=103736) bind_port /opt/stack/neutron/neutron/plugins/ml2/managers.py:795}}
Jan 12 09:14:30.053565 dv-neutron-817399-7-hyperv neutron-server[103736]: DEBUG neutron.plugins.ml2.managers [None req-c33563cf-a27c-4a59-9a11-70c62f34f63a None None] Attempting to bind port 4d5ff42c-c100-4de0-8c45-c983b1aeb857 by drivers openvswitch,hyperv on host dv-neutron-817399-7-hyperv at level 0 using segments [{'id': '087fb0a4-b760-4ce0-9ade-9e7a6d70a629', 'network_type': 'vlan', 'physical_network': 'physnet1', 'segmentation_id': 259, 'network_id': '10ad2d27-c193-4dc5-ac0c-a93effd81199'}] {{(pid=103736) _bind_port_level /opt/stack/neutron/neutron/plugins/ml2/managers.py:820}}
Jan 12 09:14:30.054047 dv-neutron-817399-7-hyperv neutron-server[103736]: DEBUG neutron.plugins.ml2.drivers.mech_agent [None req-c33563cf-a27c-4a59-9a11-70c62f34f63a None None] Attempting to bind port 4d5ff42c-c100-4de0-8c45-c983b1aeb857 on network 10ad2d27-c193-4dc5-ac0c-a93effd81199 {{(pid=103736) bind_port /opt/stack/neutron/neutron/plugins/ml2/drivers/mech_agent.py:91}}
Jan 12 09:14:30.061772 dv-neutron-817399-7-hyperv neutron-server[103736]: DEBUG neutron.plugins.ml2.drivers.mech_agent [None req-c33563cf-a27c-4a59-9a11-70c62f34f63a None None] Checking agent: {'id': '6e17e482-06c9-4619-a19c-d56357ca3cf6', 'agent_type': 'Open vSwitch agent', 'binary': 'neutron-openvswitch-agent', 'topic': 'N/A', 'host': 'dv-neutron-817399-7-hyperv', 'admin_state_up': True, 'created_at': datetime.datetime(2022, 1, 12, 9, 6, 28), 'started_at': datetime.datetime(2022, 1, 12, 9, 6, 58), 'heartbeat_timestamp': datetime.datetime(2022, 1, 12, 9, 14, 28), 'description': None, 'resources_synced': None, 'availability_zone': None, 'alive': True, 'configurations': {'arp_responder_enabled': False, 'baremetal_smartnic': False, 'bridge_mappings': {'physnet1': 'br-data'}, 'datapath_type': 'system', 'devices': 0, 'enable_distributed_routing': False, 'extensions': [], 'in_distributed_mode': False, 'integration_bridge': 'br-int', 'l2_population': False, 'log_agent_heartbeats': False, 'ovs_capabilities': {'datapath_types': ['netdev', 'system'], 'iface_types': ['erspan', 'geneve', 'gre', 'internal', 'ip6erspan', 'ip6gre', 'lisp', 'patch', 'stt', 'system', 'tap', 'vxlan']}, 'ovs_hybrid_plug': False, 'resource_provider_bandwidths': {}, 'resource_provider_hypervisors': {'br-data': 'dv-neutron-817399-7-hyperv'}, 'resource_provider_inventory_defaults': {'allocation_ratio': 1.0, 'min_unit': 1, 'step_size': 1, 'reserved': 0}, 'resource_provider_packet_processing_inventory_defaults': {'allocation_ratio': 1.0, 'min_unit': 1, 'step_size': 1, 'reserved': 0}, 'resource_provider_packet_processing_with_direction': {}, 'resource_provider_packet_processing_without_direction': {}, 'tunnel_types': [], 'tunneling_ip': None, 'vhostuser_socket_dir': '/var/run/openvswitch'}, 'resource_versions': {'AddressGroup': '1.2', 'ConntrackHelper': '1.0', 'LocalIPAssociation': '1.0', 'Log': '1.0', 'Network': '1.1', 'Port': '1.7', 'PortForwarding': '1.2', 'QosPolicy': '1.10', 'SecurityGroup': '1.5', 'SecurityGroupRule': '1.2', 'SubPort': '1.0', 'Subnet': '1.1', 'Trunk': '1.1'}} {{(pid=103736) bind_port /opt/stack/neutron/neutron/plugins/ml2/drivers/mech_agent.py:110}}
Jan 12 09:14:30.062315 dv-neutron-817399-7-hyperv neutron-server[103736]: DEBUG neutron.plugins.ml2.drivers.mech_agent [None req-c33563cf-a27c-4a59-9a11-70c62f34f63a None None] Checking segment: {'id': '087fb0a4-b760-4ce0-9ade-9e7a6d70a629', 'network_type': 'vlan', 'physical_network': 'physnet1', 'segmentation_id': 259, 'network_id': '10ad2d27-c193-4dc5-ac0c-a93effd81199'} for mappings: {'physnet1': 'br-data'} with network types: ['local', 'flat', 'vlan'] {{(pid=103736) check_segment_for_agent /opt/stack/neutron/neutron/plugins/ml2/drivers/mech_agent.py:371}}
Jan 12 09:14:30.062792 dv-neutron-817399-7-hyperv neutron-server[103736]: DEBUG neutron_lib.callbacks.manager [None req-c33563cf-a27c-4a59-9a11-70c62f34f63a None None] Publish callbacks [] for ovs_bridge_name (None), before_read {{(pid=103736) _notify_loop /usr/local/lib/python3.8/dist-packages/neutron_lib/callbacks/manager.py:176}}
Jan 12 09:14:30.063316 dv-neutron-817399-7-hyperv neutron-server[103736]: DEBUG neutron.plugins.ml2.drivers.mech_agent [None req-c33563cf-a27c-4a59-9a11-70c62f34f63a None None] Bound using segment: {'id': '087fb0a4-b760-4ce0-9ade-9e7a6d70a629', 'network_type': 'vlan', 'physical_network': 'physnet1', 'segmentation_id': 259, 'network_id': '10ad2d27-c193-4dc5-ac0c-a93effd81199'} {{(pid=103736) bind_port /opt/stack/neutron/neutron/plugins/ml2/drivers/mech_agent.py:120}}
Jan 12 09:14:30.063863 dv-neutron-817399-7-hyperv neutron-server[103736]: DEBUG neutron.plugins.ml2.managers [None req-c33563cf-a27c-4a59-9a11-70c62f34f63a None None] Bound port: 4d5ff42c-c100-4de0-8c45-c983b1aeb857, host: dv-neutron-817399-7-hyperv, vif_type: ovs, vif_details: {"connectivity": "l2", "port_filter": true, "ovs_hybrid_plug": false, "datapath_type": "system", "bridge_name": "br-int"}, binding_levels: [{'bound_driver': 'openvswitch', 'bound_segment': {'id': '087fb0a4-b760-4ce0-9ade-9e7a6d70a629', 'network_type': 'vlan', 'physical_network': 'physnet1', 'segmentation_id': 259, 'network_id': '10ad2d27-c193-4dc5-ac0c-a93effd81199'}}] {{(pid=103736) _bind_port_level /opt/stack/neutron/neutron/plugins/ml2/managers.py:932}}
Jan 12 09:14:30.064257 dv-neutron-817399-7-hyperv neutron-server[103736]: DEBUG neutron_lib.callbacks.manager [None req-c33563cf-a27c-4a59-9a11-70c62f34f63a None None] Publish callbacks ['neutron.plugins.ml2.plugin.SecurityGroupDbMixin._ensure_default_security_group_handler-1755655'] for port (4d5ff42c-c100-4de0-8c45-c983b1aeb857), before_update {{(pid=103736) _notify_loop /usr/local/lib/python3.8/dist-packages/neutron_lib/callbacks/manager.py:176}}
Jan 12 09:14:30.079497 dv-neutron-817399-7-hyperv neutron-server[103734]: DEBUG neutron_lib.callbacks.manager [None req-5aadaa1f-40f4-4c73-93d0-25180adb096e admin admin] Publish callbacks [] for security_group (9bedb27a-012a-4d98-ba3d-595c4362943a), precommit_delete {{(pid=103734) _notify_loop /usr/local/lib/python3.8/dist-packages/neutron_lib/callbacks/manager.py:176}}
Jan 12 09:14:30.084784 dv-neutron-817399-7-hyperv neutron-server[103735]: DEBUG neutron.wsgi [-] (103735) accepted ('10.222.0.45', 63511) {{(pid=103735) server /usr/local/lib/python3.8/dist-packages/eventlet/wsgi.py:1004}}
Jan 12 09:14:30.107551 dv-neutron-817399-7-hyperv neutron-server[103735]: DEBUG neutron.pecan_wsgi.hooks.quota_enforcement [None req-ec373e44-7369-4c2f-a787-dde0dc79488b tempest-NetworksTestDHCPv6-866874235 tempest-NetworksTestDHCPv6-866874235-project] Made reservation on behalf of e8c9469aa03241c89e07cf616428382f for: {'port': 1} {{(pid=103735) before /opt/stack/neutron/neutron/pecan_wsgi/hooks/quota_enforcement.py:53}}
Jan 12 09:14:30.111079 dv-neutron-817399-7-hyperv neutron-server[103735]: DEBUG neutron_lib.callbacks.manager [None req-ec373e44-7369-4c2f-a787-dde0dc79488b tempest-NetworksTestDHCPv6-866874235 tempest-NetworksTestDHCPv6-866874235-project] Publish callbacks ['neutron.plugins.ml2.plugin.SecurityGroupDbMixin._ensure_default_security_group_handler-1755655'] for port (None), before_create {{(pid=103735) _notify_loop /usr/local/lib/python3.8/dist-packages/neutron_lib/callbacks/manager.py:176}}
Jan 12 09:14:30.112154 dv-neutron-817399-7-hyperv neutron-server[103734]: DEBUG neutron_lib.callbacks.manager [None req-4258812d-680b-42fa-83da-200b3f6f68a7 tempest-RoutersTestDVR-155814050 tempest-RoutersTestDVR-155814050-project-admin] Publish callbacks ['neutron.services.l3_router.l3_router_plugin.L3_HA_NAT_db_mixin._cleanup_ha_network_handler-752474'] for router (87da34e7-fd3b-4a29-ac99-f103ad5fc951), after_delete {{(pid=103734) _notify_loop /usr/local/lib/python3.8/dist-packages/neutron_lib/callbacks/manager.py:176}}
Jan 12 09:14:30.112708 dv-neutron-817399-7-hyperv neutron-server[103734]: DEBUG neutron.api.rpc.agentnotifiers.l3_rpc_agent_api [None req-4258812d-680b-42fa-83da-200b3f6f68a7 tempest-RoutersTestDVR-155814050 tempest-RoutersTestDVR-155814050-project-admin] Fanout notify agent at l3_agent the message router_deleted on router 87da34e7-fd3b-4a29-ac99-f103ad5fc951 {{(pid=103734) _notification_fanout /opt/stack/neutron/neutron/api/rpc/agentnotifiers/l3_rpc_agent_api.py:114}}
Jan 12 09:14:30.124674 dv-neutron-817399-7-hyperv neutron-server[103734]: DEBUG neutron_lib.callbacks.manager [None req-4258812d-680b-42fa-83da-200b3f6f68a7 tempest-RoutersTestDVR-155814050 tempest-RoutersTestDVR-155814050-project-admin] Publish callbacks [] for router (None), before_response {{(pid=103734) _notify_loop /usr/local/lib/python3.8/dist-packages/neutron_lib/callbacks/manager.py:176}}
Jan 12 09:14:30.127878 dv-neutron-817399-7-hyperv neutron-server[103734]: INFO neutron.wsgi [None req-4258812d-680b-42fa-83da-200b3f6f68a7 tempest-RoutersTestDVR-155814050 tempest-RoutersTestDVR-155814050-project-admin] 10.222.0.39 "DELETE /v2.0/routers/87da34e7-fd3b-4a29-ac99-f103ad5fc951 HTTP/1.1" status: 204 len: 168 time: 0.8743327
Jan 12 09:14:30.137648 dv-neutron-817399-7-hyperv neutron-server[103735]: DEBUG neutron.wsgi [-] (103735) accepted ('10.222.0.39', 57812) {{(pid=103735) server /usr/local/lib/python3.8/dist-packages/eventlet/wsgi.py:1004}}
Jan 12 09:14:30.142901 dv-neutron-817399-7-hyperv neutron-server[103736]: DEBUG neutron.plugins.ml2.db [None req-c33563cf-a27c-4a59-9a11-70c62f34f63a None None] For port 4d5ff42c-c100-4de0-8c45-c983b1aeb857, host dv-neutron-817399-7-hyperv, cleared binding levels {{(pid=103736) clear_binding_levels /opt/stack/neutron/neutron/plugins/ml2/db.py:87}}
Jan 12 09:14:30.146030 dv-neutron-817399-7-hyperv neutron-server[103736]: DEBUG neutron.plugins.ml2.db [None req-c33563cf-a27c-4a59-9a11-70c62f34f63a None None] For port 4d5ff42c-c100-4de0-8c45-c983b1aeb857, host dv-neutron-817399-7-hyperv, set binding levels [PortBindingLevel(driver='openvswitch',host='dv-neutron-817399-7-hyperv',level=0,port_id=4d5ff42c-c100-4de0-8c45-c983b1aeb857,segment=NetworkSegment(087fb0a4-b760-4ce0-9ade-9e7a6d70a629),segment_id=087fb0a4-b760-4ce0-9ade-9e7a6d70a629)] {{(pid=103736) set_binding_levels /opt/stack/neutron/neutron/plugins/ml2/db.py:59}}
Jan 12 09:14:30.176347 dv-neutron-817399-7-hyperv neutron-server[103735]: DEBUG neutron.api.v2.base [None req-2dc0e2a6-bb3e-41b9-8d71-477296e6a932 tempest-RoutersTestDVR-155814050 tempest-RoutersTestDVR-155814050-project-admin] Request body: {'router': {'name': 'tempest-router-298210038', 'distributed': False, 'admin_state_up': False, 'ha': False, 'project_id': 'a40dc7ec3d4e43b09be6d4dfcca928d5'}} {{(pid=103735) prepare_request_body /opt/stack/neutron/neutron/api/v2/base.py:729}}
Jan 12 09:14:30.213415 dv-neutron-817399-7-hyperv neutron-server[103734]: DEBUG neutron_lib.callbacks.manager [None req-5aadaa1f-40f4-4c73-93d0-25180adb096e admin admin] Publish callbacks ['neutron.plugins.ml2.ovo_rpc._ObjectChangeHandler.handle_event-719175'] for security_group (9bedb27a-012a-4d98-ba3d-595c4362943a), after_delete {{(pid=103734) _notify_loop /usr/local/lib/python3.8/dist-packages/neutron_lib/callbacks/manager.py:176}}
Jan 12 09:14:30.217003 dv-neutron-817399-7-hyperv neutron-server[103734]: DEBUG neutron_lib.callbacks.manager [None req-5aadaa1f-40f4-4c73-93d0-25180adb096e admin admin] Publish callbacks [] for security_group (None), before_response {{(pid=103734) _notify_loop /usr/local/lib/python3.8/dist-packages/neutron_lib/callbacks/manager.py:176}}
Jan 12 09:14:30.218271 dv-neutron-817399-7-hyperv neutron-server[103734]: INFO neutron.wsgi [None req-5aadaa1f-40f4-4c73-93d0-25180adb096e admin admin] 10.222.0.39 "DELETE /v2.0/security-groups/9bedb27a-012a-4d98-ba3d-595c4362943a HTTP/1.1" status: 204 len: 168 time: 0.3292370
Jan 12 09:14:30.228904 dv-neutron-817399-7-hyperv neutron-server[103734]: DEBUG neutron.api.rpc.handlers.resources_rpc [None req-5aadaa1f-40f4-4c73-93d0-25180adb096e admin admin] Pushing event deleted for resources: {'SecurityGroup': ['ID=9bedb27a-012a-4d98-ba3d-595c4362943a,revision_number=None']} {{(pid=103734) push /opt/stack/neutron/neutron/api/rpc/handlers/resources_rpc.py:237}}
Jan 12 09:14:30.236736 dv-neutron-817399-7-hyperv neutron-server[103735]: DEBUG neutron.notifiers.nova [None req-ec373e44-7369-4c2f-a787-dde0dc79488b tempest-NetworksTestDHCPv6-866874235 tempest-NetworksTestDHCPv6-866874235-project] device_id is not set on port 9541d9f6-152a-4d58-923e-3b5c63878b38 yet. {{(pid=103735) _can_notify /opt/stack/neutron/neutron/notifiers/nova.py:190}}
Jan 12 09:14:30.239532 dv-neutron-817399-7-hyperv neutron-server[103736]: DEBUG neutron_lib.callbacks.manager [None req-c33563cf-a27c-4a59-9a11-70c62f34f63a None None] Publish callbacks ['neutron.plugins.ml2.plugin.SecurityGroupServerNotifierRpcMixin._notify_sg_on_port_change-1757376', 'neutron.plugins.ml2.ovo_rpc._ObjectChangeHandler.handle_event-84395', 'neutron.api.rpc.agentnotifiers.dhcp_rpc_agent_api.DhcpAgentNotifyAPI._native_event_send_dhcp_notification-554506', 'neutron.db.l3_db.L3RpcNotifierMixin._notify_gateway_port_ip_changed-8743501194837', 'neutron.db.l3_dvrscheduler_db._notify_l3_agent_port_update-8743500806705', 'neutron.db.l3_hascheduler_db._notify_l3_agent_ha_port_update-8743500806723'] for port (4d5ff42c-c100-4de0-8c45-c983b1aeb857), after_update {{(pid=103736) _notify_loop /usr/local/lib/python3.8/dist-packages/neutron_lib/callbacks/manager.py:176}}
Jan 12 09:14:30.256220 dv-neutron-817399-7-hyperv neutron-server[103734]: DEBUG neutron.pecan_wsgi.hooks.quota_enforcement [req-d7be4b39-ca97-4724-99c4-24b5eb09c3f1 req-65421a36-7231-4475-a609-f17bdb2ac198 tempest-ServersTestJSON-1817605169 tempest-ServersTestJSON-1817605169-project] Made reservation on behalf of b5500afc64cf40e4b52578ac74d0159a for: {'port': 1} {{(pid=103734) before /opt/stack/neutron/neutron/pecan_wsgi/hooks/quota_enforcement.py:53}}
Jan 12 09:14:30.275547 dv-neutron-817399-7-hyperv neutron-server[103734]: DEBUG neutron_lib.callbacks.manager [req-d7be4b39-ca97-4724-99c4-24b5eb09c3f1 req-65421a36-7231-4475-a609-f17bdb2ac198 tempest-ServersTestJSON-1817605169 tempest-ServersTestJSON-1817605169-project] Publish callbacks ['neutron.plugins.ml2.plugin.SecurityGroupDbMixin._ensure_default_security_group_handler-1755655'] for port (None), before_create {{(pid=103734) _notify_loop /usr/local/lib/python3.8/dist-packages/neutron_lib/callbacks/manager.py:176}}
