Nov 09 09:04:20.453299 dv-neutron-817162-1-hyperv neutron-server[101874]: DEBUG neutron.api.rpc.callbacks.version_manager [None req-ab9a4b58-841b-4a48-acc7-ca759cee5882 None None] Version for resource type AddressGroup changed None to 1.2 on consumer Open vSwitch agent@dv-neutron-817162-1-hyperv {{(pid=101874) _set_version /opt/stack/neutron/neutron/api/rpc/callbacks/version_manager.py:113}}
Nov 09 09:04:20.453705 dv-neutron-817162-1-hyperv neutron-server[101874]: DEBUG neutron.api.rpc.callbacks.version_manager [None req-ab9a4b58-841b-4a48-acc7-ca759cee5882 None None] Version for resource type ConntrackHelper changed None to 1.0 on consumer Open vSwitch agent@dv-neutron-817162-1-hyperv {{(pid=101874) _set_version /opt/stack/neutron/neutron/api/rpc/callbacks/version_manager.py:113}}
Nov 09 09:04:20.454058 dv-neutron-817162-1-hyperv neutron-server[101874]: DEBUG neutron.api.rpc.callbacks.version_manager [None req-ab9a4b58-841b-4a48-acc7-ca759cee5882 None None] Version for resource type Log changed None to 1.0 on consumer Open vSwitch agent@dv-neutron-817162-1-hyperv {{(pid=101874) _set_version /opt/stack/neutron/neutron/api/rpc/callbacks/version_manager.py:113}}
Nov 09 09:04:20.454409 dv-neutron-817162-1-hyperv neutron-server[101874]: DEBUG neutron.api.rpc.callbacks.version_manager [None req-ab9a4b58-841b-4a48-acc7-ca759cee5882 None None] Version for resource type Network changed None to 1.1 on consumer Open vSwitch agent@dv-neutron-817162-1-hyperv {{(pid=101874) _set_version /opt/stack/neutron/neutron/api/rpc/callbacks/version_manager.py:113}}
Nov 09 09:04:20.455033 dv-neutron-817162-1-hyperv neutron-server[101874]: DEBUG neutron.api.rpc.callbacks.version_manager [None req-ab9a4b58-841b-4a48-acc7-ca759cee5882 None None] Version for resource type Port changed None to 1.7 on consumer Open vSwitch agent@dv-neutron-817162-1-hyperv {{(pid=101874) _set_version /opt/stack/neutron/neutron/api/rpc/callbacks/version_manager.py:113}}
Nov 09 09:04:20.455429 dv-neutron-817162-1-hyperv neutron-server[101874]: DEBUG neutron.api.rpc.callbacks.version_manager [None req-ab9a4b58-841b-4a48-acc7-ca759cee5882 None None] Version for resource type PortForwarding changed None to 1.2 on consumer Open vSwitch agent@dv-neutron-817162-1-hyperv {{(pid=101874) _set_version /opt/stack/neutron/neutron/api/rpc/callbacks/version_manager.py:113}}
Nov 09 09:04:20.455772 dv-neutron-817162-1-hyperv neutron-server[101874]: DEBUG neutron.api.rpc.callbacks.version_manager [None req-ab9a4b58-841b-4a48-acc7-ca759cee5882 None None] Version for resource type QosPolicy changed None to 1.10 on consumer Open vSwitch agent@dv-neutron-817162-1-hyperv {{(pid=101874) _set_version /opt/stack/neutron/neutron/api/rpc/callbacks/version_manager.py:113}}
Nov 09 09:04:20.456397 dv-neutron-817162-1-hyperv neutron-server[101874]: DEBUG neutron.api.rpc.callbacks.version_manager [None req-ab9a4b58-841b-4a48-acc7-ca759cee5882 None None] Version for resource type SecurityGroup changed None to 1.5 on consumer Open vSwitch agent@dv-neutron-817162-1-hyperv {{(pid=101874) _set_version /opt/stack/neutron/neutron/api/rpc/callbacks/version_manager.py:113}}
Nov 09 09:04:20.457354 dv-neutron-817162-1-hyperv neutron-server[101874]: DEBUG neutron.api.rpc.callbacks.version_manager [None req-ab9a4b58-841b-4a48-acc7-ca759cee5882 None None] Version for resource type SecurityGroupRule changed None to 1.2 on consumer Open vSwitch agent@dv-neutron-817162-1-hyperv {{(pid=101874) _set_version /opt/stack/neutron/neutron/api/rpc/callbacks/version_manager.py:113}}
Nov 09 09:04:20.457780 dv-neutron-817162-1-hyperv neutron-server[101874]: DEBUG neutron.api.rpc.callbacks.version_manager [None req-ab9a4b58-841b-4a48-acc7-ca759cee5882 None None] Version for resource type SubPort changed None to 1.0 on consumer Open vSwitch agent@dv-neutron-817162-1-hyperv {{(pid=101874) _set_version /opt/stack/neutron/neutron/api/rpc/callbacks/version_manager.py:113}}
Nov 09 09:04:20.458154 dv-neutron-817162-1-hyperv neutron-server[101874]: DEBUG neutron.api.rpc.callbacks.version_manager [None req-ab9a4b58-841b-4a48-acc7-ca759cee5882 None None] Version for resource type Subnet changed None to 1.1 on consumer Open vSwitch agent@dv-neutron-817162-1-hyperv {{(pid=101874) _set_version /opt/stack/neutron/neutron/api/rpc/callbacks/version_manager.py:113}}
Nov 09 09:04:20.458985 dv-neutron-817162-1-hyperv neutron-server[101874]: DEBUG neutron.api.rpc.callbacks.version_manager [None req-ab9a4b58-841b-4a48-acc7-ca759cee5882 None None] Version for resource type Trunk changed None to 1.1 on consumer Open vSwitch agent@dv-neutron-817162-1-hyperv {{(pid=101874) _set_version /opt/stack/neutron/neutron/api/rpc/callbacks/version_manager.py:113}}
Nov 09 09:04:20.461655 dv-neutron-817162-1-hyperv neutron-server[101874]: DEBUG neutron.api.rpc.callbacks.version_manager [None req-ab9a4b58-841b-4a48-acc7-ca759cee5882 None None] Tracked resource versions report:
Nov 09 09:04:20.461655 dv-neutron-817162-1-hyperv neutron-server[101874]: pushed versions:
Nov 09 09:04:20.461655 dv-neutron-817162-1-hyperv neutron-server[101874]: { 'AddressGroup': {'1.2'},
Nov 09 09:04:20.461655 dv-neutron-817162-1-hyperv neutron-server[101874]: 'ConntrackHelper': {'1.0'},
Nov 09 09:04:20.461655 dv-neutron-817162-1-hyperv neutron-server[101874]: 'Log': {'1.0'},
Nov 09 09:04:20.461655 dv-neutron-817162-1-hyperv neutron-server[101874]: 'Network': {'1.1'},
Nov 09 09:04:20.461655 dv-neutron-817162-1-hyperv neutron-server[101874]: 'Port': {'1.7'},
Nov 09 09:04:20.461655 dv-neutron-817162-1-hyperv neutron-server[101874]: 'PortForwarding': {'1.2'},
Nov 09 09:04:20.461655 dv-neutron-817162-1-hyperv neutron-server[101874]: 'QosPolicy': {'1.10'},
Nov 09 09:04:20.461655 dv-neutron-817162-1-hyperv neutron-server[101874]: 'SecurityGroup': {'1.5'},
Nov 09 09:04:20.461655 dv-neutron-817162-1-hyperv neutron-server[101874]: 'SecurityGroupRule': {'1.2'},
Nov 09 09:04:20.461655 dv-neutron-817162-1-hyperv neutron-server[101874]: 'SubPort': {'1.0'},
Nov 09 09:04:20.461655 dv-neutron-817162-1-hyperv neutron-server[101874]: 'Subnet': {'1.1'},
Nov 09 09:04:20.461655 dv-neutron-817162-1-hyperv neutron-server[101874]: 'Trunk': {'1.1'}}
Nov 09 09:04:20.461655 dv-neutron-817162-1-hyperv neutron-server[101874]: consumer versions:
Nov 09 09:04:20.461655 dv-neutron-817162-1-hyperv neutron-server[101874]: { DHCP agent@dv-neutron-817162-1-hyperv: {},
Nov 09 09:04:20.461655 dv-neutron-817162-1-hyperv neutron-server[101874]: HyperV agent@hv-neutron-8171: {},
Nov 09 09:04:20.461655 dv-neutron-817162-1-hyperv neutron-server[101874]: L3 agent@dv-neutron-817162-1-hyperv: {},
Nov 09 09:04:20.461655 dv-neutron-817162-1-hyperv neutron-server[101874]: Metadata agent@dv-neutron-817162-1-hyperv: {},
Nov 09 09:04:20.461655 dv-neutron-817162-1-hyperv neutron-server[101874]: Metering agent@dv-neutron-817162-1-hyperv: {},
Nov 09 09:04:20.461655 dv-neutron-817162-1-hyperv neutron-server[101874]: Open vSwitch agent@dv-neutron-817162-1-hyperv: { 'AddressGroup': '1.2',
Nov 09 09:04:20.461655 dv-neutron-817162-1-hyperv neutron-server[101874]: 'ConntrackHelper': '1.0',
Nov 09 09:04:20.461655 dv-neutron-817162-1-hyperv neutron-server[101874]: 'Log': '1.0',
Nov 09 09:04:20.461655 dv-neutron-817162-1-hyperv neutron-server[101874]: 'Network': '1.1',
Nov 09 09:04:20.461655 dv-neutron-817162-1-hyperv neutron-server[101874]: 'Port': '1.7',
Nov 09 09:04:20.461655 dv-neutron-817162-1-hyperv neutron-server[101874]: 'PortForwarding': '1.2',
Nov 09 09:04:20.461655 dv-neutron-817162-1-hyperv neutron-server[101874]: 'QosPolicy': '1.10',
Nov 09 09:04:20.461655 dv-neutron-817162-1-hyperv neutron-server[101874]: 'SecurityGroup': '1.5',
Nov 09 09:04:20.461655 dv-neutron-817162-1-hyperv neutron-server[101874]: 'SecurityGroupRule': '1.2',
Nov 09 09:04:20.461655 dv-neutron-817162-1-hyperv neutron-server[101874]: 'SubPort': '1.0',
Nov 09 09:04:20.461655 dv-neutron-817162-1-hyperv neutron-server[101874]: 'Subnet': '1.1',
Nov 09 09:04:20.461655 dv-neutron-817162-1-hyperv neutron-server[101874]: 'Trunk': '1.1'}}
Nov 09 09:04:20.461655 dv-neutron-817162-1-hyperv neutron-server[101874]: {{(pid=101874) report /opt/stack/neutron/neutron/api/rpc/callbacks/version_manager.py:175}}
Nov 09 09:04:20.465012 dv-neutron-817162-1-hyperv neutron-server[101871]: DEBUG neutron.db.db_base_plugin_common [None req-782d289f-3e97-49a5-b6f4-99ba3404f2d7 tempest-DHCPAgentSchedulersTestJSON-261390448 tempest-DHCPAgentSchedulersTestJSON-261390448-project] Allocated IP 172.20.0.3 (4e125cdc-11f2-485a-9031-fc27cab2427b/2d74b808-8b43-4642-8e95-b3a8185a6725/3e0362b1-6427-4d22-b46d-1269aff68c58) {{(pid=101871) _store_ip_allocation /opt/stack/neutron/neutron/db/db_base_plugin_common.py:131}}
Nov 09 09:04:20.495597 dv-neutron-817162-1-hyperv neutron-server[101874]: DEBUG neutron.db.l3_dvrscheduler_db [None req-67272dfd-ea47-459d-b588-fe76f7a01fdd None None] Routers {'3b65b13c-0fc5-4f04-8716-799e02cb9857'} bound to L3 agent in host dv-neutron-817162-1-hyperv {{(pid=101874) _get_router_ids_for_agent /opt/stack/neutron/neutron/db/l3_dvrscheduler_db.py:420}}
Nov 09 09:04:20.496227 dv-neutron-817162-1-hyperv neutron-server[101874]: DEBUG neutron.db.l3_hamode_db [None req-67272dfd-ea47-459d-b588-fe76f7a01fdd None None] neutron.services.l3_router.l3_router_plugin.L3RouterPlugin method get_ha_sync_data_for_host called with arguments (, 'dv-neutron-817162-1-hyperv', Agent(admin_state_up=True,agent_type='L3 agent',availability_zone='nova',binary='neutron-l3-agent',configurations={"agent_mode": "legacy", "ex_gw_ports": 1, "extensions": [], "floating_ips": 0, "handle_internal_only_routers": true, "interface_driver": "openvswitch", "interfaces": 1, "log_agent_heartbeats": false, "routers": 1},created_at=2021-11-09T08:56:39Z,description=,heartbeat_timestamp=2021-11-09T09:04:09Z,host='dv-neutron-817162-1-hyperv',id=b99362cb-2298-45e2-a2eb-43a8ed35a01f,load=0,resource_versions=,resources_synced=,started_at=2021-11-09T08:56:39Z,topic='l3_agent')) {'router_ids': ['3b65b13c-0fc5-4f04-8716-799e02cb9857'], 'active': True} {{(pid=101874) wrapper /usr/local/lib/python3.8/dist-packages/oslo_log/helpers.py:65}}
Nov 09 09:04:20.551066 dv-neutron-817162-1-hyperv neutron-server[101873]: DEBUG neutron.plugins.ml2.db [None req-733e164e-7c88-4b05-9c9b-a453a0236272 None None] For port 8942e423-76e8-4c00-a5c2-1a06cf65a3a7, host dv-neutron-817162-1-hyperv, got binding levels [PortBindingLevel(driver='openvswitch',host='dv-neutron-817162-1-hyperv',level=0,port_id=8942e423-76e8-4c00-a5c2-1a06cf65a3a7,segment=NetworkSegment(79efd20a-7bae-495b-85a9-c2ed8e78881b),segment_id=79efd20a-7bae-495b-85a9-c2ed8e78881b)] {{(pid=101873) get_binding_level_objs /opt/stack/neutron/neutron/plugins/ml2/db.py:74}}
Nov 09 09:04:20.568312 dv-neutron-817162-1-hyperv neutron-server[101873]: DEBUG neutron_lib.callbacks.manager [None req-733e164e-7c88-4b05-9c9b-a453a0236272 None None] Publish callbacks ['neutron.plugins.ml2.plugin.SecurityGroupServerNotifierRpcMixin._notify_sg_on_port_change-621485', 'neutron.plugins.ml2.ovo_rpc._ObjectChangeHandler.handle_event-348270', 'neutron.api.rpc.agentnotifiers.dhcp_rpc_agent_api.DhcpAgentNotifyAPI._native_event_send_dhcp_notification-1577208', 'neutron.db.l3_db.L3RpcNotifierMixin._notify_gateway_port_ip_changed-8727637137848', 'neutron.db.l3_dvrscheduler_db._notify_l3_agent_port_update-8727636626104', 'neutron.db.l3_hascheduler_db._notify_l3_agent_ha_port_update-8727636626122'] for port, after_update {{(pid=101873) _notify_loop /usr/local/lib/python3.8/dist-packages/neutron_lib/callbacks/manager.py:175}}
Nov 09 09:04:20.569096 dv-neutron-817162-1-hyperv neutron-server[101873]: DEBUG neutron.plugins.ml2.rpc [None req-733e164e-7c88-4b05-9c9b-a453a0236272 None None] Device 0d8cd489-f1c6-4cf9-85e1-3b19d7359834 up at agent ovs-agent-dv-neutron-817162-1-hyperv {{(pid=101873) update_device_up /opt/stack/neutron/neutron/plugins/ml2/rpc.py:296}}
Nov 09 09:04:20.604015 dv-neutron-817162-1-hyperv neutron-server[101874]: DEBUG neutron.api.rpc.handlers.resources_rpc [None req-ab9a4b58-841b-4a48-acc7-ca759cee5882 None None] Pushing event updated for resources: {'Port': ['ID=e3624fd8-db55-4de9-89c9-0e1d71311137,revision_number=3']} {{(pid=101874) push /opt/stack/neutron/neutron/api/rpc/handlers/resources_rpc.py:237}}
Nov 09 09:04:20.633598 dv-neutron-817162-1-hyperv neutron-server[101874]: DEBUG neutron.db.l3_dvr_db [None req-67272dfd-ea47-459d-b588-fe76f7a01fdd None None] Set router 3b65b13c-0fc5-4f04-8716-799e02cb9857 gateway port host: dv-neutron-817162-1-hyperv {{(pid=101874) _build_routers_list /opt/stack/neutron/neutron/db/l3_dvr_db.py:906}}
Nov 09 09:04:20.673354 dv-neutron-817162-1-hyperv neutron-server[101871]: DEBUG neutron_lib.callbacks.manager [None req-db76696a-6c98-4b6b-a316-1b8c556929d8 admin admin] Publish callbacks [] for router_gateway, after_create {{(pid=101871) _notify_loop /usr/local/lib/python3.8/dist-packages/neutron_lib/callbacks/manager.py:175}}
Nov 09 09:04:20.696534 dv-neutron-817162-1-hyperv neutron-server[101873]: DEBUG neutron.db.l3_dvr_db [None req-a9d1007d-2618-4eed-b216-ae22d7ccef3f None None] Set router 397fad01-3c5e-4778-b918-70d1c893a71b gateway port host: dv-neutron-817162-1-hyperv {{(pid=101873) _build_routers_list /opt/stack/neutron/neutron/db/l3_dvr_db.py:906}}
Nov 09 09:04:20.708102 dv-neutron-817162-1-hyperv neutron-server[101872]: DEBUG neutron_lib.callbacks.manager [None req-ec747da9-bf41-4fe9-8feb-b098add97bd7 tempest-ExternalNetworksTestJSON-1871544945 tempest-ExternalNetworksTestJSON-1871544945-project-admin] Subscribe: > subnet after_create 55550000 {{(pid=101872) subscribe /usr/local/lib/python3.8/dist-packages/neutron_lib/callbacks/manager.py:45}}
Nov 09 09:04:20.708451 dv-neutron-817162-1-hyperv neutron-server[101872]: DEBUG neutron_lib.callbacks.manager [None req-ec747da9-bf41-4fe9-8feb-b098add97bd7 tempest-ExternalNetworksTestJSON-1871544945 tempest-ExternalNetworksTestJSON-1871544945-project-admin] Subscribe: > subnet after_delete 55550000 {{(pid=101872) subscribe /usr/local/lib/python3.8/dist-packages/neutron_lib/callbacks/manager.py:45}}
Nov 09 09:04:20.708779 dv-neutron-817162-1-hyperv neutron-server[101872]: DEBUG neutron_lib.callbacks.manager [None req-ec747da9-bf41-4fe9-8feb-b098add97bd7 tempest-ExternalNetworksTestJSON-1871544945 tempest-ExternalNetworksTestJSON-1871544945-project-admin] Subscribe: > subnet before_create 55550000 {{(pid=101872) subscribe /usr/local/lib/python3.8/dist-packages/neutron_lib/callbacks/manager.py:45}}
Nov 09 09:04:20.709105 dv-neutron-817162-1-hyperv neutron-server[101872]: DEBUG neutron_lib.callbacks.manager [None req-ec747da9-bf41-4fe9-8feb-b098add97bd7 tempest-ExternalNetworksTestJSON-1871544945 tempest-ExternalNetworksTestJSON-1871544945-project-admin] Subscribe: > subnet before_update 55550000 {{(pid=101872) subscribe /usr/local/lib/python3.8/dist-packages/neutron_lib/callbacks/manager.py:45}}
Nov 09 09:04:20.709500 dv-neutron-817162-1-hyperv neutron-server[101872]: DEBUG neutron.services.segments.db [None req-ec747da9-bf41-4fe9-8feb-b098add97bd7 tempest-ExternalNetworksTestJSON-1871544945 tempest-ExternalNetworksTestJSON-1871544945-project-admin] neutron.services.segments.plugin.Plugin method get_segments called with arguments (,) {'filters': {'network_id': ['918841aa-a158-43d8-98d5-29a7f40d280f']}} {{(pid=101872) wrapper /usr/local/lib/python3.8/dist-packages/oslo_log/helpers.py:65}}
Nov 09 09:04:20.745040 dv-neutron-817162-1-hyperv neutron-server[101872]: DEBUG neutron_lib.callbacks.manager [None req-e67a8d5b-fe74-41be-a6d2-db24265d7fd1 admin admin] Publish callbacks [] for router, before_response {{(pid=101872) _notify_loop /usr/local/lib/python3.8/dist-packages/neutron_lib/callbacks/manager.py:175}}
Nov 09 09:04:20.748851 dv-neutron-817162-1-hyperv neutron-server[101872]: INFO neutron.wsgi [None req-e67a8d5b-fe74-41be-a6d2-db24265d7fd1 admin admin] 10.222.0.32 "POST /v2.0/routers HTTP/1.1" status: 201 len: 917 time: 5.8505998
Nov 09 09:04:20.749710 dv-neutron-817162-1-hyperv neutron-server[101871]: DEBUG neutron.wsgi [-] (101871) accepted ('10.222.0.32', 52882) {{(pid=101871) server /usr/local/lib/python3.8/dist-packages/eventlet/wsgi.py:982}}
Nov 09 09:04:20.772666 dv-neutron-817162-1-hyperv neutron-server[101873]: DEBUG neutron_lib.db.api [None req-d033c700-7683-4fc9-9cec-c083061acd93 None None] Retry wrapper got retriable exception: UPDATE statement on table 'standardattributes' expected to update 1 row(s); 0 were matched. {{(pid=101873) wrapped /usr/local/lib/python3.8/dist-packages/neutron_lib/db/api.py:183}}
Nov 09 09:04:20.773063 dv-neutron-817162-1-hyperv neutron-server[101873]: DEBUG oslo_db.api [None req-d033c700-7683-4fc9-9cec-c083061acd93 None None] Performing DB retry for function neutron.plugins.ml2.plugin.Ml2Plugin.update_port_statuses {{(pid=101873) wrapper /usr/local/lib/python3.8/dist-packages/oslo_db/api.py:155}}
Nov 09 09:04:20.783613 dv-neutron-817162-1-hyperv neutron-server[101873]: DEBUG neutron.api.rpc.handlers.resources_rpc [None req-733e164e-7c88-4b05-9c9b-a453a0236272 None None] Pushing event updated for resources: {'Port': ['ID=8942e423-76e8-4c00-a5c2-1a06cf65a3a7,revision_number=3']} {{(pid=101873) push /opt/stack/neutron/neutron/api/rpc/handlers/resources_rpc.py:237}}
Nov 09 09:04:20.791172 dv-neutron-817162-1-hyperv neutron-server[101872]: DEBUG neutron_lib.callbacks.manager [None req-7a8a2d36-2867-4d24-9871-bb849b5684f7 tempest-PortsAdminExtendedAttrsTestJSON-1814411788 tempest-PortsAdminExtendedAttrsTestJSON-1814411788-project-admin] Publish callbacks [] for security_group, precommit_create {{(pid=101872) _notify_loop /usr/local/lib/python3.8/dist-packages/neutron_lib/callbacks/manager.py:175}}
Nov 09 09:04:20.795564 dv-neutron-817162-1-hyperv neutron-server[101872]: DEBUG neutron.services.segments.db [None req-ec747da9-bf41-4fe9-8feb-b098add97bd7 tempest-ExternalNetworksTestJSON-1871544945 tempest-ExternalNetworksTestJSON-1871544945-project-admin] neutron.services.segments.plugin.Plugin method delete_segment called with arguments (, '0eba9413-3fa0-46f3-8715-3615efec29e4') {'for_net_delete': True} {{(pid=101872) wrapper /usr/local/lib/python3.8/dist-packages/oslo_log/helpers.py:65}}
Nov 09 09:04:20.796053 dv-neutron-817162-1-hyperv neutron-server[101872]: DEBUG neutron.services.segments.db [None req-ec747da9-bf41-4fe9-8feb-b098add97bd7 tempest-ExternalNetworksTestJSON-1871544945 tempest-ExternalNetworksTestJSON-1871544945-project-admin] neutron.services.segments.plugin.Plugin method get_segment called with arguments (, '0eba9413-3fa0-46f3-8715-3615efec29e4') {} {{(pid=101872) wrapper /usr/local/lib/python3.8/dist-packages/oslo_log/helpers.py:65}}
Nov 09 09:04:20.819886 dv-neutron-817162-1-hyperv neutron-server[101872]: DEBUG neutron.plugins.ml2.drivers.helpers [None req-a6cdc3a2-4f33-432f-8678-e57e4453bde8 tempest-AllowedAddressPairIpV6TestJSON-429766438 tempest-AllowedAddressPairIpV6TestJSON-429766438-project] vlan segment allocate from pool success with {'vlan_id': 747, 'physical_network': 'physnet1'} {{(pid=101872) allocate_partially_specified_segment /opt/stack/neutron/neutron/plugins/ml2/drivers/helpers.py:153}}
Nov 09 09:04:20.821808 dv-neutron-817162-1-hyperv neutron-server[101872]: DEBUG neutron_lib.callbacks.manager [None req-7a8a2d36-2867-4d24-9871-bb849b5684f7 tempest-PortsAdminExtendedAttrsTestJSON-1814411788 tempest-PortsAdminExtendedAttrsTestJSON-1814411788-project-admin] Publish callbacks ['neutron.plugins.ml2.ovo_rpc._ObjectChangeHandler.handle_event-1590594'] for security_group, after_create {{(pid=101872) _notify_loop /usr/local/lib/python3.8/dist-packages/neutron_lib/callbacks/manager.py:175}}
Nov 09 09:04:20.825049 dv-neutron-817162-1-hyperv neutron-server[101872]: DEBUG neutron.notifiers.nova [None req-7a8a2d36-2867-4d24-9871-bb849b5684f7 tempest-PortsAdminExtendedAttrsTestJSON-1814411788 tempest-PortsAdminExtendedAttrsTestJSON-1814411788-project-admin] device_id is not set on port 64062d71-bdab-4c88-888d-80865b8e7ce5 yet. {{(pid=101872) _can_notify /opt/stack/neutron/neutron/notifiers/nova.py:190}}
Nov 09 09:04:20.837509 dv-neutron-817162-1-hyperv neutron-server[101872]: DEBUG neutron_lib.callbacks.manager [None req-ec747da9-bf41-4fe9-8feb-b098add97bd7 tempest-ExternalNetworksTestJSON-1871544945 tempest-ExternalNetworksTestJSON-1871544945-project-admin] Publish callbacks ['neutron.plugins.ml2.db._prevent_segment_delete_with_port_bound-8727637100328', 'neutron.services.segments.plugin.Plugin._prevent_segment_delete_with_subnet_associated-1666026'] for segment, before_delete {{(pid=101872) _notify_loop /usr/local/lib/python3.8/dist-packages/neutron_lib/callbacks/manager.py:175}}
Nov 09 09:04:20.866558 dv-neutron-817162-1-hyperv neutron-server[101873]: DEBUG neutron.db.provisioning_blocks [None req-733e164e-7c88-4b05-9c9b-a453a0236272 None None] Provisioning complete for port 0d8cd489-f1c6-4cf9-85e1-3b19d7359834 triggered by entity L2. {{(pid=101873) provisioning_complete /opt/stack/neutron/neutron/db/provisioning_blocks.py:139}}
Nov 09 09:04:20.867728 dv-neutron-817162-1-hyperv neutron-server[101873]: DEBUG neutron_lib.callbacks.manager [None req-733e164e-7c88-4b05-9c9b-a453a0236272 None None] Publish callbacks ['neutron.plugins.ml2.plugin.Ml2Plugin._port_provisioned-838973'] for port, provisioning_complete {{(pid=101873) _notify_loop /usr/local/lib/python3.8/dist-packages/neutron_lib/callbacks/manager.py:175}}
Nov 09 09:04:20.892649 dv-neutron-817162-1-hyperv neutron-server[101871]: DEBUG neutron_lib.callbacks.manager [None req-782d289f-3e97-49a5-b6f4-99ba3404f2d7 tempest-DHCPAgentSchedulersTestJSON-261390448 tempest-DHCPAgentSchedulersTestJSON-261390448-project] Publish callbacks [] for port, precommit_create {{(pid=101871) _notify_loop /usr/local/lib/python3.8/dist-packages/neutron_lib/callbacks/manager.py:175}}
Nov 09 09:04:20.903362 dv-neutron-817162-1-hyperv neutron-server[101874]: DEBUG neutron.db.l3_hamode_db [None req-67272dfd-ea47-459d-b588-fe76f7a01fdd None None] neutron.services.l3_router.l3_router_plugin.L3RouterPlugin method _process_sync_ha_data called with arguments (, [{'id': '3b65b13c-0fc5-4f04-8716-799e02cb9857', 'name': 'tempest-ServerActionsTestJSON-925148141-router', 'tenant_id': 'dfcae1064b98420dba0a54cf3852ea65', 'admin_state_up': True, 'status': 'ACTIVE', 'external_gateway_info': {'network_id': '5d39e2c7-b6a1-4184-84a1-39968a2ec01e', 'external_fixed_ips': [{'subnet_id': '57fd7cbd-e86b-435e-8f36-c2d04d2d5869', 'ip_address': '172.26.7.170'}], 'enable_snat': True}, 'gw_port_id': 'e3624fd8-db55-4de9-89c9-0e1d71311137', 'description': '', 'availability_zones': ['nova'], 'distributed': False, 'ha': False, 'ha_vr_id': 0, 'availability_zone_hints': [], 'routes': [], 'flavor_id': None, 'tags': [], 'created_at': '2021-11-09T09:04:13Z', 'updated_at': '2021-11-09T09:04:15Z', 'revision_number': 3, 'project_id': 'dfcae1064b98420dba0a54cf3852ea65', 'gw_port': {'id': 'e3624fd8-db55-4de9-89c9-0e1d71311137', 'name': '', 'network_id': '5d39e2c7-b6a1-4184-84a1-39968a2ec01e', 'tenant_id': '', 'mac_address': 'fa:16:3e:05:94:db', 'admin_state_up': True, 'status': 'DOWN', 'device_id': '3b65b13c-0fc5-4f04-8716-799e02cb9857', 'device_owner': 'network:router_gateway', 'standard_attr_id': 56, 'fixed_ips': [{'subnet_id': '57fd7cbd-e86b-435e-8f36-c2d04d2d5869', 'ip_address': '172.26.7.170', 'prefixlen': 24}], 'allowed_address_pairs': [], 'extra_dhcp_opts': [], 'security_groups': [], 'description': '', 'binding:vnic_type': 'normal', 'binding:profile': {}, 'binding:host_id': 'dv-neutron-817162-1-hyperv', 'binding:vif_type': 'ovs', 'binding:vif_details': {'connectivity': 'l2', 'port_filter': True, 'ovs_hybrid_plug': False, 'datapath_type': 'system', 'bridge_name': 'br-int'}, 'port_security_enabled': False, 'tags': [], 'created_at': '2021-11-09T09:04:14Z', 'updated_at': '2021-11-09T09:04:20Z', 'revision_number': 3, 'project_id': '', 'subnets': [{'id': '57fd7cbd-e86b-435e-8f36-c2d04d2d5869', 'cidr': '172.26.7.0/24', 'gateway_ip': '172.26.7.1', 'dns_nameservers': [], 'ipv6_ra_mode': None, 'subnetpool_id': None}], 'extra_subnets': [], 'address_scopes': {4: None, 6: None}, 'mtu': 1500}, 'enable_snat': True, 'gw_port_host': 'dv-neutron-817162-1-hyperv'}], 'dv-neutron-817162-1-hyperv', False) {} {{(pid=101874) wrapper /usr/local/lib/python3.8/dist-packages/oslo_log/helpers.py:65}}
Nov 09 09:04:20.941107 dv-neutron-817162-1-hyperv neutron-server[101874]: DEBUG neutron.api.rpc.handlers.l3_rpc [None req-67272dfd-ea47-459d-b588-fe76f7a01fdd None None] The sync data for ids ['3b65b13c-0fc5-4f04-8716-799e02cb9857'] in dv-neutron-817162-1-hyperv is: [{'id': '3b65b13c-0fc5-4f04-8716-799e02cb9857', 'name': 'tempest-ServerActionsTestJSON-925148141-router', 'tenant_id': 'dfcae1064b98420dba0a54cf3852ea65', 'admin_state_up': True, 'status': 'ACTIVE', 'external_gateway_info': {'network_id': '5d39e2c7-b6a1-4184-84a1-39968a2ec01e', 'external_fixed_ips': [{'subnet_id': '57fd7cbd-e86b-435e-8f36-c2d04d2d5869', 'ip_address': '172.26.7.170'}], 'enable_snat': True}, 'gw_port_id': 'e3624fd8-db55-4de9-89c9-0e1d71311137', 'description': '', 'availability_zones': ['nova'], 'distributed': False, 'ha': False, 'ha_vr_id': 0, 'availability_zone_hints': [], 'routes': [], 'flavor_id': None, 'tags': [], 'created_at': '2021-11-09T09:04:13Z', 'updated_at': '2021-11-09T09:04:15Z', 'revision_number': 3, 'project_id': 'dfcae1064b98420dba0a54cf3852ea65', 'gw_port': {'id': 'e3624fd8-db55-4de9-89c9-0e1d71311137', 'name': '', 'network_id': '5d39e2c7-b6a1-4184-84a1-39968a2ec01e', 'tenant_id': '', 'mac_address': 'fa:16:3e:05:94:db', 'admin_state_up': True, 'status': 'DOWN', 'device_id': '3b65b13c-0fc5-4f04-8716-799e02cb9857', 'device_owner': 'network:router_gateway', 'standard_attr_id': 56, 'fixed_ips': [{'subnet_id': '57fd7cbd-e86b-435e-8f36-c2d04d2d5869', 'ip_address': '172.26.7.170', 'prefixlen': 24}], 'allowed_address_pairs': [], 'extra_dhcp_opts': [], 'security_groups': [], 'description': '', 'binding:vnic_type': 'normal', 'binding:profile': {}, 'binding:host_id': 'dv-neutron-817162-1-hyperv', 'binding:vif_type': 'ovs', 'binding:vif_details': {'connectivity': 'l2', 'port_filter': True, 'ovs_hybrid_plug': False, 'datapath_type': 'system', 'bridge_name': 'br-int'}, 'port_security_enabled': False, 'tags': [], 'created_at': '2021-11-09T09:04:14Z', 'updated_at': '2021-11-09T09:04:20Z', 'revision_number': 3, 'project_id': '', 'subnets': [{'id': '57fd7cbd-e86b-435e-8f36-c2d04d2d5869', 'cidr': '172.26.7.0/24', 'gateway_ip': '172.26.7.1', 'dns_nameservers': [], 'ipv6_ra_mode': None, 'subnetpool_id': None}], 'extra_subnets': [], 'address_scopes': {4: None, 6: None}, 'mtu': 1500}, 'enable_snat': True, 'gw_port_host': 'dv-neutron-817162-1-hyperv'}] {{(pid=101874) sync_routers /opt/stack/neutron/neutron/api/rpc/handlers/l3_rpc.py:137}}
Nov 09 09:04:20.953360 dv-neutron-817162-1-hyperv neutron-server[101872]: DEBUG neutron_lib.callbacks.manager [None req-ec747da9-bf41-4fe9-8feb-b098add97bd7 tempest-ExternalNetworksTestJSON-1871544945 tempest-ExternalNetworksTestJSON-1871544945-project-admin] Publish callbacks ['neutron.plugins.ml2.plugin.Ml2Plugin._handle_segment_change-841268'] for segment, precommit_delete {{(pid=101872) _notify_loop /usr/local/lib/python3.8/dist-packages/neutron_lib/callbacks/manager.py:175}}
Nov 09 09:04:20.965168 dv-neutron-817162-1-hyperv neutron-server[101872]: DEBUG neutron.plugins.ml2.drivers.type_vlan [None req-ec747da9-bf41-4fe9-8feb-b098add97bd7 tempest-ExternalNetworksTestJSON-1871544945 tempest-ExternalNetworksTestJSON-1871544945-project-admin] Releasing vlan 713 on physical network physnet1 to pool {{(pid=101872) release_segment /opt/stack/neutron/neutron/plugins/ml2/drivers/type_vlan.py:304}}
Nov 09 09:04:20.965991 dv-neutron-817162-1-hyperv neutron-server[101872]: DEBUG neutron_lib.callbacks.manager [None req-ec747da9-bf41-4fe9-8feb-b098add97bd7 tempest-ExternalNetworksTestJSON-1871544945 tempest-ExternalNetworksTestJSON-1871544945-project-admin] Publish callbacks ['neutron.plugins.ml2.plugin.Ml2Plugin._handle_segment_change-841268', 'neutron.services.segments.plugin.NovaSegmentNotifier._notify_segment_deleted-3479500'] for segment, after_delete {{(pid=101872) _notify_loop /usr/local/lib/python3.8/dist-packages/neutron_lib/callbacks/manager.py:175}}
Nov 09 09:04:21.018047 dv-neutron-817162-1-hyperv neutron-server[101873]: DEBUG neutron_lib.callbacks.manager [None req-733e164e-7c88-4b05-9c9b-a453a0236272 None None] Publish callbacks ['neutron.plugins.ml2.plugin.SecurityGroupDbMixin._ensure_default_security_group_handler-621327'] for port, before_update {{(pid=101873) _notify_loop /usr/local/lib/python3.8/dist-packages/neutron_lib/callbacks/manager.py:175}}
Nov 09 09:04:21.044152 dv-neutron-817162-1-hyperv neutron-server[101872]: DEBUG neutron_lib.callbacks.manager [None req-a6cdc3a2-4f33-432f-8678-e57e4453bde8 tempest-AllowedAddressPairIpV6TestJSON-429766438 tempest-AllowedAddressPairIpV6TestJSON-429766438-project] Publish callbacks ['neutron.plugins.ml2.plugin.Ml2Plugin._handle_segment_change-841268'] for segment, precommit_create {{(pid=101872) _notify_loop /usr/local/lib/python3.8/dist-packages/neutron_lib/callbacks/manager.py:175}}
Nov 09 09:04:21.044563 dv-neutron-817162-1-hyperv neutron-server[101872]: INFO neutron.db.segments_db [None req-a6cdc3a2-4f33-432f-8678-e57e4453bde8 tempest-AllowedAddressPairIpV6TestJSON-429766438 tempest-AllowedAddressPairIpV6TestJSON-429766438-project] Added segment 51709479-8aa6-4497-b70c-93bc1f315f62 of type vlan for network 4b08807c-c6d9-43d0-8243-a29dc4ea6095
Nov 09 09:04:21.086821 dv-neutron-817162-1-hyperv neutron-server[101873]: DEBUG neutron.plugins.ml2.db [None req-733e164e-7c88-4b05-9c9b-a453a0236272 None None] For port 0d8cd489-f1c6-4cf9-85e1-3b19d7359834, host dv-neutron-817162-1-hyperv, got binding levels [PortBindingLevel(driver='openvswitch',host='dv-neutron-817162-1-hyperv',level=0,port_id=0d8cd489-f1c6-4cf9-85e1-3b19d7359834,segment=NetworkSegment(a269e3dc-5e67-4606-a6e0-ff2303c60266),segment_id=a269e3dc-5e67-4606-a6e0-ff2303c60266)] {{(pid=101873) get_binding_level_objs /opt/stack/neutron/neutron/plugins/ml2/db.py:74}}
Nov 09 09:04:21.096322 dv-neutron-817162-1-hyperv neutron-server[101871]: DEBUG neutron_lib.callbacks.manager [None req-782d289f-3e97-49a5-b6f4-99ba3404f2d7 tempest-DHCPAgentSchedulersTestJSON-261390448 tempest-DHCPAgentSchedulersTestJSON-261390448-project] Publish callbacks ['neutron.plugins.ml2.plugin.SecurityGroupServerNotifierRpcMixin._notify_sg_on_port_change-621485', 'neutron.plugins.ml2.ovo_rpc._ObjectChangeHandler.handle_event-348270', 'neutron.api.rpc.agentnotifiers.dhcp_rpc_agent_api.DhcpAgentNotifyAPI._native_event_send_dhcp_notification-1577208', 'neutron.db.l3_dvrscheduler_db._notify_l3_agent_new_port-8727636626086'] for port, after_create {{(pid=101871) _notify_loop /usr/local/lib/python3.8/dist-packages/neutron_lib/callbacks/manager.py:175}}
Nov 09 09:04:21.102566 dv-neutron-817162-1-hyperv neutron-server[101872]: DEBUG neutron_lib.callbacks.manager [None req-a6cdc3a2-4f33-432f-8678-e57e4453bde8 tempest-AllowedAddressPairIpV6TestJSON-429766438 tempest-AllowedAddressPairIpV6TestJSON-429766438-project] Publish callbacks ['neutron.services.auto_allocate.db._ensure_external_network_default_value_callback-8727636614660'] for network, precommit_create {{(pid=101872) _notify_loop /usr/local/lib/python3.8/dist-packages/neutron_lib/callbacks/manager.py:175}}
Nov 09 09:04:21.108055 dv-neutron-817162-1-hyperv neutron-server[101873]: DEBUG neutron_lib.callbacks.manager [None req-733e164e-7c88-4b05-9c9b-a453a0236272 None None] Publish callbacks ['neutron.plugins.ml2.plugin.SecurityGroupServerNotifierRpcMixin._notify_sg_on_port_change-621485', 'neutron.plugins.ml2.ovo_rpc._ObjectChangeHandler.handle_event-348270', 'neutron.api.rpc.agentnotifiers.dhcp_rpc_agent_api.DhcpAgentNotifyAPI._native_event_send_dhcp_notification-1577208', 'neutron.db.l3_db.L3RpcNotifierMixin._notify_gateway_port_ip_changed-8727637137848', 'neutron.db.l3_dvrscheduler_db._notify_l3_agent_port_update-8727636626104', 'neutron.db.l3_hascheduler_db._notify_l3_agent_ha_port_update-8727636626122'] for port, after_update {{(pid=101873) _notify_loop /usr/local/lib/python3.8/dist-packages/neutron_lib/callbacks/manager.py:175}}
Nov 09 09:04:21.108827 dv-neutron-817162-1-hyperv neutron-server[101873]: DEBUG neutron.plugins.ml2.rpc [None req-733e164e-7c88-4b05-9c9b-a453a0236272 None None] Device bc6c88d7-8fa2-41c3-b4a7-df685857a965 up at agent ovs-agent-dv-neutron-817162-1-hyperv {{(pid=101873) update_device_up /opt/stack/neutron/neutron/plugins/ml2/rpc.py:296}}
Nov 09 09:04:21.183925 dv-neutron-817162-1-hyperv neutron-server[101871]: DEBUG neutron.scheduler.dhcp_agent_scheduler [None req-782d289f-3e97-49a5-b6f4-99ba3404f2d7 tempest-DHCPAgentSchedulersTestJSON-261390448 tempest-DHCPAgentSchedulersTestJSON-261390448-project] Network 4e125cdc-11f2-485a-9031-fc27cab2427b is already hosted by enough agents. {{(pid=101871) _get_dhcp_agents_hosting_network /opt/stack/neutron/neutron/scheduler/dhcp_agent_scheduler.py:275}}
Nov 09 09:04:21.192994 dv-neutron-817162-1-hyperv neutron-server[101873]: DEBUG neutron.db.l3_hamode_db [None req-a9d1007d-2618-4eed-b216-ae22d7ccef3f None None] neutron.services.l3_router.l3_router_plugin.L3RouterPlugin method _process_sync_ha_data called with arguments (, [{'id': '397fad01-3c5e-4778-b918-70d1c893a71b', 'name': 'tempest-ServersTestJSON-622887580-router', 'tenant_id': '345715f7a7274bb287e08175f19c48b7', 'admin_state_up': True, 'status': 'ACTIVE', 'external_gateway_info': {'network_id': '5d39e2c7-b6a1-4184-84a1-39968a2ec01e', 'external_fixed_ips': [{'subnet_id': '57fd7cbd-e86b-435e-8f36-c2d04d2d5869', 'ip_address': '172.26.7.109'}], 'enable_snat': True}, 'gw_port_id': '79ffa4b4-0ebc-4d9f-b178-64696d97dc57', 'description': '', 'availability_zones': ['nova'], 'distributed': False, 'ha': False, 'ha_vr_id': 0, 'availability_zone_hints': [], 'routes': [], 'flavor_id': None, 'tags': [], 'created_at': '2021-11-09T09:04:14Z', 'updated_at': '2021-11-09T09:04:17Z', 'revision_number': 3, 'project_id': '345715f7a7274bb287e08175f19c48b7', 'gw_port': {'id': '79ffa4b4-0ebc-4d9f-b178-64696d97dc57', 'name': '', 'network_id': '5d39e2c7-b6a1-4184-84a1-39968a2ec01e', 'tenant_id': '', 'mac_address': 'fa:16:3e:60:62:9f', 'admin_state_up': True, 'status': 'DOWN', 'device_id': '397fad01-3c5e-4778-b918-70d1c893a71b', 'device_owner': 'network:router_gateway', 'standard_attr_id': 66, 'fixed_ips': [{'subnet_id': '57fd7cbd-e86b-435e-8f36-c2d04d2d5869', 'ip_address': '172.26.7.109', 'prefixlen': 24}], 'allowed_address_pairs': [], 'extra_dhcp_opts': [], 'security_groups': [], 'description': '', 'binding:vnic_type': 'normal', 'binding:profile': {}, 'binding:host_id': '', 'binding:vif_type': 'unbound', 'binding:vif_details': {}, 'port_security_enabled': False, 'tags': [], 'created_at': '2021-11-09T09:04:16Z', 'updated_at': '2021-11-09T09:04:16Z', 'revision_number': 1, 'project_id': '', 'subnets': [{'id': '57fd7cbd-e86b-435e-8f36-c2d04d2d5869', 'cidr': '172.26.7.0/24', 'gateway_ip': '172.26.7.1', 'dns_nameservers': [], 'ipv6_ra_mode': None, 'subnetpool_id': None}], 'extra_subnets': [], 'address_scopes': {4: None, 6: None}, 'mtu': 1500}, 'enable_snat': True, 'gw_port_host': 'dv-neutron-817162-1-hyperv'}], 'dv-neutron-817162-1-hyperv', False) {} {{(pid=101873) wrapper /usr/local/lib/python3.8/dist-packages/oslo_log/helpers.py:65}}
Nov 09 09:04:21.199782 dv-neutron-817162-1-hyperv neutron-server[101871]: DEBUG neutron.scheduler.base_scheduler [None req-782d289f-3e97-49a5-b6f4-99ba3404f2d7 tempest-DHCPAgentSchedulersTestJSON-261390448 tempest-DHCPAgentSchedulersTestJSON-261390448-project] Resources bound (agent type, host, resource id): {{(pid=101871) schedule /opt/stack/neutron/neutron/scheduler/base_scheduler.py:57}}
Nov 09 09:04:21.205624 dv-neutron-817162-1-hyperv neutron-server[101873]: DEBUG neutron.db.db_base_plugin_common [None req-665fa41c-8fee-4b54-ae28-785cccc2bcba None None] Allocated IP 172.20.0.2 (4e125cdc-11f2-485a-9031-fc27cab2427b/2d74b808-8b43-4642-8e95-b3a8185a6725/4e453858-df80-438f-a280-e55bc087043a) {{(pid=101873) _store_ip_allocation /opt/stack/neutron/neutron/db/db_base_plugin_common.py:131}}
Nov 09 09:04:21.246066 dv-neutron-817162-1-hyperv neutron-server[101873]: DEBUG neutron.api.rpc.handlers.l3_rpc [None req-a9d1007d-2618-4eed-b216-ae22d7ccef3f None None] Checking router: 397fad01-3c5e-4778-b918-70d1c893a71b for host: dv-neutron-817162-1-hyperv {{(pid=101873) _ensure_host_set_on_ports /opt/stack/neutron/neutron/api/rpc/handlers/l3_rpc.py:155}}
Nov 09 09:04:21.246431 dv-neutron-817162-1-hyperv neutron-server[101873]: DEBUG neutron.api.rpc.handlers.l3_rpc [None req-a9d1007d-2618-4eed-b216-ae22d7ccef3f None None] Updating router 397fad01-3c5e-4778-b918-70d1c893a71b port 79ffa4b4-0ebc-4d9f-b178-64696d97dc57 binding host dv-neutron-817162-1-hyperv {{(pid=101873) _ensure_host_set_on_port /opt/stack/neutron/neutron/api/rpc/handlers/l3_rpc.py:205}}
Nov 09 09:04:21.297145 dv-neutron-817162-1-hyperv neutron-server[101873]: DEBUG neutron.api.rpc.handlers.resources_rpc [None req-733e164e-7c88-4b05-9c9b-a453a0236272 None None] Pushing event updated for resources: {'Port': ['ID=0d8cd489-f1c6-4cf9-85e1-3b19d7359834,revision_number=3']} {{(pid=101873) push /opt/stack/neutron/neutron/api/rpc/handlers/resources_rpc.py:237}}
Nov 09 09:04:21.312070 dv-neutron-817162-1-hyperv neutron-server[101872]: /usr/lib/python3/dist-packages/secretstorage/dhcrypto.py:15: CryptographyDeprecationWarning: int_from_bytes is deprecated, use int.from_bytes instead
Nov 09 09:04:21.312070 dv-neutron-817162-1-hyperv neutron-server[101872]: from cryptography.utils import int_from_bytes
Nov 09 09:04:21.312070 dv-neutron-817162-1-hyperv neutron-server[101872]: /usr/lib/python3/dist-packages/secretstorage/util.py:19: CryptographyDeprecationWarning: int_from_bytes is deprecated, use int.from_bytes instead
Nov 09 09:04:21.312070 dv-neutron-817162-1-hyperv neutron-server[101872]: from cryptography.utils import int_from_bytes
Nov 09 09:04:21.312070 dv-neutron-817162-1-hyperv neutron-server[101872]: Traceback (most recent call last):
Nov 09 09:04:21.312070 dv-neutron-817162-1-hyperv neutron-server[101872]: File "/usr/local/lib/python3.8/dist-packages/eventlet/hubs/hub.py", line 476, in fire_timers
Nov 09 09:04:21.312070 dv-neutron-817162-1-hyperv neutron-server[101872]: timer()
Nov 09 09:04:21.312070 dv-neutron-817162-1-hyperv neutron-server[101872]: File "/usr/local/lib/python3.8/dist-packages/eventlet/hubs/timer.py", line 59, in __call__
Nov 09 09:04:21.312070 dv-neutron-817162-1-hyperv neutron-server[101872]: cb(*args, **kw)
Nov 09 09:04:21.312070 dv-neutron-817162-1-hyperv neutron-server[101872]: File "/opt/stack/neutron/neutron/common/utils.py", line 914, in wrapper
Nov 09 09:04:21.312070 dv-neutron-817162-1-hyperv neutron-server[101872]: return func(*args, **kwargs)
Nov 09 09:04:21.312070 dv-neutron-817162-1-hyperv neutron-server[101872]: File "/opt/stack/neutron/neutron/notifiers/batch_notifier.py", line 58, in synced_send
Nov 09 09:04:21.312070 dv-neutron-817162-1-hyperv neutron-server[101872]: self._notify()
Nov 09 09:04:21.312070 dv-neutron-817162-1-hyperv neutron-server[101872]: File "/opt/stack/neutron/neutron/notifiers/batch_notifier.py", line 69, in _notify
Nov 09 09:04:21.312070 dv-neutron-817162-1-hyperv neutron-server[101872]: self.callback(batched_events)
Nov 09 09:04:21.312070 dv-neutron-817162-1-hyperv neutron-server[101872]: File "/opt/stack/neutron/neutron/services/segments/plugin.py", line 211, in _send_notifications
Nov 09 09:04:21.312070 dv-neutron-817162-1-hyperv neutron-server[101872]: event.method(event)
Nov 09 09:04:21.312070 dv-neutron-817162-1-hyperv neutron-server[101872]: File "/opt/stack/neutron/neutron/services/segments/plugin.py", line 383, in _delete_nova_inventory
Nov 09 09:04:21.312070 dv-neutron-817162-1-hyperv neutron-server[101872]: aggregate_id = self._get_aggregate_id(event.segment_id)
Nov 09 09:04:21.312070 dv-neutron-817162-1-hyperv neutron-server[101872]: File "/opt/stack/neutron/neutron/services/segments/plugin.py", line 370, in _get_aggregate_id
Nov 09 09:04:21.312070 dv-neutron-817162-1-hyperv neutron-server[101872]: aggregate_uuid = self.p_client.list_aggregates(
Nov 09 09:04:21.312070 dv-neutron-817162-1-hyperv neutron-server[101872]: File "/usr/local/lib/python3.8/dist-packages/neutron_lib/placement/client.py", line 58, in wrapper
Nov 09 09:04:21.312070 dv-neutron-817162-1-hyperv neutron-server[101872]: return f(self, *a, **k)
Nov 09 09:04:21.312070 dv-neutron-817162-1-hyperv neutron-server[101872]: File "/usr/local/lib/python3.8/dist-packages/neutron_lib/placement/client.py", line 554, in list_aggregates
Nov 09 09:04:21.312070 dv-neutron-817162-1-hyperv neutron-server[101872]: return self._get(url).json()
Nov 09 09:04:21.312070 dv-neutron-817162-1-hyperv neutron-server[101872]: File "/usr/local/lib/python3.8/dist-packages/neutron_lib/placement/client.py", line 190, in _get
Nov 09 09:04:21.312070 dv-neutron-817162-1-hyperv neutron-server[101872]: return self._client.get(url, endpoint_filter=self._ks_filter,
Nov 09 09:04:21.312070 dv-neutron-817162-1-hyperv neutron-server[101872]: File "/usr/local/lib/python3.8/dist-packages/keystoneauth1/session.py", line 1141, in get
Nov 09 09:04:21.312070 dv-neutron-817162-1-hyperv neutron-server[101872]: return self.request(url, 'GET', **kwargs)
Nov 09 09:04:21.312070 dv-neutron-817162-1-hyperv neutron-server[101872]: File "/usr/local/lib/python3.8/dist-packages/keystoneauth1/session.py", line 811, in request
Nov 09 09:04:21.312070 dv-neutron-817162-1-hyperv neutron-server[101872]: base_url = self.get_endpoint(auth, allow=allow,
Nov 09 09:04:21.312070 dv-neutron-817162-1-hyperv neutron-server[101872]: File "/usr/local/lib/python3.8/dist-packages/keystoneauth1/session.py", line 1241, in get_endpoint
Nov 09 09:04:21.312070 dv-neutron-817162-1-hyperv neutron-server[101872]: auth = self._auth_required(auth, 'determine endpoint URL')
Nov 09 09:04:21.312070 dv-neutron-817162-1-hyperv neutron-server[101872]: File "/usr/local/lib/python3.8/dist-packages/keystoneauth1/session.py", line 1181, in _auth_required
Nov 09 09:04:21.312070 dv-neutron-817162-1-hyperv neutron-server[101872]: raise exceptions.MissingAuthPlugin(msg_fmt % msg)
Nov 09 09:04:21.312070 dv-neutron-817162-1-hyperv neutron-server[101872]: keystoneauth1.exceptions.auth_plugins.MissingAuthPlugin: An auth plugin is required to determine endpoint URL
Nov 09 09:04:21.387473 dv-neutron-817162-1-hyperv neutron-server[101873]: DEBUG neutron_lib.callbacks.manager [None req-a9d1007d-2618-4eed-b216-ae22d7ccef3f None None] Publish callbacks ['neutron.plugins.ml2.plugin.SecurityGroupDbMixin._ensure_default_security_group_handler-621327'] for port, before_update {{(pid=101873) _notify_loop /usr/local/lib/python3.8/dist-packages/neutron_lib/callbacks/manager.py:175}}
Nov 09 09:04:21.392564 dv-neutron-817162-1-hyperv neutron-server[101871]: DEBUG neutron.db.l3_dvrscheduler_db [None req-782d289f-3e97-49a5-b6f4-99ba3404f2d7 tempest-DHCPAgentSchedulersTestJSON-261390448 tempest-DHCPAgentSchedulersTestJSON-261390448-project] Received port after_create {{(pid=101871) _notify_l3_agent_new_port /opt/stack/neutron/neutron/db/l3_dvrscheduler_db.py:535}}
Nov 09 09:04:21.398175 dv-neutron-817162-1-hyperv neutron-server[101871]: DEBUG neutron.pecan_wsgi.hooks.policy_enforcement [None req-782d289f-3e97-49a5-b6f4-99ba3404f2d7 tempest-DHCPAgentSchedulersTestJSON-261390448 tempest-DHCPAgentSchedulersTestJSON-261390448-project] Attributes excluded by policy engine: ['standard_attr_id', 'binding:profile', 'binding:host_id', 'binding:vif_type', 'binding:vif_details', 'network'] {{(pid=101871) _exclude_attributes_by_policy /opt/stack/neutron/neutron/pecan_wsgi/hooks/policy_enforcement.py:255}}
Nov 09 09:04:21.398796 dv-neutron-817162-1-hyperv neutron-server[101871]: DEBUG neutron_lib.callbacks.manager [None req-782d289f-3e97-49a5-b6f4-99ba3404f2d7 tempest-DHCPAgentSchedulersTestJSON-261390448 tempest-DHCPAgentSchedulersTestJSON-261390448-project] Publish callbacks ['neutron.notifiers.nova.Notifier._send_nova_notification-212976', 'neutron.api.rpc.agentnotifiers.dhcp_rpc_agent_api.DhcpAgentNotifyAPI._send_dhcp_notification-1577190'] for port, before_response {{(pid=101871) _notify_loop /usr/local/lib/python3.8/dist-packages/neutron_lib/callbacks/manager.py:175}}
Nov 09 09:04:21.424852 dv-neutron-817162-1-hyperv neutron-server[101871]: DEBUG neutron.api.rpc.handlers.resources_rpc [None req-782d289f-3e97-49a5-b6f4-99ba3404f2d7 tempest-DHCPAgentSchedulersTestJSON-261390448 tempest-DHCPAgentSchedulersTestJSON-261390448-project] Pushing event updated for resources: {'Port': ['ID=3e0362b1-6427-4d22-b46d-1269aff68c58,revision_number=1']} {{(pid=101871) push /opt/stack/neutron/neutron/api/rpc/handlers/resources_rpc.py:237}}
Nov 09 09:04:21.436498 dv-neutron-817162-1-hyperv neutron-server[101871]: DEBUG neutron_lib.callbacks.manager [None req-db76696a-6c98-4b6b-a316-1b8c556929d8 admin admin] Publish callbacks ['neutron.services.l3_router.l3_router_plugin.L3_HA_NAT_db_mixin._after_router_create-1621879', 'neutron.services.l3_router.l3_router_plugin.DVRResourceOperationHandler._create_snat_interfaces_after_change-1619932'] for router, after_create {{(pid=101871) _notify_loop /usr/local/lib/python3.8/dist-packages/neutron_lib/callbacks/manager.py:175}}
Nov 09 09:04:21.519870 dv-neutron-817162-1-hyperv neutron-server[101872]: DEBUG neutron.api.rpc.handlers.resources_rpc [None req-a6cdc3a2-4f33-432f-8678-e57e4453bde8 tempest-AllowedAddressPairIpV6TestJSON-429766438 tempest-AllowedAddressPairIpV6TestJSON-429766438-project] Pushing event updated for resources: {'SecurityGroup': ['ID=3c9a54b5-df0a-4a85-bc30-0aa41ac078c1,revision_number=1']} {{(pid=101872) push /opt/stack/neutron/neutron/api/rpc/handlers/resources_rpc.py:237}}
Nov 09 09:04:21.522654 dv-neutron-817162-1-hyperv neutron-server[101872]: DEBUG neutron_lib.callbacks.manager [None req-ec747da9-bf41-4fe9-8feb-b098add97bd7 tempest-ExternalNetworksTestJSON-1871544945 tempest-ExternalNetworksTestJSON-1871544945-project-admin] Publish callbacks ['neutron.plugins.ml2.plugin.Ml2Plugin._network_delete_after_delete_handler-836481', 'neutron.plugins.ml2.ovo_rpc._ObjectChangeHandler.handle_event-1585648', 'neutron.api.rpc.agentnotifiers.dhcp_rpc_agent_api.DhcpAgentNotifyAPI._native_event_send_dhcp_notification-1577208', 'neutron.services.l3_router.l3_router_plugin.DVRResourceOperationHandler.delete_fip_namespaces_for_ext_net-1619844'] for network, after_delete {{(pid=101872) _notify_loop /usr/local/lib/python3.8/dist-packages/neutron_lib/callbacks/manager.py:175}}
Nov 09 09:04:21.568441 dv-neutron-817162-1-hyperv neutron-server[101873]: DEBUG neutron.db.provisioning_blocks [None req-733e164e-7c88-4b05-9c9b-a453a0236272 None None] Provisioning complete for port bc6c88d7-8fa2-41c3-b4a7-df685857a965 triggered by entity L2. {{(pid=101873) provisioning_complete /opt/stack/neutron/neutron/db/provisioning_blocks.py:139}}
Nov 09 09:04:21.569038 dv-neutron-817162-1-hyperv neutron-server[101873]: DEBUG neutron_lib.callbacks.manager [None req-733e164e-7c88-4b05-9c9b-a453a0236272 None None] Publish callbacks ['neutron.plugins.ml2.plugin.Ml2Plugin._port_provisioned-838973'] for port, provisioning_complete {{(pid=101873) _notify_loop /usr/local/lib/python3.8/dist-packages/neutron_lib/callbacks/manager.py:175}}
Nov 09 09:04:21.594594 dv-neutron-817162-1-hyperv neutron-server[101871]: INFO neutron.wsgi [None req-782d289f-3e97-49a5-b6f4-99ba3404f2d7 tempest-DHCPAgentSchedulersTestJSON-261390448 tempest-DHCPAgentSchedulersTestJSON-261390448-project] 10.222.0.32 "POST /v2.0/ports HTTP/1.1" status: 201 len: 937 time: 2.1027462
Nov 09 09:04:21.601079 dv-neutron-817162-1-hyperv neutron-server[101872]: DEBUG neutron_lib.callbacks.manager [None req-a6cdc3a2-4f33-432f-8678-e57e4453bde8 tempest-AllowedAddressPairIpV6TestJSON-429766438 tempest-AllowedAddressPairIpV6TestJSON-429766438-project] Publish callbacks ['neutron.plugins.ml2.ovo_rpc._ObjectChangeHandler.handle_event-1585648', 'neutron.api.rpc.agentnotifiers.dhcp_rpc_agent_api.DhcpAgentNotifyAPI._native_event_send_dhcp_notification-1577208'] for network, after_create {{(pid=101872) _notify_loop /usr/local/lib/python3.8/dist-packages/neutron_lib/callbacks/manager.py:175}}
Nov 09 09:04:21.609070 dv-neutron-817162-1-hyperv neutron-server[101872]: DEBUG neutron.pecan_wsgi.hooks.policy_enforcement [None req-a6cdc3a2-4f33-432f-8678-e57e4453bde8 tempest-AllowedAddressPairIpV6TestJSON-429766438 tempest-AllowedAddressPairIpV6TestJSON-429766438-project] Attributes excluded by policy engine: ['standard_attr_id', 'provider:network_type', 'provider:physical_network', 'provider:segmentation_id', 'vlan_transparent'] {{(pid=101872) _exclude_attributes_by_policy /opt/stack/neutron/neutron/pecan_wsgi/hooks/policy_enforcement.py:255}}
Nov 09 09:04:21.610552 dv-neutron-817162-1-hyperv neutron-server[101872]: DEBUG neutron_lib.callbacks.manager [None req-a6cdc3a2-4f33-432f-8678-e57e4453bde8 tempest-AllowedAddressPairIpV6TestJSON-429766438 tempest-AllowedAddressPairIpV6TestJSON-429766438-project] Publish callbacks ['neutron.api.rpc.agentnotifiers.dhcp_rpc_agent_api.DhcpAgentNotifyAPI._send_dhcp_notification-1577190'] for network, before_response {{(pid=101872) _notify_loop /usr/local/lib/python3.8/dist-packages/neutron_lib/callbacks/manager.py:175}}
Nov 09 09:04:21.613857 dv-neutron-817162-1-hyperv neutron-server[101872]: DEBUG neutron.api.rpc.handlers.resources_rpc [None req-7a8a2d36-2867-4d24-9871-bb849b5684f7 tempest-PortsAdminExtendedAttrsTestJSON-1814411788 tempest-PortsAdminExtendedAttrsTestJSON-1814411788-project-admin] Pushing event updated for resources: {'SecurityGroup': ['ID=232dfe77-70d1-426b-9cb7-572e21edebdc,revision_number=1']} {{(pid=101872) push /opt/stack/neutron/neutron/api/rpc/handlers/resources_rpc.py:237}}
