Jan 14 11:42:22.520452 dv-neutron-816327-24-hyperv neutron-server[109762]: INFO neutron.wsgi [None req-f404725a-df5e-4810-96f7-b6ebcd6486b9 tempest-RoutersIpV6AdminTest-781812662 tempest-RoutersIpV6AdminTest-781812662-project-admin] 10.222.0.36 "POST /v2.0/ports HTTP/1.1" status: 201 len: 1029 time: 2.6786776
Jan 14 11:42:22.522798 dv-neutron-816327-24-hyperv neutron-server[109763]: DEBUG neutron.plugins.ml2.plugin [None req-2409b13b-a301-488f-9ed2-2c4732215c74 tempest-PortsAdminExtendedAttrsTestJSON-2021788602 tempest-PortsAdminExtendedAttrsTestJSON-2021788602-project-admin] Deleting port 443d0c06-3d8e-4f90-8bf3-45d5ee78801f {{(pid=109763) _pre_delete_port /opt/stack/neutron/neutron/plugins/ml2/plugin.py:1959}}
Jan 14 11:42:22.523188 dv-neutron-816327-24-hyperv neutron-server[109763]: DEBUG neutron_lib.callbacks.manager [None req-2409b13b-a301-488f-9ed2-2c4732215c74 tempest-PortsAdminExtendedAttrsTestJSON-2021788602 tempest-PortsAdminExtendedAttrsTestJSON-2021788602-project-admin] Publish callbacks ['neutron.db.l3_db.L3_NAT_dbonly_mixin._prevent_l3_port_delete_callback-8769519254492'] for port (443d0c06-3d8e-4f90-8bf3-45d5ee78801f), before_delete {{(pid=109763) _notify_loop /usr/local/lib/python3.8/dist-packages/neutron_lib/callbacks/manager.py:176}}
Jan 14 11:42:22.525266 dv-neutron-816327-24-hyperv neutron-server[109763]: DEBUG neutron.wsgi [-] (109763) accepted ('10.222.0.36', 54552) {{(pid=109763) server /usr/local/lib/python3.8/dist-packages/eventlet/wsgi.py:1004}}
Jan 14 11:42:22.547658 dv-neutron-816327-24-hyperv neutron-server[109762]: DEBUG neutron.db.db_base_plugin_common [None req-510a61c7-b291-40db-a7ad-6eb744934374 tempest-DHCPAgentSchedulersTestJSON-1930468621 tempest-DHCPAgentSchedulersTestJSON-1930468621-project] Allocated IP 172.20.0.4 (2a773ce1-d416-4188-b49a-3f5cdc58f4fa/943ed658-079e-402c-9e5a-01fb8dce2c72/8b082e69-fbee-4eea-be8a-eba4009b1320) {{(pid=109762) _store_ip_allocation /opt/stack/neutron/neutron/db/db_base_plugin_common.py:131}}
Jan 14 11:42:22.552120 dv-neutron-816327-24-hyperv neutron-server[109762]: DEBUG neutron.plugins.ml2.managers [None req-841f5369-f280-44a7-8403-51de57c6521e tempest-PortsAdminExtendedAttrsIpV6TestJSON-1754682650 tempest-PortsAdminExtendedAttrsIpV6TestJSON-1754682650-project-admin] Attempting to bind port 8c649146-87de-4f39-badf-0dabd46aee4a on host hv-neutron-8163 for vnic_type normal with profile {{(pid=109762) bind_port /opt/stack/neutron/neutron/plugins/ml2/managers.py:795}}
Jan 14 11:42:22.552391 dv-neutron-816327-24-hyperv neutron-server[109762]: DEBUG neutron.plugins.ml2.managers [None req-841f5369-f280-44a7-8403-51de57c6521e tempest-PortsAdminExtendedAttrsIpV6TestJSON-1754682650 tempest-PortsAdminExtendedAttrsIpV6TestJSON-1754682650-project-admin] Attempting to bind port 8c649146-87de-4f39-badf-0dabd46aee4a by drivers openvswitch,hyperv on host hv-neutron-8163 at level 0 using segments [{'id': 'b9eaa833-381a-4c36-be00-c33566638d2c', 'network_type': 'vlan', 'physical_network': 'physnet1', 'segmentation_id': 374, 'network_id': 'b9ffa2d8-1b01-4f14-99cc-7e9d8415cee5'}] {{(pid=109762) _bind_port_level /opt/stack/neutron/neutron/plugins/ml2/managers.py:820}}
Jan 14 11:42:22.552599 dv-neutron-816327-24-hyperv neutron-server[109762]: DEBUG neutron.plugins.ml2.drivers.mech_agent [None req-841f5369-f280-44a7-8403-51de57c6521e tempest-PortsAdminExtendedAttrsIpV6TestJSON-1754682650 tempest-PortsAdminExtendedAttrsIpV6TestJSON-1754682650-project-admin] Attempting to bind port 8c649146-87de-4f39-badf-0dabd46aee4a on network b9ffa2d8-1b01-4f14-99cc-7e9d8415cee5 {{(pid=109762) bind_port /opt/stack/neutron/neutron/plugins/ml2/drivers/mech_agent.py:91}}
Jan 14 11:42:22.566782 dv-neutron-816327-24-hyperv neutron-server[109765]: DEBUG neutron.db.l3_dvrscheduler_db [None req-b8c7bbc8-b220-49cd-885b-af7716b45f15 None None] Routers {'ab63a04c-984b-43e9-9547-3cd2e8610b6e'} bound to L3 agent in host dv-neutron-816327-24-hyperv {{(pid=109765) _get_router_ids_for_agent /opt/stack/neutron/neutron/db/l3_dvrscheduler_db.py:420}}
Jan 14 11:42:22.567901 dv-neutron-816327-24-hyperv neutron-server[109765]: DEBUG neutron.db.l3_hamode_db [None req-b8c7bbc8-b220-49cd-885b-af7716b45f15 None None] neutron.services.l3_router.l3_router_plugin.L3RouterPlugin method get_ha_sync_data_for_host called with arguments (, 'dv-neutron-816327-24-hyperv', Agent(admin_state_up=True,agent_type='L3 agent',availability_zone='nova',binary='neutron-l3-agent',configurations={"agent_mode": "legacy", "ex_gw_ports": 1, "extensions": [], "floating_ips": 0, "handle_internal_only_routers": true, "interface_driver": "openvswitch", "interfaces": 1, "log_agent_heartbeats": false, "routers": 1},created_at=2022-01-14T11:35:03Z,description=,heartbeat_timestamp=2022-01-14T11:42:03Z,host='dv-neutron-816327-24-hyperv',id=b5bae701-c934-49e3-aa29-d468baa3a40a,load=0,resource_versions=,resources_synced=,started_at=2022-01-14T11:35:03Z,topic='l3_agent')) {'router_ids': ['ab63a04c-984b-43e9-9547-3cd2e8610b6e'], 'active': True} {{(pid=109765) wrapper /usr/local/lib/python3.8/dist-packages/oslo_log/helpers.py:65}}
Jan 14 11:42:22.577474 dv-neutron-816327-24-hyperv neutron-server[109762]: DEBUG neutron.plugins.ml2.drivers.mech_agent [None req-841f5369-f280-44a7-8403-51de57c6521e tempest-PortsAdminExtendedAttrsIpV6TestJSON-1754682650 tempest-PortsAdminExtendedAttrsIpV6TestJSON-1754682650-project-admin] Port 8c649146-87de-4f39-badf-0dabd46aee4a on network b9ffa2d8-1b01-4f14-99cc-7e9d8415cee5 not bound, no agent of type Open vSwitch agent registered on host hv-neutron-8163 {{(pid=109762) bind_port /opt/stack/neutron/neutron/plugins/ml2/drivers/mech_agent.py:103}}
Jan 14 11:42:22.577871 dv-neutron-816327-24-hyperv neutron-server[109762]: ERROR neutron.plugins.ml2.managers [None req-841f5369-f280-44a7-8403-51de57c6521e tempest-PortsAdminExtendedAttrsIpV6TestJSON-1754682650 tempest-PortsAdminExtendedAttrsIpV6TestJSON-1754682650-project-admin] Failed to bind port 8c649146-87de-4f39-badf-0dabd46aee4a on host hv-neutron-8163 for vnic_type normal using segments [{'id': 'b9eaa833-381a-4c36-be00-c33566638d2c', 'network_type': 'vlan', 'physical_network': 'physnet1', 'segmentation_id': 374, 'network_id': 'b9ffa2d8-1b01-4f14-99cc-7e9d8415cee5'}]
Jan 14 11:42:22.581309 dv-neutron-816327-24-hyperv neutron-server[109762]: INFO neutron.plugins.ml2.plugin [None req-841f5369-f280-44a7-8403-51de57c6521e tempest-PortsAdminExtendedAttrsIpV6TestJSON-1754682650 tempest-PortsAdminExtendedAttrsIpV6TestJSON-1754682650-project-admin] Attempt 8 to bind port 8c649146-87de-4f39-badf-0dabd46aee4a
Jan 14 11:42:22.590935 dv-neutron-816327-24-hyperv neutron-server[109763]: DEBUG neutron.scheduler.dhcp_agent_scheduler [None req-a8042273-002a-4f35-9c3a-79a67f24e939 tempest-ExternalNetworksTestJSON-488144388 tempest-ExternalNetworksTestJSON-488144388-project-admin] Network 3da6b2e7-29db-4d7a-a98f-31d9c4bcfe4d is scheduled to be hosted by DHCP agent 980735d2-1780-4cbd-85f1-8cd8d13bb5a9 with binding_index 1 {{(pid=109763) bind /opt/stack/neutron/neutron/scheduler/dhcp_agent_scheduler.py:227}}
Jan 14 11:42:22.598119 dv-neutron-816327-24-hyperv neutron-server[109764]: DEBUG neutron.plugins.ml2.db [None req-f83f6e96-070e-4482-b2e7-170bff9d8632 None None] For port d37b46f8-c217-4768-9b86-e2a4968294a1, host dv-neutron-816327-24-hyperv, cleared binding levels {{(pid=109764) clear_binding_levels /opt/stack/neutron/neutron/plugins/ml2/db.py:87}}
Jan 14 11:42:22.617664 dv-neutron-816327-24-hyperv neutron-server[109764]: DEBUG neutron.plugins.ml2.db [None req-f83f6e96-070e-4482-b2e7-170bff9d8632 None None] For port d37b46f8-c217-4768-9b86-e2a4968294a1, host dv-neutron-816327-24-hyperv, set binding levels [PortBindingLevel(driver='openvswitch',host='dv-neutron-816327-24-hyperv',level=0,port_id=d37b46f8-c217-4768-9b86-e2a4968294a1,segment=NetworkSegment(a5ffdafd-c24e-4046-998e-c5b89d9c8fe8),segment_id=a5ffdafd-c24e-4046-998e-c5b89d9c8fe8)] {{(pid=109764) set_binding_levels /opt/stack/neutron/neutron/plugins/ml2/db.py:59}}
Jan 14 11:42:22.633532 dv-neutron-816327-24-hyperv neutron-server[109764]: DEBUG neutron_lib.callbacks.manager [None req-f83f6e96-070e-4482-b2e7-170bff9d8632 None None] Publish callbacks ['neutron.plugins.ml2.plugin.SecurityGroupServerNotifierRpcMixin._notify_sg_on_port_change-933605', 'neutron.plugins.ml2.ovo_rpc._ObjectChangeHandler.handle_event-121547', 'neutron.api.rpc.agentnotifiers.dhcp_rpc_agent_api.DhcpAgentNotifyAPI._native_event_send_dhcp_notification-1755846', 'neutron.db.l3_db.L3RpcNotifierMixin._notify_gateway_port_ip_changed-8769519261772', 'neutron.db.l3_dvrscheduler_db._notify_l3_agent_port_update-8769518745658', 'neutron.db.l3_hascheduler_db._notify_l3_agent_ha_port_update-8769518745676'] for port (d37b46f8-c217-4768-9b86-e2a4968294a1), after_update {{(pid=109764) _notify_loop /usr/local/lib/python3.8/dist-packages/neutron_lib/callbacks/manager.py:176}}
Jan 14 11:42:22.638915 dv-neutron-816327-24-hyperv neutron-server[109762]: DEBUG neutron.plugins.ml2.managers [None req-841f5369-f280-44a7-8403-51de57c6521e tempest-PortsAdminExtendedAttrsIpV6TestJSON-1754682650 tempest-PortsAdminExtendedAttrsIpV6TestJSON-1754682650-project-admin] Attempting to bind port 8c649146-87de-4f39-badf-0dabd46aee4a on host hv-neutron-8163 for vnic_type normal with profile {{(pid=109762) bind_port /opt/stack/neutron/neutron/plugins/ml2/managers.py:795}}
Jan 14 11:42:22.639263 dv-neutron-816327-24-hyperv neutron-server[109762]: DEBUG neutron.plugins.ml2.managers [None req-841f5369-f280-44a7-8403-51de57c6521e tempest-PortsAdminExtendedAttrsIpV6TestJSON-1754682650 tempest-PortsAdminExtendedAttrsIpV6TestJSON-1754682650-project-admin] Attempting to bind port 8c649146-87de-4f39-badf-0dabd46aee4a by drivers openvswitch,hyperv on host hv-neutron-8163 at level 0 using segments [{'id': 'b9eaa833-381a-4c36-be00-c33566638d2c', 'network_type': 'vlan', 'physical_network': 'physnet1', 'segmentation_id': 374, 'network_id': 'b9ffa2d8-1b01-4f14-99cc-7e9d8415cee5'}] {{(pid=109762) _bind_port_level /opt/stack/neutron/neutron/plugins/ml2/managers.py:820}}
Jan 14 11:42:22.639574 dv-neutron-816327-24-hyperv neutron-server[109762]: DEBUG neutron.plugins.ml2.drivers.mech_agent [None req-841f5369-f280-44a7-8403-51de57c6521e tempest-PortsAdminExtendedAttrsIpV6TestJSON-1754682650 tempest-PortsAdminExtendedAttrsIpV6TestJSON-1754682650-project-admin] Attempting to bind port 8c649146-87de-4f39-badf-0dabd46aee4a on network b9ffa2d8-1b01-4f14-99cc-7e9d8415cee5 {{(pid=109762) bind_port /opt/stack/neutron/neutron/plugins/ml2/drivers/mech_agent.py:91}}
Jan 14 11:42:22.645980 dv-neutron-816327-24-hyperv neutron-server[109763]: DEBUG neutron.scheduler.base_scheduler [None req-a8042273-002a-4f35-9c3a-79a67f24e939 tempest-ExternalNetworksTestJSON-488144388 tempest-ExternalNetworksTestJSON-488144388-project-admin] Resources bound (agent type, host, resource id): (DHCP agent, dv-neutron-816327-24-hyperv, 3da6b2e7-29db-4d7a-a98f-31d9c4bcfe4d) {{(pid=109763) schedule /opt/stack/neutron/neutron/scheduler/base_scheduler.py:57}}
Jan 14 11:42:22.671233 dv-neutron-816327-24-hyperv neutron-server[109763]: DEBUG neutron.pecan_wsgi.hooks.policy_enforcement [None req-a8042273-002a-4f35-9c3a-79a67f24e939 tempest-ExternalNetworksTestJSON-488144388 tempest-ExternalNetworksTestJSON-488144388-project-admin] Attributes excluded by policy engine: ['standard_attr_id', 'shared', 'segment_id', 'network'] {{(pid=109763) _exclude_attributes_by_policy /opt/stack/neutron/neutron/pecan_wsgi/hooks/policy_enforcement.py:255}}
Jan 14 11:42:22.671991 dv-neutron-816327-24-hyperv neutron-server[109763]: DEBUG neutron_lib.callbacks.manager [None req-a8042273-002a-4f35-9c3a-79a67f24e939 tempest-ExternalNetworksTestJSON-488144388 tempest-ExternalNetworksTestJSON-488144388-project-admin] Publish callbacks ['neutron.api.rpc.agentnotifiers.dhcp_rpc_agent_api.DhcpAgentNotifyAPI._send_dhcp_notification-1755856'] for subnet (None), before_response {{(pid=109763) _notify_loop /usr/local/lib/python3.8/dist-packages/neutron_lib/callbacks/manager.py:176}}
Jan 14 11:42:22.684903 dv-neutron-816327-24-hyperv neutron-server[109762]: DEBUG neutron.plugins.ml2.drivers.mech_agent [None req-841f5369-f280-44a7-8403-51de57c6521e tempest-PortsAdminExtendedAttrsIpV6TestJSON-1754682650 tempest-PortsAdminExtendedAttrsIpV6TestJSON-1754682650-project-admin] Port 8c649146-87de-4f39-badf-0dabd46aee4a on network b9ffa2d8-1b01-4f14-99cc-7e9d8415cee5 not bound, no agent of type Open vSwitch agent registered on host hv-neutron-8163 {{(pid=109762) bind_port /opt/stack/neutron/neutron/plugins/ml2/drivers/mech_agent.py:103}}
Jan 14 11:42:22.685226 dv-neutron-816327-24-hyperv neutron-server[109762]: ERROR neutron.plugins.ml2.managers [None req-841f5369-f280-44a7-8403-51de57c6521e tempest-PortsAdminExtendedAttrsIpV6TestJSON-1754682650 tempest-PortsAdminExtendedAttrsIpV6TestJSON-1754682650-project-admin] Failed to bind port 8c649146-87de-4f39-badf-0dabd46aee4a on host hv-neutron-8163 for vnic_type normal using segments [{'id': 'b9eaa833-381a-4c36-be00-c33566638d2c', 'network_type': 'vlan', 'physical_network': 'physnet1', 'segmentation_id': 374, 'network_id': 'b9ffa2d8-1b01-4f14-99cc-7e9d8415cee5'}]
Jan 14 11:42:22.689417 dv-neutron-816327-24-hyperv neutron-server[109762]: DEBUG neutron_lib.callbacks.manager [None req-b4dc84e6-2073-401c-af3a-6f5a04fdcfee admin admin] Publish callbacks [] for security_group (9a477b0f-a90a-4ac3-887c-0552b1a2577a), precommit_create {{(pid=109762) _notify_loop /usr/local/lib/python3.8/dist-packages/neutron_lib/callbacks/manager.py:176}}
Jan 14 11:42:22.693917 dv-neutron-816327-24-hyperv neutron-server[109762]: INFO neutron.plugins.ml2.plugin [None req-841f5369-f280-44a7-8403-51de57c6521e tempest-PortsAdminExtendedAttrsIpV6TestJSON-1754682650 tempest-PortsAdminExtendedAttrsIpV6TestJSON-1754682650-project-admin] Attempt 9 to bind port 8c649146-87de-4f39-badf-0dabd46aee4a
Jan 14 11:42:22.715039 dv-neutron-816327-24-hyperv neutron-server[109762]: DEBUG neutron_lib.callbacks.manager [None req-b4dc84e6-2073-401c-af3a-6f5a04fdcfee admin admin] Publish callbacks ['neutron.plugins.ml2.ovo_rpc._ObjectChangeHandler.handle_event-1656389'] for security_group (9a477b0f-a90a-4ac3-887c-0552b1a2577a), after_create {{(pid=109762) _notify_loop /usr/local/lib/python3.8/dist-packages/neutron_lib/callbacks/manager.py:176}}
Jan 14 11:42:22.723952 dv-neutron-816327-24-hyperv neutron-server[109764]: DEBUG neutron.api.rpc.handlers.dhcp_rpc [None req-ae91d1db-1eff-4cc2-83a2-034cab433d51 None None] Network 3da6b2e7-29db-4d7a-a98f-31d9c4bcfe4d requested from dv-neutron-816327-24-hyperv {{(pid=109764) get_network_info /opt/stack/neutron/neutron/api/rpc/handlers/dhcp_rpc.py:219}}
Jan 14 11:42:22.754530 dv-neutron-816327-24-hyperv neutron-server[109765]: DEBUG neutron.db.l3_dvr_db [None req-b8c7bbc8-b220-49cd-885b-af7716b45f15 None None] Set router ab63a04c-984b-43e9-9547-3cd2e8610b6e gateway port host: dv-neutron-816327-24-hyperv {{(pid=109765) _build_routers_list /opt/stack/neutron/neutron/db/l3_dvr_db.py:906}}
Jan 14 11:42:22.763399 dv-neutron-816327-24-hyperv neutron-server[109763]: DEBUG neutron.plugins.ml2.db [None req-2409b13b-a301-488f-9ed2-2c4732215c74 tempest-PortsAdminExtendedAttrsTestJSON-2021788602 tempest-PortsAdminExtendedAttrsTestJSON-2021788602-project-admin] For port 443d0c06-3d8e-4f90-8bf3-45d5ee78801f, host hv-neutron-8163, got binding levels [] {{(pid=109763) get_binding_level_objs /opt/stack/neutron/neutron/plugins/ml2/db.py:74}}
Jan 14 11:42:22.763399 dv-neutron-816327-24-hyperv neutron-server[109763]: DEBUG neutron_lib.callbacks.manager [None req-2409b13b-a301-488f-9ed2-2c4732215c74 tempest-PortsAdminExtendedAttrsTestJSON-2021788602 tempest-PortsAdminExtendedAttrsTestJSON-2021788602-project-admin] Publish callbacks ['neutron.services.l3_router.l3_router_plugin.L3_NAT_dbonly_mixin._precommit_delete_port_callback-1602903'] for port (443d0c06-3d8e-4f90-8bf3-45d5ee78801f), precommit_delete {{(pid=109763) _notify_loop /usr/local/lib/python3.8/dist-packages/neutron_lib/callbacks/manager.py:176}}
Jan 14 11:42:22.803583 dv-neutron-816327-24-hyperv neutron-server[109763]: INFO neutron.wsgi [None req-a8042273-002a-4f35-9c3a-79a67f24e939 tempest-ExternalNetworksTestJSON-488144388 tempest-ExternalNetworksTestJSON-488144388-project-admin] 10.222.0.36 "POST /v2.0/subnets HTTP/1.1" status: 201 len: 802 time: 1.5780342
Jan 14 11:42:22.809371 dv-neutron-816327-24-hyperv neutron-server[109762]: DEBUG neutron.plugins.ml2.managers [None req-841f5369-f280-44a7-8403-51de57c6521e tempest-PortsAdminExtendedAttrsIpV6TestJSON-1754682650 tempest-PortsAdminExtendedAttrsIpV6TestJSON-1754682650-project-admin] Attempting to bind port 8c649146-87de-4f39-badf-0dabd46aee4a on host hv-neutron-8163 for vnic_type normal with profile {{(pid=109762) bind_port /opt/stack/neutron/neutron/plugins/ml2/managers.py:795}}
Jan 14 11:42:22.809550 dv-neutron-816327-24-hyperv neutron-server[109764]: DEBUG neutron.api.rpc.handlers.resources_rpc [None req-f83f6e96-070e-4482-b2e7-170bff9d8632 None None] Pushing event updated for resources: {'Port': ['ID=d37b46f8-c217-4768-9b86-e2a4968294a1,revision_number=2']} {{(pid=109764) push /opt/stack/neutron/neutron/api/rpc/handlers/resources_rpc.py:237}}
Jan 14 11:42:22.810113 dv-neutron-816327-24-hyperv neutron-server[109762]: DEBUG neutron.plugins.ml2.managers [None req-841f5369-f280-44a7-8403-51de57c6521e tempest-PortsAdminExtendedAttrsIpV6TestJSON-1754682650 tempest-PortsAdminExtendedAttrsIpV6TestJSON-1754682650-project-admin] Attempting to bind port 8c649146-87de-4f39-badf-0dabd46aee4a by drivers openvswitch,hyperv on host hv-neutron-8163 at level 0 using segments [{'id': 'b9eaa833-381a-4c36-be00-c33566638d2c', 'network_type': 'vlan', 'physical_network': 'physnet1', 'segmentation_id': 374, 'network_id': 'b9ffa2d8-1b01-4f14-99cc-7e9d8415cee5'}] {{(pid=109762) _bind_port_level /opt/stack/neutron/neutron/plugins/ml2/managers.py:820}}
Jan 14 11:42:22.810113 dv-neutron-816327-24-hyperv neutron-server[109762]: DEBUG neutron.plugins.ml2.drivers.mech_agent [None req-841f5369-f280-44a7-8403-51de57c6521e tempest-PortsAdminExtendedAttrsIpV6TestJSON-1754682650 tempest-PortsAdminExtendedAttrsIpV6TestJSON-1754682650-project-admin] Attempting to bind port 8c649146-87de-4f39-badf-0dabd46aee4a on network b9ffa2d8-1b01-4f14-99cc-7e9d8415cee5 {{(pid=109762) bind_port /opt/stack/neutron/neutron/plugins/ml2/drivers/mech_agent.py:91}}
Jan 14 11:42:22.832804 dv-neutron-816327-24-hyperv neutron-server[109762]: DEBUG neutron.wsgi [-] (109762) accepted ('10.222.0.36', 54554) {{(pid=109762) server /usr/local/lib/python3.8/dist-packages/eventlet/wsgi.py:1004}}
Jan 14 11:42:22.844384 dv-neutron-816327-24-hyperv neutron-server[109763]: DEBUG neutron.plugins.ml2.plugin [None req-2409b13b-a301-488f-9ed2-2c4732215c74 tempest-PortsAdminExtendedAttrsTestJSON-2021788602 tempest-PortsAdminExtendedAttrsTestJSON-2021788602-project-admin] Calling delete_port for 443d0c06-3d8e-4f90-8bf3-45d5ee78801f owned by {{(pid=109763) delete_port /opt/stack/neutron/neutron/plugins/ml2/plugin.py:2037}}
Jan 14 11:42:22.846503 dv-neutron-816327-24-hyperv neutron-server[109762]: DEBUG neutron.api.v2.base [None req-90af6e45-6dfb-46bf-9d2f-3e36ce7dda52 tempest-ExternalNetworksTestJSON-488144388 tempest-ExternalNetworksTestJSON-488144388-project-admin] Request body: {'floatingip': {'floating_network_id': '3da6b2e7-29db-4d7a-a98f-31d9c4bcfe4d'}} {{(pid=109762) prepare_request_body /opt/stack/neutron/neutron/api/v2/base.py:729}}
Jan 14 11:42:22.856319 dv-neutron-816327-24-hyperv neutron-server[109764]: DEBUG neutron_lib.callbacks.manager [None req-d3bc47b0-6c39-459e-9817-963547542ffb None None] Publish callbacks [] for port (d5a946ef-9cec-40c6-8145-06028e8b1ef0), precommit_update {{(pid=109764) _notify_loop /usr/local/lib/python3.8/dist-packages/neutron_lib/callbacks/manager.py:176}}
Jan 14 11:42:22.874929 dv-neutron-816327-24-hyperv neutron-server[109764]: DEBUG neutron_lib.callbacks.manager [None req-d3bc47b0-6c39-459e-9817-963547542ffb None None] Publish callbacks ['neutron.plugins.ml2.plugin.SecurityGroupServerNotifierRpcMixin._notify_sg_on_port_change-933605', 'neutron.plugins.ml2.ovo_rpc._ObjectChangeHandler.handle_event-121547', 'neutron.api.rpc.agentnotifiers.dhcp_rpc_agent_api.DhcpAgentNotifyAPI._native_event_send_dhcp_notification-1755846', 'neutron.db.l3_db.L3RpcNotifierMixin._notify_gateway_port_ip_changed-8769519261772', 'neutron.db.l3_dvrscheduler_db._notify_l3_agent_port_update-8769518745658', 'neutron.db.l3_hascheduler_db._notify_l3_agent_ha_port_update-8769518745676'] for port (d5a946ef-9cec-40c6-8145-06028e8b1ef0), after_update {{(pid=109764) _notify_loop /usr/local/lib/python3.8/dist-packages/neutron_lib/callbacks/manager.py:176}}
Jan 14 11:42:22.888145 dv-neutron-816327-24-hyperv neutron-server[109762]: DEBUG neutron.plugins.ml2.drivers.mech_agent [None req-841f5369-f280-44a7-8403-51de57c6521e tempest-PortsAdminExtendedAttrsIpV6TestJSON-1754682650 tempest-PortsAdminExtendedAttrsIpV6TestJSON-1754682650-project-admin] Port 8c649146-87de-4f39-badf-0dabd46aee4a on network b9ffa2d8-1b01-4f14-99cc-7e9d8415cee5 not bound, no agent of type Open vSwitch agent registered on host hv-neutron-8163 {{(pid=109762) bind_port /opt/stack/neutron/neutron/plugins/ml2/drivers/mech_agent.py:103}}
Jan 14 11:42:22.888573 dv-neutron-816327-24-hyperv neutron-server[109762]: ERROR neutron.plugins.ml2.managers [None req-841f5369-f280-44a7-8403-51de57c6521e tempest-PortsAdminExtendedAttrsIpV6TestJSON-1754682650 tempest-PortsAdminExtendedAttrsIpV6TestJSON-1754682650-project-admin] Failed to bind port 8c649146-87de-4f39-badf-0dabd46aee4a on host hv-neutron-8163 for vnic_type normal using segments [{'id': 'b9eaa833-381a-4c36-be00-c33566638d2c', 'network_type': 'vlan', 'physical_network': 'physnet1', 'segmentation_id': 374, 'network_id': 'b9ffa2d8-1b01-4f14-99cc-7e9d8415cee5'}]
Jan 14 11:42:22.897643 dv-neutron-816327-24-hyperv neutron-server[109762]: INFO neutron.plugins.ml2.plugin [None req-841f5369-f280-44a7-8403-51de57c6521e tempest-PortsAdminExtendedAttrsIpV6TestJSON-1754682650 tempest-PortsAdminExtendedAttrsIpV6TestJSON-1754682650-project-admin] Attempt 10 to bind port 8c649146-87de-4f39-badf-0dabd46aee4a
Jan 14 11:42:22.917201 dv-neutron-816327-24-hyperv neutron-server[109762]: INFO neutron.wsgi [None req-b4dc84e6-2073-401c-af3a-6f5a04fdcfee admin admin] 10.222.0.36 "GET /v2.0/security-groups?tenant_id=aa1dd71733454575a2a83f6d3c01d1d0&name=default HTTP/1.1" status: 200 len: 2996 time: 1.0266342
Jan 14 11:42:22.926603 dv-neutron-816327-24-hyperv neutron-server[109763]: DEBUG neutron.wsgi [-] (109763) accepted ('10.222.0.36', 54556) {{(pid=109763) server /usr/local/lib/python3.8/dist-packages/eventlet/wsgi.py:1004}}
Jan 14 11:42:22.928575 dv-neutron-816327-24-hyperv neutron-server[109764]: DEBUG neutron.api.rpc.handlers.resources_rpc [None req-22a6db46-fb36-433e-b869-aeb523766ede None None] Pushing event updated for resources: {'Port': ['ID=d5a946ef-9cec-40c6-8145-06028e8b1ef0,revision_number=2']} {{(pid=109764) push /opt/stack/neutron/neutron/api/rpc/handlers/resources_rpc.py:237}}
Jan 14 11:42:22.935046 dv-neutron-816327-24-hyperv neutron-server[109762]: DEBUG neutron.api.rpc.handlers.resources_rpc [None req-b4dc84e6-2073-401c-af3a-6f5a04fdcfee admin admin] Pushing event updated for resources: {'SecurityGroup': ['ID=9a477b0f-a90a-4ac3-887c-0552b1a2577a,revision_number=1']} {{(pid=109762) push /opt/stack/neutron/neutron/api/rpc/handlers/resources_rpc.py:237}}
Jan 14 11:42:22.938608 dv-neutron-816327-24-hyperv neutron-server[109763]: DEBUG neutron.plugins.ml2.plugin [None req-0e0e8098-5f10-4fc4-b618-b6bfc2d585f6 tempest-RoutersIpV6AdminTest-781812662 tempest-RoutersIpV6AdminTest-781812662-project-admin] Deleting port b43b68d0-9ea8-4f6b-8b1a-a43fcbc0d79b {{(pid=109763) _pre_delete_port /opt/stack/neutron/neutron/plugins/ml2/plugin.py:1959}}
Jan 14 11:42:22.938950 dv-neutron-816327-24-hyperv neutron-server[109763]: DEBUG neutron_lib.callbacks.manager [None req-0e0e8098-5f10-4fc4-b618-b6bfc2d585f6 tempest-RoutersIpV6AdminTest-781812662 tempest-RoutersIpV6AdminTest-781812662-project-admin] Publish callbacks ['neutron.db.l3_db.L3_NAT_dbonly_mixin._prevent_l3_port_delete_callback-8769519254492'] for port (b43b68d0-9ea8-4f6b-8b1a-a43fcbc0d79b), before_delete {{(pid=109763) _notify_loop /usr/local/lib/python3.8/dist-packages/neutron_lib/callbacks/manager.py:176}}
Jan 14 11:42:22.972211 dv-neutron-816327-24-hyperv neutron-server[109764]: DEBUG neutron.api.rpc.handlers.dhcp_rpc [None req-ef17ee5f-c530-4ed6-8e45-e90f51d670af None None] Network 3da6b2e7-29db-4d7a-a98f-31d9c4bcfe4d requested from dv-neutron-816327-24-hyperv {{(pid=109764) get_network_info /opt/stack/neutron/neutron/api/rpc/handlers/dhcp_rpc.py:219}}
Jan 14 11:42:22.999807 dv-neutron-816327-24-hyperv neutron-server[109762]: DEBUG neutron_lib.callbacks.manager [None req-417217d3-cf1b-456d-ba40-2a51321bce5f admin admin] Publish callbacks ['neutron.plugins.ml2.plugin.SecurityGroupDbMixin._ensure_default_security_group_handler-932898'] for port (None), before_create {{(pid=109762) _notify_loop /usr/local/lib/python3.8/dist-packages/neutron_lib/callbacks/manager.py:176}}
Jan 14 11:42:23.019221 dv-neutron-816327-24-hyperv neutron-server[109762]: DEBUG neutron.plugins.ml2.managers [None req-841f5369-f280-44a7-8403-51de57c6521e tempest-PortsAdminExtendedAttrsIpV6TestJSON-1754682650 tempest-PortsAdminExtendedAttrsIpV6TestJSON-1754682650-project-admin] Attempting to bind port 8c649146-87de-4f39-badf-0dabd46aee4a on host hv-neutron-8163 for vnic_type normal with profile {{(pid=109762) bind_port /opt/stack/neutron/neutron/plugins/ml2/managers.py:795}}
Jan 14 11:42:23.019544 dv-neutron-816327-24-hyperv neutron-server[109762]: DEBUG neutron.plugins.ml2.managers [None req-841f5369-f280-44a7-8403-51de57c6521e tempest-PortsAdminExtendedAttrsIpV6TestJSON-1754682650 tempest-PortsAdminExtendedAttrsIpV6TestJSON-1754682650-project-admin] Attempting to bind port 8c649146-87de-4f39-badf-0dabd46aee4a by drivers openvswitch,hyperv on host hv-neutron-8163 at level 0 using segments [{'id': 'b9eaa833-381a-4c36-be00-c33566638d2c', 'network_type': 'vlan', 'physical_network': 'physnet1', 'segmentation_id': 374, 'network_id': 'b9ffa2d8-1b01-4f14-99cc-7e9d8415cee5'}] {{(pid=109762) _bind_port_level /opt/stack/neutron/neutron/plugins/ml2/managers.py:820}}
Jan 14 11:42:23.019870 dv-neutron-816327-24-hyperv neutron-server[109762]: DEBUG neutron.plugins.ml2.drivers.mech_agent [None req-841f5369-f280-44a7-8403-51de57c6521e tempest-PortsAdminExtendedAttrsIpV6TestJSON-1754682650 tempest-PortsAdminExtendedAttrsIpV6TestJSON-1754682650-project-admin] Attempting to bind port 8c649146-87de-4f39-badf-0dabd46aee4a on network b9ffa2d8-1b01-4f14-99cc-7e9d8415cee5 {{(pid=109762) bind_port /opt/stack/neutron/neutron/plugins/ml2/drivers/mech_agent.py:91}}
Jan 14 11:42:23.026805 dv-neutron-816327-24-hyperv neutron-server[109764]: DEBUG neutron.plugins.ml2.managers [None req-d3bc47b0-6c39-459e-9817-963547542ffb None None] Attempting to bind port d5a946ef-9cec-40c6-8145-06028e8b1ef0 on host dv-neutron-816327-24-hyperv for vnic_type normal with profile {{(pid=109764) bind_port /opt/stack/neutron/neutron/plugins/ml2/managers.py:795}}
Jan 14 11:42:23.027196 dv-neutron-816327-24-hyperv neutron-server[109764]: DEBUG neutron.plugins.ml2.managers [None req-d3bc47b0-6c39-459e-9817-963547542ffb None None] Attempting to bind port d5a946ef-9cec-40c6-8145-06028e8b1ef0 by drivers openvswitch,hyperv on host dv-neutron-816327-24-hyperv at level 0 using segments [{'id': '54d446c3-88b4-494c-9eea-c7761fab60e5', 'network_type': 'flat', 'physical_network': 'physnet1', 'segmentation_id': None, 'network_id': '37d39f7f-7295-40c9-a9b3-b819f7225809'}] {{(pid=109764) _bind_port_level /opt/stack/neutron/neutron/plugins/ml2/managers.py:820}}
Jan 14 11:42:23.027584 dv-neutron-816327-24-hyperv neutron-server[109764]: DEBUG neutron.plugins.ml2.drivers.mech_agent [None req-d3bc47b0-6c39-459e-9817-963547542ffb None None] Attempting to bind port d5a946ef-9cec-40c6-8145-06028e8b1ef0 on network 37d39f7f-7295-40c9-a9b3-b819f7225809 {{(pid=109764) bind_port /opt/stack/neutron/neutron/plugins/ml2/drivers/mech_agent.py:91}}
Jan 14 11:42:23.039728 dv-neutron-816327-24-hyperv neutron-server[109764]: DEBUG neutron.plugins.ml2.drivers.mech_agent [None req-d3bc47b0-6c39-459e-9817-963547542ffb None None] Checking agent: {'id': '306e7bd8-d656-41df-9aea-6fc50a65b76b', 'agent_type': 'Open vSwitch agent', 'binary': 'neutron-openvswitch-agent', 'topic': 'N/A', 'host': 'dv-neutron-816327-24-hyperv', 'admin_state_up': True, 'created_at': datetime.datetime(2022, 1, 14, 11, 35, 7), 'started_at': datetime.datetime(2022, 1, 14, 11, 35, 37), 'heartbeat_timestamp': datetime.datetime(2022, 1, 14, 11, 42, 7), 'description': None, 'resources_synced': None, 'availability_zone': None, 'alive': True, 'configurations': {'arp_responder_enabled': False, 'baremetal_smartnic': False, 'bridge_mappings': {'physnet1': 'br-data'}, 'datapath_type': 'system', 'devices': 0, 'enable_distributed_routing': False, 'extensions': [], 'in_distributed_mode': False, 'integration_bridge': 'br-int', 'l2_population': False, 'log_agent_heartbeats': False, 'ovs_capabilities': {'datapath_types': ['netdev', 'system'], 'iface_types': ['erspan', 'geneve', 'gre', 'internal', 'ip6erspan', 'ip6gre', 'lisp', 'patch', 'stt', 'system', 'tap', 'vxlan']}, 'ovs_hybrid_plug': False, 'resource_provider_bandwidths': {}, 'resource_provider_hypervisors': {'br-data': 'dv-neutron-816327-24-hyperv'}, 'resource_provider_inventory_defaults': {'allocation_ratio': 1.0, 'min_unit': 1, 'step_size': 1, 'reserved': 0}, 'resource_provider_packet_processing_inventory_defaults': {'allocation_ratio': 1.0, 'min_unit': 1, 'step_size': 1, 'reserved': 0}, 'resource_provider_packet_processing_with_direction': {}, 'resource_provider_packet_processing_without_direction': {}, 'tunnel_types': [], 'tunneling_ip': None, 'vhostuser_socket_dir': '/var/run/openvswitch'}, 'resource_versions': {'AddressGroup': '1.2', 'ConntrackHelper': '1.0', 'LocalIPAssociation': '1.0', 'Log': '1.0', 'Network': '1.1', 'Port': '1.7', 'PortForwarding': '1.2', 'QosPolicy': '1.10', 'SecurityGroup': '1.5', 'SecurityGroupRule': '1.2', 'SubPort': '1.0', 'Subnet': '1.1', 'Trunk': '1.1'}} {{(pid=109764) bind_port /opt/stack/neutron/neutron/plugins/ml2/drivers/mech_agent.py:110}}
Jan 14 11:42:23.040084 dv-neutron-816327-24-hyperv neutron-server[109764]: DEBUG neutron.plugins.ml2.drivers.mech_agent [None req-d3bc47b0-6c39-459e-9817-963547542ffb None None] Checking segment: {'id': '54d446c3-88b4-494c-9eea-c7761fab60e5', 'network_type': 'flat', 'physical_network': 'physnet1', 'segmentation_id': None, 'network_id': '37d39f7f-7295-40c9-a9b3-b819f7225809'} for mappings: {'physnet1': 'br-data'} with network types: ['local', 'flat', 'vlan'] {{(pid=109764) check_segment_for_agent /opt/stack/neutron/neutron/plugins/ml2/drivers/mech_agent.py:371}}
Jan 14 11:42:23.042635 dv-neutron-816327-24-hyperv neutron-server[109764]: DEBUG neutron_lib.callbacks.manager [None req-d3bc47b0-6c39-459e-9817-963547542ffb None None] Publish callbacks [] for ovs_bridge_name (None), before_read {{(pid=109764) _notify_loop /usr/local/lib/python3.8/dist-packages/neutron_lib/callbacks/manager.py:176}}
Jan 14 11:42:23.042635 dv-neutron-816327-24-hyperv neutron-server[109764]: DEBUG neutron.plugins.ml2.drivers.mech_agent [None req-d3bc47b0-6c39-459e-9817-963547542ffb None None] Bound using segment: {'id': '54d446c3-88b4-494c-9eea-c7761fab60e5', 'network_type': 'flat', 'physical_network': 'physnet1', 'segmentation_id': None, 'network_id': '37d39f7f-7295-40c9-a9b3-b819f7225809'} {{(pid=109764) bind_port /opt/stack/neutron/neutron/plugins/ml2/drivers/mech_agent.py:120}}
Jan 14 11:42:23.042635 dv-neutron-816327-24-hyperv neutron-server[109764]: DEBUG neutron.plugins.ml2.managers [None req-d3bc47b0-6c39-459e-9817-963547542ffb None None] Bound port: d5a946ef-9cec-40c6-8145-06028e8b1ef0, host: dv-neutron-816327-24-hyperv, vif_type: ovs, vif_details: {"connectivity": "l2", "port_filter": true, "ovs_hybrid_plug": false, "datapath_type": "system", "bridge_name": "br-int"}, binding_levels: [{'bound_driver': 'openvswitch', 'bound_segment': {'id': '54d446c3-88b4-494c-9eea-c7761fab60e5', 'network_type': 'flat', 'physical_network': 'physnet1', 'segmentation_id': None, 'network_id': '37d39f7f-7295-40c9-a9b3-b819f7225809'}}] {{(pid=109764) _bind_port_level /opt/stack/neutron/neutron/plugins/ml2/managers.py:932}}
Jan 14 11:42:23.042635 dv-neutron-816327-24-hyperv neutron-server[109764]: DEBUG neutron_lib.callbacks.manager [None req-d3bc47b0-6c39-459e-9817-963547542ffb None None] Publish callbacks ['neutron.plugins.ml2.plugin.SecurityGroupDbMixin._ensure_default_security_group_handler-932898'] for port (d5a946ef-9cec-40c6-8145-06028e8b1ef0), before_update {{(pid=109764) _notify_loop /usr/local/lib/python3.8/dist-packages/neutron_lib/callbacks/manager.py:176}}
Jan 14 11:42:23.090573 dv-neutron-816327-24-hyperv neutron-server[109762]: DEBUG neutron_lib.callbacks.manager [None req-90af6e45-6dfb-46bf-9d2f-3e36ce7dda52 tempest-ExternalNetworksTestJSON-488144388 tempest-ExternalNetworksTestJSON-488144388-project-admin] Publish callbacks [] for floatingip (None), before_create {{(pid=109762) _notify_loop /usr/local/lib/python3.8/dist-packages/neutron_lib/callbacks/manager.py:176}}
Jan 14 11:42:23.094751 dv-neutron-816327-24-hyperv neutron-server[109765]: DEBUG neutron.db.l3_hamode_db [None req-b8c7bbc8-b220-49cd-885b-af7716b45f15 None None] neutron.services.l3_router.l3_router_plugin.L3RouterPlugin method _process_sync_ha_data called with arguments (, [{'id': 'ab63a04c-984b-43e9-9547-3cd2e8610b6e', 'name': 'tempest-ServersTestManualDisk-752097942-router', 'tenant_id': '75aa69632e614d0b850bc8bc78b43f9a', 'admin_state_up': True, 'status': 'ACTIVE', 'external_gateway_info': {'network_id': '37d39f7f-7295-40c9-a9b3-b819f7225809', 'external_fixed_ips': [{'subnet_id': 'bc2935a4-0523-4631-addd-be259d5fe3e5', 'ip_address': '172.26.3.194'}], 'enable_snat': True}, 'gw_port_id': '6021901e-9073-4bc1-acb5-ac1c67205cdc', 'description': '', 'availability_zones': ['nova'], 'distributed': False, 'ha': False, 'ha_vr_id': 0, 'availability_zone_hints': [], 'routes': [], 'flavor_id': None, 'tags': [], 'created_at': '2022-01-14T11:42:14Z', 'updated_at': '2022-01-14T11:42:17Z', 'revision_number': 3, 'project_id': '75aa69632e614d0b850bc8bc78b43f9a', 'gw_port': {'id': '6021901e-9073-4bc1-acb5-ac1c67205cdc', 'name': '', 'network_id': '37d39f7f-7295-40c9-a9b3-b819f7225809', 'tenant_id': '', 'mac_address': 'fa:16:3e:a6:c8:7a', 'admin_state_up': True, 'status': 'DOWN', 'device_id': 'ab63a04c-984b-43e9-9547-3cd2e8610b6e', 'device_owner': 'network:router_gateway', 'standard_attr_id': 51, 'fixed_ips': [{'subnet_id': 'bc2935a4-0523-4631-addd-be259d5fe3e5', 'ip_address': '172.26.3.194', 'prefixlen': 24}], 'allowed_address_pairs': [], 'extra_dhcp_opts': [], 'security_groups': [], 'description': '', 'binding:vnic_type': 'normal', 'binding:profile': {}, 'binding:host_id': 'dv-neutron-816327-24-hyperv', 'binding:vif_type': 'ovs', 'binding:vif_details': {'connectivity': 'l2', 'port_filter': True, 'ovs_hybrid_plug': False, 'datapath_type': 'system', 'bridge_name': 'br-int'}, 'port_security_enabled': False, 'tags': [], 'created_at': '2022-01-14T11:42:15Z', 'updated_at': '2022-01-14T11:42:22Z', 'revision_number': 3, 'project_id': '', 'subnets': [{'id': 'bc2935a4-0523-4631-addd-be259d5fe3e5', 'cidr': '172.26.3.0/24', 'gateway_ip': '172.26.3.1', 'dns_nameservers': [], 'ipv6_ra_mode': None, 'subnetpool_id': None}], 'extra_subnets': [], 'address_scopes': {4: None, 6: None}, 'mtu': 1500}, 'enable_snat': True, 'gw_port_host': 'dv-neutron-816327-24-hyperv'}], 'dv-neutron-816327-24-hyperv', False) {} {{(pid=109765) wrapper /usr/local/lib/python3.8/dist-packages/oslo_log/helpers.py:65}}
Jan 14 11:42:23.112494 dv-neutron-816327-24-hyperv neutron-server[109762]: DEBUG neutron.plugins.ml2.drivers.mech_agent [None req-841f5369-f280-44a7-8403-51de57c6521e tempest-PortsAdminExtendedAttrsIpV6TestJSON-1754682650 tempest-PortsAdminExtendedAttrsIpV6TestJSON-1754682650-project-admin] Port 8c649146-87de-4f39-badf-0dabd46aee4a on network b9ffa2d8-1b01-4f14-99cc-7e9d8415cee5 not bound, no agent of type Open vSwitch agent registered on host hv-neutron-8163 {{(pid=109762) bind_port /opt/stack/neutron/neutron/plugins/ml2/drivers/mech_agent.py:103}}
Jan 14 11:42:23.112494 dv-neutron-816327-24-hyperv neutron-server[109762]: ERROR neutron.plugins.ml2.managers [None req-841f5369-f280-44a7-8403-51de57c6521e tempest-PortsAdminExtendedAttrsIpV6TestJSON-1754682650 tempest-PortsAdminExtendedAttrsIpV6TestJSON-1754682650-project-admin] Failed to bind port 8c649146-87de-4f39-badf-0dabd46aee4a on host hv-neutron-8163 for vnic_type normal using segments [{'id': 'b9eaa833-381a-4c36-be00-c33566638d2c', 'network_type': 'vlan', 'physical_network': 'physnet1', 'segmentation_id': 374, 'network_id': 'b9ffa2d8-1b01-4f14-99cc-7e9d8415cee5'}]
Jan 14 11:42:23.112494 dv-neutron-816327-24-hyperv neutron-server[109762]: DEBUG neutron_lib.callbacks.manager [None req-841f5369-f280-44a7-8403-51de57c6521e tempest-PortsAdminExtendedAttrsIpV6TestJSON-1754682650 tempest-PortsAdminExtendedAttrsIpV6TestJSON-1754682650-project-admin] Publish callbacks ['neutron.plugins.ml2.plugin.SecurityGroupDbMixin._ensure_default_security_group_handler-932898'] for port (8c649146-87de-4f39-badf-0dabd46aee4a), before_update {{(pid=109762) _notify_loop /usr/local/lib/python3.8/dist-packages/neutron_lib/callbacks/manager.py:176}}
Jan 14 11:42:23.139610 dv-neutron-816327-24-hyperv neutron-server[109765]: DEBUG neutron.api.rpc.handlers.l3_rpc [None req-b8c7bbc8-b220-49cd-885b-af7716b45f15 None None] The sync data for ids ['ab63a04c-984b-43e9-9547-3cd2e8610b6e'] in dv-neutron-816327-24-hyperv is: [{'id': 'ab63a04c-984b-43e9-9547-3cd2e8610b6e', 'name': 'tempest-ServersTestManualDisk-752097942-router', 'tenant_id': '75aa69632e614d0b850bc8bc78b43f9a', 'admin_state_up': True, 'status': 'ACTIVE', 'external_gateway_info': {'network_id': '37d39f7f-7295-40c9-a9b3-b819f7225809', 'external_fixed_ips': [{'subnet_id': 'bc2935a4-0523-4631-addd-be259d5fe3e5', 'ip_address': '172.26.3.194'}], 'enable_snat': True}, 'gw_port_id': '6021901e-9073-4bc1-acb5-ac1c67205cdc', 'description': '', 'availability_zones': ['nova'], 'distributed': False, 'ha': False, 'ha_vr_id': 0, 'availability_zone_hints': [], 'routes': [], 'flavor_id': None, 'tags': [], 'created_at': '2022-01-14T11:42:14Z', 'updated_at': '2022-01-14T11:42:17Z', 'revision_number': 3, 'project_id': '75aa69632e614d0b850bc8bc78b43f9a', 'gw_port': {'id': '6021901e-9073-4bc1-acb5-ac1c67205cdc', 'name': '', 'network_id': '37d39f7f-7295-40c9-a9b3-b819f7225809', 'tenant_id': '', 'mac_address': 'fa:16:3e:a6:c8:7a', 'admin_state_up': True, 'status': 'DOWN', 'device_id': 'ab63a04c-984b-43e9-9547-3cd2e8610b6e', 'device_owner': 'network:router_gateway', 'standard_attr_id': 51, 'fixed_ips': [{'subnet_id': 'bc2935a4-0523-4631-addd-be259d5fe3e5', 'ip_address': '172.26.3.194', 'prefixlen': 24}], 'allowed_address_pairs': [], 'extra_dhcp_opts': [], 'security_groups': [], 'description': '', 'binding:vnic_type': 'normal', 'binding:profile': {}, 'binding:host_id': 'dv-neutron-816327-24-hyperv', 'binding:vif_type': 'ovs', 'binding:vif_details': {'connectivity': 'l2', 'port_filter': True, 'ovs_hybrid_plug': False, 'datapath_type': 'system', 'bridge_name': 'br-int'}, 'port_security_enabled': False, 'tags': [], 'created_at': '2022-01-14T11:42:15Z', 'updated_at': '2022-01-14T11:42:22Z', 'revision_number': 3, 'project_id': '', 'subnets': [{'id': 'bc2935a4-0523-4631-addd-be259d5fe3e5', 'cidr': '172.26.3.0/24', 'gateway_ip': '172.26.3.1', 'dns_nameservers': [], 'ipv6_ra_mode': None, 'subnetpool_id': None}], 'extra_subnets': [], 'address_scopes': {4: None, 6: None}, 'mtu': 1500}, 'enable_snat': True, 'gw_port_host': 'dv-neutron-816327-24-hyperv'}] {{(pid=109765) sync_routers /opt/stack/neutron/neutron/api/rpc/handlers/l3_rpc.py:137}}
Jan 14 11:42:23.144554 dv-neutron-816327-24-hyperv neutron-server[109762]: DEBUG neutron_lib.callbacks.manager [None req-510a61c7-b291-40db-a7ad-6eb744934374 tempest-DHCPAgentSchedulersTestJSON-1930468621 tempest-DHCPAgentSchedulersTestJSON-1930468621-project] Publish callbacks [] for port (8b082e69-fbee-4eea-be8a-eba4009b1320), precommit_create {{(pid=109762) _notify_loop /usr/local/lib/python3.8/dist-packages/neutron_lib/callbacks/manager.py:176}}
Jan 14 11:42:23.193863 dv-neutron-816327-24-hyperv neutron-server[109764]: DEBUG neutron.plugins.ml2.db [None req-d3bc47b0-6c39-459e-9817-963547542ffb None None] For port d5a946ef-9cec-40c6-8145-06028e8b1ef0, host dv-neutron-816327-24-hyperv, cleared binding levels {{(pid=109764) clear_binding_levels /opt/stack/neutron/neutron/plugins/ml2/db.py:87}}
Jan 14 11:42:23.209360 dv-neutron-816327-24-hyperv neutron-server[109763]: DEBUG neutron_lib.callbacks.manager [None req-7bb0e0b5-8ec7-4000-8928-dbf5c8f8c682 admin admin] Publish callbacks ['neutron.plugins.ml2.plugin.SecurityGroupDbMixin._ensure_default_security_group_handler-932898'] for port (None), before_create {{(pid=109763) _notify_loop /usr/local/lib/python3.8/dist-packages/neutron_lib/callbacks/manager.py:176}}
Jan 14 11:42:23.213948 dv-neutron-816327-24-hyperv neutron-server[109764]: DEBUG neutron.plugins.ml2.db [None req-d3bc47b0-6c39-459e-9817-963547542ffb None None] For port d5a946ef-9cec-40c6-8145-06028e8b1ef0, host dv-neutron-816327-24-hyperv, set binding levels [PortBindingLevel(driver='openvswitch',host='dv-neutron-816327-24-hyperv',level=0,port_id=d5a946ef-9cec-40c6-8145-06028e8b1ef0,segment=NetworkSegment(54d446c3-88b4-494c-9eea-c7761fab60e5),segment_id=54d446c3-88b4-494c-9eea-c7761fab60e5)] {{(pid=109764) set_binding_levels /opt/stack/neutron/neutron/plugins/ml2/db.py:59}}
Jan 14 11:42:23.220786 dv-neutron-816327-24-hyperv neutron-server[109764]: DEBUG neutron_lib.callbacks.manager [None req-d3bc47b0-6c39-459e-9817-963547542ffb None None] Publish callbacks ['neutron.plugins.ml2.plugin.SecurityGroupServerNotifierRpcMixin._notify_sg_on_port_change-933605', 'neutron.plugins.ml2.ovo_rpc._ObjectChangeHandler.handle_event-121547', 'neutron.api.rpc.agentnotifiers.dhcp_rpc_agent_api.DhcpAgentNotifyAPI._native_event_send_dhcp_notification-1755846', 'neutron.db.l3_db.L3RpcNotifierMixin._notify_gateway_port_ip_changed-8769519261772', 'neutron.db.l3_dvrscheduler_db._notify_l3_agent_port_update-8769518745658', 'neutron.db.l3_hascheduler_db._notify_l3_agent_ha_port_update-8769518745676'] for port (d5a946ef-9cec-40c6-8145-06028e8b1ef0), after_update {{(pid=109764) _notify_loop /usr/local/lib/python3.8/dist-packages/neutron_lib/callbacks/manager.py:176}}
Jan 14 11:42:23.298967 dv-neutron-816327-24-hyperv neutron-server[109763]: DEBUG neutron_lib.callbacks.manager [None req-0e0e8098-5f10-4fc4-b618-b6bfc2d585f6 tempest-RoutersIpV6AdminTest-781812662 tempest-RoutersIpV6AdminTest-781812662-project-admin] Publish callbacks ['neutron.services.l3_router.l3_router_plugin.L3_NAT_dbonly_mixin._precommit_delete_port_callback-1602903'] for port (b43b68d0-9ea8-4f6b-8b1a-a43fcbc0d79b), precommit_delete {{(pid=109763) _notify_loop /usr/local/lib/python3.8/dist-packages/neutron_lib/callbacks/manager.py:176}}
Jan 14 11:42:23.306459 dv-neutron-816327-24-hyperv neutron-server[109764]: DEBUG neutron.db.l3_dvrscheduler_db [None req-d3bc47b0-6c39-459e-9817-963547542ffb None None] Routers {'f0178148-3912-4286-b6cf-3b281f065c49'} bound to L3 agent in host dv-neutron-816327-24-hyperv {{(pid=109764) _get_router_ids_for_agent /opt/stack/neutron/neutron/db/l3_dvrscheduler_db.py:420}}
Jan 14 11:42:23.307615 dv-neutron-816327-24-hyperv neutron-server[109764]: DEBUG neutron.db.l3_hamode_db [None req-d3bc47b0-6c39-459e-9817-963547542ffb None None] neutron.services.l3_router.l3_router_plugin.L3RouterPlugin method get_ha_sync_data_for_host called with arguments (, 'dv-neutron-816327-24-hyperv', Agent(admin_state_up=True,agent_type='L3 agent',availability_zone='nova',binary='neutron-l3-agent',configurations={"agent_mode": "legacy", "ex_gw_ports": 1, "extensions": [], "floating_ips": 0, "handle_internal_only_routers": true, "interface_driver": "openvswitch", "interfaces": 1, "log_agent_heartbeats": false, "routers": 1},created_at=2022-01-14T11:35:03Z,description=,heartbeat_timestamp=2022-01-14T11:42:03Z,host='dv-neutron-816327-24-hyperv',id=b5bae701-c934-49e3-aa29-d468baa3a40a,load=0,resource_versions=,resources_synced=,started_at=2022-01-14T11:35:03Z,topic='l3_agent')) {'router_ids': ['f0178148-3912-4286-b6cf-3b281f065c49'], 'active': True} {{(pid=109764) wrapper /usr/local/lib/python3.8/dist-packages/oslo_log/helpers.py:65}}
Jan 14 11:42:23.328310 dv-neutron-816327-24-hyperv neutron-server[109763]: DEBUG neutron.plugins.ml2.plugin [None req-0e0e8098-5f10-4fc4-b618-b6bfc2d585f6 tempest-RoutersIpV6AdminTest-781812662 tempest-RoutersIpV6AdminTest-781812662-project-admin] Calling delete_port for b43b68d0-9ea8-4f6b-8b1a-a43fcbc0d79b owned by {{(pid=109763) delete_port /opt/stack/neutron/neutron/plugins/ml2/plugin.py:2037}}
Jan 14 11:42:23.337056 dv-neutron-816327-24-hyperv neutron-server[109763]: DEBUG neutron_lib.callbacks.manager [None req-90835379-86f9-42a5-8a07-cc75456f55c7 admin admin] Publish callbacks [] for security_group (9a477b0f-a90a-4ac3-887c-0552b1a2577a), before_delete {{(pid=109763) _notify_loop /usr/local/lib/python3.8/dist-packages/neutron_lib/callbacks/manager.py:176}}
Jan 14 11:42:23.352044 dv-neutron-816327-24-hyperv neutron-server[109764]: DEBUG neutron.api.rpc.handlers.resources_rpc [None req-22a6db46-fb36-433e-b869-aeb523766ede None None] Pushing event updated for resources: {'Port': ['ID=d5a946ef-9cec-40c6-8145-06028e8b1ef0,revision_number=3']} {{(pid=109764) push /opt/stack/neutron/neutron/api/rpc/handlers/resources_rpc.py:237}}
Jan 14 11:42:23.447003 dv-neutron-816327-24-hyperv neutron-server[109764]: DEBUG neutron.db.l3_dvr_db [None req-d3bc47b0-6c39-459e-9817-963547542ffb None None] Set router f0178148-3912-4286-b6cf-3b281f065c49 gateway port host: dv-neutron-816327-24-hyperv {{(pid=109764) _build_routers_list /opt/stack/neutron/neutron/db/l3_dvr_db.py:906}}
Jan 14 11:42:23.624594 dv-neutron-816327-24-hyperv neutron-server[109762]: DEBUG neutron.plugins.ml2.db [None req-841f5369-f280-44a7-8403-51de57c6521e tempest-PortsAdminExtendedAttrsIpV6TestJSON-1754682650 tempest-PortsAdminExtendedAttrsIpV6TestJSON-1754682650-project-admin] For port 8c649146-87de-4f39-badf-0dabd46aee4a, host hv-neutron-8163, cleared binding levels {{(pid=109762) clear_binding_levels /opt/stack/neutron/neutron/plugins/ml2/db.py:87}}
Jan 14 11:42:23.625324 dv-neutron-816327-24-hyperv neutron-server[109762]: DEBUG neutron.plugins.ml2.db [None req-841f5369-f280-44a7-8403-51de57c6521e tempest-PortsAdminExtendedAttrsIpV6TestJSON-1754682650 tempest-PortsAdminExtendedAttrsIpV6TestJSON-1754682650-project-admin] Attempted to set empty binding levels {{(pid=109762) set_binding_levels /opt/stack/neutron/neutron/plugins/ml2/db.py:65}}
Jan 14 11:42:23.626771 dv-neutron-816327-24-hyperv neutron-server[109762]: DEBUG neutron_lib.callbacks.manager [None req-510a61c7-b291-40db-a7ad-6eb744934374 tempest-DHCPAgentSchedulersTestJSON-1930468621 tempest-DHCPAgentSchedulersTestJSON-1930468621-project] Publish callbacks ['neutron.plugins.ml2.plugin.SecurityGroupServerNotifierRpcMixin._notify_sg_on_port_change-933605', 'neutron.plugins.ml2.ovo_rpc._ObjectChangeHandler.handle_event-121547', 'neutron.api.rpc.agentnotifiers.dhcp_rpc_agent_api.DhcpAgentNotifyAPI._native_event_send_dhcp_notification-1755846', 'neutron.db.l3_dvrscheduler_db._notify_l3_agent_new_port-8769518745640'] for port (8b082e69-fbee-4eea-be8a-eba4009b1320), after_create {{(pid=109762) _notify_loop /usr/local/lib/python3.8/dist-packages/neutron_lib/callbacks/manager.py:176}}
Jan 14 11:42:23.641776 dv-neutron-816327-24-hyperv neutron-server[109763]: DEBUG neutron_lib.callbacks.manager [None req-90835379-86f9-42a5-8a07-cc75456f55c7 admin admin] Publish callbacks [] for security_group (9a477b0f-a90a-4ac3-887c-0552b1a2577a), precommit_delete {{(pid=109763) _notify_loop /usr/local/lib/python3.8/dist-packages/neutron_lib/callbacks/manager.py:176}}
Jan 14 11:42:23.679116 dv-neutron-816327-24-hyperv neutron-server[109763]: DEBUG neutron_lib.callbacks.manager [None req-2409b13b-a301-488f-9ed2-2c4732215c74 tempest-PortsAdminExtendedAttrsTestJSON-2021788602 tempest-PortsAdminExtendedAttrsTestJSON-2021788602-project-admin] Publish callbacks ['neutron.plugins.ml2.plugin.SecurityGroupServerNotifierRpcMixin._notify_sg_on_port_change-933605', 'neutron.plugins.ml2.ovo_rpc._ObjectChangeHandler.handle_event-121547', 'neutron.api.rpc.agentnotifiers.dhcp_rpc_agent_api.DhcpAgentNotifyAPI._native_event_send_dhcp_notification-1755846', 'neutron.db.l3_db.L3RpcNotifierMixin._notify_routers_callback-8769519261754', 'neutron.db.l3_dvrscheduler_db._notify_port_delete-8769518745649', 'neutron.services.segments.plugin.NovaSegmentNotifier._notify_port_created_or_deleted-1098665'] for port (443d0c06-3d8e-4f90-8bf3-45d5ee78801f), after_delete {{(pid=109763) _notify_loop /usr/local/lib/python3.8/dist-packages/neutron_lib/callbacks/manager.py:176}}
