Dec 09 11:39:18.595857 dv-neutron-816327-22-hyperv neutron-server[109793]: DEBUG neutron.plugins.ml2.drivers.mech_agent [None req-af2cfc0e-7a7b-4947-9372-7a1835af02b5 None None] Checking agent: {'id': '878eccf7-eab9-4e4b-8226-14ef3b35a295', 'agent_type': 'Open vSwitch agent', 'binary': 'neutron-openvswitch-agent', 'topic': 'N/A', 'host': 'dv-neutron-816327-22-hyperv', 'admin_state_up': True, 'created_at': datetime.datetime(2021, 12, 9, 11, 31, 32), 'started_at': datetime.datetime(2021, 12, 9, 11, 32, 2), 'heartbeat_timestamp': datetime.datetime(2021, 12, 9, 11, 39, 2), 'description': None, 'resources_synced': None, 'availability_zone': None, 'alive': True, 'configurations': {'arp_responder_enabled': False, 'baremetal_smartnic': False, 'bridge_mappings': {'physnet1': 'br-data'}, 'datapath_type': 'system', 'devices': 0, 'enable_distributed_routing': False, 'extensions': [], 'in_distributed_mode': False, 'integration_bridge': 'br-int', 'l2_population': False, 'log_agent_heartbeats': False, 'ovs_capabilities': {'datapath_types': ['netdev', 'system'], 'iface_types': ['erspan', 'geneve', 'gre', 'internal', 'ip6erspan', 'ip6gre', 'lisp', 'patch', 'stt', 'system', 'tap', 'vxlan']}, 'ovs_hybrid_plug': False, 'resource_provider_bandwidths': {}, 'resource_provider_hypervisors': {'br-data': 'dv-neutron-816327-22-hyperv'}, 'resource_provider_inventory_defaults': {'allocation_ratio': 1.0, 'min_unit': 1, 'step_size': 1, 'reserved': 0}, 'resource_provider_packet_processing_inventory_defaults': {'allocation_ratio': 1.0, 'min_unit': 1, 'step_size': 1, 'reserved': 0}, 'resource_provider_packet_processing_with_direction': {}, 'resource_provider_packet_processing_without_direction': {}, 'tunnel_types': [], 'tunneling_ip': None, 'vhostuser_socket_dir': '/var/run/openvswitch'}, 'resource_versions': {'AddressGroup': '1.2', 'ConntrackHelper': '1.0', 'LocalIPAssociation': '1.0', 'Log': '1.0', 'Network': '1.1', 'Port': '1.7', 'PortForwarding': '1.2', 'QosPolicy': '1.10', 'SecurityGroup': '1.5', 'SecurityGroupRule': '1.2', 'SubPort': '1.0', 'Subnet': '1.1', 'Trunk': '1.1'}} {{(pid=109793) bind_port /opt/stack/neutron/neutron/plugins/ml2/drivers/mech_agent.py:110}}
Dec 09 11:39:18.596535 dv-neutron-816327-22-hyperv neutron-server[109793]: DEBUG neutron.plugins.ml2.drivers.mech_agent [None req-af2cfc0e-7a7b-4947-9372-7a1835af02b5 None None] Checking segment: {'id': '376d89e5-b241-46a0-9d13-e7c063449c3e', 'network_type': 'vlan', 'physical_network': 'physnet1', 'segmentation_id': 394, 'network_id': 'bbf5b491-f9e5-4924-af26-61216294ba2e'} for mappings: {'physnet1': 'br-data'} with network types: ['local', 'flat', 'vlan'] {{(pid=109793) check_segment_for_agent /opt/stack/neutron/neutron/plugins/ml2/drivers/mech_agent.py:371}}
Dec 09 11:39:18.597107 dv-neutron-816327-22-hyperv neutron-server[109793]: DEBUG neutron_lib.callbacks.manager [None req-af2cfc0e-7a7b-4947-9372-7a1835af02b5 None None] Publish callbacks [] for ovs_bridge_name, before_read {{(pid=109793) _notify_loop /usr/local/lib/python3.8/dist-packages/neutron_lib/callbacks/manager.py:175}}
Dec 09 11:39:18.597859 dv-neutron-816327-22-hyperv neutron-server[109793]: DEBUG neutron.plugins.ml2.drivers.mech_agent [None req-af2cfc0e-7a7b-4947-9372-7a1835af02b5 None None] Bound using segment: {'id': '376d89e5-b241-46a0-9d13-e7c063449c3e', 'network_type': 'vlan', 'physical_network': 'physnet1', 'segmentation_id': 394, 'network_id': 'bbf5b491-f9e5-4924-af26-61216294ba2e'} {{(pid=109793) bind_port /opt/stack/neutron/neutron/plugins/ml2/drivers/mech_agent.py:120}}
Dec 09 11:39:18.598734 dv-neutron-816327-22-hyperv neutron-server[109793]: DEBUG neutron.plugins.ml2.managers [None req-af2cfc0e-7a7b-4947-9372-7a1835af02b5 None None] Bound port: e0cea717-f604-4518-b855-3860d6fd0884, host: dv-neutron-816327-22-hyperv, vif_type: ovs, vif_details: {"connectivity": "l2", "port_filter": true, "ovs_hybrid_plug": false, "datapath_type": "system", "bridge_name": "br-int"}, binding_levels: [{'bound_driver': 'openvswitch', 'bound_segment': {'id': '376d89e5-b241-46a0-9d13-e7c063449c3e', 'network_type': 'vlan', 'physical_network': 'physnet1', 'segmentation_id': 394, 'network_id': 'bbf5b491-f9e5-4924-af26-61216294ba2e'}}] {{(pid=109793) _bind_port_level /opt/stack/neutron/neutron/plugins/ml2/managers.py:932}}
Dec 09 11:39:18.599533 dv-neutron-816327-22-hyperv neutron-server[109793]: DEBUG neutron_lib.callbacks.manager [None req-af2cfc0e-7a7b-4947-9372-7a1835af02b5 None None] Publish callbacks ['neutron.plugins.ml2.plugin.SecurityGroupDbMixin._ensure_default_security_group_handler-545433'] for port, before_update {{(pid=109793) _notify_loop /usr/local/lib/python3.8/dist-packages/neutron_lib/callbacks/manager.py:175}}
Dec 09 11:39:18.623106 dv-neutron-816327-22-hyperv neutron-server[109793]: DEBUG neutron.plugins.ml2.plugin [None req-af2cfc0e-7a7b-4947-9372-7a1835af02b5 None None] Port e0cea717-f604-4518-b855-3860d6fd0884 has been deleted concurrently {{(pid=109793) _commit_port_binding /opt/stack/neutron/neutron/plugins/ml2/plugin.py:665}}
Dec 09 11:39:18.639648 dv-neutron-816327-22-hyperv neutron-server[109793]: DEBUG neutron.db.l3_dvrscheduler_db [None req-af2cfc0e-7a7b-4947-9372-7a1835af02b5 None None] Routers set() bound to L3 agent in host dv-neutron-816327-22-hyperv {{(pid=109793) _get_router_ids_for_agent /opt/stack/neutron/neutron/db/l3_dvrscheduler_db.py:420}}
Dec 09 11:39:18.640331 dv-neutron-816327-22-hyperv neutron-server[109793]: DEBUG neutron.db.l3_dvrscheduler_db [None req-af2cfc0e-7a7b-4947-9372-7a1835af02b5 None None] Router IDs set() for agent in host dv-neutron-816327-22-hyperv {{(pid=109793) _get_router_ids_for_agent /opt/stack/neutron/neutron/db/l3_dvrscheduler_db.py:462}}
Dec 09 11:39:18.641160 dv-neutron-816327-22-hyperv neutron-server[109793]: DEBUG neutron.db.l3_agentschedulers_db [None req-af2cfc0e-7a7b-4947-9372-7a1835af02b5 None None] Agent requested router IDs not scheduled to it. Scheduled: []. Unscheduled: {'a6d3ef0a-8771-49f7-a6e5-a231a0459e61'}. Agent: Agent(admin_state_up=True,agent_type='L3 agent',availability_zone='nova',binary='neutron-l3-agent',configurations={"agent_mode": "legacy", "ex_gw_ports": 4, "extensions": [], "floating_ips": 0, "handle_internal_only_routers": true, "interface_driver": "openvswitch", "interfaces": 1, "log_agent_heartbeats": false, "routers": 4},created_at=2021-12-09T11:31:29Z,description=,heartbeat_timestamp=2021-12-09T11:38:59Z,host='dv-neutron-816327-22-hyperv',id=c0964b7f-12c6-46fe-a029-1cb160275454,load=0,resource_versions=,resources_synced=,started_at=2021-12-09T11:31:29Z,topic='l3_agent'). {{(pid=109793) list_active_sync_routers_on_active_l3_agent /opt/stack/neutron/neutron/db/l3_agentschedulers_db.py:353}}
Dec 09 11:39:18.641741 dv-neutron-816327-22-hyperv neutron-server[109793]: DEBUG neutron.api.rpc.handlers.l3_rpc [None req-af2cfc0e-7a7b-4947-9372-7a1835af02b5 None None] The sync data for ids ['a6d3ef0a-8771-49f7-a6e5-a231a0459e61'] in dv-neutron-816327-22-hyperv is: [] {{(pid=109793) sync_routers /opt/stack/neutron/neutron/api/rpc/handlers/l3_rpc.py:137}}
Dec 09 11:39:18.644792 dv-neutron-816327-22-hyperv neutron-server[109794]: DEBUG neutron.db.l3_hamode_db [None req-cf1df407-1753-4f99-990c-0ed2bc769a2a None None] neutron.services.l3_router.l3_router_plugin.L3RouterPlugin method _process_sync_ha_data called with arguments (, [], 'dv-neutron-816327-22-hyperv', False) {} {{(pid=109794) wrapper /usr/local/lib/python3.8/dist-packages/oslo_log/helpers.py:65}}
Dec 09 11:39:18.661733 dv-neutron-816327-22-hyperv neutron-server[109794]: DEBUG neutron.db.l3_dvrscheduler_db [None req-cf1df407-1753-4f99-990c-0ed2bc769a2a None None] Routers {'15bc8546-d891-4bf1-b17b-3c807a8e12da'} bound to L3 agent in host dv-neutron-816327-22-hyperv {{(pid=109794) _get_router_ids_for_agent /opt/stack/neutron/neutron/db/l3_dvrscheduler_db.py:420}}
Dec 09 11:39:18.662989 dv-neutron-816327-22-hyperv neutron-server[109794]: DEBUG neutron.db.l3_hamode_db [None req-cf1df407-1753-4f99-990c-0ed2bc769a2a None None] neutron.services.l3_router.l3_router_plugin.L3RouterPlugin method get_ha_sync_data_for_host called with arguments (, 'dv-neutron-816327-22-hyperv', Agent(admin_state_up=True,agent_type='L3 agent',availability_zone='nova',binary='neutron-l3-agent',configurations={"agent_mode": "legacy", "ex_gw_ports": 4, "extensions": [], "floating_ips": 0, "handle_internal_only_routers": true, "interface_driver": "openvswitch", "interfaces": 1, "log_agent_heartbeats": false, "routers": 4},created_at=2021-12-09T11:31:29Z,description=,heartbeat_timestamp=2021-12-09T11:38:59Z,host='dv-neutron-816327-22-hyperv',id=c0964b7f-12c6-46fe-a029-1cb160275454,load=0,resource_versions=,resources_synced=,started_at=2021-12-09T11:31:29Z,topic='l3_agent')) {'router_ids': ['15bc8546-d891-4bf1-b17b-3c807a8e12da'], 'active': True} {{(pid=109794) wrapper /usr/local/lib/python3.8/dist-packages/oslo_log/helpers.py:65}}
Dec 09 11:39:18.671590 dv-neutron-816327-22-hyperv neutron-server[109792]: INFO neutron.wsgi [req-476d92d0-e448-44b1-ae69-b3dc6a840b25 req-8d783780-8527-4698-836c-094e49c5b0e6 tempest-ServerActionsTestJSON-962447235 tempest-ServerActionsTestJSON-962447235-project] 10.222.0.36 "GET /v2.0/ports?device_id=db5e9255-7e32-4df2-8ac8-db67b5bcb0b8 HTTP/1.1" status: 200 len: 210 time: 0.1516805
Dec 09 11:39:18.726193 dv-neutron-816327-22-hyperv neutron-server[109794]: DEBUG neutron.db.l3_hamode_db [None req-cf1df407-1753-4f99-990c-0ed2bc769a2a None None] neutron.services.l3_router.l3_router_plugin.L3RouterPlugin method _process_sync_ha_data called with arguments (, [], 'dv-neutron-816327-22-hyperv', False) {} {{(pid=109794) wrapper /usr/local/lib/python3.8/dist-packages/oslo_log/helpers.py:65}}
Dec 09 11:39:18.726864 dv-neutron-816327-22-hyperv neutron-server[109794]: DEBUG neutron.api.rpc.handlers.l3_rpc [None req-cf1df407-1753-4f99-990c-0ed2bc769a2a None None] The sync data for ids ['15bc8546-d891-4bf1-b17b-3c807a8e12da'] in dv-neutron-816327-22-hyperv is: [] {{(pid=109794) sync_routers /opt/stack/neutron/neutron/api/rpc/handlers/l3_rpc.py:137}}
Dec 09 11:39:18.746761 dv-neutron-816327-22-hyperv neutron-server[109792]: DEBUG neutron_lib.callbacks.manager [None req-b8908c49-2eef-4f99-bdf0-4247fe96b532 tempest-ExternalNetworksTestJSON-367298963 tempest-ExternalNetworksTestJSON-367298963-project] Publish callbacks ['neutron.plugins.ml2.plugin.Ml2Plugin._network_delete_after_delete_handler-701268', 'neutron.plugins.ml2.ovo_rpc._ObjectChangeHandler.handle_event-2058116', 'neutron.api.rpc.agentnotifiers.dhcp_rpc_agent_api.DhcpAgentNotifyAPI._native_event_send_dhcp_notification-1816683', 'neutron.services.l3_router.l3_router_plugin.DVRResourceOperationHandler.delete_fip_namespaces_for_ext_net-1603750'] for network, after_delete {{(pid=109792) _notify_loop /usr/local/lib/python3.8/dist-packages/neutron_lib/callbacks/manager.py:175}}
Dec 09 11:39:18.753180 dv-neutron-816327-22-hyperv neutron-server[109792]: DEBUG neutron_lib.callbacks.manager [None req-b8908c49-2eef-4f99-bdf0-4247fe96b532 tempest-ExternalNetworksTestJSON-367298963 tempest-ExternalNetworksTestJSON-367298963-project] Publish callbacks ['neutron.api.rpc.agentnotifiers.dhcp_rpc_agent_api.DhcpAgentNotifyAPI._send_dhcp_notification-1816581'] for network, before_response {{(pid=109792) _notify_loop /usr/local/lib/python3.8/dist-packages/neutron_lib/callbacks/manager.py:175}}
Dec 09 11:39:18.756688 dv-neutron-816327-22-hyperv neutron-server[109792]: INFO neutron.wsgi [None req-b8908c49-2eef-4f99-bdf0-4247fe96b532 tempest-ExternalNetworksTestJSON-367298963 tempest-ExternalNetworksTestJSON-367298963-project] 10.222.0.36 "DELETE /v2.0/networks/cb7a9a4d-204a-46d2-b4dd-1f11596ec2e6 HTTP/1.1" status: 204 len: 168 time: 1.7727487
Dec 09 11:39:18.757484 dv-neutron-816327-22-hyperv neutron-server[109792]: DEBUG neutron.api.rpc.handlers.resources_rpc [None req-8470d638-d406-42bd-beb3-d0427996d1c9 tempest-RoutersIpV6AdminTest-298736833 tempest-RoutersIpV6AdminTest-298736833-project-admin] Pushing event updated for resources: {'Port': ['ID=4d813a7e-7c33-4579-bb34-c62dd7f6d425,revision_number=1']} {{(pid=109792) push /opt/stack/neutron/neutron/api/rpc/handlers/resources_rpc.py:237}}
Dec 09 11:39:18.760125 dv-neutron-816327-22-hyperv neutron-server[109791]: DEBUG neutron.db.db_base_plugin_v2 [None req-b72248c4-ed1f-4ae1-a3e1-5cbc64333b97 tempest-RoutersAdminTest-546452252 tempest-RoutersAdminTest-546452252-project-admin] Deleting subnet 046e50f7-2eea-4266-8776-8d3b21edc42d {{(pid=109791) delete_subnet /opt/stack/neutron/neutron/db/db_base_plugin_v2.py:1059}}
Dec 09 11:39:18.770432 dv-neutron-816327-22-hyperv neutron-server[109791]: DEBUG neutron_lib.callbacks.manager [None req-b72248c4-ed1f-4ae1-a3e1-5cbc64333b97 tempest-RoutersAdminTest-546452252 tempest-RoutersAdminTest-546452252-project-admin] Publish callbacks [] for subnet, before_delete {{(pid=109791) _notify_loop /usr/local/lib/python3.8/dist-packages/neutron_lib/callbacks/manager.py:175}}
Dec 09 11:39:18.828996 dv-neutron-816327-22-hyperv neutron-server[109792]: DEBUG neutron.api.rpc.handlers.resources_rpc [None req-b8908c49-2eef-4f99-bdf0-4247fe96b532 tempest-ExternalNetworksTestJSON-367298963 tempest-ExternalNetworksTestJSON-367298963-project] Pushing event deleted for resources: {'Network': ['ID=cb7a9a4d-204a-46d2-b4dd-1f11596ec2e6,revision_number=None']} {{(pid=109792) push /opt/stack/neutron/neutron/api/rpc/handlers/resources_rpc.py:237}}
Dec 09 11:39:18.845052 dv-neutron-816327-22-hyperv neutron-server[109791]: DEBUG neutron_lib.callbacks.manager [None req-b72248c4-ed1f-4ae1-a3e1-5cbc64333b97 tempest-RoutersAdminTest-546452252 tempest-RoutersAdminTest-546452252-project-admin] Publish callbacks ['neutron.services.segments.plugin.Plugin._validate_auto_address_subnet_delete-4479457'] for subnet, precommit_delete_associations {{(pid=109791) _notify_loop /usr/local/lib/python3.8/dist-packages/neutron_lib/callbacks/manager.py:175}}
Dec 09 11:39:18.845913 dv-neutron-816327-22-hyperv neutron-server[109792]: DEBUG neutron.scheduler.dhcp_agent_scheduler [None req-8470d638-d406-42bd-beb3-d0427996d1c9 tempest-RoutersIpV6AdminTest-298736833 tempest-RoutersIpV6AdminTest-298736833-project-admin] Network 47d28055-df59-4c22-91ad-d54f08f59e5e is already hosted by enough agents. {{(pid=109792) _get_dhcp_agents_hosting_network /opt/stack/neutron/neutron/scheduler/dhcp_agent_scheduler.py:275}}
Dec 09 11:39:18.846755 dv-neutron-816327-22-hyperv neutron-server[109791]: DEBUG neutron.pecan_wsgi.hooks.quota_enforcement [None req-3dcccf86-3643-4ddb-a499-3f258675fcdb tempest-AllowedAddressPairTestJSON-1891218862 tempest-AllowedAddressPairTestJSON-1891218862-project] Made reservation on behalf of 2f40231955ce4d818109bc5433deb94c for: {'port': 1} {{(pid=109791) before /opt/stack/neutron/neutron/pecan_wsgi/hooks/quota_enforcement.py:53}}
Dec 09 11:39:18.847631 dv-neutron-816327-22-hyperv neutron-server[109792]: DEBUG neutron.scheduler.base_scheduler [None req-8470d638-d406-42bd-beb3-d0427996d1c9 tempest-RoutersIpV6AdminTest-298736833 tempest-RoutersIpV6AdminTest-298736833-project-admin] Resources bound (agent type, host, resource id): {{(pid=109792) schedule /opt/stack/neutron/neutron/scheduler/base_scheduler.py:57}}
Dec 09 11:39:18.850248 dv-neutron-816327-22-hyperv neutron-server[109791]: DEBUG neutron_lib.callbacks.manager [None req-3dcccf86-3643-4ddb-a499-3f258675fcdb tempest-AllowedAddressPairTestJSON-1891218862 tempest-AllowedAddressPairTestJSON-1891218862-project] Publish callbacks ['neutron.plugins.ml2.plugin.SecurityGroupDbMixin._ensure_default_security_group_handler-545433'] for port, before_create {{(pid=109791) _notify_loop /usr/local/lib/python3.8/dist-packages/neutron_lib/callbacks/manager.py:175}}
Dec 09 11:39:18.856191 dv-neutron-816327-22-hyperv neutron-server[109792]: DEBUG neutron.db.l3_dvrscheduler_db [None req-8470d638-d406-42bd-beb3-d0427996d1c9 tempest-RoutersIpV6AdminTest-298736833 tempest-RoutersIpV6AdminTest-298736833-project-admin] Received port after_create {{(pid=109792) _notify_l3_agent_new_port /opt/stack/neutron/neutron/db/l3_dvrscheduler_db.py:535}}
Dec 09 11:39:18.856191 dv-neutron-816327-22-hyperv neutron-server[109792]: DEBUG neutron.pecan_wsgi.hooks.policy_enforcement [None req-8470d638-d406-42bd-beb3-d0427996d1c9 tempest-RoutersIpV6AdminTest-298736833 tempest-RoutersIpV6AdminTest-298736833-project-admin] Attributes excluded by policy engine: ['standard_attr_id', 'network'] {{(pid=109792) _exclude_attributes_by_policy /opt/stack/neutron/neutron/pecan_wsgi/hooks/policy_enforcement.py:255}}
Dec 09 11:39:18.856191 dv-neutron-816327-22-hyperv neutron-server[109792]: DEBUG neutron_lib.callbacks.manager [None req-8470d638-d406-42bd-beb3-d0427996d1c9 tempest-RoutersIpV6AdminTest-298736833 tempest-RoutersIpV6AdminTest-298736833-project-admin] Publish callbacks ['neutron.notifiers.nova.Notifier._send_nova_notification-25706'] for port, before_response {{(pid=109792) _notify_loop /usr/local/lib/python3.8/dist-packages/neutron_lib/callbacks/manager.py:175}}
Dec 09 11:39:18.922401 dv-neutron-816327-22-hyperv neutron-server[109791]: DEBUG neutron.notifiers.nova [None req-3dcccf86-3643-4ddb-a499-3f258675fcdb tempest-AllowedAddressPairTestJSON-1891218862 tempest-AllowedAddressPairTestJSON-1891218862-project] device_id is not set on port 3b8015f2-71ac-4d29-865e-9c73859984f6 yet. {{(pid=109791) _can_notify /opt/stack/neutron/neutron/notifiers/nova.py:190}}
Dec 09 11:39:18.930764 dv-neutron-816327-22-hyperv neutron-server[109791]: DEBUG neutron.pecan_wsgi.hooks.quota_enforcement [None req-9483cfa7-2f0d-4c15-9d74-7d0e4c427c8a tempest-FloatingIPAdminTestJSON-1989705839 tempest-FloatingIPAdminTestJSON-1989705839-project] Made reservation on behalf of 975778b7e26f4e75a78708b904181dcf for: {'port': 1} {{(pid=109791) before /opt/stack/neutron/neutron/pecan_wsgi/hooks/quota_enforcement.py:53}}
Dec 09 11:39:18.934617 dv-neutron-816327-22-hyperv neutron-server[109791]: DEBUG neutron_lib.callbacks.manager [None req-9483cfa7-2f0d-4c15-9d74-7d0e4c427c8a tempest-FloatingIPAdminTestJSON-1989705839 tempest-FloatingIPAdminTestJSON-1989705839-project] Publish callbacks ['neutron.plugins.ml2.plugin.SecurityGroupDbMixin._ensure_default_security_group_handler-545433'] for port, before_create {{(pid=109791) _notify_loop /usr/local/lib/python3.8/dist-packages/neutron_lib/callbacks/manager.py:175}}
Dec 09 11:39:18.942289 dv-neutron-816327-22-hyperv neutron-server[109792]: INFO neutron.wsgi [None req-8470d638-d406-42bd-beb3-d0427996d1c9 tempest-RoutersIpV6AdminTest-298736833 tempest-RoutersIpV6AdminTest-298736833-project-admin] 10.222.0.36 "POST /v2.0/ports HTTP/1.1" status: 201 len: 1030 time: 2.1564341
Dec 09 11:39:18.942620 dv-neutron-816327-22-hyperv neutron-server[109791]: DEBUG neutron.wsgi [-] (109791) accepted ('10.222.0.36', 52866) {{(pid=109791) server /usr/local/lib/python3.8/dist-packages/eventlet/wsgi.py:1004}}
Dec 09 11:39:18.985926 dv-neutron-816327-22-hyperv neutron-server[109791]: DEBUG neutron_lib.callbacks.manager [None req-b72248c4-ed1f-4ae1-a3e1-5cbc64333b97 tempest-RoutersAdminTest-546452252 tempest-RoutersAdminTest-546452252-project-admin] Publish callbacks ['neutron.plugins.ml2.plugin.Ml2Plugin._subnet_delete_precommit_handler-703194'] for subnet, precommit_delete {{(pid=109791) _notify_loop /usr/local/lib/python3.8/dist-packages/neutron_lib/callbacks/manager.py:175}}
Dec 09 11:39:19.074093 dv-neutron-816327-22-hyperv neutron-server[109791]: DEBUG neutron.notifiers.nova [None req-9483cfa7-2f0d-4c15-9d74-7d0e4c427c8a tempest-FloatingIPAdminTestJSON-1989705839 tempest-FloatingIPAdminTestJSON-1989705839-project] device_id is not set on port 861738ec-6d79-4ac0-b863-a9e1e93050a3 yet. {{(pid=109791) _can_notify /opt/stack/neutron/neutron/notifiers/nova.py:190}}
Dec 09 11:39:19.238381 dv-neutron-816327-22-hyperv neutron-server[109792]: DEBUG neutron.wsgi [-] (109792) accepted ('10.222.0.36', 52872) {{(pid=109792) server /usr/local/lib/python3.8/dist-packages/eventlet/wsgi.py:1004}}
Dec 09 11:39:19.267922 dv-neutron-816327-22-hyperv neutron-server[109791]: INFO neutron.wsgi [req-43a56f6a-f1f5-43be-86ab-baa5df060bc8 req-15f1ac3e-89fd-4382-b0ce-72f8cf659ef4 tempest-ServersTestManualDisk-252401848 tempest-ServersTestManualDisk-252401848-project] 10.222.0.36 "GET /v2.0/ports?device_id=3a83b56e-819a-42b0-813e-5ce3113f4634 HTTP/1.1" status: 200 len: 210 time: 0.1159008
Dec 09 11:39:19.298622 dv-neutron-816327-22-hyperv neutron-server[109791]: DEBUG neutron.db.db_base_plugin_common [None req-3dcccf86-3643-4ddb-a499-3f258675fcdb tempest-AllowedAddressPairTestJSON-1891218862 tempest-AllowedAddressPairTestJSON-1891218862-project] Allocated IP 172.20.0.4 (219bb571-4b1b-4b2c-8aa0-04a5be3a2460/7d16a501-ffbc-4ebe-a6f8-11cc9f3001df/3b8015f2-71ac-4d29-865e-9c73859984f6) {{(pid=109791) _store_ip_allocation /opt/stack/neutron/neutron/db/db_base_plugin_common.py:131}}
Dec 09 11:39:19.304150 dv-neutron-816327-22-hyperv neutron-server[109791]: DEBUG neutron_lib.callbacks.manager [None req-b72248c4-ed1f-4ae1-a3e1-5cbc64333b97 tempest-RoutersAdminTest-546452252 tempest-RoutersAdminTest-546452252-project-admin] Publish callbacks ['neutron.plugins.ml2.plugin.Ml2Plugin._subnet_delete_after_delete_handler-703009', 'neutron.plugins.ml2.ovo_rpc._ObjectChangeHandler.handle_event-1900451', 'neutron.api.rpc.agentnotifiers.dhcp_rpc_agent_api.DhcpAgentNotifyAPI._native_event_send_dhcp_notification-1816683', 'neutron.services.segments.plugin.NovaSegmentNotifier._notify_subnet_deleted-4479890', 'neutron.services.segments.plugin.SegmentHostRoutes.host_routes_after_delete-7847879'] for subnet, after_delete {{(pid=109791) _notify_loop /usr/local/lib/python3.8/dist-packages/neutron_lib/callbacks/manager.py:175}}
Dec 09 11:39:19.374841 dv-neutron-816327-22-hyperv neutron-server[109791]: DEBUG neutron.api.rpc.handlers.resources_rpc [None req-b72248c4-ed1f-4ae1-a3e1-5cbc64333b97 tempest-RoutersAdminTest-546452252 tempest-RoutersAdminTest-546452252-project-admin] Pushing event deleted for resources: {'Subnet': ['ID=046e50f7-2eea-4266-8776-8d3b21edc42d,revision_number=None']} {{(pid=109791) push /opt/stack/neutron/neutron/api/rpc/handlers/resources_rpc.py:237}}
Dec 09 11:39:19.406019 dv-neutron-816327-22-hyperv neutron-server[109791]: DEBUG neutron_lib.callbacks.manager [None req-b72248c4-ed1f-4ae1-a3e1-5cbc64333b97 tempest-RoutersAdminTest-546452252 tempest-RoutersAdminTest-546452252-project-admin] Publish callbacks [] for subnet, before_response {{(pid=109791) _notify_loop /usr/local/lib/python3.8/dist-packages/neutron_lib/callbacks/manager.py:175}}
Dec 09 11:39:19.413361 dv-neutron-816327-22-hyperv neutron-server[109791]: INFO neutron.wsgi [None req-b72248c4-ed1f-4ae1-a3e1-5cbc64333b97 tempest-RoutersAdminTest-546452252 tempest-RoutersAdminTest-546452252-project-admin] 10.222.0.36 "DELETE /v2.0/subnets/046e50f7-2eea-4266-8776-8d3b21edc42d HTTP/1.1" status: 204 len: 168 time: 0.8245866
Dec 09 11:39:19.415793 dv-neutron-816327-22-hyperv neutron-server[109791]: DEBUG neutron.wsgi [-] (109791) accepted ('10.222.0.36', 52878) {{(pid=109791) server /usr/local/lib/python3.8/dist-packages/eventlet/wsgi.py:1004}}
Dec 09 11:39:19.439969 dv-neutron-816327-22-hyperv neutron-server[109791]: DEBUG neutron.db.db_base_plugin_common [None req-9483cfa7-2f0d-4c15-9d74-7d0e4c427c8a tempest-FloatingIPAdminTestJSON-1989705839 tempest-FloatingIPAdminTestJSON-1989705839-project] Allocated IP 172.20.0.8 (c6970b34-c350-465d-b48e-cd6689442598/b6ea5b80-86f4-4951-a9d2-e704f3739a73/861738ec-6d79-4ac0-b863-a9e1e93050a3) {{(pid=109791) _store_ip_allocation /opt/stack/neutron/neutron/db/db_base_plugin_common.py:131}}
Dec 09 11:39:19.445740 dv-neutron-816327-22-hyperv neutron-server[109792]: INFO neutron.wsgi [None req-00b3c047-bc74-4886-81d2-28b453d44452 admin admin] 10.222.0.36 "GET /v2.0/security-groups?tenant_id=9c33b48f439f4ffa84be477567731753&name=default HTTP/1.1" status: 200 len: 2992 time: 0.2045135
Dec 09 11:39:19.448541 dv-neutron-816327-22-hyperv neutron-server[109792]: DEBUG neutron.wsgi [-] (109792) accepted ('10.222.0.36', 52880) {{(pid=109792) server /usr/local/lib/python3.8/dist-packages/eventlet/wsgi.py:1004}}
Dec 09 11:39:19.514999 dv-neutron-816327-22-hyperv neutron-server[109791]: DEBUG neutron.plugins.ml2.plugin [None req-9a326ae8-2046-425b-a926-d5363f37382b tempest-RoutersIpV6AdminTest-298736833 tempest-RoutersIpV6AdminTest-298736833-project-admin] Deleting port 4d813a7e-7c33-4579-bb34-c62dd7f6d425 {{(pid=109791) _pre_delete_port /opt/stack/neutron/neutron/plugins/ml2/plugin.py:1936}}
Dec 09 11:39:19.515437 dv-neutron-816327-22-hyperv neutron-server[109791]: DEBUG neutron_lib.callbacks.manager [None req-9a326ae8-2046-425b-a926-d5363f37382b tempest-RoutersIpV6AdminTest-298736833 tempest-RoutersIpV6AdminTest-298736833-project-admin] Publish callbacks ['neutron.db.l3_db.L3_NAT_dbonly_mixin._prevent_l3_port_delete_callback-8782727196856'] for port, before_delete {{(pid=109791) _notify_loop /usr/local/lib/python3.8/dist-packages/neutron_lib/callbacks/manager.py:175}}
Dec 09 11:39:19.544201 dv-neutron-816327-22-hyperv neutron-server[109792]: DEBUG neutron_lib.callbacks.manager [None req-85fe573a-8511-48ff-8c35-d7aea2b9c3a3 admin admin] Publish callbacks [] for security_group, before_delete {{(pid=109792) _notify_loop /usr/local/lib/python3.8/dist-packages/neutron_lib/callbacks/manager.py:175}}
Dec 09 11:39:19.556178 dv-neutron-816327-22-hyperv neutron-server[109792]: DEBUG neutron.pecan_wsgi.hooks.policy_enforcement [req-a8c13151-7c7e-42d6-a13f-632584bcbcf0 req-6caf067e-5a36-4c75-83c0-eb806171851f tempest-ServersTestJSON-2131153761 tempest-ServersTestJSON-2131153761-project] Attributes excluded by policy engine: ['standard_attr_id', 'binding:profile', 'binding:host_id', 'binding:vif_type', 'binding:vif_details'] {{(pid=109792) _exclude_attributes_by_policy /opt/stack/neutron/neutron/pecan_wsgi/hooks/policy_enforcement.py:255}}
Dec 09 11:39:19.557817 dv-neutron-816327-22-hyperv neutron-server[109792]: INFO neutron.wsgi [req-a8c13151-7c7e-42d6-a13f-632584bcbcf0 req-6caf067e-5a36-4c75-83c0-eb806171851f tempest-ServersTestJSON-2131153761 tempest-ServersTestJSON-2131153761-project] 10.222.0.36 "GET /v2.0/ports?device_id=d50cc84d-0580-4c77-82e6-3d10fb8c1502 HTTP/1.1" status: 200 len: 931 time: 0.0768306
Dec 09 11:39:19.591868 dv-neutron-816327-22-hyperv neutron-server[109791]: DEBUG neutron_lib.callbacks.manager [None req-8a83b3df-2fda-4a63-932a-323c32cd991f tempest-RoutersAdminTest-546452252 tempest-RoutersAdminTest-546452252-project-admin] Publish callbacks ['neutron.plugins.ml2.plugin.External_net_db_mixin._before_network_delete_handler-766347'] for network, before_delete {{(pid=109791) _notify_loop /usr/local/lib/python3.8/dist-packages/neutron_lib/callbacks/manager.py:175}}
Dec 09 11:39:19.599343 dv-neutron-816327-22-hyperv neutron-server[109792]: DEBUG neutron_lib.callbacks.manager [None req-85fe573a-8511-48ff-8c35-d7aea2b9c3a3 admin admin] Publish callbacks [] for security_group, precommit_delete {{(pid=109792) _notify_loop /usr/local/lib/python3.8/dist-packages/neutron_lib/callbacks/manager.py:175}}
Dec 09 11:39:19.636828 dv-neutron-816327-22-hyperv neutron-server[109792]: INFO neutron.wsgi [req-a8c13151-7c7e-42d6-a13f-632584bcbcf0 req-710cb712-4ccb-452b-83f8-ca4f62a84c1b tempest-ServersTestJSON-2131153761 tempest-ServersTestJSON-2131153761-project] 10.222.0.36 "GET /v2.0/security-groups?id=7b9ae016-ae48-48a8-81a3-ad4d1a1f6f42&fields=id&fields=name HTTP/1.1" status: 200 len: 312 time: 0.0709083
Dec 09 11:39:19.693437 dv-neutron-816327-22-hyperv neutron-server[109792]: DEBUG neutron_lib.callbacks.manager [None req-85fe573a-8511-48ff-8c35-d7aea2b9c3a3 admin admin] Publish callbacks ['neutron.plugins.ml2.ovo_rpc._ObjectChangeHandler.handle_event-2058101'] for security_group, after_delete {{(pid=109792) _notify_loop /usr/local/lib/python3.8/dist-packages/neutron_lib/callbacks/manager.py:175}}
Dec 09 11:39:19.696252 dv-neutron-816327-22-hyperv neutron-server[109792]: DEBUG neutron_lib.callbacks.manager [None req-85fe573a-8511-48ff-8c35-d7aea2b9c3a3 admin admin] Publish callbacks [] for security_group, before_response {{(pid=109792) _notify_loop /usr/local/lib/python3.8/dist-packages/neutron_lib/callbacks/manager.py:175}}
Dec 09 11:39:19.701371 dv-neutron-816327-22-hyperv neutron-server[109792]: INFO neutron.wsgi [None req-85fe573a-8511-48ff-8c35-d7aea2b9c3a3 admin admin] 10.222.0.36 "DELETE /v2.0/security-groups/e2031a4e-048f-48ab-97d3-88367bc11f08 HTTP/1.1" status: 204 len: 168 time: 0.2467027
Dec 09 11:39:19.720904 dv-neutron-816327-22-hyperv neutron-server[109792]: DEBUG neutron.api.rpc.handlers.resources_rpc [None req-85fe573a-8511-48ff-8c35-d7aea2b9c3a3 admin admin] Pushing event deleted for resources: {'SecurityGroup': ['ID=e2031a4e-048f-48ab-97d3-88367bc11f08,revision_number=None']} {{(pid=109792) push /opt/stack/neutron/neutron/api/rpc/handlers/resources_rpc.py:237}}
Dec 09 11:39:19.757036 dv-neutron-816327-22-hyperv neutron-server[109791]: DEBUG neutron_lib.callbacks.manager [None req-9a326ae8-2046-425b-a926-d5363f37382b tempest-RoutersIpV6AdminTest-298736833 tempest-RoutersIpV6AdminTest-298736833-project-admin] Publish callbacks ['neutron.services.l3_router.l3_router_plugin.L3_NAT_dbonly_mixin._precommit_delete_port_callback-1596391'] for port, precommit_delete {{(pid=109791) _notify_loop /usr/local/lib/python3.8/dist-packages/neutron_lib/callbacks/manager.py:175}}
Dec 09 11:39:19.774027 dv-neutron-816327-22-hyperv neutron-server[109791]: DEBUG neutron.plugins.ml2.plugin [None req-9a326ae8-2046-425b-a926-d5363f37382b tempest-RoutersIpV6AdminTest-298736833 tempest-RoutersIpV6AdminTest-298736833-project-admin] Calling delete_port for 4d813a7e-7c33-4579-bb34-c62dd7f6d425 owned by {{(pid=109791) delete_port /opt/stack/neutron/neutron/plugins/ml2/plugin.py:2014}}
Dec 09 11:39:19.916221 dv-neutron-816327-22-hyperv neutron-server[109791]: INFO neutron.wsgi [req-2d16ab6a-eedc-4562-9547-dff6369cc161 req-6f43535f-5bfc-4731-a374-6d09ef882370 tempest-ServerActionsTestJSON-962447235 tempest-ServerActionsTestJSON-962447235-project] 10.222.0.36 "GET /v2.0/ports?device_id=db5e9255-7e32-4df2-8ac8-db67b5bcb0b8 HTTP/1.1" status: 200 len: 210 time: 0.1030283
Dec 09 11:39:19.996068 dv-neutron-816327-22-hyperv neutron-server[109791]: DEBUG neutron_lib.callbacks.manager [None req-3dcccf86-3643-4ddb-a499-3f258675fcdb tempest-AllowedAddressPairTestJSON-1891218862 tempest-AllowedAddressPairTestJSON-1891218862-project] Publish callbacks [] for port, precommit_create {{(pid=109791) _notify_loop /usr/local/lib/python3.8/dist-packages/neutron_lib/callbacks/manager.py:175}}
Dec 09 11:39:20.039352 dv-neutron-816327-22-hyperv neutron-server[109791]: DEBUG neutron_lib.callbacks.manager [None req-8a83b3df-2fda-4a63-932a-323c32cd991f tempest-RoutersAdminTest-546452252 tempest-RoutersAdminTest-546452252-project-admin] Publish callbacks ['neutron.plugins.ml2.plugin.Ml2Plugin._network_delete_precommit_handler-701261', 'neutron.services.segments.db._delete_segments_for_network-8782727220426'] for network, precommit_delete {{(pid=109791) _notify_loop /usr/local/lib/python3.8/dist-packages/neutron_lib/callbacks/manager.py:175}}
Dec 09 11:39:20.084916 dv-neutron-816327-22-hyperv neutron-server[109791]: DEBUG neutron.services.segments.db [None req-8a83b3df-2fda-4a63-932a-323c32cd991f tempest-RoutersAdminTest-546452252 tempest-RoutersAdminTest-546452252-project-admin] neutron.services.segments.plugin.Plugin method get_segments called with arguments (,) {'filters': {'network_id': ['bbf5b491-f9e5-4924-af26-61216294ba2e']}} {{(pid=109791) wrapper /usr/local/lib/python3.8/dist-packages/oslo_log/helpers.py:65}}
Dec 09 11:39:20.092785 dv-neutron-816327-22-hyperv neutron-server[109791]: DEBUG neutron.wsgi [-] (109791) accepted ('10.222.0.36', 52888) {{(pid=109791) server /usr/local/lib/python3.8/dist-packages/eventlet/wsgi.py:1004}}
Dec 09 11:39:20.123963 dv-neutron-816327-22-hyperv neutron-server[109791]: DEBUG neutron.services.segments.db [None req-8a83b3df-2fda-4a63-932a-323c32cd991f tempest-RoutersAdminTest-546452252 tempest-RoutersAdminTest-546452252-project-admin] neutron.services.segments.plugin.Plugin method delete_segment called with arguments (, '376d89e5-b241-46a0-9d13-e7c063449c3e') {'for_net_delete': True} {{(pid=109791) wrapper /usr/local/lib/python3.8/dist-packages/oslo_log/helpers.py:65}}
Dec 09 11:39:20.124311 dv-neutron-816327-22-hyperv neutron-server[109791]: DEBUG neutron.services.segments.db [None req-8a83b3df-2fda-4a63-932a-323c32cd991f tempest-RoutersAdminTest-546452252 tempest-RoutersAdminTest-546452252-project-admin] neutron.services.segments.plugin.Plugin method get_segment called with arguments (, '376d89e5-b241-46a0-9d13-e7c063449c3e') {} {{(pid=109791) wrapper /usr/local/lib/python3.8/dist-packages/oslo_log/helpers.py:65}}
Dec 09 11:39:20.172437 dv-neutron-816327-22-hyperv neutron-server[109791]: DEBUG neutron_lib.callbacks.manager [None req-8a83b3df-2fda-4a63-932a-323c32cd991f tempest-RoutersAdminTest-546452252 tempest-RoutersAdminTest-546452252-project-admin] Publish callbacks ['neutron.plugins.ml2.db._prevent_segment_delete_with_port_bound-8782726993363', 'neutron.services.segments.plugin.Plugin._prevent_segment_delete_with_subnet_associated-4479466'] for segment, before_delete {{(pid=109791) _notify_loop /usr/local/lib/python3.8/dist-packages/neutron_lib/callbacks/manager.py:175}}
Dec 09 11:39:20.204700 dv-neutron-816327-22-hyperv neutron-server[109791]: DEBUG neutron_lib.callbacks.manager [None req-9483cfa7-2f0d-4c15-9d74-7d0e4c427c8a tempest-FloatingIPAdminTestJSON-1989705839 tempest-FloatingIPAdminTestJSON-1989705839-project] Publish callbacks [] for port, precommit_create {{(pid=109791) _notify_loop /usr/local/lib/python3.8/dist-packages/neutron_lib/callbacks/manager.py:175}}
Dec 09 11:39:20.213913 dv-neutron-816327-22-hyperv neutron-server[109791]: DEBUG neutron_lib.callbacks.manager [None req-3dcccf86-3643-4ddb-a499-3f258675fcdb tempest-AllowedAddressPairTestJSON-1891218862 tempest-AllowedAddressPairTestJSON-1891218862-project] Publish callbacks ['neutron.plugins.ml2.plugin.SecurityGroupServerNotifierRpcMixin._notify_sg_on_port_change-545498', 'neutron.plugins.ml2.ovo_rpc._ObjectChangeHandler.handle_event-403300', 'neutron.api.rpc.agentnotifiers.dhcp_rpc_agent_api.DhcpAgentNotifyAPI._native_event_send_dhcp_notification-1816683', 'neutron.db.l3_dvrscheduler_db._notify_l3_agent_new_port-8782726669846', 'neutron.services.segments.plugin.NovaSegmentNotifier._notify_port_created_or_deleted-4479813'] for port, after_create {{(pid=109791) _notify_loop /usr/local/lib/python3.8/dist-packages/neutron_lib/callbacks/manager.py:175}}
Dec 09 11:39:20.238637 dv-neutron-816327-22-hyperv neutron-server[109791]: DEBUG neutron_lib.callbacks.manager [None req-8a83b3df-2fda-4a63-932a-323c32cd991f tempest-RoutersAdminTest-546452252 tempest-RoutersAdminTest-546452252-project-admin] Publish callbacks ['neutron.plugins.ml2.plugin.Ml2Plugin._handle_segment_change-689063'] for segment, precommit_delete {{(pid=109791) _notify_loop /usr/local/lib/python3.8/dist-packages/neutron_lib/callbacks/manager.py:175}}
Dec 09 11:39:20.377123 dv-neutron-816327-22-hyperv neutron-server[109792]: INFO neutron.wsgi [req-169c5ccc-f6bc-4a13-9844-e4a5c1300bed req-2d68d30f-6751-47e3-8daa-10d96ee681f6 tempest-ServersTestManualDisk-252401848 tempest-ServersTestManualDisk-252401848-project] 10.222.0.36 "GET /v2.0/ports?device_id=3a83b56e-819a-42b0-813e-5ce3113f4634 HTTP/1.1" status: 200 len: 210 time: 0.0312133
Dec 09 11:39:20.493394 dv-neutron-816327-22-hyperv neutron-server[109791]: DEBUG neutron.plugins.ml2.drivers.type_vlan [None req-8a83b3df-2fda-4a63-932a-323c32cd991f tempest-RoutersAdminTest-546452252 tempest-RoutersAdminTest-546452252-project-admin] Releasing vlan 394 on physical network physnet1 to pool {{(pid=109791) release_segment /opt/stack/neutron/neutron/plugins/ml2/drivers/type_vlan.py:304}}
Dec 09 11:39:20.493797 dv-neutron-816327-22-hyperv neutron-server[109791]: DEBUG neutron_lib.callbacks.manager [None req-8a83b3df-2fda-4a63-932a-323c32cd991f tempest-RoutersAdminTest-546452252 tempest-RoutersAdminTest-546452252-project-admin] Publish callbacks ['neutron.plugins.ml2.plugin.Ml2Plugin._handle_segment_change-689063', 'neutron.services.segments.plugin.NovaSegmentNotifier._notify_segment_deleted-4479848'] for segment, after_delete {{(pid=109791) _notify_loop /usr/local/lib/python3.8/dist-packages/neutron_lib/callbacks/manager.py:175}}
Dec 09 11:39:20.498008 dv-neutron-816327-22-hyperv neutron-server[109791]: /usr/local/lib/python3.8/dist-packages/neutron_lib/db/model_query.py:331: SAWarning: DELETE statement on table 'ml2_port_bindings' expected to delete 1 row(s); 0 were matched. Please set confirm_deleted_rows=False within the mapper configuration to prevent this warning.
Dec 09 11:39:20.498008 dv-neutron-816327-22-hyperv neutron-server[109791]: items = [
Dec 09 11:39:20.498008 dv-neutron-816327-22-hyperv neutron-server[109791]: Traceback (most recent call last):
Dec 09 11:39:20.498008 dv-neutron-816327-22-hyperv neutron-server[109791]: File "/usr/local/lib/python3.8/dist-packages/eventlet/hubs/hub.py", line 476, in fire_timers
Dec 09 11:39:20.498008 dv-neutron-816327-22-hyperv neutron-server[109791]: timer()
Dec 09 11:39:20.498008 dv-neutron-816327-22-hyperv neutron-server[109791]: File "/usr/local/lib/python3.8/dist-packages/eventlet/hubs/timer.py", line 59, in __call__
Dec 09 11:39:20.498008 dv-neutron-816327-22-hyperv neutron-server[109791]: cb(*args, **kw)
Dec 09 11:39:20.498008 dv-neutron-816327-22-hyperv neutron-server[109791]: File "/opt/stack/neutron/neutron/common/utils.py", line 914, in wrapper
Dec 09 11:39:20.498008 dv-neutron-816327-22-hyperv neutron-server[109791]: return func(*args, **kwargs)
Dec 09 11:39:20.498008 dv-neutron-816327-22-hyperv neutron-server[109791]: File "/opt/stack/neutron/neutron/notifiers/batch_notifier.py", line 58, in synced_send
Dec 09 11:39:20.498008 dv-neutron-816327-22-hyperv neutron-server[109791]: self._notify()
Dec 09 11:39:20.498008 dv-neutron-816327-22-hyperv neutron-server[109791]: File "/opt/stack/neutron/neutron/notifiers/batch_notifier.py", line 69, in _notify
Dec 09 11:39:20.498008 dv-neutron-816327-22-hyperv neutron-server[109791]: self.callback(batched_events)
Dec 09 11:39:20.498008 dv-neutron-816327-22-hyperv neutron-server[109791]: File "/opt/stack/neutron/neutron/services/segments/plugin.py", line 211, in _send_notifications
Dec 09 11:39:20.498008 dv-neutron-816327-22-hyperv neutron-server[109791]: event.method(event)
Dec 09 11:39:20.498008 dv-neutron-816327-22-hyperv neutron-server[109791]: File "/opt/stack/neutron/neutron/services/segments/plugin.py", line 383, in _delete_nova_inventory
Dec 09 11:39:20.498008 dv-neutron-816327-22-hyperv neutron-server[109791]: aggregate_id = self._get_aggregate_id(event.segment_id)
Dec 09 11:39:20.498008 dv-neutron-816327-22-hyperv neutron-server[109791]: File "/opt/stack/neutron/neutron/services/segments/plugin.py", line 370, in _get_aggregate_id
Dec 09 11:39:20.498008 dv-neutron-816327-22-hyperv neutron-server[109791]: aggregate_uuid = self.p_client.list_aggregates(
Dec 09 11:39:20.498008 dv-neutron-816327-22-hyperv neutron-server[109791]: File "/usr/local/lib/python3.8/dist-packages/neutron_lib/placement/client.py", line 58, in wrapper
Dec 09 11:39:20.498008 dv-neutron-816327-22-hyperv neutron-server[109791]: return f(self, *a, **k)
Dec 09 11:39:20.498008 dv-neutron-816327-22-hyperv neutron-server[109791]: File "/usr/local/lib/python3.8/dist-packages/neutron_lib/placement/client.py", line 554, in list_aggregates
Dec 09 11:39:20.498008 dv-neutron-816327-22-hyperv neutron-server[109791]: return self._get(url).json()
Dec 09 11:39:20.498008 dv-neutron-816327-22-hyperv neutron-server[109791]: File "/usr/local/lib/python3.8/dist-packages/neutron_lib/placement/client.py", line 190, in _get
Dec 09 11:39:20.498008 dv-neutron-816327-22-hyperv neutron-server[109791]: return self._client.get(url, endpoint_filter=self._ks_filter,
Dec 09 11:39:20.498008 dv-neutron-816327-22-hyperv neutron-server[109791]: File "/usr/local/lib/python3.8/dist-packages/keystoneauth1/session.py", line 1141, in get
Dec 09 11:39:20.498008 dv-neutron-816327-22-hyperv neutron-server[109791]: return self.request(url, 'GET', **kwargs)
Dec 09 11:39:20.498008 dv-neutron-816327-22-hyperv neutron-server[109791]: File "/usr/local/lib/python3.8/dist-packages/keystoneauth1/session.py", line 811, in request
Dec 09 11:39:20.498008 dv-neutron-816327-22-hyperv neutron-server[109791]: base_url = self.get_endpoint(auth, allow=allow,
Dec 09 11:39:20.498008 dv-neutron-816327-22-hyperv neutron-server[109791]: File "/usr/local/lib/python3.8/dist-packages/keystoneauth1/session.py", line 1241, in get_endpoint
Dec 09 11:39:20.498008 dv-neutron-816327-22-hyperv neutron-server[109791]: auth = self._auth_required(auth, 'determine endpoint URL')
Dec 09 11:39:20.498008 dv-neutron-816327-22-hyperv neutron-server[109791]: File "/usr/local/lib/python3.8/dist-packages/keystoneauth1/session.py", line 1181, in _auth_required
Dec 09 11:39:20.498008 dv-neutron-816327-22-hyperv neutron-server[109791]: raise exceptions.MissingAuthPlugin(msg_fmt % msg)
Dec 09 11:39:20.498008 dv-neutron-816327-22-hyperv neutron-server[109791]: keystoneauth1.exceptions.auth_plugins.MissingAuthPlugin: An auth plugin is required to determine endpoint URL
Dec 09 11:39:20.526949 dv-neutron-816327-22-hyperv neutron-server[109791]: DEBUG neutron.scheduler.dhcp_agent_scheduler [None req-3dcccf86-3643-4ddb-a499-3f258675fcdb tempest-AllowedAddressPairTestJSON-1891218862 tempest-AllowedAddressPairTestJSON-1891218862-project] Network 219bb571-4b1b-4b2c-8aa0-04a5be3a2460 is already hosted by enough agents. {{(pid=109791) _get_dhcp_agents_hosting_network /opt/stack/neutron/neutron/scheduler/dhcp_agent_scheduler.py:275}}
Dec 09 11:39:20.546164 dv-neutron-816327-22-hyperv neutron-server[109791]: INFO neutron.wsgi [None req-65f91662-7bb3-43a6-b865-5e3a0413ba93 admin admin] 10.222.0.36 "GET /v2.0/security-groups?tenant_id=509d2e89bba444c6ad812fc935376521&name=default HTTP/1.1" status: 200 len: 2992 time: 0.4270883
Dec 09 11:39:20.551736 dv-neutron-816327-22-hyperv neutron-server[109792]: DEBUG neutron.wsgi [-] (109792) accepted ('10.222.0.36', 52892) {{(pid=109792) server /usr/local/lib/python3.8/dist-packages/eventlet/wsgi.py:1004}}
Dec 09 11:39:20.575134 dv-neutron-816327-22-hyperv neutron-server[109791]: DEBUG neutron.scheduler.base_scheduler [None req-3dcccf86-3643-4ddb-a499-3f258675fcdb tempest-AllowedAddressPairTestJSON-1891218862 tempest-AllowedAddressPairTestJSON-1891218862-project] Resources bound (agent type, host, resource id): {{(pid=109791) schedule /opt/stack/neutron/neutron/scheduler/base_scheduler.py:57}}
Dec 09 11:39:20.585438 dv-neutron-816327-22-hyperv neutron-server[109791]: DEBUG neutron_lib.callbacks.manager [None req-9a326ae8-2046-425b-a926-d5363f37382b tempest-RoutersIpV6AdminTest-298736833 tempest-RoutersIpV6AdminTest-298736833-project-admin] Publish callbacks ['neutron.plugins.ml2.plugin.SecurityGroupServerNotifierRpcMixin._notify_sg_on_port_change-545498', 'neutron.plugins.ml2.ovo_rpc._ObjectChangeHandler.handle_event-403300', 'neutron.api.rpc.agentnotifiers.dhcp_rpc_agent_api.DhcpAgentNotifyAPI._native_event_send_dhcp_notification-1816683', 'neutron.db.l3_db.L3RpcNotifierMixin._notify_routers_callback-8782727201055', 'neutron.db.l3_dvrscheduler_db._notify_port_delete-8782726669855', 'neutron.services.segments.plugin.NovaSegmentNotifier._notify_port_created_or_deleted-4479813'] for port, after_delete {{(pid=109791) _notify_loop /usr/local/lib/python3.8/dist-packages/neutron_lib/callbacks/manager.py:175}}
Dec 09 11:39:20.588169 dv-neutron-816327-22-hyperv neutron-server[109791]: DEBUG neutron.db.l3_dvrscheduler_db [None req-3dcccf86-3643-4ddb-a499-3f258675fcdb tempest-AllowedAddressPairTestJSON-1891218862 tempest-AllowedAddressPairTestJSON-1891218862-project] Received port after_create {{(pid=109791) _notify_l3_agent_new_port /opt/stack/neutron/neutron/db/l3_dvrscheduler_db.py:535}}
Dec 09 11:39:20.596825 dv-neutron-816327-22-hyperv neutron-server[109791]: DEBUG neutron.api.rpc.handlers.resources_rpc [None req-3dcccf86-3643-4ddb-a499-3f258675fcdb tempest-AllowedAddressPairTestJSON-1891218862 tempest-AllowedAddressPairTestJSON-1891218862-project] Pushing event updated for resources: {'Port': ['ID=3b8015f2-71ac-4d29-865e-9c73859984f6,revision_number=1']} {{(pid=109791) push /opt/stack/neutron/neutron/api/rpc/handlers/resources_rpc.py:237}}
Dec 09 11:39:20.632548 dv-neutron-816327-22-hyperv neutron-server[109792]: DEBUG neutron_lib.callbacks.manager [None req-ec0505d2-8ac5-4210-a5a7-3320c9bc55e5 admin admin] Publish callbacks [] for security_group, before_delete {{(pid=109792) _notify_loop /usr/local/lib/python3.8/dist-packages/neutron_lib/callbacks/manager.py:175}}
Dec 09 11:39:20.663850 dv-neutron-816327-22-hyperv neutron-server[109792]: DEBUG neutron_lib.callbacks.manager [None req-ec0505d2-8ac5-4210-a5a7-3320c9bc55e5 admin admin] Publish callbacks [] for security_group, precommit_delete {{(pid=109792) _notify_loop /usr/local/lib/python3.8/dist-packages/neutron_lib/callbacks/manager.py:175}}
Dec 09 11:39:20.669334 dv-neutron-816327-22-hyperv neutron-server[109791]: DEBUG neutron.api.rpc.handlers.resources_rpc [None req-9a326ae8-2046-425b-a926-d5363f37382b tempest-RoutersIpV6AdminTest-298736833 tempest-RoutersIpV6AdminTest-298736833-project-admin] Pushing event deleted for resources: {'Port': ['ID=4d813a7e-7c33-4579-bb34-c62dd7f6d425,revision_number=None']} {{(pid=109791) push /opt/stack/neutron/neutron/api/rpc/handlers/resources_rpc.py:237}}
Dec 09 11:39:20.676079 dv-neutron-816327-22-hyperv neutron-server[109791]: DEBUG neutron_lib.callbacks.manager [None req-8a83b3df-2fda-4a63-932a-323c32cd991f tempest-RoutersAdminTest-546452252 tempest-RoutersAdminTest-546452252-project-admin] Publish callbacks ['neutron.plugins.ml2.plugin.Ml2Plugin._network_delete_after_delete_handler-701268', 'neutron.plugins.ml2.ovo_rpc._ObjectChangeHandler.handle_event-2058116', 'neutron.api.rpc.agentnotifiers.dhcp_rpc_agent_api.DhcpAgentNotifyAPI._native_event_send_dhcp_notification-1816683', 'neutron.services.l3_router.l3_router_plugin.DVRResourceOperationHandler.delete_fip_namespaces_for_ext_net-1603750'] for network, after_delete {{(pid=109791) _notify_loop /usr/local/lib/python3.8/dist-packages/neutron_lib/callbacks/manager.py:175}}
Dec 09 11:39:20.711824 dv-neutron-816327-22-hyperv neutron-server[109791]: DEBUG neutron_lib.callbacks.manager [None req-9483cfa7-2f0d-4c15-9d74-7d0e4c427c8a tempest-FloatingIPAdminTestJSON-1989705839 tempest-FloatingIPAdminTestJSON-1989705839-project] Publish callbacks ['neutron.plugins.ml2.plugin.SecurityGroupServerNotifierRpcMixin._notify_sg_on_port_change-545498', 'neutron.plugins.ml2.ovo_rpc._ObjectChangeHandler.handle_event-403300', 'neutron.api.rpc.agentnotifiers.dhcp_rpc_agent_api.DhcpAgentNotifyAPI._native_event_send_dhcp_notification-1816683', 'neutron.db.l3_dvrscheduler_db._notify_l3_agent_new_port-8782726669846', 'neutron.services.segments.plugin.NovaSegmentNotifier._notify_port_created_or_deleted-4479813'] for port, after_create {{(pid=109791) _notify_loop /usr/local/lib/python3.8/dist-packages/neutron_lib/callbacks/manager.py:175}}
Dec 09 11:39:20.772619 dv-neutron-816327-22-hyperv neutron-server[109792]: DEBUG neutron_lib.callbacks.manager [None req-ec0505d2-8ac5-4210-a5a7-3320c9bc55e5 admin admin] Publish callbacks ['neutron.plugins.ml2.ovo_rpc._ObjectChangeHandler.handle_event-2058101'] for security_group, after_delete {{(pid=109792) _notify_loop /usr/local/lib/python3.8/dist-packages/neutron_lib/callbacks/manager.py:175}}
Dec 09 11:39:20.775554 dv-neutron-816327-22-hyperv neutron-server[109792]: DEBUG neutron_lib.callbacks.manager [None req-ec0505d2-8ac5-4210-a5a7-3320c9bc55e5 admin admin] Publish callbacks [] for security_group, before_response {{(pid=109792) _notify_loop /usr/local/lib/python3.8/dist-packages/neutron_lib/callbacks/manager.py:175}}
Dec 09 11:39:20.777387 dv-neutron-816327-22-hyperv neutron-server[109792]: INFO neutron.wsgi [None req-ec0505d2-8ac5-4210-a5a7-3320c9bc55e5 admin admin] 10.222.0.36 "DELETE /v2.0/security-groups/62327092-391a-4f69-b159-bdf5b1f1fdd7 HTTP/1.1" status: 204 len: 168 time: 0.2231064
Dec 09 11:39:20.791840 dv-neutron-816327-22-hyperv neutron-server[109791]: DEBUG neutron_lib.callbacks.manager [None req-9a326ae8-2046-425b-a926-d5363f37382b tempest-RoutersIpV6AdminTest-298736833 tempest-RoutersIpV6AdminTest-298736833-project-admin] Publish callbacks ['neutron.notifiers.nova.Notifier._send_nova_notification-25706'] for port, before_response {{(pid=109791) _notify_loop /usr/local/lib/python3.8/dist-packages/neutron_lib/callbacks/manager.py:175}}
Dec 09 11:39:20.798086 dv-neutron-816327-22-hyperv neutron-server[109792]: DEBUG neutron.api.rpc.handlers.resources_rpc [None req-ec0505d2-8ac5-4210-a5a7-3320c9bc55e5 admin admin] Pushing event deleted for resources: {'SecurityGroup': ['ID=62327092-391a-4f69-b159-bdf5b1f1fdd7,revision_number=None']} {{(pid=109792) push /opt/stack/neutron/neutron/api/rpc/handlers/resources_rpc.py:237}}
Dec 09 11:39:20.805050 dv-neutron-816327-22-hyperv neutron-server[109791]: INFO neutron.wsgi [None req-9a326ae8-2046-425b-a926-d5363f37382b tempest-RoutersIpV6AdminTest-298736833 tempest-RoutersIpV6AdminTest-298736833-project-admin] 10.222.0.36 "DELETE /v2.0/ports/4d813a7e-7c33-4579-bb34-c62dd7f6d425 HTTP/1.1" status: 204 len: 168 time: 1.8563981
Dec 09 11:39:20.810128 dv-neutron-816327-22-hyperv neutron-server[109792]: DEBUG neutron.wsgi [-] (109792) accepted ('10.222.0.36', 52900) {{(pid=109792) server /usr/local/lib/python3.8/dist-packages/eventlet/wsgi.py:1004}}
