Dec 09 09:00:16.677632 dv-neutron-816327-21-hyperv neutron-server[103100]: DEBUG neutron_lib.callbacks.manager [None req-da040369-548c-4886-ac55-f1d981791e30 tempest-NetworksTestDHCPv6-1218787806 tempest-NetworksTestDHCPv6-1218787806-project] Publish callbacks ['neutron.api.rpc.agentnotifiers.dhcp_rpc_agent_api.DhcpAgentNotifyAPI._send_dhcp_notification-1686022'] for subnet, before_response {{(pid=103100) _notify_loop /usr/local/lib/python3.8/dist-packages/neutron_lib/callbacks/manager.py:175}}
Dec 09 09:00:16.681244 dv-neutron-816327-21-hyperv neutron-server[103102]: DEBUG neutron.api.rpc.handlers.dhcp_rpc [None req-e18a4f3a-c26e-4fca-bd6a-4b53517b69e1 None None] Network e08ff307-6df8-4168-b591-369dc79a36ca requested from dv-neutron-816327-21-hyperv {{(pid=103102) get_network_info /opt/stack/neutron/neutron/api/rpc/handlers/dhcp_rpc.py:219}}
Dec 09 09:00:16.757355 dv-neutron-816327-21-hyperv neutron-server[103100]: DEBUG neutron_lib.callbacks.manager [None req-de1ff4a5-6a5f-4c55-82fe-d5122cb84fad tempest-QuotasNegativeTest-1050893377 tempest-QuotasNegativeTest-1050893377-project-admin] Publish callbacks [] for security_group, before_delete {{(pid=103100) _notify_loop /usr/local/lib/python3.8/dist-packages/neutron_lib/callbacks/manager.py:175}}
Dec 09 09:00:16.777113 dv-neutron-816327-21-hyperv neutron-server[103100]: INFO neutron.wsgi [None req-da040369-548c-4886-ac55-f1d981791e30 tempest-NetworksTestDHCPv6-1218787806 tempest-NetworksTestDHCPv6-1218787806-project] 10.222.0.45 "POST /v2.0/subnets HTTP/1.1" status: 201 len: 847 time: 1.9164045
Dec 09 09:00:16.783505 dv-neutron-816327-21-hyperv neutron-server[103100]: DEBUG neutron.wsgi [-] (103100) accepted ('10.222.0.45', 57272) {{(pid=103100) server /usr/local/lib/python3.8/dist-packages/eventlet/wsgi.py:1004}}
Dec 09 09:00:16.788752 dv-neutron-816327-21-hyperv neutron-server[103100]: DEBUG neutron.api.v2.base [None req-0b0f24fb-ac53-49f4-b3bc-6b38987bb45d tempest-NetworksTestDHCPv6-1218787806 tempest-NetworksTestDHCPv6-1218787806-project] Request body: {'port': {'network_id': 'e08ff307-6df8-4168-b591-369dc79a36ca', 'name': 'tempest-NetworksTestDHCPv6-1526148180'}} {{(pid=103100) prepare_request_body /opt/stack/neutron/neutron/api/v2/base.py:729}}
Dec 09 09:00:16.799244 dv-neutron-816327-21-hyperv neutron-server[103101]: DEBUG neutron.pecan_wsgi.hooks.quota_enforcement [None req-f4036c8d-ebf2-4ab2-afda-90e10aafc791 tempest-ExtraDHCPOptionsTestJSON-2010839653 tempest-ExtraDHCPOptionsTestJSON-2010839653-project] Made reservation on behalf of 20c3ffc623f040cb8abeb1a3715d4de4 for: {'subnet': 1} {{(pid=103101) before /opt/stack/neutron/neutron/pecan_wsgi/hooks/quota_enforcement.py:53}}
Dec 09 09:00:16.803975 dv-neutron-816327-21-hyperv neutron-server[103101]: DEBUG neutron_lib.callbacks.manager [None req-f4036c8d-ebf2-4ab2-afda-90e10aafc791 tempest-ExtraDHCPOptionsTestJSON-2010839653 tempest-ExtraDHCPOptionsTestJSON-2010839653-project] Publish callbacks [] for subnet, before_create {{(pid=103101) _notify_loop /usr/local/lib/python3.8/dist-packages/neutron_lib/callbacks/manager.py:175}}
Dec 09 09:00:16.825035 dv-neutron-816327-21-hyperv neutron-server[103100]: DEBUG neutron_lib.callbacks.manager [None req-de1ff4a5-6a5f-4c55-82fe-d5122cb84fad tempest-QuotasNegativeTest-1050893377 tempest-QuotasNegativeTest-1050893377-project-admin] Publish callbacks [] for security_group, precommit_delete {{(pid=103100) _notify_loop /usr/local/lib/python3.8/dist-packages/neutron_lib/callbacks/manager.py:175}}
Dec 09 09:00:16.841151 dv-neutron-816327-21-hyperv neutron-server[103102]: DEBUG neutron.db.provisioning_blocks [None req-c5e00743-0217-44dd-8ca0-b8b6bb841a76 None None] Provisioning complete for port 4445db90-38cf-406e-9a12-03bf4e365831 triggered by entity L2. {{(pid=103102) provisioning_complete /opt/stack/neutron/neutron/db/provisioning_blocks.py:139}}
Dec 09 09:00:16.842159 dv-neutron-816327-21-hyperv neutron-server[103102]: DEBUG neutron_lib.callbacks.manager [None req-c5e00743-0217-44dd-8ca0-b8b6bb841a76 None None] Publish callbacks ['neutron.plugins.ml2.plugin.Ml2Plugin._port_provisioned-977345'] for port, provisioning_complete {{(pid=103102) _notify_loop /usr/local/lib/python3.8/dist-packages/neutron_lib/callbacks/manager.py:175}}
Dec 09 09:00:16.859081 dv-neutron-816327-21-hyperv neutron-server[103100]: DEBUG neutron_lib.callbacks.manager [None req-0574982f-6b9a-4b6b-8bb3-edff3c9d7af9 admin admin] Publish callbacks ['neutron.services.l3_router.l3_router_plugin.L3_HA_NAT_db_mixin._after_router_create-1637491', 'neutron.services.l3_router.l3_router_plugin.DVRResourceOperationHandler._create_snat_interfaces_after_change-2048500'] for router, after_create {{(pid=103100) _notify_loop /usr/local/lib/python3.8/dist-packages/neutron_lib/callbacks/manager.py:175}}
Dec 09 09:00:16.881449 dv-neutron-816327-21-hyperv neutron-server[103102]: DEBUG neutron.api.rpc.handlers.dhcp_rpc [None req-c959207a-2909-4faf-b060-87eb0d773758 None None] Create dhcp port {'port': {'name': '', 'admin_state_up': True, 'device_id': 'dhcp2955db0e-2fb5-539c-b6ae-7bca8afc9eab-e08ff307-6df8-4168-b591-369dc79a36ca', 'network_id': 'e08ff307-6df8-4168-b591-369dc79a36ca', 'project_id': '73fba8b0d082480ca7a2bd01b5faf322', 'fixed_ips': [{'subnet_id': '8f9f4432-9215-48e5-b60d-4e781719719e'}]}} from dv-neutron-816327-21-hyperv. {{(pid=103102) create_dhcp_port /opt/stack/neutron/neutron/api/rpc/handlers/dhcp_rpc.py:296}}
Dec 09 09:00:16.882310 dv-neutron-816327-21-hyperv neutron-server[103102]: DEBUG neutron_lib.callbacks.manager [None req-c959207a-2909-4faf-b060-87eb0d773758 None None] Publish callbacks ['neutron.plugins.ml2.plugin.SecurityGroupDbMixin._ensure_default_security_group_handler-643484'] for port, before_create {{(pid=103102) _notify_loop /usr/local/lib/python3.8/dist-packages/neutron_lib/callbacks/manager.py:175}}
Dec 09 09:00:17.007145 dv-neutron-816327-21-hyperv neutron-server[103101]: DEBUG neutron.scheduler.dhcp_agent_scheduler [None req-8d25c7ab-96ea-4565-add6-7e50d5a1399d tempest-DHCPAgentSchedulersTestJSON-588306678 tempest-DHCPAgentSchedulersTestJSON-588306678-project] Network a20d00df-c6dd-4a42-a2bf-7ce4dbdd1332 is already hosted by enough agents. {{(pid=103101) _get_dhcp_agents_hosting_network /opt/stack/neutron/neutron/scheduler/dhcp_agent_scheduler.py:275}}
Dec 09 09:00:17.020418 dv-neutron-816327-21-hyperv neutron-server[103101]: INFO neutron.wsgi [None req-6f4b227f-ff04-40f7-aac2-17823ff5d977 tempest-ExternalNetworksAdminNegativeTestJSON-870833873 tempest-ExternalNetworksAdminNegativeTestJSON-870833873-project-admin] 10.222.0.45 "POST /v2.0/ports HTTP/1.1" status: 409 len: 371 time: 2.6046143
Dec 09 09:00:17.025978 dv-neutron-816327-21-hyperv neutron-server[103100]: DEBUG neutron.wsgi [-] (103100) accepted ('10.222.0.45', 57274) {{(pid=103100) server /usr/local/lib/python3.8/dist-packages/eventlet/wsgi.py:1004}}
Dec 09 09:00:17.055917 dv-neutron-816327-21-hyperv neutron-server[103101]: DEBUG neutron.scheduler.base_scheduler [None req-8d25c7ab-96ea-4565-add6-7e50d5a1399d tempest-DHCPAgentSchedulersTestJSON-588306678 tempest-DHCPAgentSchedulersTestJSON-588306678-project] Resources bound (agent type, host, resource id): {{(pid=103101) schedule /opt/stack/neutron/neutron/scheduler/base_scheduler.py:57}}
Dec 09 09:00:17.062931 dv-neutron-816327-21-hyperv neutron-server[103101]: DEBUG neutron.db.l3_dvrscheduler_db [None req-8d25c7ab-96ea-4565-add6-7e50d5a1399d tempest-DHCPAgentSchedulersTestJSON-588306678 tempest-DHCPAgentSchedulersTestJSON-588306678-project] Received port after_create {{(pid=103101) _notify_l3_agent_new_port /opt/stack/neutron/neutron/db/l3_dvrscheduler_db.py:535}}
Dec 09 09:00:17.069822 dv-neutron-816327-21-hyperv neutron-server[103101]: DEBUG neutron.pecan_wsgi.hooks.policy_enforcement [None req-8d25c7ab-96ea-4565-add6-7e50d5a1399d tempest-DHCPAgentSchedulersTestJSON-588306678 tempest-DHCPAgentSchedulersTestJSON-588306678-project] Attributes excluded by policy engine: ['standard_attr_id', 'binding:profile', 'binding:host_id', 'binding:vif_type', 'binding:vif_details', 'network'] {{(pid=103101) _exclude_attributes_by_policy /opt/stack/neutron/neutron/pecan_wsgi/hooks/policy_enforcement.py:255}}
Dec 09 09:00:17.070058 dv-neutron-816327-21-hyperv neutron-server[103101]: DEBUG neutron_lib.callbacks.manager [None req-8d25c7ab-96ea-4565-add6-7e50d5a1399d tempest-DHCPAgentSchedulersTestJSON-588306678 tempest-DHCPAgentSchedulersTestJSON-588306678-project] Publish callbacks ['neutron.notifiers.nova.Notifier._send_nova_notification-32352', 'neutron.api.rpc.agentnotifiers.dhcp_rpc_agent_api.DhcpAgentNotifyAPI._send_dhcp_notification-1686022'] for port, before_response {{(pid=103101) _notify_loop /usr/local/lib/python3.8/dist-packages/neutron_lib/callbacks/manager.py:175}}
Dec 09 09:00:17.091080 dv-neutron-816327-21-hyperv neutron-server[103102]: DEBUG neutron.db.db_base_plugin_common [None req-c959207a-2909-4faf-b060-87eb0d773758 None None] Allocated IP 2001:db8::2 (e08ff307-6df8-4168-b591-369dc79a36ca/8f9f4432-9215-48e5-b60d-4e781719719e/29075722-1ee1-4cf3-96da-fccebdd92388) {{(pid=103102) _store_ip_allocation /opt/stack/neutron/neutron/db/db_base_plugin_common.py:131}}
Dec 09 09:00:17.103270 dv-neutron-816327-21-hyperv neutron-server[103101]: DEBUG neutron.api.rpc.handlers.resources_rpc [None req-8d25c7ab-96ea-4565-add6-7e50d5a1399d tempest-DHCPAgentSchedulersTestJSON-588306678 tempest-DHCPAgentSchedulersTestJSON-588306678-project] Pushing event updated for resources: {'Port': ['ID=f700bc24-d014-46ca-9dbe-7ba8cb6caade,revision_number=1']} {{(pid=103101) push /opt/stack/neutron/neutron/api/rpc/handlers/resources_rpc.py:237}}
Dec 09 09:00:17.175779 dv-neutron-816327-21-hyperv neutron-server[103101]: DEBUG neutron_lib.callbacks.manager [None req-78b9f589-cacf-4d16-9f13-f2b20b2c975e tempest-FloatingIPAdminTestJSON-1620487614 tempest-FloatingIPAdminTestJSON-1620487614-project] Publish callbacks [] for floatingip, precommit_create {{(pid=103101) _notify_loop /usr/local/lib/python3.8/dist-packages/neutron_lib/callbacks/manager.py:175}}
Dec 09 09:00:17.182991 dv-neutron-816327-21-hyperv neutron-server[103101]: INFO neutron.wsgi [None req-8d25c7ab-96ea-4565-add6-7e50d5a1399d tempest-DHCPAgentSchedulersTestJSON-588306678 tempest-DHCPAgentSchedulersTestJSON-588306678-project] 10.222.0.45 "POST /v2.0/ports HTTP/1.1" status: 201 len: 939 time: 2.7206943
Dec 09 09:00:17.197775 dv-neutron-816327-21-hyperv neutron-server[103101]: DEBUG neutron.wsgi [-] (103101) accepted ('10.222.0.45', 57276) {{(pid=103101) server /usr/local/lib/python3.8/dist-packages/eventlet/wsgi.py:1004}}
Dec 09 09:00:17.263145 dv-neutron-816327-21-hyperv neutron-server[103102]: DEBUG neutron_lib.callbacks.manager [None req-c959207a-2909-4faf-b060-87eb0d773758 None None] Publish callbacks [] for port, precommit_create {{(pid=103102) _notify_loop /usr/local/lib/python3.8/dist-packages/neutron_lib/callbacks/manager.py:175}}
Dec 09 09:00:17.271075 dv-neutron-816327-21-hyperv neutron-server[103102]: DEBUG neutron_lib.callbacks.manager [None req-c959207a-2909-4faf-b060-87eb0d773758 None None] Publish callbacks ['neutron.plugins.ml2.plugin.SecurityGroupServerNotifierRpcMixin._notify_sg_on_port_change-643551', 'neutron.plugins.ml2.ovo_rpc._ObjectChangeHandler.handle_event-171800', 'neutron.api.rpc.agentnotifiers.dhcp_rpc_agent_api.DhcpAgentNotifyAPI._native_event_send_dhcp_notification-1686120', 'neutron.db.l3_dvrscheduler_db._notify_l3_agent_new_port-8743270770454'] for port, after_create {{(pid=103102) _notify_loop /usr/local/lib/python3.8/dist-packages/neutron_lib/callbacks/manager.py:175}}
Dec 09 09:00:17.307179 dv-neutron-816327-21-hyperv neutron-server[103101]: DEBUG neutron.scheduler.l3_agent_scheduler [None req-1e96b412-d626-4c42-baa2-ff12d4b36a1a admin admin] Router 54c4d170-0c50-4c86-866d-ac9bc1c697c4 is scheduled to L3 agent ad827bca-4749-40b2-8780-cf1d99860e92 with binding_index 1 {{(pid=103101) bind_router /opt/stack/neutron/neutron/scheduler/l3_agent_scheduler.py:209}}
Dec 09 09:00:17.309371 dv-neutron-816327-21-hyperv neutron-server[103101]: DEBUG neutron_lib.callbacks.manager [None req-78b9f589-cacf-4d16-9f13-f2b20b2c975e tempest-FloatingIPAdminTestJSON-1620487614 tempest-FloatingIPAdminTestJSON-1620487614-project] Publish callbacks ['neutron.plugins.ml2.plugin.SecurityGroupDbMixin._ensure_default_security_group_handler-643484'] for port, before_update {{(pid=103101) _notify_loop /usr/local/lib/python3.8/dist-packages/neutron_lib/callbacks/manager.py:175}}
Dec 09 09:00:17.319336 dv-neutron-816327-21-hyperv neutron-server[103102]: DEBUG neutron.scheduler.dhcp_agent_scheduler [None req-c959207a-2909-4faf-b060-87eb0d773758 None None] Network e08ff307-6df8-4168-b591-369dc79a36ca is already hosted by enough agents. {{(pid=103102) _get_dhcp_agents_hosting_network /opt/stack/neutron/neutron/scheduler/dhcp_agent_scheduler.py:275}}
Dec 09 09:00:17.322364 dv-neutron-816327-21-hyperv neutron-server[103102]: DEBUG neutron.scheduler.base_scheduler [None req-c959207a-2909-4faf-b060-87eb0d773758 None None] Resources bound (agent type, host, resource id): {{(pid=103102) schedule /opt/stack/neutron/neutron/scheduler/base_scheduler.py:57}}
Dec 09 09:00:17.328124 dv-neutron-816327-21-hyperv neutron-server[103102]: DEBUG neutron.db.l3_dvrscheduler_db [None req-c959207a-2909-4faf-b060-87eb0d773758 None None] Received port after_create {{(pid=103102) _notify_l3_agent_new_port /opt/stack/neutron/neutron/db/l3_dvrscheduler_db.py:535}}
Dec 09 09:00:17.338265 dv-neutron-816327-21-hyperv neutron-server[103102]: DEBUG neutron.api.rpc.handlers.resources_rpc [None req-c959207a-2909-4faf-b060-87eb0d773758 None None] Pushing event updated for resources: {'Port': ['ID=29075722-1ee1-4cf3-96da-fccebdd92388,revision_number=1']} {{(pid=103102) push /opt/stack/neutron/neutron/api/rpc/handlers/resources_rpc.py:237}}
Dec 09 09:00:17.387438 dv-neutron-816327-21-hyperv neutron-server[103100]: DEBUG neutron_lib.callbacks.manager [None req-de1ff4a5-6a5f-4c55-82fe-d5122cb84fad tempest-QuotasNegativeTest-1050893377 tempest-QuotasNegativeTest-1050893377-project-admin] Publish callbacks ['neutron.plugins.ml2.ovo_rpc._ObjectChangeHandler.handle_event-1907817'] for security_group, after_delete {{(pid=103100) _notify_loop /usr/local/lib/python3.8/dist-packages/neutron_lib/callbacks/manager.py:175}}
Dec 09 09:00:17.390525 dv-neutron-816327-21-hyperv neutron-server[103100]: DEBUG neutron_lib.callbacks.manager [None req-de1ff4a5-6a5f-4c55-82fe-d5122cb84fad tempest-QuotasNegativeTest-1050893377 tempest-QuotasNegativeTest-1050893377-project-admin] Publish callbacks [] for security_group, before_response {{(pid=103100) _notify_loop /usr/local/lib/python3.8/dist-packages/neutron_lib/callbacks/manager.py:175}}
Dec 09 09:00:17.396256 dv-neutron-816327-21-hyperv neutron-server[103100]: INFO neutron.wsgi [None req-de1ff4a5-6a5f-4c55-82fe-d5122cb84fad tempest-QuotasNegativeTest-1050893377 tempest-QuotasNegativeTest-1050893377-project-admin] 10.222.0.45 "DELETE /v2.0/security-groups/535160f1-86c9-4a10-ad92-80f77104d299 HTTP/1.1" status: 204 len: 168 time: 0.8476007
Dec 09 09:00:17.399223 dv-neutron-816327-21-hyperv neutron-server[103100]: DEBUG neutron.wsgi [-] (103100) accepted ('10.222.0.45', 57278) {{(pid=103100) server /usr/local/lib/python3.8/dist-packages/eventlet/wsgi.py:1004}}
Dec 09 09:00:17.401360 dv-neutron-816327-21-hyperv neutron-server[103102]: DEBUG neutron.plugins.ml2.managers [None req-c959207a-2909-4faf-b060-87eb0d773758 None None] Attempting to bind port 29075722-1ee1-4cf3-96da-fccebdd92388 on host dv-neutron-816327-21-hyperv for vnic_type normal with profile {{(pid=103102) bind_port /opt/stack/neutron/neutron/plugins/ml2/managers.py:795}}
Dec 09 09:00:17.401360 dv-neutron-816327-21-hyperv neutron-server[103102]: DEBUG neutron.plugins.ml2.managers [None req-c959207a-2909-4faf-b060-87eb0d773758 None None] Attempting to bind port 29075722-1ee1-4cf3-96da-fccebdd92388 by drivers openvswitch,hyperv on host dv-neutron-816327-21-hyperv at level 0 using segments [{'id': '2c3c0fa5-60fd-490c-b271-c7fb6ccfbb79', 'network_type': 'vlan', 'physical_network': 'physnet1', 'segmentation_id': 131, 'network_id': 'e08ff307-6df8-4168-b591-369dc79a36ca'}] {{(pid=103102) _bind_port_level /opt/stack/neutron/neutron/plugins/ml2/managers.py:820}}
Dec 09 09:00:17.401608 dv-neutron-816327-21-hyperv neutron-server[103102]: DEBUG neutron.plugins.ml2.drivers.mech_agent [None req-c959207a-2909-4faf-b060-87eb0d773758 None None] Attempting to bind port 29075722-1ee1-4cf3-96da-fccebdd92388 on network e08ff307-6df8-4168-b591-369dc79a36ca {{(pid=103102) bind_port /opt/stack/neutron/neutron/plugins/ml2/drivers/mech_agent.py:91}}
Dec 09 09:00:17.406955 dv-neutron-816327-21-hyperv neutron-server[103102]: DEBUG neutron.plugins.ml2.drivers.mech_agent [None req-c959207a-2909-4faf-b060-87eb0d773758 None None] Checking agent: {'id': 'cd41f158-7ba4-4340-9aa6-9ad6e2a44b21', 'agent_type': 'Open vSwitch agent', 'binary': 'neutron-openvswitch-agent', 'topic': 'N/A', 'host': 'dv-neutron-816327-21-hyperv', 'admin_state_up': True, 'created_at': datetime.datetime(2021, 12, 9, 8, 52, 56), 'started_at': datetime.datetime(2021, 12, 9, 8, 53, 26), 'heartbeat_timestamp': datetime.datetime(2021, 12, 9, 8, 59, 56), 'description': None, 'resources_synced': None, 'availability_zone': None, 'alive': True, 'configurations': {'arp_responder_enabled': False, 'baremetal_smartnic': False, 'bridge_mappings': {'physnet1': 'br-data'}, 'datapath_type': 'system', 'devices': 0, 'enable_distributed_routing': False, 'extensions': [], 'in_distributed_mode': False, 'integration_bridge': 'br-int', 'l2_population': False, 'log_agent_heartbeats': False, 'ovs_capabilities': {'datapath_types': ['netdev', 'system'], 'iface_types': ['erspan', 'geneve', 'gre', 'internal', 'ip6erspan', 'ip6gre', 'lisp', 'patch', 'stt', 'system', 'tap', 'vxlan']}, 'ovs_hybrid_plug': False, 'resource_provider_bandwidths': {}, 'resource_provider_hypervisors': {'br-data': 'dv-neutron-816327-21-hyperv'}, 'resource_provider_inventory_defaults': {'allocation_ratio': 1.0, 'min_unit': 1, 'step_size': 1, 'reserved': 0}, 'resource_provider_packet_processing_inventory_defaults': {'allocation_ratio': 1.0, 'min_unit': 1, 'step_size': 1, 'reserved': 0}, 'resource_provider_packet_processing_with_direction': {}, 'resource_provider_packet_processing_without_direction': {}, 'tunnel_types': [], 'tunneling_ip': None, 'vhostuser_socket_dir': '/var/run/openvswitch'}, 'resource_versions': {'AddressGroup': '1.2', 'ConntrackHelper': '1.0', 'LocalIPAssociation': '1.0', 'Log': '1.0', 'Network': '1.1', 'Port': '1.7', 'PortForwarding': '1.2', 'QosPolicy': '1.10', 'SecurityGroup': '1.5', 'SecurityGroupRule': '1.2', 'SubPort': '1.0', 'Subnet': '1.1', 'Trunk': '1.1'}} {{(pid=103102) bind_port /opt/stack/neutron/neutron/plugins/ml2/drivers/mech_agent.py:110}}
Dec 09 09:00:17.407247 dv-neutron-816327-21-hyperv neutron-server[103102]: DEBUG neutron.plugins.ml2.drivers.mech_agent [None req-c959207a-2909-4faf-b060-87eb0d773758 None None] Checking segment: {'id': '2c3c0fa5-60fd-490c-b271-c7fb6ccfbb79', 'network_type': 'vlan', 'physical_network': 'physnet1', 'segmentation_id': 131, 'network_id': 'e08ff307-6df8-4168-b591-369dc79a36ca'} for mappings: {'physnet1': 'br-data'} with network types: ['local', 'flat', 'vlan'] {{(pid=103102) check_segment_for_agent /opt/stack/neutron/neutron/plugins/ml2/drivers/mech_agent.py:371}}
Dec 09 09:00:17.407746 dv-neutron-816327-21-hyperv neutron-server[103102]: DEBUG neutron_lib.callbacks.manager [None req-c959207a-2909-4faf-b060-87eb0d773758 None None] Publish callbacks [] for ovs_bridge_name, before_read {{(pid=103102) _notify_loop /usr/local/lib/python3.8/dist-packages/neutron_lib/callbacks/manager.py:175}}
Dec 09 09:00:17.408276 dv-neutron-816327-21-hyperv neutron-server[103102]: DEBUG neutron.plugins.ml2.drivers.mech_agent [None req-c959207a-2909-4faf-b060-87eb0d773758 None None] Bound using segment: {'id': '2c3c0fa5-60fd-490c-b271-c7fb6ccfbb79', 'network_type': 'vlan', 'physical_network': 'physnet1', 'segmentation_id': 131, 'network_id': 'e08ff307-6df8-4168-b591-369dc79a36ca'} {{(pid=103102) bind_port /opt/stack/neutron/neutron/plugins/ml2/drivers/mech_agent.py:120}}
Dec 09 09:00:17.408918 dv-neutron-816327-21-hyperv neutron-server[103102]: DEBUG neutron.plugins.ml2.managers [None req-c959207a-2909-4faf-b060-87eb0d773758 None None] Bound port: 29075722-1ee1-4cf3-96da-fccebdd92388, host: dv-neutron-816327-21-hyperv, vif_type: ovs, vif_details: {"connectivity": "l2", "port_filter": true, "ovs_hybrid_plug": false, "datapath_type": "system", "bridge_name": "br-int"}, binding_levels: [{'bound_driver': 'openvswitch', 'bound_segment': {'id': '2c3c0fa5-60fd-490c-b271-c7fb6ccfbb79', 'network_type': 'vlan', 'physical_network': 'physnet1', 'segmentation_id': 131, 'network_id': 'e08ff307-6df8-4168-b591-369dc79a36ca'}}] {{(pid=103102) _bind_port_level /opt/stack/neutron/neutron/plugins/ml2/managers.py:932}}
Dec 09 09:00:17.409297 dv-neutron-816327-21-hyperv neutron-server[103102]: DEBUG neutron_lib.callbacks.manager [None req-c959207a-2909-4faf-b060-87eb0d773758 None None] Publish callbacks ['neutron.plugins.ml2.plugin.SecurityGroupDbMixin._ensure_default_security_group_handler-643484'] for port, before_update {{(pid=103102) _notify_loop /usr/local/lib/python3.8/dist-packages/neutron_lib/callbacks/manager.py:175}}
Dec 09 09:00:17.434846 dv-neutron-816327-21-hyperv neutron-server[103100]: DEBUG neutron.api.rpc.handlers.resources_rpc [None req-de1ff4a5-6a5f-4c55-82fe-d5122cb84fad tempest-QuotasNegativeTest-1050893377 tempest-QuotasNegativeTest-1050893377-project-admin] Pushing event deleted for resources: {'SecurityGroup': ['ID=535160f1-86c9-4a10-ad92-80f77104d299,revision_number=None']} {{(pid=103100) push /opt/stack/neutron/neutron/api/rpc/handlers/resources_rpc.py:237}}
Dec 09 09:00:17.440965 dv-neutron-816327-21-hyperv neutron-server[103100]: DEBUG neutron.pecan_wsgi.hooks.quota_enforcement [None req-0b0f24fb-ac53-49f4-b3bc-6b38987bb45d tempest-NetworksTestDHCPv6-1218787806 tempest-NetworksTestDHCPv6-1218787806-project] Made reservation on behalf of 73fba8b0d082480ca7a2bd01b5faf322 for: {'port': 1} {{(pid=103100) before /opt/stack/neutron/neutron/pecan_wsgi/hooks/quota_enforcement.py:53}}
Dec 09 09:00:17.448625 dv-neutron-816327-21-hyperv neutron-server[103100]: DEBUG neutron_lib.callbacks.manager [None req-0b0f24fb-ac53-49f4-b3bc-6b38987bb45d tempest-NetworksTestDHCPv6-1218787806 tempest-NetworksTestDHCPv6-1218787806-project] Publish callbacks ['neutron.plugins.ml2.plugin.SecurityGroupDbMixin._ensure_default_security_group_handler-643484'] for port, before_create {{(pid=103100) _notify_loop /usr/local/lib/python3.8/dist-packages/neutron_lib/callbacks/manager.py:175}}
Dec 09 09:00:17.516614 dv-neutron-816327-21-hyperv neutron-server[103102]: DEBUG neutron.plugins.ml2.db [None req-c959207a-2909-4faf-b060-87eb0d773758 None None] For port 29075722-1ee1-4cf3-96da-fccebdd92388, host dv-neutron-816327-21-hyperv, cleared binding levels {{(pid=103102) clear_binding_levels /opt/stack/neutron/neutron/plugins/ml2/db.py:87}}
Dec 09 09:00:17.520711 dv-neutron-816327-21-hyperv neutron-server[103102]: DEBUG neutron.plugins.ml2.db [None req-c959207a-2909-4faf-b060-87eb0d773758 None None] For port 29075722-1ee1-4cf3-96da-fccebdd92388, host dv-neutron-816327-21-hyperv, set binding levels [PortBindingLevel(driver='openvswitch',host='dv-neutron-816327-21-hyperv',level=0,port_id=29075722-1ee1-4cf3-96da-fccebdd92388,segment=NetworkSegment(2c3c0fa5-60fd-490c-b271-c7fb6ccfbb79),segment_id=2c3c0fa5-60fd-490c-b271-c7fb6ccfbb79)] {{(pid=103102) set_binding_levels /opt/stack/neutron/neutron/plugins/ml2/db.py:59}}
Dec 09 09:00:17.526907 dv-neutron-816327-21-hyperv neutron-server[103102]: DEBUG neutron_lib.callbacks.manager [None req-c959207a-2909-4faf-b060-87eb0d773758 None None] Publish callbacks ['neutron.plugins.ml2.plugin.SecurityGroupServerNotifierRpcMixin._notify_sg_on_port_change-643551', 'neutron.plugins.ml2.ovo_rpc._ObjectChangeHandler.handle_event-171800', 'neutron.api.rpc.agentnotifiers.dhcp_rpc_agent_api.DhcpAgentNotifyAPI._native_event_send_dhcp_notification-1686120', 'neutron.db.l3_db.L3RpcNotifierMixin._notify_gateway_port_ip_changed-8743271269937', 'neutron.db.l3_dvrscheduler_db._notify_l3_agent_port_update-8743270770472', 'neutron.db.l3_hascheduler_db._notify_l3_agent_ha_port_update-8743270770490'] for port, after_update {{(pid=103102) _notify_loop /usr/local/lib/python3.8/dist-packages/neutron_lib/callbacks/manager.py:175}}
Dec 09 09:00:17.534399 dv-neutron-816327-21-hyperv neutron-server[103100]: DEBUG neutron.notifiers.nova [None req-0b0f24fb-ac53-49f4-b3bc-6b38987bb45d tempest-NetworksTestDHCPv6-1218787806 tempest-NetworksTestDHCPv6-1218787806-project] device_id is not set on port ad72f154-190f-4cc1-a15b-a579d50fcfe1 yet. {{(pid=103100) _can_notify /opt/stack/neutron/neutron/notifiers/nova.py:190}}
Dec 09 09:00:17.580203 dv-neutron-816327-21-hyperv neutron-server[103100]: DEBUG neutron_lib.callbacks.manager [None req-a9af1ed2-e59f-4bc2-a586-e225056df20b tempest-QuotasNegativeTest-1050893377 tempest-QuotasNegativeTest-1050893377-project-admin] Publish callbacks ['neutron.plugins.ml2.plugin.External_net_db_mixin._before_network_delete_handler-604302'] for network, before_delete {{(pid=103100) _notify_loop /usr/local/lib/python3.8/dist-packages/neutron_lib/callbacks/manager.py:175}}
Dec 09 09:00:17.601288 dv-neutron-816327-21-hyperv neutron-server[103102]: DEBUG neutron.api.rpc.handlers.resources_rpc [None req-c959207a-2909-4faf-b060-87eb0d773758 None None] Pushing event updated for resources: {'Port': ['ID=29075722-1ee1-4cf3-96da-fccebdd92388,revision_number=2']} {{(pid=103102) push /opt/stack/neutron/neutron/api/rpc/handlers/resources_rpc.py:237}}
Dec 09 09:00:17.702165 dv-neutron-816327-21-hyperv neutron-server[103101]: DEBUG neutron.plugins.ml2.plugin [None req-82d5ae60-d678-4b90-925e-4617f5887860 tempest-DHCPAgentSchedulersTestJSON-588306678 tempest-DHCPAgentSchedulersTestJSON-588306678-project] Deleting port f700bc24-d014-46ca-9dbe-7ba8cb6caade {{(pid=103101) _pre_delete_port /opt/stack/neutron/neutron/plugins/ml2/plugin.py:1936}}
Dec 09 09:00:17.702718 dv-neutron-816327-21-hyperv neutron-server[103101]: DEBUG neutron_lib.callbacks.manager [None req-82d5ae60-d678-4b90-925e-4617f5887860 tempest-DHCPAgentSchedulersTestJSON-588306678 tempest-DHCPAgentSchedulersTestJSON-588306678-project] Publish callbacks ['neutron.db.l3_db.L3_NAT_dbonly_mixin._prevent_l3_port_delete_callback-8743271263928'] for port, before_delete {{(pid=103101) _notify_loop /usr/local/lib/python3.8/dist-packages/neutron_lib/callbacks/manager.py:175}}
Dec 09 09:00:17.745701 dv-neutron-816327-21-hyperv neutron-server[103101]: DEBUG neutron_lib.callbacks.manager [None req-f4036c8d-ebf2-4ab2-afda-90e10aafc791 tempest-ExtraDHCPOptionsTestJSON-2010839653 tempest-ExtraDHCPOptionsTestJSON-2010839653-project] Publish callbacks ['neutron.plugins.ml2.ovo_rpc._ObjectChangeHandler.handle_event-1869145', 'neutron.api.rpc.agentnotifiers.dhcp_rpc_agent_api.DhcpAgentNotifyAPI._native_event_send_dhcp_notification-1686120'] for subnet, after_create {{(pid=103101) _notify_loop /usr/local/lib/python3.8/dist-packages/neutron_lib/callbacks/manager.py:175}}
Dec 09 09:00:17.763232 dv-neutron-816327-21-hyperv neutron-server[103100]: DEBUG neutron.scheduler.l3_agent_scheduler [None req-0574982f-6b9a-4b6b-8bb3-edff3c9d7af9 admin admin] Router 169b2fec-6b7a-48b1-b3a3-05fc98e59047 is scheduled to L3 agent ad827bca-4749-40b2-8780-cf1d99860e92 with binding_index 1 {{(pid=103100) bind_router /opt/stack/neutron/neutron/scheduler/l3_agent_scheduler.py:209}}
Dec 09 09:00:17.768726 dv-neutron-816327-21-hyperv neutron-server[103101]: DEBUG neutron.api.rpc.agentnotifiers.l3_rpc_agent_api [None req-1e96b412-d626-4c42-baa2-ff12d4b36a1a admin admin] Notify agent at l3_agent.dv-neutron-816327-21-hyperv the message routers_updated {{(pid=103101) _agent_notification /opt/stack/neutron/neutron/api/rpc/agentnotifiers/l3_rpc_agent_api.py:65}}
Dec 09 09:00:17.773310 dv-neutron-816327-21-hyperv neutron-server[103100]: DEBUG neutron.plugins.ml2.plugin [None req-dee0ee9a-1e5c-427c-9ccc-3bf03a3061de tempest-ExternalNetworksAdminNegativeTestJSON-870833873 tempest-ExternalNetworksAdminNegativeTestJSON-870833873-project-admin] Deleting port 659fce2f-c59b-418c-a67b-68e4598d39cb {{(pid=103100) _pre_delete_port /opt/stack/neutron/neutron/plugins/ml2/plugin.py:1936}}
Dec 09 09:00:17.773870 dv-neutron-816327-21-hyperv neutron-server[103100]: DEBUG neutron_lib.callbacks.manager [None req-dee0ee9a-1e5c-427c-9ccc-3bf03a3061de tempest-ExternalNetworksAdminNegativeTestJSON-870833873 tempest-ExternalNetworksAdminNegativeTestJSON-870833873-project-admin] Publish callbacks ['neutron.db.l3_db.L3_NAT_dbonly_mixin._prevent_l3_port_delete_callback-8743271263928'] for port, before_delete {{(pid=103100) _notify_loop /usr/local/lib/python3.8/dist-packages/neutron_lib/callbacks/manager.py:175}}
Dec 09 09:00:17.787731 dv-neutron-816327-21-hyperv neutron-server[103103]: DEBUG neutron.api.rpc.handlers.l3_rpc [None req-47f0311c-e679-489d-bd25-311a58e1dc35 None None] Sync routers for ids ['54c4d170-0c50-4c86-866d-ac9bc1c697c4'] in dv-neutron-816327-21-hyperv {{(pid=103103) sync_routers /opt/stack/neutron/neutron/api/rpc/handlers/l3_rpc.py:125}}
Dec 09 09:00:17.802250 dv-neutron-816327-21-hyperv neutron-server[103103]: DEBUG neutron.db.l3_dvrscheduler_db [None req-47f0311c-e679-489d-bd25-311a58e1dc35 None None] Routers {'54c4d170-0c50-4c86-866d-ac9bc1c697c4'} bound to L3 agent in host dv-neutron-816327-21-hyperv {{(pid=103103) _get_router_ids_for_agent /opt/stack/neutron/neutron/db/l3_dvrscheduler_db.py:420}}
Dec 09 09:00:17.802799 dv-neutron-816327-21-hyperv neutron-server[103103]: DEBUG neutron.db.l3_hamode_db [None req-47f0311c-e679-489d-bd25-311a58e1dc35 None None] neutron.services.l3_router.l3_router_plugin.L3RouterPlugin method get_ha_sync_data_for_host called with arguments (, 'dv-neutron-816327-21-hyperv', Agent(admin_state_up=True,agent_type='L3 agent',availability_zone='nova',binary='neutron-l3-agent',configurations={"agent_mode": "legacy", "ex_gw_ports": 1, "extensions": [], "floating_ips": 0, "handle_internal_only_routers": true, "interface_driver": "openvswitch", "interfaces": 1, "log_agent_heartbeats": false, "routers": 1},created_at=2021-12-09T08:52:53Z,description=,heartbeat_timestamp=2021-12-09T08:59:53Z,host='dv-neutron-816327-21-hyperv',id=ad827bca-4749-40b2-8780-cf1d99860e92,load=0,resource_versions=,resources_synced=,started_at=2021-12-09T08:52:53Z,topic='l3_agent')) {'router_ids': ['54c4d170-0c50-4c86-866d-ac9bc1c697c4'], 'active': True} {{(pid=103103) wrapper /usr/local/lib/python3.8/dist-packages/oslo_log/helpers.py:65}}
Dec 09 09:00:18.022226 dv-neutron-816327-21-hyperv neutron-server[103101]: DEBUG neutron_lib.callbacks.manager [None req-82d5ae60-d678-4b90-925e-4617f5887860 tempest-DHCPAgentSchedulersTestJSON-588306678 tempest-DHCPAgentSchedulersTestJSON-588306678-project] Publish callbacks ['neutron.services.l3_router.l3_router_plugin.L3_NAT_dbonly_mixin._precommit_delete_port_callback-2054637'] for port, precommit_delete {{(pid=103101) _notify_loop /usr/local/lib/python3.8/dist-packages/neutron_lib/callbacks/manager.py:175}}
Dec 09 09:00:18.071622 dv-neutron-816327-21-hyperv neutron-server[103101]: DEBUG neutron.plugins.ml2.plugin [None req-82d5ae60-d678-4b90-925e-4617f5887860 tempest-DHCPAgentSchedulersTestJSON-588306678 tempest-DHCPAgentSchedulersTestJSON-588306678-project] Calling delete_port for f700bc24-d014-46ca-9dbe-7ba8cb6caade owned by {{(pid=103101) delete_port /opt/stack/neutron/neutron/plugins/ml2/plugin.py:2014}}
Dec 09 09:00:18.105046 dv-neutron-816327-21-hyperv neutron-server[103103]: DEBUG neutron.db.l3_dvr_db [None req-47f0311c-e679-489d-bd25-311a58e1dc35 None None] Set router 54c4d170-0c50-4c86-866d-ac9bc1c697c4 gateway port host: dv-neutron-816327-21-hyperv {{(pid=103103) _build_routers_list /opt/stack/neutron/neutron/db/l3_dvr_db.py:906}}
Dec 09 09:00:18.138369 dv-neutron-816327-21-hyperv neutron-server[103100]: DEBUG neutron.db.db_base_plugin_common [None req-0b0f24fb-ac53-49f4-b3bc-6b38987bb45d tempest-NetworksTestDHCPv6-1218787806 tempest-NetworksTestDHCPv6-1218787806-project] Allocated IP 2001:db8::db (e08ff307-6df8-4168-b591-369dc79a36ca/8f9f4432-9215-48e5-b60d-4e781719719e/ad72f154-190f-4cc1-a15b-a579d50fcfe1) {{(pid=103100) _store_ip_allocation /opt/stack/neutron/neutron/db/db_base_plugin_common.py:131}}
Dec 09 09:00:18.153431 dv-neutron-816327-21-hyperv neutron-server[103100]: DEBUG neutron_lib.callbacks.manager [None req-a9af1ed2-e59f-4bc2-a586-e225056df20b tempest-QuotasNegativeTest-1050893377 tempest-QuotasNegativeTest-1050893377-project-admin] Publish callbacks ['neutron.plugins.ml2.plugin.Ml2Plugin._network_delete_precommit_handler-946504', 'neutron.services.segments.db._delete_segments_for_network-8743271286218'] for network, precommit_delete {{(pid=103100) _notify_loop /usr/local/lib/python3.8/dist-packages/neutron_lib/callbacks/manager.py:175}}
Dec 09 09:00:18.237392 dv-neutron-816327-21-hyperv neutron-server[103100]: DEBUG neutron_lib.callbacks.manager [None req-dee0ee9a-1e5c-427c-9ccc-3bf03a3061de tempest-ExternalNetworksAdminNegativeTestJSON-870833873 tempest-ExternalNetworksAdminNegativeTestJSON-870833873-project-admin] Publish callbacks ['neutron.services.l3_router.l3_router_plugin.L3_NAT_dbonly_mixin._precommit_delete_port_callback-2054637'] for port, precommit_delete {{(pid=103100) _notify_loop /usr/local/lib/python3.8/dist-packages/neutron_lib/callbacks/manager.py:175}}
Dec 09 09:00:18.238343 dv-neutron-816327-21-hyperv neutron-server[103100]: DEBUG neutron_lib.callbacks.manager [None req-dee0ee9a-1e5c-427c-9ccc-3bf03a3061de tempest-ExternalNetworksAdminNegativeTestJSON-870833873 tempest-ExternalNetworksAdminNegativeTestJSON-870833873-project-admin] Publish callbacks [] for floatingip, precommit_delete {{(pid=103100) _notify_loop /usr/local/lib/python3.8/dist-packages/neutron_lib/callbacks/manager.py:175}}
Dec 09 09:00:18.242282 dv-neutron-816327-21-hyperv neutron-server[103100]: DEBUG neutron_lib.callbacks.manager [None req-a9af1ed2-e59f-4bc2-a586-e225056df20b tempest-QuotasNegativeTest-1050893377 tempest-QuotasNegativeTest-1050893377-project-admin] Subscribe: > segment before_delete 55550000 {{(pid=103100) subscribe /usr/local/lib/python3.8/dist-packages/neutron_lib/callbacks/manager.py:45}}
Dec 09 09:00:18.242676 dv-neutron-816327-21-hyperv neutron-server[103100]: DEBUG neutron_lib.callbacks.manager [None req-a9af1ed2-e59f-4bc2-a586-e225056df20b tempest-QuotasNegativeTest-1050893377 tempest-QuotasNegativeTest-1050893377-project-admin] Subscribe: > subnet precommit_delete_associations 55550000 {{(pid=103100) subscribe /usr/local/lib/python3.8/dist-packages/neutron_lib/callbacks/manager.py:45}}
Dec 09 09:00:18.243460 dv-neutron-816327-21-hyperv neutron-server[103100]: DEBUG neutron_lib.callbacks.manager [None req-a9af1ed2-e59f-4bc2-a586-e225056df20b tempest-QuotasNegativeTest-1050893377 tempest-QuotasNegativeTest-1050893377-project-admin] Subscribe: > segment_host_mapping after_create 55550000 {{(pid=103100) subscribe /usr/local/lib/python3.8/dist-packages/neutron_lib/callbacks/manager.py:45}}
Dec 09 09:00:18.243887 dv-neutron-816327-21-hyperv neutron-server[103100]: DEBUG neutron_lib.callbacks.manager [None req-a9af1ed2-e59f-4bc2-a586-e225056df20b tempest-QuotasNegativeTest-1050893377 tempest-QuotasNegativeTest-1050893377-project-admin] Subscribe: > port after_create 55550000 {{(pid=103100) subscribe /usr/local/lib/python3.8/dist-packages/neutron_lib/callbacks/manager.py:45}}
Dec 09 09:00:18.244199 dv-neutron-816327-21-hyperv neutron-server[103100]: DEBUG neutron_lib.callbacks.manager [None req-a9af1ed2-e59f-4bc2-a586-e225056df20b tempest-QuotasNegativeTest-1050893377 tempest-QuotasNegativeTest-1050893377-project-admin] Subscribe: > port after_delete 55550000 {{(pid=103100) subscribe /usr/local/lib/python3.8/dist-packages/neutron_lib/callbacks/manager.py:45}}
Dec 09 09:00:18.244532 dv-neutron-816327-21-hyperv neutron-server[103100]: DEBUG neutron_lib.callbacks.manager [None req-a9af1ed2-e59f-4bc2-a586-e225056df20b tempest-QuotasNegativeTest-1050893377 tempest-QuotasNegativeTest-1050893377-project-admin] Subscribe: > port after_update 55550000 {{(pid=103100) subscribe /usr/local/lib/python3.8/dist-packages/neutron_lib/callbacks/manager.py:45}}
Dec 09 09:00:18.244856 dv-neutron-816327-21-hyperv neutron-server[103100]: DEBUG neutron_lib.callbacks.manager [None req-a9af1ed2-e59f-4bc2-a586-e225056df20b tempest-QuotasNegativeTest-1050893377 tempest-QuotasNegativeTest-1050893377-project-admin] Subscribe: > segment after_delete 55550000 {{(pid=103100) subscribe /usr/local/lib/python3.8/dist-packages/neutron_lib/callbacks/manager.py:45}}
Dec 09 09:00:18.245174 dv-neutron-816327-21-hyperv neutron-server[103100]: DEBUG neutron_lib.callbacks.manager [None req-a9af1ed2-e59f-4bc2-a586-e225056df20b tempest-QuotasNegativeTest-1050893377 tempest-QuotasNegativeTest-1050893377-project-admin] Subscribe: > subnet after_create 55550000 {{(pid=103100) subscribe /usr/local/lib/python3.8/dist-packages/neutron_lib/callbacks/manager.py:45}}
Dec 09 09:00:18.245490 dv-neutron-816327-21-hyperv neutron-server[103100]: DEBUG neutron_lib.callbacks.manager [None req-a9af1ed2-e59f-4bc2-a586-e225056df20b tempest-QuotasNegativeTest-1050893377 tempest-QuotasNegativeTest-1050893377-project-admin] Subscribe: > subnet after_delete 55550000 {{(pid=103100) subscribe /usr/local/lib/python3.8/dist-packages/neutron_lib/callbacks/manager.py:45}}
Dec 09 09:00:18.245863 dv-neutron-816327-21-hyperv neutron-server[103100]: DEBUG neutron_lib.callbacks.manager [None req-a9af1ed2-e59f-4bc2-a586-e225056df20b tempest-QuotasNegativeTest-1050893377 tempest-QuotasNegativeTest-1050893377-project-admin] Subscribe: > subnet after_update 55550000 {{(pid=103100) subscribe /usr/local/lib/python3.8/dist-packages/neutron_lib/callbacks/manager.py:45}}
Dec 09 09:00:18.273184 dv-neutron-816327-21-hyperv neutron-server[103102]: DEBUG neutron.plugins.ml2.rpc [None req-c5e00743-0217-44dd-8ca0-b8b6bb841a76 None None] Device 0596072a-ffa8-4a9b-8321-c5e025eb8bab up at agent ovs-agent-dv-neutron-816327-21-hyperv {{(pid=103102) update_device_up /opt/stack/neutron/neutron/plugins/ml2/rpc.py:296}}
Dec 09 09:00:18.289469 dv-neutron-816327-21-hyperv neutron-server[103101]: DEBUG neutron_lib.callbacks.manager [None req-1e96b412-d626-4c42-baa2-ff12d4b36a1a admin admin] Publish callbacks [] for router, before_response {{(pid=103101) _notify_loop /usr/local/lib/python3.8/dist-packages/neutron_lib/callbacks/manager.py:175}}
Dec 09 09:00:18.294025 dv-neutron-816327-21-hyperv neutron-server[103101]: INFO neutron.wsgi [None req-1e96b412-d626-4c42-baa2-ff12d4b36a1a admin admin] 10.222.0.45 "POST /v2.0/routers HTTP/1.1" status: 201 len: 917 time: 6.8803563
Dec 09 09:00:18.297281 dv-neutron-816327-21-hyperv neutron-server[103101]: DEBUG neutron.wsgi [-] (103101) accepted ('10.222.0.45', 57280) {{(pid=103101) server /usr/local/lib/python3.8/dist-packages/eventlet/wsgi.py:1004}}
Dec 09 09:00:18.348763 dv-neutron-816327-21-hyperv neutron-server[103102]: DEBUG neutron.db.provisioning_blocks [None req-c5e00743-0217-44dd-8ca0-b8b6bb841a76 None None] Provisioning complete for port 0596072a-ffa8-4a9b-8321-c5e025eb8bab triggered by entity L2. {{(pid=103102) provisioning_complete /opt/stack/neutron/neutron/db/provisioning_blocks.py:139}}
Dec 09 09:00:18.349198 dv-neutron-816327-21-hyperv neutron-server[103102]: DEBUG neutron_lib.callbacks.manager [None req-c5e00743-0217-44dd-8ca0-b8b6bb841a76 None None] Publish callbacks ['neutron.plugins.ml2.plugin.Ml2Plugin._port_provisioned-977345'] for port, provisioning_complete {{(pid=103102) _notify_loop /usr/local/lib/python3.8/dist-packages/neutron_lib/callbacks/manager.py:175}}
Dec 09 09:00:18.353529 dv-neutron-816327-21-hyperv neutron-server[103102]: DEBUG neutron.api.rpc.handlers.dhcp_rpc [None req-1bb77127-5788-438f-aa2a-9f7aa1896312 None None] Network a20d00df-c6dd-4a42-a2bf-7ce4dbdd1332 requested from dv-neutron-816327-21-hyperv {{(pid=103102) get_network_info /opt/stack/neutron/neutron/api/rpc/handlers/dhcp_rpc.py:219}}
Dec 09 09:00:18.442193 dv-neutron-816327-21-hyperv neutron-server[103101]: DEBUG neutron_lib.callbacks.manager [None req-78b9f589-cacf-4d16-9f13-f2b20b2c975e tempest-FloatingIPAdminTestJSON-1620487614 tempest-FloatingIPAdminTestJSON-1620487614-project] Publish callbacks [] for port, precommit_update {{(pid=103101) _notify_loop /usr/local/lib/python3.8/dist-packages/neutron_lib/callbacks/manager.py:175}}
Dec 09 09:00:18.445114 dv-neutron-816327-21-hyperv neutron-server[103101]: DEBUG neutron.api.rpc.handlers.resources_rpc [None req-f4036c8d-ebf2-4ab2-afda-90e10aafc791 tempest-ExtraDHCPOptionsTestJSON-2010839653 tempest-ExtraDHCPOptionsTestJSON-2010839653-project] Pushing event updated for resources: {'Subnet': ['ID=99e12f5a-3859-4c35-9124-fb018344f099,revision_number=0']} {{(pid=103101) push /opt/stack/neutron/neutron/api/rpc/handlers/resources_rpc.py:237}}
Dec 09 09:00:18.448981 dv-neutron-816327-21-hyperv neutron-server[103101]: DEBUG neutron.plugins.ml2.drivers.mech_agent [None req-f4036c8d-ebf2-4ab2-afda-90e10aafc791 tempest-ExtraDHCPOptionsTestJSON-2010839653 tempest-ExtraDHCPOptionsTestJSON-2010839653-project] Checking segment: {'id': 'd2851243-8010-4b3b-9f5a-027476a12aab', 'network_type': 'vlan', 'physical_network': 'physnet1', 'segmentation_id': 142, 'network_id': 'dc8ba747-1506-436d-a3c1-0ab3b78dc6a1'} for mappings: {'physnet1': 'br-data'} with network types: ['local', 'flat', 'vlan'] {{(pid=103101) check_segment_for_agent /opt/stack/neutron/neutron/plugins/ml2/drivers/mech_agent.py:371}}
Dec 09 09:00:18.449673 dv-neutron-816327-21-hyperv neutron-server[103101]: DEBUG neutron.scheduler.dhcp_agent_scheduler [None req-f4036c8d-ebf2-4ab2-afda-90e10aafc791 tempest-ExtraDHCPOptionsTestJSON-2010839653 tempest-ExtraDHCPOptionsTestJSON-2010839653-project] Network hostable DHCP agents. Network: dc8ba747-1506-436d-a3c1-0ab3b78dc6a1, hostable agents: ['701ae21c-f6dc-4a70-9f58-b518f22f4994'], hosted agents: [] {{(pid=103101) _get_network_hostable_dhcp_agents /opt/stack/neutron/neutron/scheduler/dhcp_agent_scheduler.py:329}}
Dec 09 09:00:18.470039 dv-neutron-816327-21-hyperv neutron-server[103101]: DEBUG neutron_lib.callbacks.manager [None req-78b9f589-cacf-4d16-9f13-f2b20b2c975e tempest-FloatingIPAdminTestJSON-1620487614 tempest-FloatingIPAdminTestJSON-1620487614-project] Publish callbacks ['neutron.plugins.ml2.plugin.SecurityGroupServerNotifierRpcMixin._notify_sg_on_port_change-643551', 'neutron.plugins.ml2.ovo_rpc._ObjectChangeHandler.handle_event-171800', 'neutron.api.rpc.agentnotifiers.dhcp_rpc_agent_api.DhcpAgentNotifyAPI._native_event_send_dhcp_notification-1686120', 'neutron.db.l3_db.L3RpcNotifierMixin._notify_gateway_port_ip_changed-8743271269937', 'neutron.db.l3_dvrscheduler_db._notify_l3_agent_port_update-8743270770472', 'neutron.db.l3_hascheduler_db._notify_l3_agent_ha_port_update-8743270770490'] for port, after_update {{(pid=103101) _notify_loop /usr/local/lib/python3.8/dist-packages/neutron_lib/callbacks/manager.py:175}}
Dec 09 09:00:18.489148 dv-neutron-816327-21-hyperv neutron-server[103100]: DEBUG neutron_lib.callbacks.manager [None req-a9af1ed2-e59f-4bc2-a586-e225056df20b tempest-QuotasNegativeTest-1050893377 tempest-QuotasNegativeTest-1050893377-project-admin] Subscribe: > subnet after_create 55550000 {{(pid=103100) subscribe /usr/local/lib/python3.8/dist-packages/neutron_lib/callbacks/manager.py:45}}
Dec 09 09:00:18.489389 dv-neutron-816327-21-hyperv neutron-server[103100]: DEBUG neutron_lib.callbacks.manager [None req-a9af1ed2-e59f-4bc2-a586-e225056df20b tempest-QuotasNegativeTest-1050893377 tempest-QuotasNegativeTest-1050893377-project-admin] Subscribe: > subnet after_delete 55550000 {{(pid=103100) subscribe /usr/local/lib/python3.8/dist-packages/neutron_lib/callbacks/manager.py:45}}
Dec 09 09:00:18.489722 dv-neutron-816327-21-hyperv neutron-server[103100]: DEBUG neutron_lib.callbacks.manager [None req-a9af1ed2-e59f-4bc2-a586-e225056df20b tempest-QuotasNegativeTest-1050893377 tempest-QuotasNegativeTest-1050893377-project-admin] Subscribe: > subnet before_create 55550000 {{(pid=103100) subscribe /usr/local/lib/python3.8/dist-packages/neutron_lib/callbacks/manager.py:45}}
Dec 09 09:00:18.490049 dv-neutron-816327-21-hyperv neutron-server[103100]: DEBUG neutron_lib.callbacks.manager [None req-a9af1ed2-e59f-4bc2-a586-e225056df20b tempest-QuotasNegativeTest-1050893377 tempest-QuotasNegativeTest-1050893377-project-admin] Subscribe: > subnet before_update 55550000 {{(pid=103100) subscribe /usr/local/lib/python3.8/dist-packages/neutron_lib/callbacks/manager.py:45}}
Dec 09 09:00:18.490499 dv-neutron-816327-21-hyperv neutron-server[103100]: DEBUG neutron.services.segments.db [None req-a9af1ed2-e59f-4bc2-a586-e225056df20b tempest-QuotasNegativeTest-1050893377 tempest-QuotasNegativeTest-1050893377-project-admin] neutron.services.segments.plugin.Plugin method get_segments called with arguments (,) {'filters': {'network_id': ['7482b6d8-c1db-4b30-8d24-232651ef9890']}} {{(pid=103100) wrapper /usr/local/lib/python3.8/dist-packages/oslo_log/helpers.py:65}}
Dec 09 09:00:18.495137 dv-neutron-816327-21-hyperv neutron-server[103102]: DEBUG neutron.db.provisioning_blocks [None req-3ff8bfb0-4ee7-49c0-a2e0-f253098c05d0 None None] Provisioning complete for port 0596072a-ffa8-4a9b-8321-c5e025eb8bab triggered by entity DHCP. {{(pid=103102) provisioning_complete /opt/stack/neutron/neutron/db/provisioning_blocks.py:139}}
Dec 09 09:00:18.495643 dv-neutron-816327-21-hyperv neutron-server[103102]: DEBUG neutron_lib.callbacks.manager [None req-3ff8bfb0-4ee7-49c0-a2e0-f253098c05d0 None None] Publish callbacks ['neutron.plugins.ml2.plugin.Ml2Plugin._port_provisioned-977345'] for port, provisioning_complete {{(pid=103102) _notify_loop /usr/local/lib/python3.8/dist-packages/neutron_lib/callbacks/manager.py:175}}
Dec 09 09:00:18.506506 dv-neutron-816327-21-hyperv neutron-server[103103]: DEBUG neutron.db.l3_hamode_db [None req-47f0311c-e679-489d-bd25-311a58e1dc35 None None] neutron.services.l3_router.l3_router_plugin.L3RouterPlugin method _process_sync_ha_data called with arguments (, [{'id': '54c4d170-0c50-4c86-866d-ac9bc1c697c4', 'name': 'tempest-ServersTestJSON-1692151961-router', 'tenant_id': 'bda655864d6944a4b8dde2ab9141df3c', 'admin_state_up': True, 'status': 'ACTIVE', 'external_gateway_info': {'network_id': '32bdb1a6-a8dd-434f-aba3-47c3b6d17409', 'external_fixed_ips': [{'subnet_id': 'a05ed739-0ffb-483f-b026-afff0e1bcdcf', 'ip_address': '172.26.3.71'}], 'enable_snat': True}, 'gw_port_id': '2827bb9b-008c-45ff-ae43-5fcc34593a23', 'description': '', 'availability_zones': ['nova'], 'distributed': False, 'ha': False, 'ha_vr_id': 0, 'availability_zone_hints': [], 'routes': [], 'flavor_id': None, 'tags': [], 'created_at': '2021-12-09T09:00:11Z', 'updated_at': '2021-12-09T09:00:15Z', 'revision_number': 3, 'project_id': 'bda655864d6944a4b8dde2ab9141df3c', 'gw_port': {'id': '2827bb9b-008c-45ff-ae43-5fcc34593a23', 'name': '', 'network_id': '32bdb1a6-a8dd-434f-aba3-47c3b6d17409', 'tenant_id': '', 'mac_address': 'fa:16:3e:4f:a8:fa', 'admin_state_up': True, 'status': 'DOWN', 'device_id': '54c4d170-0c50-4c86-866d-ac9bc1c697c4', 'device_owner': 'network:router_gateway', 'standard_attr_id': 69, 'fixed_ips': [{'subnet_id': 'a05ed739-0ffb-483f-b026-afff0e1bcdcf', 'ip_address': '172.26.3.71', 'prefixlen': 24}], 'allowed_address_pairs': [], 'extra_dhcp_opts': [], 'security_groups': [], 'description': '', 'binding:vnic_type': 'normal', 'binding:profile': {}, 'binding:host_id': '', 'binding:vif_type': 'unbound', 'binding:vif_details': {}, 'port_security_enabled': False, 'tags': [], 'created_at': '2021-12-09T09:00:12Z', 'updated_at': '2021-12-09T09:00:13Z', 'revision_number': 1, 'project_id': '', 'subnets': [{'id': 'a05ed739-0ffb-483f-b026-afff0e1bcdcf', 'cidr': '172.26.3.0/24', 'gateway_ip': '172.26.3.1', 'dns_nameservers': [], 'ipv6_ra_mode': None, 'subnetpool_id': None}], 'extra_subnets': [], 'address_scopes': {4: None, 6: None}, 'mtu': 1500}, 'enable_snat': True, 'gw_port_host': 'dv-neutron-816327-21-hyperv'}], 'dv-neutron-816327-21-hyperv', False) {} {{(pid=103103) wrapper /usr/local/lib/python3.8/dist-packages/oslo_log/helpers.py:65}}
Dec 09 09:00:18.509072 dv-neutron-816327-21-hyperv neutron-server[103100]: DEBUG neutron.services.segments.db [None req-a9af1ed2-e59f-4bc2-a586-e225056df20b tempest-QuotasNegativeTest-1050893377 tempest-QuotasNegativeTest-1050893377-project-admin] neutron.services.segments.plugin.Plugin method delete_segment called with arguments (, 'c1642730-4f46-498d-b54a-f4924e7c8963') {'for_net_delete': True} {{(pid=103100) wrapper /usr/local/lib/python3.8/dist-packages/oslo_log/helpers.py:65}}
Dec 09 09:00:18.509380 dv-neutron-816327-21-hyperv neutron-server[103100]: DEBUG neutron.services.segments.db [None req-a9af1ed2-e59f-4bc2-a586-e225056df20b tempest-QuotasNegativeTest-1050893377 tempest-QuotasNegativeTest-1050893377-project-admin] neutron.services.segments.plugin.Plugin method get_segment called with arguments (, 'c1642730-4f46-498d-b54a-f4924e7c8963') {} {{(pid=103100) wrapper /usr/local/lib/python3.8/dist-packages/oslo_log/helpers.py:65}}
Dec 09 09:00:18.537804 dv-neutron-816327-21-hyperv neutron-server[103103]: DEBUG neutron.api.rpc.handlers.l3_rpc [None req-47f0311c-e679-489d-bd25-311a58e1dc35 None None] Checking router: 54c4d170-0c50-4c86-866d-ac9bc1c697c4 for host: dv-neutron-816327-21-hyperv {{(pid=103103) _ensure_host_set_on_ports /opt/stack/neutron/neutron/api/rpc/handlers/l3_rpc.py:155}}
