Dec 09 09:00:19.615246 dv-neutron-816327-21-hyperv neutron-server[103101]: INFO neutron.db.segments_db [None req-55f39458-5f5a-4ed4-a245-1ced6fe02a7d tempest-FloatingIPAdminTestJSON-1620487614 tempest-FloatingIPAdminTestJSON-1620487614-project] Added segment c042e588-f0b4-4465-a6e1-849aa9790d24 of type vlan for network b610f24d-70cb-4fcb-ba43-ef6c084d5d56
Dec 09 09:00:19.616672 dv-neutron-816327-21-hyperv neutron-server[103101]: DEBUG neutron.wsgi [-] (103101) accepted ('10.222.0.45', 57294) {{(pid=103101) server /usr/local/lib/python3.8/dist-packages/eventlet/wsgi.py:1004}}
Dec 09 09:00:19.628167 dv-neutron-816327-21-hyperv neutron-server[103100]: INFO neutron.wsgi [None req-22dddfaa-703a-446d-be58-942c98301641 tempest-DHCPAgentSchedulersTestJSON-1867541884 tempest-DHCPAgentSchedulersTestJSON-1867541884-project-admin] 10.222.0.45 "GET /v2.0/agents HTTP/1.1" status: 200 len: 4566 time: 0.4730806
Dec 09 09:00:19.653846 dv-neutron-816327-21-hyperv neutron-server[103100]: DEBUG neutron.wsgi [-] (103100) accepted ('10.222.0.45', 57296) {{(pid=103100) server /usr/local/lib/python3.8/dist-packages/eventlet/wsgi.py:1004}}
Dec 09 09:00:19.668648 dv-neutron-816327-21-hyperv neutron-server[103102]: DEBUG neutron.db.l3_dvrscheduler_db [None req-7df01eae-0893-4cc5-9b52-af592a20dc0d None None] Routers {'169b2fec-6b7a-48b1-b3a3-05fc98e59047'} bound to L3 agent in host dv-neutron-816327-21-hyperv {{(pid=103102) _get_router_ids_for_agent /opt/stack/neutron/neutron/db/l3_dvrscheduler_db.py:420}}
Dec 09 09:00:19.670680 dv-neutron-816327-21-hyperv neutron-server[103102]: DEBUG neutron.db.l3_hamode_db [None req-7df01eae-0893-4cc5-9b52-af592a20dc0d None None] neutron.services.l3_router.l3_router_plugin.L3RouterPlugin method get_ha_sync_data_for_host called with arguments (, 'dv-neutron-816327-21-hyperv', Agent(admin_state_up=True,agent_type='L3 agent',availability_zone='nova',binary='neutron-l3-agent',configurations={"agent_mode": "legacy", "ex_gw_ports": 1, "extensions": [], "floating_ips": 0, "handle_internal_only_routers": true, "interface_driver": "openvswitch", "interfaces": 1, "log_agent_heartbeats": false, "routers": 1},created_at=2021-12-09T08:52:53Z,description=,heartbeat_timestamp=2021-12-09T08:59:53Z,host='dv-neutron-816327-21-hyperv',id=ad827bca-4749-40b2-8780-cf1d99860e92,load=0,resource_versions=,resources_synced=,started_at=2021-12-09T08:52:53Z,topic='l3_agent')) {'router_ids': ['169b2fec-6b7a-48b1-b3a3-05fc98e59047'], 'active': True} {{(pid=103102) wrapper /usr/local/lib/python3.8/dist-packages/oslo_log/helpers.py:65}}
Dec 09 09:00:19.678332 dv-neutron-816327-21-hyperv neutron-server[103100]: DEBUG neutron.api.v2.base [None req-067783f5-2b37-424c-9950-d136776167e3 tempest-DHCPAgentSchedulersTestJSON-588306678 tempest-DHCPAgentSchedulersTestJSON-588306678-project] Request body: {'network': {'name': 'tempest-DHCPAgentSchedulersTestJSON-test-network-678509794'}} {{(pid=103100) prepare_request_body /opt/stack/neutron/neutron/api/v2/base.py:729}}
Dec 09 09:00:19.696814 dv-neutron-816327-21-hyperv neutron-server[103100]: DEBUG neutron_lib.callbacks.manager [None req-035d973c-7621-4f40-9e91-1bc89ae69ab0 tempest-QuotasNegativeTest-1050893377 tempest-QuotasNegativeTest-1050893377-project-admin] Publish callbacks ['neutron.plugins.ml2.plugin.External_net_db_mixin._before_network_delete_handler-604302'] for network, before_delete {{(pid=103100) _notify_loop /usr/local/lib/python3.8/dist-packages/neutron_lib/callbacks/manager.py:175}}
Dec 09 09:00:19.805953 dv-neutron-816327-21-hyperv neutron-server[103100]: DEBUG neutron_lib.callbacks.manager [None req-0b0f24fb-ac53-49f4-b3bc-6b38987bb45d tempest-NetworksTestDHCPv6-1218787806 tempest-NetworksTestDHCPv6-1218787806-project] Publish callbacks [] for port, precommit_create {{(pid=103100) _notify_loop /usr/local/lib/python3.8/dist-packages/neutron_lib/callbacks/manager.py:175}}
Dec 09 09:00:19.855306 dv-neutron-816327-21-hyperv neutron-server[103100]: DEBUG neutron.pecan_wsgi.hooks.quota_enforcement [None req-067783f5-2b37-424c-9950-d136776167e3 tempest-DHCPAgentSchedulersTestJSON-588306678 tempest-DHCPAgentSchedulersTestJSON-588306678-project] Made reservation on behalf of d0f77b1040f14beb86e4788e83b4d4e3 for: {'network': 1} {{(pid=103100) before /opt/stack/neutron/neutron/pecan_wsgi/hooks/quota_enforcement.py:53}}
Dec 09 09:00:19.859600 dv-neutron-816327-21-hyperv neutron-server[103100]: DEBUG neutron_lib.callbacks.manager [None req-067783f5-2b37-424c-9950-d136776167e3 tempest-DHCPAgentSchedulersTestJSON-588306678 tempest-DHCPAgentSchedulersTestJSON-588306678-project] Publish callbacks ['neutron.plugins.ml2.plugin.SecurityGroupDbMixin._ensure_default_security_group_handler-643484'] for network, before_create {{(pid=103100) _notify_loop /usr/local/lib/python3.8/dist-packages/neutron_lib/callbacks/manager.py:175}}
Dec 09 09:00:19.881923 dv-neutron-816327-21-hyperv neutron-server[103103]: DEBUG neutron.db.l3_dvr_db [None req-47f0311c-e679-489d-bd25-311a58e1dc35 None None] Set router 54c4d170-0c50-4c86-866d-ac9bc1c697c4 gateway port host: dv-neutron-816327-21-hyperv {{(pid=103103) _build_routers_list /opt/stack/neutron/neutron/db/l3_dvr_db.py:906}}
Dec 09 09:00:20.029110 dv-neutron-816327-21-hyperv neutron-server[103101]: DEBUG neutron_lib.callbacks.manager [None req-55f39458-5f5a-4ed4-a245-1ced6fe02a7d tempest-FloatingIPAdminTestJSON-1620487614 tempest-FloatingIPAdminTestJSON-1620487614-project] Publish callbacks ['neutron.services.auto_allocate.db._ensure_external_network_default_value_callback-8743270754928'] for network, precommit_create {{(pid=103101) _notify_loop /usr/local/lib/python3.8/dist-packages/neutron_lib/callbacks/manager.py:175}}
Dec 09 09:00:20.040389 dv-neutron-816327-21-hyperv neutron-server[103102]: DEBUG neutron_lib.callbacks.manager [None req-c5e00743-0217-44dd-8ca0-b8b6bb841a76 None None] Publish callbacks ['neutron.plugins.ml2.plugin.SecurityGroupDbMixin._ensure_default_security_group_handler-643484'] for port, before_update {{(pid=103102) _notify_loop /usr/local/lib/python3.8/dist-packages/neutron_lib/callbacks/manager.py:175}}
Dec 09 09:00:20.071400 dv-neutron-816327-21-hyperv neutron-server[103102]: DEBUG neutron.db.l3_dvr_db [None req-7df01eae-0893-4cc5-9b52-af592a20dc0d None None] Set router 169b2fec-6b7a-48b1-b3a3-05fc98e59047 gateway port host: dv-neutron-816327-21-hyperv {{(pid=103102) _build_routers_list /opt/stack/neutron/neutron/db/l3_dvr_db.py:906}}
Dec 09 09:00:20.094985 dv-neutron-816327-21-hyperv neutron-server[103103]: DEBUG neutron.db.l3_hamode_db [None req-47f0311c-e679-489d-bd25-311a58e1dc35 None None] neutron.services.l3_router.l3_router_plugin.L3RouterPlugin method _process_sync_ha_data called with arguments (, [{'id': '54c4d170-0c50-4c86-866d-ac9bc1c697c4', 'name': 'tempest-ServersTestJSON-1692151961-router', 'tenant_id': 'bda655864d6944a4b8dde2ab9141df3c', 'admin_state_up': True, 'status': 'ACTIVE', 'external_gateway_info': {'network_id': '32bdb1a6-a8dd-434f-aba3-47c3b6d17409', 'external_fixed_ips': [{'subnet_id': 'a05ed739-0ffb-483f-b026-afff0e1bcdcf', 'ip_address': '172.26.3.71'}], 'enable_snat': True}, 'gw_port_id': '2827bb9b-008c-45ff-ae43-5fcc34593a23', 'description': '', 'availability_zones': ['nova'], 'distributed': False, 'ha': False, 'ha_vr_id': 0, 'availability_zone_hints': [], 'routes': [], 'flavor_id': None, 'tags': [], 'created_at': '2021-12-09T09:00:11Z', 'updated_at': '2021-12-09T09:00:15Z', 'revision_number': 3, 'project_id': 'bda655864d6944a4b8dde2ab9141df3c', 'gw_port': {'id': '2827bb9b-008c-45ff-ae43-5fcc34593a23', 'name': '', 'network_id': '32bdb1a6-a8dd-434f-aba3-47c3b6d17409', 'tenant_id': '', 'mac_address': 'fa:16:3e:4f:a8:fa', 'admin_state_up': True, 'status': 'DOWN', 'device_id': '54c4d170-0c50-4c86-866d-ac9bc1c697c4', 'device_owner': 'network:router_gateway', 'standard_attr_id': 69, 'fixed_ips': [{'subnet_id': 'a05ed739-0ffb-483f-b026-afff0e1bcdcf', 'ip_address': '172.26.3.71', 'prefixlen': 24}], 'allowed_address_pairs': [], 'extra_dhcp_opts': [], 'security_groups': [], 'description': '', 'binding:vnic_type': 'normal', 'binding:profile': {}, 'binding:host_id': 'dv-neutron-816327-21-hyperv', 'binding:vif_type': 'ovs', 'binding:vif_details': {'connectivity': 'l2', 'port_filter': True, 'ovs_hybrid_plug': False, 'datapath_type': 'system', 'bridge_name': 'br-int'}, 'port_security_enabled': False, 'tags': [], 'created_at': '2021-12-09T09:00:12Z', 'updated_at': '2021-12-09T09:00:19Z', 'revision_number': 3, 'project_id': '', 'subnets': [{'id': 'a05ed739-0ffb-483f-b026-afff0e1bcdcf', 'cidr': '172.26.3.0/24', 'gateway_ip': '172.26.3.1', 'dns_nameservers': [], 'ipv6_ra_mode': None, 'subnetpool_id': None}], 'extra_subnets': [], 'address_scopes': {4: None, 6: None}, 'mtu': 1500}, 'enable_snat': True, 'gw_port_host': 'dv-neutron-816327-21-hyperv'}], 'dv-neutron-816327-21-hyperv', False) {} {{(pid=103103) wrapper /usr/local/lib/python3.8/dist-packages/oslo_log/helpers.py:65}}
Dec 09 09:00:20.132869 dv-neutron-816327-21-hyperv neutron-server[103103]: DEBUG neutron.api.rpc.handlers.l3_rpc [None req-47f0311c-e679-489d-bd25-311a58e1dc35 None None] The sync data for ids ['54c4d170-0c50-4c86-866d-ac9bc1c697c4'] in dv-neutron-816327-21-hyperv is: [{'id': '54c4d170-0c50-4c86-866d-ac9bc1c697c4', 'name': 'tempest-ServersTestJSON-1692151961-router', 'tenant_id': 'bda655864d6944a4b8dde2ab9141df3c', 'admin_state_up': True, 'status': 'ACTIVE', 'external_gateway_info': {'network_id': '32bdb1a6-a8dd-434f-aba3-47c3b6d17409', 'external_fixed_ips': [{'subnet_id': 'a05ed739-0ffb-483f-b026-afff0e1bcdcf', 'ip_address': '172.26.3.71'}], 'enable_snat': True}, 'gw_port_id': '2827bb9b-008c-45ff-ae43-5fcc34593a23', 'description': '', 'availability_zones': ['nova'], 'distributed': False, 'ha': False, 'ha_vr_id': 0, 'availability_zone_hints': [], 'routes': [], 'flavor_id': None, 'tags': [], 'created_at': '2021-12-09T09:00:11Z', 'updated_at': '2021-12-09T09:00:15Z', 'revision_number': 3, 'project_id': 'bda655864d6944a4b8dde2ab9141df3c', 'gw_port': {'id': '2827bb9b-008c-45ff-ae43-5fcc34593a23', 'name': '', 'network_id': '32bdb1a6-a8dd-434f-aba3-47c3b6d17409', 'tenant_id': '', 'mac_address': 'fa:16:3e:4f:a8:fa', 'admin_state_up': True, 'status': 'DOWN', 'device_id': '54c4d170-0c50-4c86-866d-ac9bc1c697c4', 'device_owner': 'network:router_gateway', 'standard_attr_id': 69, 'fixed_ips': [{'subnet_id': 'a05ed739-0ffb-483f-b026-afff0e1bcdcf', 'ip_address': '172.26.3.71', 'prefixlen': 24}], 'allowed_address_pairs': [], 'extra_dhcp_opts': [], 'security_groups': [], 'description': '', 'binding:vnic_type': 'normal', 'binding:profile': {}, 'binding:host_id': 'dv-neutron-816327-21-hyperv', 'binding:vif_type': 'ovs', 'binding:vif_details': {'connectivity': 'l2', 'port_filter': True, 'ovs_hybrid_plug': False, 'datapath_type': 'system', 'bridge_name': 'br-int'}, 'port_security_enabled': False, 'tags': [], 'created_at': '2021-12-09T09:00:12Z', 'updated_at': '2021-12-09T09:00:19Z', 'revision_number': 3, 'project_id': '', 'subnets': [{'id': 'a05ed739-0ffb-483f-b026-afff0e1bcdcf', 'cidr': '172.26.3.0/24', 'gateway_ip': '172.26.3.1', 'dns_nameservers': [], 'ipv6_ra_mode': None, 'subnetpool_id': None}], 'extra_subnets': [], 'address_scopes': {4: None, 6: None}, 'mtu': 1500}, 'enable_snat': True, 'gw_port_host': 'dv-neutron-816327-21-hyperv'}] {{(pid=103103) sync_routers /opt/stack/neutron/neutron/api/rpc/handlers/l3_rpc.py:137}}
Dec 09 09:00:20.150479 dv-neutron-816327-21-hyperv neutron-server[103100]: DEBUG neutron_lib.callbacks.manager [None req-dee0ee9a-1e5c-427c-9ccc-3bf03a3061de tempest-ExternalNetworksAdminNegativeTestJSON-870833873 tempest-ExternalNetworksAdminNegativeTestJSON-870833873-project-admin] Publish callbacks ['neutron.plugins.ml2.plugin.SecurityGroupServerNotifierRpcMixin._notify_sg_on_port_change-643551', 'neutron.plugins.ml2.ovo_rpc._ObjectChangeHandler.handle_event-171800', 'neutron.api.rpc.agentnotifiers.dhcp_rpc_agent_api.DhcpAgentNotifyAPI._native_event_send_dhcp_notification-1686120', 'neutron.db.l3_db.L3RpcNotifierMixin._notify_routers_callback-8743271269919', 'neutron.db.l3_dvrscheduler_db._notify_port_delete-8743270770463', 'neutron.services.segments.plugin.NovaSegmentNotifier._notify_port_created_or_deleted-16758528'] for port, after_delete {{(pid=103100) _notify_loop /usr/local/lib/python3.8/dist-packages/neutron_lib/callbacks/manager.py:175}}
Dec 09 09:00:20.152069 dv-neutron-816327-21-hyperv neutron-server[103101]: DEBUG neutron_lib.callbacks.manager [None req-55f39458-5f5a-4ed4-a245-1ced6fe02a7d tempest-FloatingIPAdminTestJSON-1620487614 tempest-FloatingIPAdminTestJSON-1620487614-project] Publish callbacks ['neutron.plugins.ml2.ovo_rpc._ObjectChangeHandler.handle_event-1907842', 'neutron.api.rpc.agentnotifiers.dhcp_rpc_agent_api.DhcpAgentNotifyAPI._native_event_send_dhcp_notification-1686120'] for network, after_create {{(pid=103101) _notify_loop /usr/local/lib/python3.8/dist-packages/neutron_lib/callbacks/manager.py:175}}
Dec 09 09:00:20.158473 dv-neutron-816327-21-hyperv neutron-server[103101]: DEBUG neutron.pecan_wsgi.hooks.policy_enforcement [None req-55f39458-5f5a-4ed4-a245-1ced6fe02a7d tempest-FloatingIPAdminTestJSON-1620487614 tempest-FloatingIPAdminTestJSON-1620487614-project] Attributes excluded by policy engine: ['standard_attr_id', 'provider:network_type', 'provider:physical_network', 'provider:segmentation_id', 'vlan_transparent'] {{(pid=103101) _exclude_attributes_by_policy /opt/stack/neutron/neutron/pecan_wsgi/hooks/policy_enforcement.py:255}}
Dec 09 09:00:20.159087 dv-neutron-816327-21-hyperv neutron-server[103101]: DEBUG neutron_lib.callbacks.manager [None req-55f39458-5f5a-4ed4-a245-1ced6fe02a7d tempest-FloatingIPAdminTestJSON-1620487614 tempest-FloatingIPAdminTestJSON-1620487614-project] Publish callbacks ['neutron.api.rpc.agentnotifiers.dhcp_rpc_agent_api.DhcpAgentNotifyAPI._send_dhcp_notification-1686022'] for network, before_response {{(pid=103101) _notify_loop /usr/local/lib/python3.8/dist-packages/neutron_lib/callbacks/manager.py:175}}
Dec 09 09:00:20.239060 dv-neutron-816327-21-hyperv neutron-server[103101]: INFO neutron.wsgi [None req-55f39458-5f5a-4ed4-a245-1ced6fe02a7d tempest-FloatingIPAdminTestJSON-1620487614 tempest-FloatingIPAdminTestJSON-1620487614-project] 10.222.0.45 "POST /v2.0/networks HTTP/1.1" status: 201 len: 789 time: 1.5226338
Dec 09 09:00:20.239837 dv-neutron-816327-21-hyperv neutron-server[103100]: DEBUG neutron.api.rpc.handlers.resources_rpc [None req-dee0ee9a-1e5c-427c-9ccc-3bf03a3061de tempest-ExternalNetworksAdminNegativeTestJSON-870833873 tempest-ExternalNetworksAdminNegativeTestJSON-870833873-project-admin] Pushing event deleted for resources: {'Port': ['ID=659fce2f-c59b-418c-a67b-68e4598d39cb,revision_number=None']} {{(pid=103100) push /opt/stack/neutron/neutron/api/rpc/handlers/resources_rpc.py:237}}
Dec 09 09:00:20.246558 dv-neutron-816327-21-hyperv neutron-server[103100]: DEBUG neutron.wsgi [-] (103100) accepted ('10.222.0.45', 57300) {{(pid=103100) server /usr/local/lib/python3.8/dist-packages/eventlet/wsgi.py:1004}}
Dec 09 09:00:20.247794 dv-neutron-816327-21-hyperv neutron-server[103100]: DEBUG neutron_lib.callbacks.manager [None req-035d973c-7621-4f40-9e91-1bc89ae69ab0 tempest-QuotasNegativeTest-1050893377 tempest-QuotasNegativeTest-1050893377-project-admin] Publish callbacks ['neutron.plugins.ml2.plugin.Ml2Plugin._network_delete_precommit_handler-946504', 'neutron.services.segments.db._delete_segments_for_network-8743271286218'] for network, precommit_delete {{(pid=103100) _notify_loop /usr/local/lib/python3.8/dist-packages/neutron_lib/callbacks/manager.py:175}}
Dec 09 09:00:20.263609 dv-neutron-816327-21-hyperv neutron-server[103102]: DEBUG neutron.db.provisioning_blocks [None req-cd8d12a8-5959-471d-a6a7-108a51aadd12 None None] Provisioning complete for port 29075722-1ee1-4cf3-96da-fccebdd92388 triggered by entity DHCP. {{(pid=103102) provisioning_complete /opt/stack/neutron/neutron/db/provisioning_blocks.py:139}}
Dec 09 09:00:20.264014 dv-neutron-816327-21-hyperv neutron-server[103102]: DEBUG neutron_lib.callbacks.manager [None req-cd8d12a8-5959-471d-a6a7-108a51aadd12 None None] Publish callbacks ['neutron.plugins.ml2.plugin.Ml2Plugin._port_provisioned-977345'] for port, provisioning_complete {{(pid=103102) _notify_loop /usr/local/lib/python3.8/dist-packages/neutron_lib/callbacks/manager.py:175}}
Dec 09 09:00:20.295065 dv-neutron-816327-21-hyperv neutron-server[103100]: DEBUG neutron.api.v2.base [None req-e342076c-aa14-41d0-852f-076b6fca3d38 tempest-FloatingIPAdminTestJSON-1620487614 tempest-FloatingIPAdminTestJSON-1620487614-project] Request body: {'subnet': {'network_id': 'b610f24d-70cb-4fcb-ba43-ef6c084d5d56', 'cidr': '172.20.0.0/28', 'ip_version': 4, 'gateway_ip': '172.20.0.1'}} {{(pid=103100) prepare_request_body /opt/stack/neutron/neutron/api/v2/base.py:729}}
Dec 09 09:00:20.321186 dv-neutron-816327-21-hyperv neutron-server[103102]: DEBUG neutron.db.db_base_plugin_common [None req-3d8f14a4-e78e-42c9-8fda-4454721a490f None None] Allocated IP 172.20.0.2 (dc8ba747-1506-436d-a3c1-0ab3b78dc6a1/99e12f5a-3859-4c35-9124-fb018344f099/a1d6b383-9697-4ca7-aec6-55f0c04388c1) {{(pid=103102) _store_ip_allocation /opt/stack/neutron/neutron/db/db_base_plugin_common.py:131}}
Dec 09 09:00:20.333976 dv-neutron-816327-21-hyperv neutron-server[103102]: DEBUG neutron.plugins.ml2.db [None req-c5e00743-0217-44dd-8ca0-b8b6bb841a76 None None] For port 29075722-1ee1-4cf3-96da-fccebdd92388, host dv-neutron-816327-21-hyperv, got binding levels [PortBindingLevel(driver='openvswitch',host='dv-neutron-816327-21-hyperv',level=0,port_id=29075722-1ee1-4cf3-96da-fccebdd92388,segment=NetworkSegment(2c3c0fa5-60fd-490c-b271-c7fb6ccfbb79),segment_id=2c3c0fa5-60fd-490c-b271-c7fb6ccfbb79)] {{(pid=103102) get_binding_level_objs /opt/stack/neutron/neutron/plugins/ml2/db.py:74}}
Dec 09 09:00:20.353570 dv-neutron-816327-21-hyperv neutron-server[103100]: DEBUG neutron.plugins.ml2.drivers.helpers [None req-067783f5-2b37-424c-9950-d136776167e3 tempest-DHCPAgentSchedulersTestJSON-588306678 tempest-DHCPAgentSchedulersTestJSON-588306678-project] vlan segment allocate from pool success with {'vlan_id': 149, 'physical_network': 'physnet1'} {{(pid=103100) allocate_partially_specified_segment /opt/stack/neutron/neutron/plugins/ml2/drivers/helpers.py:153}}
Dec 09 09:00:20.379446 dv-neutron-816327-21-hyperv neutron-server[103100]: DEBUG neutron_lib.callbacks.manager [None req-067783f5-2b37-424c-9950-d136776167e3 tempest-DHCPAgentSchedulersTestJSON-588306678 tempest-DHCPAgentSchedulersTestJSON-588306678-project] Publish callbacks ['neutron.plugins.ml2.plugin.Ml2Plugin._handle_segment_change-934818'] for segment, precommit_create {{(pid=103100) _notify_loop /usr/local/lib/python3.8/dist-packages/neutron_lib/callbacks/manager.py:175}}
Dec 09 09:00:20.380970 dv-neutron-816327-21-hyperv neutron-server[103100]: INFO neutron.db.segments_db [None req-067783f5-2b37-424c-9950-d136776167e3 tempest-DHCPAgentSchedulersTestJSON-588306678 tempest-DHCPAgentSchedulersTestJSON-588306678-project] Added segment 3cf55430-8df5-457d-aae4-c1d3d4be875d of type vlan for network 9cbc415b-9739-4fd0-acdc-cabb4ef4e1ce
Dec 09 09:00:20.397565 dv-neutron-816327-21-hyperv neutron-server[103102]: DEBUG neutron_lib.callbacks.manager [None req-c5e00743-0217-44dd-8ca0-b8b6bb841a76 None None] Publish callbacks ['neutron.plugins.ml2.plugin.SecurityGroupServerNotifierRpcMixin._notify_sg_on_port_change-643551', 'neutron.plugins.ml2.ovo_rpc._ObjectChangeHandler.handle_event-171800', 'neutron.api.rpc.agentnotifiers.dhcp_rpc_agent_api.DhcpAgentNotifyAPI._native_event_send_dhcp_notification-1686120', 'neutron.db.l3_db.L3RpcNotifierMixin._notify_gateway_port_ip_changed-8743271269937', 'neutron.db.l3_dvrscheduler_db._notify_l3_agent_port_update-8743270770472', 'neutron.db.l3_hascheduler_db._notify_l3_agent_ha_port_update-8743270770490'] for port, after_update {{(pid=103102) _notify_loop /usr/local/lib/python3.8/dist-packages/neutron_lib/callbacks/manager.py:175}}
Dec 09 09:00:20.415756 dv-neutron-816327-21-hyperv neutron-server[103102]: DEBUG neutron_lib.callbacks.manager [None req-9326f46d-f13c-4833-8604-d846863516d7 None None] Publish callbacks ['neutron.services.segments.db._update_segment_host_mapping_for_agent-8743271286173', 'neutron.plugins.ml2.plugin.Ml2Plugin._retry_binding_revived_agents-977182'] for agent, after_update {{(pid=103102) _notify_loop /usr/local/lib/python3.8/dist-packages/neutron_lib/callbacks/manager.py:175}}
Dec 09 09:00:20.445493 dv-neutron-816327-21-hyperv neutron-server[103101]: DEBUG neutron.api.rpc.handlers.resources_rpc [None req-55f39458-5f5a-4ed4-a245-1ced6fe02a7d tempest-FloatingIPAdminTestJSON-1620487614 tempest-FloatingIPAdminTestJSON-1620487614-project] Pushing event updated for resources: {'Network': ['ID=b610f24d-70cb-4fcb-ba43-ef6c084d5d56,revision_number=1']} {{(pid=103101) push /opt/stack/neutron/neutron/api/rpc/handlers/resources_rpc.py:237}}
Dec 09 09:00:20.481908 dv-neutron-816327-21-hyperv neutron-server[103100]: DEBUG neutron_lib.callbacks.manager [None req-067783f5-2b37-424c-9950-d136776167e3 tempest-DHCPAgentSchedulersTestJSON-588306678 tempest-DHCPAgentSchedulersTestJSON-588306678-project] Publish callbacks ['neutron.services.auto_allocate.db._ensure_external_network_default_value_callback-8743270754928'] for network, precommit_create {{(pid=103100) _notify_loop /usr/local/lib/python3.8/dist-packages/neutron_lib/callbacks/manager.py:175}}
Dec 09 09:00:20.521726 dv-neutron-816327-21-hyperv neutron-server[103102]: DEBUG neutron.plugins.ml2.rpc [None req-c5e00743-0217-44dd-8ca0-b8b6bb841a76 None None] Network b610f24d-70cb-4fcb-ba43-ef6c084d5d56 details requested by agent ovs-agent-dv-neutron-816327-21-hyperv with host dv-neutron-816327-21-hyperv {{(pid=103102) get_network_details /opt/stack/neutron/neutron/plugins/ml2/rpc.py:248}}
Dec 09 09:00:20.568989 dv-neutron-816327-21-hyperv neutron-server[103102]: DEBUG neutron.plugins.ml2.rpc [None req-c5e00743-0217-44dd-8ca0-b8b6bb841a76 None None] Device 0596072a-ffa8-4a9b-8321-c5e025eb8bab up at agent ovs-agent-dv-neutron-816327-21-hyperv {{(pid=103102) update_device_up /opt/stack/neutron/neutron/plugins/ml2/rpc.py:296}}
Dec 09 09:00:20.607380 dv-neutron-816327-21-hyperv neutron-server[103100]: DEBUG neutron.services.segments.db [None req-035d973c-7621-4f40-9e91-1bc89ae69ab0 tempest-QuotasNegativeTest-1050893377 tempest-QuotasNegativeTest-1050893377-project-admin] neutron.services.segments.plugin.Plugin method get_segments called with arguments (,) {'filters': {'network_id': ['a9d7047f-fd7f-4a6c-a91f-c0ed5c78df7a']}} {{(pid=103100) wrapper /usr/local/lib/python3.8/dist-packages/oslo_log/helpers.py:65}}
Dec 09 09:00:20.663092 dv-neutron-816327-21-hyperv neutron-server[103100]: DEBUG neutron_lib.callbacks.manager [None req-067783f5-2b37-424c-9950-d136776167e3 tempest-DHCPAgentSchedulersTestJSON-588306678 tempest-DHCPAgentSchedulersTestJSON-588306678-project] Publish callbacks ['neutron.plugins.ml2.ovo_rpc._ObjectChangeHandler.handle_event-1907842', 'neutron.api.rpc.agentnotifiers.dhcp_rpc_agent_api.DhcpAgentNotifyAPI._native_event_send_dhcp_notification-1686120'] for network, after_create {{(pid=103100) _notify_loop /usr/local/lib/python3.8/dist-packages/neutron_lib/callbacks/manager.py:175}}
Dec 09 09:00:20.674403 dv-neutron-816327-21-hyperv neutron-server[103100]: DEBUG neutron.pecan_wsgi.hooks.policy_enforcement [None req-067783f5-2b37-424c-9950-d136776167e3 tempest-DHCPAgentSchedulersTestJSON-588306678 tempest-DHCPAgentSchedulersTestJSON-588306678-project] Attributes excluded by policy engine: ['standard_attr_id', 'provider:network_type', 'provider:physical_network', 'provider:segmentation_id', 'vlan_transparent'] {{(pid=103100) _exclude_attributes_by_policy /opt/stack/neutron/neutron/pecan_wsgi/hooks/policy_enforcement.py:255}}
Dec 09 09:00:20.676356 dv-neutron-816327-21-hyperv neutron-server[103100]: DEBUG neutron_lib.callbacks.manager [None req-067783f5-2b37-424c-9950-d136776167e3 tempest-DHCPAgentSchedulersTestJSON-588306678 tempest-DHCPAgentSchedulersTestJSON-588306678-project] Publish callbacks ['neutron.api.rpc.agentnotifiers.dhcp_rpc_agent_api.DhcpAgentNotifyAPI._send_dhcp_notification-1686022'] for network, before_response {{(pid=103100) _notify_loop /usr/local/lib/python3.8/dist-packages/neutron_lib/callbacks/manager.py:175}}
Dec 09 09:00:20.685034 dv-neutron-816327-21-hyperv neutron-server[103100]: DEBUG neutron.services.segments.db [None req-035d973c-7621-4f40-9e91-1bc89ae69ab0 tempest-QuotasNegativeTest-1050893377 tempest-QuotasNegativeTest-1050893377-project-admin] neutron.services.segments.plugin.Plugin method delete_segment called with arguments (, '8236e779-66b1-4cfc-8695-b56b8ac67f7f') {'for_net_delete': True} {{(pid=103100) wrapper /usr/local/lib/python3.8/dist-packages/oslo_log/helpers.py:65}}
Dec 09 09:00:20.685677 dv-neutron-816327-21-hyperv neutron-server[103100]: DEBUG neutron.services.segments.db [None req-035d973c-7621-4f40-9e91-1bc89ae69ab0 tempest-QuotasNegativeTest-1050893377 tempest-QuotasNegativeTest-1050893377-project-admin] neutron.services.segments.plugin.Plugin method get_segment called with arguments (, '8236e779-66b1-4cfc-8695-b56b8ac67f7f') {} {{(pid=103100) wrapper /usr/local/lib/python3.8/dist-packages/oslo_log/helpers.py:65}}
Dec 09 09:00:20.691110 dv-neutron-816327-21-hyperv neutron-server[103100]: DEBUG neutron_lib.callbacks.manager [None req-0b0f24fb-ac53-49f4-b3bc-6b38987bb45d tempest-NetworksTestDHCPv6-1218787806 tempest-NetworksTestDHCPv6-1218787806-project] Publish callbacks ['neutron.plugins.ml2.plugin.SecurityGroupServerNotifierRpcMixin._notify_sg_on_port_change-643551', 'neutron.plugins.ml2.ovo_rpc._ObjectChangeHandler.handle_event-171800', 'neutron.api.rpc.agentnotifiers.dhcp_rpc_agent_api.DhcpAgentNotifyAPI._native_event_send_dhcp_notification-1686120', 'neutron.db.l3_dvrscheduler_db._notify_l3_agent_new_port-8743270770454', 'neutron.services.segments.plugin.NovaSegmentNotifier._notify_port_created_or_deleted-16758528'] for port, after_create {{(pid=103100) _notify_loop /usr/local/lib/python3.8/dist-packages/neutron_lib/callbacks/manager.py:175}}
Dec 09 09:00:20.713922 dv-neutron-816327-21-hyperv neutron-server[103101]: DEBUG neutron_lib.callbacks.manager [None req-9b092519-8c02-44a3-8cc5-0f3ed6294b57 admin admin] Publish callbacks ['neutron.plugins.ml2.plugin.SecurityGroupDbMixin._ensure_default_security_group_handler-643484'] for port, before_create {{(pid=103101) _notify_loop /usr/local/lib/python3.8/dist-packages/neutron_lib/callbacks/manager.py:175}}
Dec 09 09:00:20.773792 dv-neutron-816327-21-hyperv neutron-server[103100]: DEBUG neutron.api.rpc.handlers.resources_rpc [None req-067783f5-2b37-424c-9950-d136776167e3 tempest-DHCPAgentSchedulersTestJSON-588306678 tempest-DHCPAgentSchedulersTestJSON-588306678-project] Pushing event updated for resources: {'Network': ['ID=9cbc415b-9739-4fd0-acdc-cabb4ef4e1ce,revision_number=1']} {{(pid=103100) push /opt/stack/neutron/neutron/api/rpc/handlers/resources_rpc.py:237}}
Dec 09 09:00:20.776133 dv-neutron-816327-21-hyperv neutron-server[103100]: DEBUG neutron.pecan_wsgi.hooks.quota_enforcement [None req-e1371eae-fcc3-4c25-83ca-22e2222a71fd tempest-ExtraDHCPOptionsTestJSON-2010839653 tempest-ExtraDHCPOptionsTestJSON-2010839653-project] Made reservation on behalf of 20c3ffc623f040cb8abeb1a3715d4de4 for: {'port': 1} {{(pid=103100) before /opt/stack/neutron/neutron/pecan_wsgi/hooks/quota_enforcement.py:53}}
Dec 09 09:00:20.779998 dv-neutron-816327-21-hyperv neutron-server[103100]: DEBUG neutron_lib.callbacks.manager [None req-e1371eae-fcc3-4c25-83ca-22e2222a71fd tempest-ExtraDHCPOptionsTestJSON-2010839653 tempest-ExtraDHCPOptionsTestJSON-2010839653-project] Publish callbacks ['neutron.plugins.ml2.plugin.SecurityGroupDbMixin._ensure_default_security_group_handler-643484'] for port, before_create {{(pid=103100) _notify_loop /usr/local/lib/python3.8/dist-packages/neutron_lib/callbacks/manager.py:175}}
Dec 09 09:00:20.780224 dv-neutron-816327-21-hyperv neutron-server[103102]: DEBUG neutron.api.rpc.handlers.resources_rpc [None req-c5e00743-0217-44dd-8ca0-b8b6bb841a76 None None] Pushing event updated for resources: {'Port': ['ID=29075722-1ee1-4cf3-96da-fccebdd92388,revision_number=3']} {{(pid=103102) push /opt/stack/neutron/neutron/api/rpc/handlers/resources_rpc.py:237}}
Dec 09 09:00:20.804481 dv-neutron-816327-21-hyperv neutron-server[103100]: DEBUG neutron_lib.callbacks.manager [None req-035d973c-7621-4f40-9e91-1bc89ae69ab0 tempest-QuotasNegativeTest-1050893377 tempest-QuotasNegativeTest-1050893377-project-admin] Publish callbacks ['neutron.plugins.ml2.db._prevent_segment_delete_with_port_bound-8743271093971', 'neutron.services.segments.plugin.Plugin._prevent_segment_delete_with_subnet_associated-15778177'] for segment, before_delete {{(pid=103100) _notify_loop /usr/local/lib/python3.8/dist-packages/neutron_lib/callbacks/manager.py:175}}
Dec 09 09:00:20.817534 dv-neutron-816327-21-hyperv neutron-server[103102]: DEBUG neutron.plugins.ml2.rpc [None req-c5e00743-0217-44dd-8ca0-b8b6bb841a76 None None] Network 9cbc415b-9739-4fd0-acdc-cabb4ef4e1ce details requested by agent ovs-agent-dv-neutron-816327-21-hyperv with host dv-neutron-816327-21-hyperv {{(pid=103102) get_network_details /opt/stack/neutron/neutron/plugins/ml2/rpc.py:248}}
Dec 09 09:00:20.820485 dv-neutron-816327-21-hyperv neutron-server[103100]: DEBUG neutron.scheduler.dhcp_agent_scheduler [None req-0b0f24fb-ac53-49f4-b3bc-6b38987bb45d tempest-NetworksTestDHCPv6-1218787806 tempest-NetworksTestDHCPv6-1218787806-project] Network e08ff307-6df8-4168-b591-369dc79a36ca is already hosted by enough agents. {{(pid=103100) _get_dhcp_agents_hosting_network /opt/stack/neutron/neutron/scheduler/dhcp_agent_scheduler.py:275}}
Dec 09 09:00:20.852814 dv-neutron-816327-21-hyperv neutron-server[103100]: DEBUG neutron.scheduler.base_scheduler [None req-0b0f24fb-ac53-49f4-b3bc-6b38987bb45d tempest-NetworksTestDHCPv6-1218787806 tempest-NetworksTestDHCPv6-1218787806-project] Resources bound (agent type, host, resource id): {{(pid=103100) schedule /opt/stack/neutron/neutron/scheduler/base_scheduler.py:57}}
Dec 09 09:00:20.901117 dv-neutron-816327-21-hyperv neutron-server[103100]: DEBUG neutron.db.l3_dvrscheduler_db [None req-0b0f24fb-ac53-49f4-b3bc-6b38987bb45d tempest-NetworksTestDHCPv6-1218787806 tempest-NetworksTestDHCPv6-1218787806-project] Received port after_create {{(pid=103100) _notify_l3_agent_new_port /opt/stack/neutron/neutron/db/l3_dvrscheduler_db.py:535}}
Dec 09 09:00:20.907095 dv-neutron-816327-21-hyperv neutron-server[103100]: DEBUG neutron.pecan_wsgi.hooks.policy_enforcement [None req-0b0f24fb-ac53-49f4-b3bc-6b38987bb45d tempest-NetworksTestDHCPv6-1218787806 tempest-NetworksTestDHCPv6-1218787806-project] Attributes excluded by policy engine: ['standard_attr_id', 'binding:profile', 'binding:host_id', 'binding:vif_type', 'binding:vif_details', 'network'] {{(pid=103100) _exclude_attributes_by_policy /opt/stack/neutron/neutron/pecan_wsgi/hooks/policy_enforcement.py:255}}
Dec 09 09:00:20.907937 dv-neutron-816327-21-hyperv neutron-server[103100]: DEBUG neutron_lib.callbacks.manager [None req-0b0f24fb-ac53-49f4-b3bc-6b38987bb45d tempest-NetworksTestDHCPv6-1218787806 tempest-NetworksTestDHCPv6-1218787806-project] Publish callbacks ['neutron.notifiers.nova.Notifier._send_nova_notification-32352'] for port, before_response {{(pid=103100) _notify_loop /usr/local/lib/python3.8/dist-packages/neutron_lib/callbacks/manager.py:175}}
Dec 09 09:00:20.918142 dv-neutron-816327-21-hyperv neutron-server[103100]: DEBUG neutron_lib.callbacks.manager [None req-dee0ee9a-1e5c-427c-9ccc-3bf03a3061de tempest-ExternalNetworksAdminNegativeTestJSON-870833873 tempest-ExternalNetworksAdminNegativeTestJSON-870833873-project-admin] Publish callbacks [] for floatingip, after_delete {{(pid=103100) _notify_loop /usr/local/lib/python3.8/dist-packages/neutron_lib/callbacks/manager.py:175}}
Dec 09 09:00:20.920099 dv-neutron-816327-21-hyperv neutron-server[103100]: DEBUG neutron_lib.callbacks.manager [None req-dee0ee9a-1e5c-427c-9ccc-3bf03a3061de tempest-ExternalNetworksAdminNegativeTestJSON-870833873 tempest-ExternalNetworksAdminNegativeTestJSON-870833873-project-admin] Publish callbacks ['neutron.notifiers.nova.Notifier._send_nova_notification-32352'] for floatingip, before_response {{(pid=103100) _notify_loop /usr/local/lib/python3.8/dist-packages/neutron_lib/callbacks/manager.py:175}}
Dec 09 09:00:20.921363 dv-neutron-816327-21-hyperv neutron-server[103100]: INFO neutron.wsgi [None req-dee0ee9a-1e5c-427c-9ccc-3bf03a3061de tempest-ExternalNetworksAdminNegativeTestJSON-870833873 tempest-ExternalNetworksAdminNegativeTestJSON-870833873-project-admin] 10.222.0.45 "DELETE /v2.0/floatingips/5afaa49a-6d28-4099-b111-745a90fdf684 HTTP/1.1" status: 204 len: 168 time: 3.8899918
Dec 09 09:00:20.945623 dv-neutron-816327-21-hyperv neutron-server[103100]: DEBUG neutron_lib.callbacks.manager [None req-035d973c-7621-4f40-9e91-1bc89ae69ab0 tempest-QuotasNegativeTest-1050893377 tempest-QuotasNegativeTest-1050893377-project-admin] Publish callbacks ['neutron.plugins.ml2.plugin.Ml2Plugin._handle_segment_change-934818'] for segment, precommit_delete {{(pid=103100) _notify_loop /usr/local/lib/python3.8/dist-packages/neutron_lib/callbacks/manager.py:175}}
Dec 09 09:00:20.961169 dv-neutron-816327-21-hyperv neutron-server[103100]: INFO neutron.wsgi [None req-067783f5-2b37-424c-9950-d136776167e3 tempest-DHCPAgentSchedulersTestJSON-588306678 tempest-DHCPAgentSchedulersTestJSON-588306678-project] 10.222.0.45 "POST /v2.0/networks HTTP/1.1" status: 201 len: 794 time: 1.2878878
Dec 09 09:00:20.969959 dv-neutron-816327-21-hyperv neutron-server[103100]: DEBUG neutron.pecan_wsgi.hooks.quota_enforcement [None req-e342076c-aa14-41d0-852f-076b6fca3d38 tempest-FloatingIPAdminTestJSON-1620487614 tempest-FloatingIPAdminTestJSON-1620487614-project] Made reservation on behalf of 914476b3ee734d9c96a35db5e34504b7 for: {'subnet': 1} {{(pid=103100) before /opt/stack/neutron/neutron/pecan_wsgi/hooks/quota_enforcement.py:53}}
Dec 09 09:00:20.974261 dv-neutron-816327-21-hyperv neutron-server[103100]: DEBUG neutron_lib.callbacks.manager [None req-e342076c-aa14-41d0-852f-076b6fca3d38 tempest-FloatingIPAdminTestJSON-1620487614 tempest-FloatingIPAdminTestJSON-1620487614-project] Publish callbacks ['neutron.services.segments.plugin.SegmentHostRoutes.host_routes_before_create-13587994'] for subnet, before_create {{(pid=103100) _notify_loop /usr/local/lib/python3.8/dist-packages/neutron_lib/callbacks/manager.py:175}}
Dec 09 09:00:20.977108 dv-neutron-816327-21-hyperv neutron-server[103101]: DEBUG neutron.wsgi [-] (103101) accepted ('10.222.0.45', 57306) {{(pid=103101) server /usr/local/lib/python3.8/dist-packages/eventlet/wsgi.py:1004}}
Dec 09 09:00:20.979166 dv-neutron-816327-21-hyperv neutron-server[103101]: DEBUG neutron_lib.callbacks.manager [None req-1702da0f-6bbe-4d2a-81d4-b822551cb148 admin admin] Publish callbacks ['neutron.plugins.ml2.plugin.SecurityGroupDbMixin._ensure_default_security_group_handler-643484'] for port, before_create {{(pid=103101) _notify_loop /usr/local/lib/python3.8/dist-packages/neutron_lib/callbacks/manager.py:175}}
Dec 09 09:00:20.983647 dv-neutron-816327-21-hyperv neutron-server[103100]: DEBUG neutron.notifiers.nova [None req-e1371eae-fcc3-4c25-83ca-22e2222a71fd tempest-ExtraDHCPOptionsTestJSON-2010839653 tempest-ExtraDHCPOptionsTestJSON-2010839653-project] device_id is not set on port a3b5bdcb-7f71-448a-ba4c-338bf1a89c9e yet. {{(pid=103100) _can_notify /opt/stack/neutron/neutron/notifiers/nova.py:190}}
Dec 09 09:00:21.008237 dv-neutron-816327-21-hyperv neutron-server[103100]: DEBUG neutron.plugins.ml2.drivers.type_vlan [None req-035d973c-7621-4f40-9e91-1bc89ae69ab0 tempest-QuotasNegativeTest-1050893377 tempest-QuotasNegativeTest-1050893377-project-admin] Releasing vlan 109 on physical network physnet1 to pool {{(pid=103100) release_segment /opt/stack/neutron/neutron/plugins/ml2/drivers/type_vlan.py:304}}
Dec 09 09:00:21.008993 dv-neutron-816327-21-hyperv neutron-server[103100]: DEBUG neutron_lib.callbacks.manager [None req-035d973c-7621-4f40-9e91-1bc89ae69ab0 tempest-QuotasNegativeTest-1050893377 tempest-QuotasNegativeTest-1050893377-project-admin] Publish callbacks ['neutron.plugins.ml2.plugin.Ml2Plugin._handle_segment_change-934818', 'neutron.services.segments.plugin.NovaSegmentNotifier._notify_segment_deleted-16758573'] for segment, after_delete {{(pid=103100) _notify_loop /usr/local/lib/python3.8/dist-packages/neutron_lib/callbacks/manager.py:175}}
Dec 09 09:00:21.037254 dv-neutron-816327-21-hyperv neutron-server[103100]: Traceback (most recent call last):
Dec 09 09:00:21.037254 dv-neutron-816327-21-hyperv neutron-server[103100]: File "/usr/local/lib/python3.8/dist-packages/eventlet/hubs/hub.py", line 476, in fire_timers
Dec 09 09:00:21.037254 dv-neutron-816327-21-hyperv neutron-server[103100]: timer()
Dec 09 09:00:21.037254 dv-neutron-816327-21-hyperv neutron-server[103100]: File "/usr/local/lib/python3.8/dist-packages/eventlet/hubs/timer.py", line 59, in __call__
Dec 09 09:00:21.037254 dv-neutron-816327-21-hyperv neutron-server[103100]: cb(*args, **kw)
Dec 09 09:00:21.037254 dv-neutron-816327-21-hyperv neutron-server[103100]: File "/opt/stack/neutron/neutron/common/utils.py", line 914, in wrapper
Dec 09 09:00:21.037254 dv-neutron-816327-21-hyperv neutron-server[103100]: return func(*args, **kwargs)
Dec 09 09:00:21.037254 dv-neutron-816327-21-hyperv neutron-server[103100]: File "/opt/stack/neutron/neutron/notifiers/batch_notifier.py", line 58, in synced_send
Dec 09 09:00:21.037254 dv-neutron-816327-21-hyperv neutron-server[103100]: self._notify()
Dec 09 09:00:21.037254 dv-neutron-816327-21-hyperv neutron-server[103100]: File "/opt/stack/neutron/neutron/notifiers/batch_notifier.py", line 69, in _notify
Dec 09 09:00:21.037254 dv-neutron-816327-21-hyperv neutron-server[103100]: self.callback(batched_events)
Dec 09 09:00:21.037254 dv-neutron-816327-21-hyperv neutron-server[103100]: File "/opt/stack/neutron/neutron/services/segments/plugin.py", line 211, in _send_notifications
Dec 09 09:00:21.037254 dv-neutron-816327-21-hyperv neutron-server[103100]: event.method(event)
Dec 09 09:00:21.037254 dv-neutron-816327-21-hyperv neutron-server[103100]: File "/opt/stack/neutron/neutron/services/segments/plugin.py", line 383, in _delete_nova_inventory
Dec 09 09:00:21.037254 dv-neutron-816327-21-hyperv neutron-server[103100]: aggregate_id = self._get_aggregate_id(event.segment_id)
Dec 09 09:00:21.037254 dv-neutron-816327-21-hyperv neutron-server[103100]: File "/opt/stack/neutron/neutron/services/segments/plugin.py", line 370, in _get_aggregate_id
Dec 09 09:00:21.037254 dv-neutron-816327-21-hyperv neutron-server[103100]: aggregate_uuid = self.p_client.list_aggregates(
Dec 09 09:00:21.037254 dv-neutron-816327-21-hyperv neutron-server[103100]: File "/usr/local/lib/python3.8/dist-packages/neutron_lib/placement/client.py", line 58, in wrapper
Dec 09 09:00:21.037254 dv-neutron-816327-21-hyperv neutron-server[103100]: return f(self, *a, **k)
Dec 09 09:00:21.037254 dv-neutron-816327-21-hyperv neutron-server[103100]: File "/usr/local/lib/python3.8/dist-packages/neutron_lib/placement/client.py", line 554, in list_aggregates
Dec 09 09:00:21.037254 dv-neutron-816327-21-hyperv neutron-server[103100]: return self._get(url).json()
Dec 09 09:00:21.037254 dv-neutron-816327-21-hyperv neutron-server[103100]: File "/usr/local/lib/python3.8/dist-packages/neutron_lib/placement/client.py", line 190, in _get
Dec 09 09:00:21.037254 dv-neutron-816327-21-hyperv neutron-server[103100]: return self._client.get(url, endpoint_filter=self._ks_filter,
Dec 09 09:00:21.037254 dv-neutron-816327-21-hyperv neutron-server[103100]: File "/usr/local/lib/python3.8/dist-packages/keystoneauth1/session.py", line 1141, in get
Dec 09 09:00:21.037254 dv-neutron-816327-21-hyperv neutron-server[103100]: return self.request(url, 'GET', **kwargs)
Dec 09 09:00:21.037254 dv-neutron-816327-21-hyperv neutron-server[103100]: File "/usr/local/lib/python3.8/dist-packages/keystoneauth1/session.py", line 811, in request
Dec 09 09:00:21.037254 dv-neutron-816327-21-hyperv neutron-server[103100]: base_url = self.get_endpoint(auth, allow=allow,
Dec 09 09:00:21.037254 dv-neutron-816327-21-hyperv neutron-server[103100]: File "/usr/local/lib/python3.8/dist-packages/keystoneauth1/session.py", line 1241, in get_endpoint
Dec 09 09:00:21.037254 dv-neutron-816327-21-hyperv neutron-server[103100]: auth = self._auth_required(auth, 'determine endpoint URL')
Dec 09 09:00:21.037254 dv-neutron-816327-21-hyperv neutron-server[103100]: File "/usr/local/lib/python3.8/dist-packages/keystoneauth1/session.py", line 1181, in _auth_required
Dec 09 09:00:21.037254 dv-neutron-816327-21-hyperv neutron-server[103100]: raise exceptions.MissingAuthPlugin(msg_fmt % msg)
Dec 09 09:00:21.037254 dv-neutron-816327-21-hyperv neutron-server[103100]: keystoneauth1.exceptions.auth_plugins.MissingAuthPlugin: An auth plugin is required to determine endpoint URL
Dec 09 09:00:21.083148 dv-neutron-816327-21-hyperv neutron-server[103100]: INFO neutron.wsgi [None req-0b0f24fb-ac53-49f4-b3bc-6b38987bb45d tempest-NetworksTestDHCPv6-1218787806 tempest-NetworksTestDHCPv6-1218787806-project] 10.222.0.45 "POST /v2.0/ports HTTP/1.1" status: 201 len: 931 time: 4.2982752
Dec 09 09:00:21.103220 dv-neutron-816327-21-hyperv neutron-server[103101]: DEBUG neutron.wsgi [-] (103101) accepted ('10.222.0.45', 57308) {{(pid=103101) server /usr/local/lib/python3.8/dist-packages/eventlet/wsgi.py:1004}}
Dec 09 09:00:21.118337 dv-neutron-816327-21-hyperv neutron-server[103102]: DEBUG neutron.db.provisioning_blocks [None req-cd8d12a8-5959-471d-a6a7-108a51aadd12 None None] Could not find standard attr ID for object f700bc24-d014-46ca-9dbe-7ba8cb6caade. {{(pid=103102) _get_standard_attr_id /opt/stack/neutron/neutron/db/provisioning_blocks.py:175}}
Dec 09 09:00:21.213204 dv-neutron-816327-21-hyperv neutron-server[103100]: DEBUG neutron.api.rpc.handlers.resources_rpc [None req-0b0f24fb-ac53-49f4-b3bc-6b38987bb45d tempest-NetworksTestDHCPv6-1218787806 tempest-NetworksTestDHCPv6-1218787806-project] Pushing event updated for resources: {'Port': ['ID=ad72f154-190f-4cc1-a15b-a579d50fcfe1,revision_number=1']} {{(pid=103100) push /opt/stack/neutron/neutron/api/rpc/handlers/resources_rpc.py:237}}
Dec 09 09:00:21.235785 dv-neutron-816327-21-hyperv neutron-server[103101]: DEBUG neutron.db.db_base_plugin_common [None req-9b092519-8c02-44a3-8cc5-0f3ed6294b57 admin admin] Allocated IP 172.20.0.1 (abda69bd-1910-47c8-a099-f55d539cb1d3/596d323b-2863-4b5b-bcf8-dc566099953d/7e767912-1912-41c9-b25f-dfcf938e2c53) {{(pid=103101) _store_ip_allocation /opt/stack/neutron/neutron/db/db_base_plugin_common.py:131}}
Dec 09 09:00:21.269997 dv-neutron-816327-21-hyperv neutron-server[103102]: DEBUG neutron_lib.callbacks.manager [None req-3d8f14a4-e78e-42c9-8fda-4454721a490f None None] Publish callbacks [] for port, precommit_create {{(pid=103102) _notify_loop /usr/local/lib/python3.8/dist-packages/neutron_lib/callbacks/manager.py:175}}
Dec 09 09:00:21.309972 dv-neutron-816327-21-hyperv neutron-server[103102]: DEBUG neutron.db.provisioning_blocks [None req-c5e00743-0217-44dd-8ca0-b8b6bb841a76 None None] Provisioning complete for port 0596072a-ffa8-4a9b-8321-c5e025eb8bab triggered by entity L2. {{(pid=103102) provisioning_complete /opt/stack/neutron/neutron/db/provisioning_blocks.py:139}}
Dec 09 09:00:21.311898 dv-neutron-816327-21-hyperv neutron-server[103102]: DEBUG neutron_lib.callbacks.manager [None req-c5e00743-0217-44dd-8ca0-b8b6bb841a76 None None] Publish callbacks ['neutron.plugins.ml2.plugin.Ml2Plugin._port_provisioned-977345'] for port, provisioning_complete {{(pid=103102) _notify_loop /usr/local/lib/python3.8/dist-packages/neutron_lib/callbacks/manager.py:175}}
Dec 09 09:00:21.354742 dv-neutron-816327-21-hyperv neutron-server[103100]: DEBUG neutron_lib.callbacks.manager [None req-035d973c-7621-4f40-9e91-1bc89ae69ab0 tempest-QuotasNegativeTest-1050893377 tempest-QuotasNegativeTest-1050893377-project-admin] Publish callbacks ['neutron.plugins.ml2.plugin.Ml2Plugin._network_delete_after_delete_handler-946513', 'neutron.plugins.ml2.ovo_rpc._ObjectChangeHandler.handle_event-1907842', 'neutron.api.rpc.agentnotifiers.dhcp_rpc_agent_api.DhcpAgentNotifyAPI._native_event_send_dhcp_notification-1686120', 'neutron.services.l3_router.l3_router_plugin.DVRResourceOperationHandler.delete_fip_namespaces_for_ext_net-2048428'] for network, after_delete {{(pid=103100) _notify_loop /usr/local/lib/python3.8/dist-packages/neutron_lib/callbacks/manager.py:175}}
Dec 09 09:00:21.360118 dv-neutron-816327-21-hyperv neutron-server[103100]: DEBUG neutron_lib.callbacks.manager [None req-035d973c-7621-4f40-9e91-1bc89ae69ab0 tempest-QuotasNegativeTest-1050893377 tempest-QuotasNegativeTest-1050893377-project-admin] Publish callbacks ['neutron.api.rpc.agentnotifiers.dhcp_rpc_agent_api.DhcpAgentNotifyAPI._send_dhcp_notification-1686022'] for network, before_response {{(pid=103100) _notify_loop /usr/local/lib/python3.8/dist-packages/neutron_lib/callbacks/manager.py:175}}
Dec 09 09:00:21.370714 dv-neutron-816327-21-hyperv neutron-server[103100]: INFO neutron.wsgi [None req-035d973c-7621-4f40-9e91-1bc89ae69ab0 tempest-QuotasNegativeTest-1050893377 tempest-QuotasNegativeTest-1050893377-project-admin] 10.222.0.45 "DELETE /v2.0/networks/a9d7047f-fd7f-4a6c-a91f-c0ed5c78df7a HTTP/1.1" status: 204 len: 168 time: 2.1397805
Dec 09 09:00:21.408080 dv-neutron-816327-21-hyperv neutron-server[103102]: DEBUG neutron.db.provisioning_blocks [None req-cd8d12a8-5959-471d-a6a7-108a51aadd12 None None] Provisioning complete for port 0596072a-ffa8-4a9b-8321-c5e025eb8bab triggered by entity DHCP. {{(pid=103102) provisioning_complete /opt/stack/neutron/neutron/db/provisioning_blocks.py:139}}
Dec 09 09:00:21.408461 dv-neutron-816327-21-hyperv neutron-server[103102]: DEBUG neutron_lib.callbacks.manager [None req-cd8d12a8-5959-471d-a6a7-108a51aadd12 None None] Publish callbacks ['neutron.plugins.ml2.plugin.Ml2Plugin._port_provisioned-977345'] for port, provisioning_complete {{(pid=103102) _notify_loop /usr/local/lib/python3.8/dist-packages/neutron_lib/callbacks/manager.py:175}}
Dec 09 09:00:21.425916 dv-neutron-816327-21-hyperv neutron-server[103101]: DEBUG neutron.pecan_wsgi.hooks.policy_enforcement [None req-12355d4f-94c7-4930-a426-d0a1b4d82552 tempest-NetworksTestDHCPv6-1218787806 tempest-NetworksTestDHCPv6-1218787806-project] Attributes excluded by policy engine: ['standard_attr_id', 'binding:profile', 'binding:host_id', 'binding:vif_type', 'binding:vif_details'] {{(pid=103101) _exclude_attributes_by_policy /opt/stack/neutron/neutron/pecan_wsgi/hooks/policy_enforcement.py:255}}
Dec 09 09:00:21.433667 dv-neutron-816327-21-hyperv neutron-server[103101]: DEBUG neutron.pecan_wsgi.hooks.policy_enforcement [None req-12355d4f-94c7-4930-a426-d0a1b4d82552 tempest-NetworksTestDHCPv6-1218787806 tempest-NetworksTestDHCPv6-1218787806-project] Attributes excluded by policy engine: ['standard_attr_id', 'binding:profile', 'binding:host_id', 'binding:vif_type', 'binding:vif_details'] {{(pid=103101) _exclude_attributes_by_policy /opt/stack/neutron/neutron/pecan_wsgi/hooks/policy_enforcement.py:255}}
Dec 09 09:00:21.448882 dv-neutron-816327-21-hyperv neutron-server[103101]: INFO neutron.wsgi [None req-12355d4f-94c7-4930-a426-d0a1b4d82552 tempest-NetworksTestDHCPv6-1218787806 tempest-NetworksTestDHCPv6-1218787806-project] 10.222.0.45 "GET /v2.0/ports HTTP/1.1" status: 200 len: 1670 time: 0.3322756
Dec 09 09:00:21.472972 dv-neutron-816327-21-hyperv neutron-server[103102]: DEBUG neutron_lib.callbacks.manager [None req-3d8f14a4-e78e-42c9-8fda-4454721a490f None None] Publish callbacks ['neutron.plugins.ml2.plugin.SecurityGroupServerNotifierRpcMixin._notify_sg_on_port_change-643551', 'neutron.plugins.ml2.ovo_rpc._ObjectChangeHandler.handle_event-171800', 'neutron.api.rpc.agentnotifiers.dhcp_rpc_agent_api.DhcpAgentNotifyAPI._native_event_send_dhcp_notification-1686120', 'neutron.db.l3_dvrscheduler_db._notify_l3_agent_new_port-8743270770454'] for port, after_create {{(pid=103102) _notify_loop /usr/local/lib/python3.8/dist-packages/neutron_lib/callbacks/manager.py:175}}
