Nov 22 14:34:09.355961 dv-neutron-815855-4-hyperv neutron-server[103529]: DEBUG neutron.services.segments.db [None req-23e0f8e9-41bc-44e6-8921-f753eedaf31c tempest-ExternalNetworksTestJSON-1361943520 tempest-ExternalNetworksTestJSON-1361943520-project-admin] neutron.services.segments.plugin.Plugin method get_segments called with arguments (,) {'filters': {'network_id': ['452411cb-59e3-40f5-9849-68fcf2b4a4ca']}} {{(pid=103529) wrapper /usr/local/lib/python3.8/dist-packages/oslo_log/helpers.py:65}}
Nov 22 14:34:09.356716 dv-neutron-815855-4-hyperv neutron-server[103528]: DEBUG neutron.wsgi [-] (103528) accepted ('10.222.0.54', 58412) {{(pid=103528) server /usr/local/lib/python3.8/dist-packages/eventlet/wsgi.py:1004}}
Nov 22 14:34:09.376859 dv-neutron-815855-4-hyperv neutron-server[103529]: DEBUG neutron.services.segments.db [None req-23e0f8e9-41bc-44e6-8921-f753eedaf31c tempest-ExternalNetworksTestJSON-1361943520 tempest-ExternalNetworksTestJSON-1361943520-project-admin] neutron.services.segments.plugin.Plugin method delete_segment called with arguments (, 'df046581-68dd-40b0-8902-672cce19102b') {'for_net_delete': True} {{(pid=103529) wrapper /usr/local/lib/python3.8/dist-packages/oslo_log/helpers.py:65}}
Nov 22 14:34:09.377211 dv-neutron-815855-4-hyperv neutron-server[103529]: DEBUG neutron.services.segments.db [None req-23e0f8e9-41bc-44e6-8921-f753eedaf31c tempest-ExternalNetworksTestJSON-1361943520 tempest-ExternalNetworksTestJSON-1361943520-project-admin] neutron.services.segments.plugin.Plugin method get_segment called with arguments (, 'df046581-68dd-40b0-8902-672cce19102b') {} {{(pid=103529) wrapper /usr/local/lib/python3.8/dist-packages/oslo_log/helpers.py:65}}
Nov 22 14:34:09.388522 dv-neutron-815855-4-hyperv neutron-server[103528]: DEBUG neutron.notifiers.nova [None req-11377cd2-7ec4-4c37-82bf-d62d441e7a6f tempest-PortsAdminExtendedAttrsIpV6TestJSON-1604992457 tempest-PortsAdminExtendedAttrsIpV6TestJSON-1604992457-project-admin] device_id is not set on port e564ff0f-59d0-4e25-a4a6-93610473b552 yet. {{(pid=103528) _can_notify /opt/stack/neutron/neutron/notifiers/nova.py:190}}
Nov 22 14:34:09.399552 dv-neutron-815855-4-hyperv neutron-server[103529]: DEBUG neutron_lib.callbacks.manager [None req-23e0f8e9-41bc-44e6-8921-f753eedaf31c tempest-ExternalNetworksTestJSON-1361943520 tempest-ExternalNetworksTestJSON-1361943520-project-admin] Publish callbacks ['neutron.plugins.ml2.db._prevent_segment_delete_with_port_bound-8758905865126', 'neutron.services.segments.plugin.Plugin._prevent_segment_delete_with_subnet_associated-3649521'] for segment, before_delete {{(pid=103529) _notify_loop /usr/local/lib/python3.8/dist-packages/neutron_lib/callbacks/manager.py:175}}
Nov 22 14:34:09.413616 dv-neutron-815855-4-hyperv neutron-server[103529]: DEBUG neutron_lib.callbacks.manager [None req-4952811d-469d-4ca5-aeee-c700f861909b admin admin] Publish callbacks ['neutron.plugins.ml2.plugin.SecurityGroupDbMixin._ensure_default_security_group_handler-16359927'] for port, before_create {{(pid=103529) _notify_loop /usr/local/lib/python3.8/dist-packages/neutron_lib/callbacks/manager.py:175}}
Nov 22 14:34:09.433559 dv-neutron-815855-4-hyperv neutron-server[103529]: DEBUG neutron_lib.callbacks.manager [None req-23e0f8e9-41bc-44e6-8921-f753eedaf31c tempest-ExternalNetworksTestJSON-1361943520 tempest-ExternalNetworksTestJSON-1361943520-project-admin] Publish callbacks ['neutron.plugins.ml2.plugin.Ml2Plugin._handle_segment_change-16251444'] for segment, precommit_delete {{(pid=103529) _notify_loop /usr/local/lib/python3.8/dist-packages/neutron_lib/callbacks/manager.py:175}}
Nov 22 14:34:09.434701 dv-neutron-815855-4-hyperv neutron-server[103528]: DEBUG neutron_lib.callbacks.manager [None req-11377cd2-7ec4-4c37-82bf-d62d441e7a6f tempest-PortsAdminExtendedAttrsIpV6TestJSON-1604992457 tempest-PortsAdminExtendedAttrsIpV6TestJSON-1604992457-project-admin] Publish callbacks [] for port, precommit_update {{(pid=103528) _notify_loop /usr/local/lib/python3.8/dist-packages/neutron_lib/callbacks/manager.py:175}}
Nov 22 14:34:09.435855 dv-neutron-815855-4-hyperv neutron-server[103531]: DEBUG neutron.db.l3_hamode_db [None req-b3102457-11f3-4771-be3f-f0644724dd44 None None] neutron.services.l3_router.l3_router_plugin.L3RouterPlugin method _process_sync_ha_data called with arguments (, [{'id': '9ae6dd51-9563-4c4b-8049-ecd618094e46', 'name': 'tempest-ServersTestJSON-512872249-router', 'tenant_id': '2b772732b25440fd847dad58fb56bb9d', 'admin_state_up': True, 'status': 'ACTIVE', 'external_gateway_info': {'network_id': '15fa22f1-7751-4a7f-8c29-9d1c351907a1', 'external_fixed_ips': [{'subnet_id': 'a331b686-782a-4532-9e19-41bbe303642b', 'ip_address': '172.26.1.202'}], 'enable_snat': True}, 'gw_port_id': 'bd524b1e-520a-486a-8668-ccc99d0c6368', 'description': '', 'availability_zones': ['nova'], 'distributed': False, 'ha': False, 'ha_vr_id': 0, 'availability_zone_hints': [], 'routes': [], 'flavor_id': None, 'tags': [], 'created_at': '2021-11-22T14:34:02Z', 'updated_at': '2021-11-22T14:34:05Z', 'revision_number': 3, 'project_id': '2b772732b25440fd847dad58fb56bb9d', 'gw_port': {'id': 'bd524b1e-520a-486a-8668-ccc99d0c6368', 'name': '', 'network_id': '15fa22f1-7751-4a7f-8c29-9d1c351907a1', 'tenant_id': '', 'mac_address': 'fa:16:3e:13:e0:50', 'admin_state_up': True, 'status': 'DOWN', 'device_id': '9ae6dd51-9563-4c4b-8049-ecd618094e46', 'device_owner': 'network:router_gateway', 'standard_attr_id': 62, 'fixed_ips': [{'subnet_id': 'a331b686-782a-4532-9e19-41bbe303642b', 'ip_address': '172.26.1.202', 'prefixlen': 24}], 'allowed_address_pairs': [], 'extra_dhcp_opts': [], 'security_groups': [], 'description': '', 'binding:vnic_type': 'normal', 'binding:profile': {}, 'binding:host_id': 'dv-neutron-815855-4-hyperv', 'binding:vif_type': 'ovs', 'binding:vif_details': {'connectivity': 'l2', 'port_filter': True, 'ovs_hybrid_plug': False, 'datapath_type': 'system', 'bridge_name': 'br-int'}, 'port_security_enabled': False, 'tags': [], 'created_at': '2021-11-22T14:34:03Z', 'updated_at': '2021-11-22T14:34:09Z', 'revision_number': 3, 'project_id': '', 'subnets': [{'id': 'a331b686-782a-4532-9e19-41bbe303642b', 'cidr': '172.26.1.0/24', 'gateway_ip': '172.26.1.1', 'dns_nameservers': [], 'ipv6_ra_mode': None, 'subnetpool_id': None}], 'extra_subnets': [], 'address_scopes': {4: None, 6: None}, 'mtu': 1500}, 'enable_snat': True, 'gw_port_host': 'dv-neutron-815855-4-hyperv'}], 'dv-neutron-815855-4-hyperv', False) {} {{(pid=103531) wrapper /usr/local/lib/python3.8/dist-packages/oslo_log/helpers.py:65}}
Nov 22 14:34:09.438270 dv-neutron-815855-4-hyperv neutron-server[103528]: DEBUG neutron.plugins.ml2.drivers.mech_agent [None req-da238482-421d-4365-a41c-19fe88ad103f tempest-DHCPAgentSchedulersTestJSON-585590672 tempest-DHCPAgentSchedulersTestJSON-585590672-project] Checking segment: {'id': '3ab07628-a761-4ea1-8920-d0d4177702ac', 'network_type': 'vlan', 'physical_network': 'physnet1', 'segmentation_id': 739, 'network_id': '3876a580-1020-4eb7-8035-ac4b482ecdc0'} for mappings: {'physnet1': 'br-data'} with network types: ['local', 'flat', 'vlan'] {{(pid=103528) check_segment_for_agent /opt/stack/neutron/neutron/plugins/ml2/drivers/mech_agent.py:371}}
Nov 22 14:34:09.438823 dv-neutron-815855-4-hyperv neutron-server[103528]: DEBUG neutron.scheduler.dhcp_agent_scheduler [None req-da238482-421d-4365-a41c-19fe88ad103f tempest-DHCPAgentSchedulersTestJSON-585590672 tempest-DHCPAgentSchedulersTestJSON-585590672-project] Network hostable DHCP agents. Network: 3876a580-1020-4eb7-8035-ac4b482ecdc0, hostable agents: ['7079cf32-feba-4780-bf81-950eca1fe9ba'], hosted agents: [] {{(pid=103528) _get_network_hostable_dhcp_agents /opt/stack/neutron/neutron/scheduler/dhcp_agent_scheduler.py:329}}
Nov 22 14:34:09.447679 dv-neutron-815855-4-hyperv neutron-server[103529]: DEBUG neutron.plugins.ml2.drivers.type_vlan [None req-23e0f8e9-41bc-44e6-8921-f753eedaf31c tempest-ExternalNetworksTestJSON-1361943520 tempest-ExternalNetworksTestJSON-1361943520-project-admin] Releasing vlan 707 on physical network physnet1 to pool {{(pid=103529) release_segment /opt/stack/neutron/neutron/plugins/ml2/drivers/type_vlan.py:304}}
Nov 22 14:34:09.448070 dv-neutron-815855-4-hyperv neutron-server[103529]: DEBUG neutron_lib.callbacks.manager [None req-23e0f8e9-41bc-44e6-8921-f753eedaf31c tempest-ExternalNetworksTestJSON-1361943520 tempest-ExternalNetworksTestJSON-1361943520-project-admin] Publish callbacks ['neutron.plugins.ml2.plugin.Ml2Plugin._handle_segment_change-16251444', 'neutron.services.segments.plugin.NovaSegmentNotifier._notify_segment_deleted-3648755'] for segment, after_delete {{(pid=103529) _notify_loop /usr/local/lib/python3.8/dist-packages/neutron_lib/callbacks/manager.py:175}}
Nov 22 14:34:09.452377 dv-neutron-815855-4-hyperv neutron-server[103529]: /usr/lib/python3/dist-packages/secretstorage/dhcrypto.py:15: CryptographyDeprecationWarning: int_from_bytes is deprecated, use int.from_bytes instead
Nov 22 14:34:09.452377 dv-neutron-815855-4-hyperv neutron-server[103529]: from cryptography.utils import int_from_bytes
Nov 22 14:34:09.452377 dv-neutron-815855-4-hyperv neutron-server[103529]: /usr/lib/python3/dist-packages/secretstorage/util.py:19: CryptographyDeprecationWarning: int_from_bytes is deprecated, use int.from_bytes instead
Nov 22 14:34:09.452377 dv-neutron-815855-4-hyperv neutron-server[103529]: from cryptography.utils import int_from_bytes
Nov 22 14:34:09.452377 dv-neutron-815855-4-hyperv neutron-server[103529]: Traceback (most recent call last):
Nov 22 14:34:09.452377 dv-neutron-815855-4-hyperv neutron-server[103529]: File "/usr/local/lib/python3.8/dist-packages/eventlet/hubs/hub.py", line 476, in fire_timers
Nov 22 14:34:09.452377 dv-neutron-815855-4-hyperv neutron-server[103529]: timer()
Nov 22 14:34:09.452377 dv-neutron-815855-4-hyperv neutron-server[103529]: File "/usr/local/lib/python3.8/dist-packages/eventlet/hubs/timer.py", line 59, in __call__
Nov 22 14:34:09.452377 dv-neutron-815855-4-hyperv neutron-server[103529]: cb(*args, **kw)
Nov 22 14:34:09.452377 dv-neutron-815855-4-hyperv neutron-server[103529]: File "/opt/stack/neutron/neutron/common/utils.py", line 914, in wrapper
Nov 22 14:34:09.452377 dv-neutron-815855-4-hyperv neutron-server[103529]: return func(*args, **kwargs)
Nov 22 14:34:09.452377 dv-neutron-815855-4-hyperv neutron-server[103529]: File "/opt/stack/neutron/neutron/notifiers/batch_notifier.py", line 58, in synced_send
Nov 22 14:34:09.452377 dv-neutron-815855-4-hyperv neutron-server[103529]: self._notify()
Nov 22 14:34:09.452377 dv-neutron-815855-4-hyperv neutron-server[103529]: File "/opt/stack/neutron/neutron/notifiers/batch_notifier.py", line 69, in _notify
Nov 22 14:34:09.452377 dv-neutron-815855-4-hyperv neutron-server[103529]: self.callback(batched_events)
Nov 22 14:34:09.452377 dv-neutron-815855-4-hyperv neutron-server[103529]: File "/opt/stack/neutron/neutron/services/segments/plugin.py", line 211, in _send_notifications
Nov 22 14:34:09.452377 dv-neutron-815855-4-hyperv neutron-server[103529]: event.method(event)
Nov 22 14:34:09.452377 dv-neutron-815855-4-hyperv neutron-server[103529]: File "/opt/stack/neutron/neutron/services/segments/plugin.py", line 383, in _delete_nova_inventory
Nov 22 14:34:09.452377 dv-neutron-815855-4-hyperv neutron-server[103529]: aggregate_id = self._get_aggregate_id(event.segment_id)
Nov 22 14:34:09.452377 dv-neutron-815855-4-hyperv neutron-server[103529]: File "/opt/stack/neutron/neutron/services/segments/plugin.py", line 370, in _get_aggregate_id
Nov 22 14:34:09.452377 dv-neutron-815855-4-hyperv neutron-server[103529]: aggregate_uuid = self.p_client.list_aggregates(
Nov 22 14:34:09.452377 dv-neutron-815855-4-hyperv neutron-server[103529]: File "/usr/local/lib/python3.8/dist-packages/neutron_lib/placement/client.py", line 58, in wrapper
Nov 22 14:34:09.452377 dv-neutron-815855-4-hyperv neutron-server[103529]: return f(self, *a, **k)
Nov 22 14:34:09.452377 dv-neutron-815855-4-hyperv neutron-server[103529]: File "/usr/local/lib/python3.8/dist-packages/neutron_lib/placement/client.py", line 554, in list_aggregates
Nov 22 14:34:09.452377 dv-neutron-815855-4-hyperv neutron-server[103529]: return self._get(url).json()
Nov 22 14:34:09.452377 dv-neutron-815855-4-hyperv neutron-server[103529]: File "/usr/local/lib/python3.8/dist-packages/neutron_lib/placement/client.py", line 190, in _get
Nov 22 14:34:09.452377 dv-neutron-815855-4-hyperv neutron-server[103529]: return self._client.get(url, endpoint_filter=self._ks_filter,
Nov 22 14:34:09.452377 dv-neutron-815855-4-hyperv neutron-server[103529]: File "/usr/local/lib/python3.8/dist-packages/keystoneauth1/session.py", line 1141, in get
Nov 22 14:34:09.452377 dv-neutron-815855-4-hyperv neutron-server[103529]: return self.request(url, 'GET', **kwargs)
Nov 22 14:34:09.452377 dv-neutron-815855-4-hyperv neutron-server[103529]: File "/usr/local/lib/python3.8/dist-packages/keystoneauth1/session.py", line 811, in request
Nov 22 14:34:09.452377 dv-neutron-815855-4-hyperv neutron-server[103529]: base_url = self.get_endpoint(auth, allow=allow,
Nov 22 14:34:09.452377 dv-neutron-815855-4-hyperv neutron-server[103529]: File "/usr/local/lib/python3.8/dist-packages/keystoneauth1/session.py", line 1241, in get_endpoint
Nov 22 14:34:09.452377 dv-neutron-815855-4-hyperv neutron-server[103529]: auth = self._auth_required(auth, 'determine endpoint URL')
Nov 22 14:34:09.452377 dv-neutron-815855-4-hyperv neutron-server[103529]: File "/usr/local/lib/python3.8/dist-packages/keystoneauth1/session.py", line 1181, in _auth_required
Nov 22 14:34:09.452377 dv-neutron-815855-4-hyperv neutron-server[103529]: raise exceptions.MissingAuthPlugin(msg_fmt % msg)
Nov 22 14:34:09.452377 dv-neutron-815855-4-hyperv neutron-server[103529]: keystoneauth1.exceptions.auth_plugins.MissingAuthPlugin: An auth plugin is required to determine endpoint URL
Nov 22 14:34:09.454710 dv-neutron-815855-4-hyperv neutron-server[103528]: DEBUG neutron.services.l3_router.service_providers.driver_controller [None req-14c84495-0bec-4b99-ac07-c2a73bf6e67c tempest-RoutersTestDVR-534175268 tempest-RoutersTestDVR-534175268-project-admin] Get a provider driver handle based on the ha flag: False and distributed flag: True {{(pid=103528) _update_router_provider /opt/stack/neutron/neutron/services/l3_router/service_providers/driver_controller.py:160}}
Nov 22 14:34:09.455204 dv-neutron-815855-4-hyperv neutron-server[103528]: DEBUG neutron.services.l3_router.service_providers.driver_controller [None req-14c84495-0bec-4b99-ac07-c2a73bf6e67c tempest-RoutersTestDVR-534175268 tempest-RoutersTestDVR-534175268-project-admin] Router 2e9b8131-ee73-40d9-8726-06223ae36e28 migrating from provider to provider. {{(pid=103528) _update_router_provider /opt/stack/neutron/neutron/services/l3_router/service_providers/driver_controller.py:167}}
Nov 22 14:34:09.455751 dv-neutron-815855-4-hyperv neutron-server[103528]: DEBUG neutron_lib.callbacks.manager [None req-14c84495-0bec-4b99-ac07-c2a73bf6e67c tempest-RoutersTestDVR-534175268 tempest-RoutersTestDVR-534175268-project-admin] Publish callbacks [] for router_controller, precommit_delete_associations {{(pid=103528) _notify_loop /usr/local/lib/python3.8/dist-packages/neutron_lib/callbacks/manager.py:175}}
Nov 22 14:34:09.490676 dv-neutron-815855-4-hyperv neutron-server[103531]: DEBUG neutron.api.rpc.handlers.l3_rpc [None req-b3102457-11f3-4771-be3f-f0644724dd44 None None] The sync data for ids ['9ae6dd51-9563-4c4b-8049-ecd618094e46'] in dv-neutron-815855-4-hyperv is: [{'id': '9ae6dd51-9563-4c4b-8049-ecd618094e46', 'name': 'tempest-ServersTestJSON-512872249-router', 'tenant_id': '2b772732b25440fd847dad58fb56bb9d', 'admin_state_up': True, 'status': 'ACTIVE', 'external_gateway_info': {'network_id': '15fa22f1-7751-4a7f-8c29-9d1c351907a1', 'external_fixed_ips': [{'subnet_id': 'a331b686-782a-4532-9e19-41bbe303642b', 'ip_address': '172.26.1.202'}], 'enable_snat': True}, 'gw_port_id': 'bd524b1e-520a-486a-8668-ccc99d0c6368', 'description': '', 'availability_zones': ['nova'], 'distributed': False, 'ha': False, 'ha_vr_id': 0, 'availability_zone_hints': [], 'routes': [], 'flavor_id': None, 'tags': [], 'created_at': '2021-11-22T14:34:02Z', 'updated_at': '2021-11-22T14:34:05Z', 'revision_number': 3, 'project_id': '2b772732b25440fd847dad58fb56bb9d', 'gw_port': {'id': 'bd524b1e-520a-486a-8668-ccc99d0c6368', 'name': '', 'network_id': '15fa22f1-7751-4a7f-8c29-9d1c351907a1', 'tenant_id': '', 'mac_address': 'fa:16:3e:13:e0:50', 'admin_state_up': True, 'status': 'DOWN', 'device_id': '9ae6dd51-9563-4c4b-8049-ecd618094e46', 'device_owner': 'network:router_gateway', 'standard_attr_id': 62, 'fixed_ips': [{'subnet_id': 'a331b686-782a-4532-9e19-41bbe303642b', 'ip_address': '172.26.1.202', 'prefixlen': 24}], 'allowed_address_pairs': [], 'extra_dhcp_opts': [], 'security_groups': [], 'description': '', 'binding:vnic_type': 'normal', 'binding:profile': {}, 'binding:host_id': 'dv-neutron-815855-4-hyperv', 'binding:vif_type': 'ovs', 'binding:vif_details': {'connectivity': 'l2', 'port_filter': True, 'ovs_hybrid_plug': False, 'datapath_type': 'system', 'bridge_name': 'br-int'}, 'port_security_enabled': False, 'tags': [], 'created_at': '2021-11-22T14:34:03Z', 'updated_at': '2021-11-22T14:34:09Z', 'revision_number': 3, 'project_id': '', 'subnets': [{'id': 'a331b686-782a-4532-9e19-41bbe303642b', 'cidr': '172.26.1.0/24', 'gateway_ip': '172.26.1.1', 'dns_nameservers': [], 'ipv6_ra_mode': None, 'subnetpool_id': None}], 'extra_subnets': [], 'address_scopes': {4: None, 6: None}, 'mtu': 1500}, 'enable_snat': True, 'gw_port_host': 'dv-neutron-815855-4-hyperv'}] {{(pid=103531) sync_routers /opt/stack/neutron/neutron/api/rpc/handlers/l3_rpc.py:137}}
Nov 22 14:34:09.499185 dv-neutron-815855-4-hyperv neutron-server[103528]: DEBUG neutron.plugins.ml2.drivers.mech_agent [None req-8229b702-af3e-4b52-9754-cfc13a17ca11 tempest-RoutersAdminTest-711698692 tempest-RoutersAdminTest-711698692-project-admin] Checking segment: {'id': '24289a68-0d4e-46e1-8f57-544dd5a1daa0', 'network_type': 'vlan', 'physical_network': 'physnet1', 'segmentation_id': 709, 'network_id': 'a33b0196-80d1-476a-97c7-4ac57555025c'} for mappings: {'physnet1': 'br-data'} with network types: ['local', 'flat', 'vlan'] {{(pid=103528) check_segment_for_agent /opt/stack/neutron/neutron/plugins/ml2/drivers/mech_agent.py:371}}
Nov 22 14:34:09.499706 dv-neutron-815855-4-hyperv neutron-server[103528]: DEBUG neutron.scheduler.dhcp_agent_scheduler [None req-8229b702-af3e-4b52-9754-cfc13a17ca11 tempest-RoutersAdminTest-711698692 tempest-RoutersAdminTest-711698692-project-admin] Network hostable DHCP agents. Network: a33b0196-80d1-476a-97c7-4ac57555025c, hostable agents: ['7079cf32-feba-4780-bf81-950eca1fe9ba'], hosted agents: [] {{(pid=103528) _get_network_hostable_dhcp_agents /opt/stack/neutron/neutron/scheduler/dhcp_agent_scheduler.py:329}}
Nov 22 14:34:09.511563 dv-neutron-815855-4-hyperv neutron-server[103528]: DEBUG neutron_lib.callbacks.manager [None req-14c84495-0bec-4b99-ac07-c2a73bf6e67c tempest-RoutersTestDVR-534175268 tempest-RoutersTestDVR-534175268-project-admin] Publish callbacks [] for router_controller, precommit_add_association {{(pid=103528) _notify_loop /usr/local/lib/python3.8/dist-packages/neutron_lib/callbacks/manager.py:175}}
Nov 22 14:34:09.515330 dv-neutron-815855-4-hyperv neutron-server[103528]: DEBUG neutron_lib.callbacks.manager [None req-11377cd2-7ec4-4c37-82bf-d62d441e7a6f tempest-PortsAdminExtendedAttrsIpV6TestJSON-1604992457 tempest-PortsAdminExtendedAttrsIpV6TestJSON-1604992457-project-admin] Publish callbacks ['neutron.plugins.ml2.plugin.SecurityGroupServerNotifierRpcMixin._notify_sg_on_port_change-16359862', 'neutron.plugins.ml2.ovo_rpc._ObjectChangeHandler.handle_event-119451', 'neutron.api.rpc.agentnotifiers.dhcp_rpc_agent_api.DhcpAgentNotifyAPI._native_event_send_dhcp_notification-559702', 'neutron.db.l3_db.L3RpcNotifierMixin._notify_gateway_port_ip_changed-8758905840195', 'neutron.db.l3_dvrscheduler_db._notify_l3_agent_port_update-8758905324337', 'neutron.db.l3_hascheduler_db._notify_l3_agent_ha_port_update-8758905324355'] for port, after_update {{(pid=103528) _notify_loop /usr/local/lib/python3.8/dist-packages/neutron_lib/callbacks/manager.py:175}}
Nov 22 14:34:09.518383 dv-neutron-815855-4-hyperv neutron-server[103528]: INFO neutron.wsgi [None req-28895944-840e-4c34-86eb-f99e85f58d6e tempest-MeteringTestJSON-565852682 tempest-MeteringTestJSON-565852682-project-admin] 10.222.0.54 "GET /v2.0/metering/metering-labels/1da67b41-5b21-43f5-8085-fcbfe13f0db3 HTTP/1.1" status: 200 len: 472 time: 0.1580446
Nov 22 14:34:09.525715 dv-neutron-815855-4-hyperv neutron-server[103529]: DEBUG neutron.wsgi [-] (103529) accepted ('10.222.0.54', 58414) {{(pid=103529) server /usr/local/lib/python3.8/dist-packages/eventlet/wsgi.py:1004}}
Nov 22 14:34:09.538524 dv-neutron-815855-4-hyperv neutron-server[103528]: DEBUG neutron_lib.callbacks.manager [None req-14c84495-0bec-4b99-ac07-c2a73bf6e67c tempest-RoutersTestDVR-534175268 tempest-RoutersTestDVR-534175268-project-admin] Publish callbacks ['neutron.services.l3_router.l3_router_plugin.DVRResourceOperationHandler._create_snat_interfaces_after_change-630151', 'neutron.services.l3_router.l3_router_plugin.DVRResourceOperationHandler._delete_distributed_port_bindings_after_change-630026', 'neutron.services.l3_router.l3_router_plugin.DVRResourceOperationHandler._delete_snat_interfaces_after_change-630249', 'neutron.services.l3_router.l3_router_plugin.L3_HA_NAT_db_mixin._reconfigure_ha_resources-533567'] for router, after_update {{(pid=103528) _notify_loop /usr/local/lib/python3.8/dist-packages/neutron_lib/callbacks/manager.py:175}}
Nov 22 14:34:09.559275 dv-neutron-815855-4-hyperv neutron-server[103529]: DEBUG neutron_lib.callbacks.manager [None req-23e0f8e9-41bc-44e6-8921-f753eedaf31c tempest-ExternalNetworksTestJSON-1361943520 tempest-ExternalNetworksTestJSON-1361943520-project-admin] Publish callbacks ['neutron.plugins.ml2.plugin.Ml2Plugin._network_delete_after_delete_handler-16188068', 'neutron.plugins.ml2.ovo_rpc._ObjectChangeHandler.handle_event-417199', 'neutron.api.rpc.agentnotifiers.dhcp_rpc_agent_api.DhcpAgentNotifyAPI._native_event_send_dhcp_notification-559702', 'neutron.services.l3_router.l3_router_plugin.DVRResourceOperationHandler.delete_fip_namespaces_for_ext_net-540165'] for network, after_delete {{(pid=103529) _notify_loop /usr/local/lib/python3.8/dist-packages/neutron_lib/callbacks/manager.py:175}}
Nov 22 14:34:09.583714 dv-neutron-815855-4-hyperv neutron-server[103529]: INFO neutron.wsgi [None req-b0d0eb41-255c-4087-be14-a5b27a9be1b0 tempest-MeteringTestJSON-565852682 tempest-MeteringTestJSON-565852682-project-admin] 10.222.0.54 "GET /v2.0/metering/metering-label-rules/f8ccee7c-1718-4059-9a30-4903bfa6a549 HTTP/1.1" status: 200 len: 461 time: 0.0517218
Nov 22 14:34:09.583714 dv-neutron-815855-4-hyperv neutron-server[103529]: DEBUG neutron.api.rpc.agentnotifiers.l3_rpc_agent_api [None req-23e0f8e9-41bc-44e6-8921-f753eedaf31c tempest-ExternalNetworksTestJSON-1361943520 tempest-ExternalNetworksTestJSON-1361943520-project-admin] Fanout notify agent at l3_agent the message fipnamespace_delete_on_ext_net for external_network 452411cb-59e3-40f5-9849-68fcf2b4a4ca {{(pid=103529) _notification_fanout /opt/stack/neutron/neutron/api/rpc/agentnotifiers/l3_rpc_agent_api.py:120}}
Nov 22 14:34:09.591048 dv-neutron-815855-4-hyperv neutron-server[103528]: DEBUG neutron.wsgi [-] (103528) accepted ('10.222.0.54', 58416) {{(pid=103528) server /usr/local/lib/python3.8/dist-packages/eventlet/wsgi.py:1004}}
Nov 22 14:34:09.593316 dv-neutron-815855-4-hyperv neutron-server[103528]: DEBUG neutron.api.rpc.handlers.resources_rpc [None req-8229b702-af3e-4b52-9754-cfc13a17ca11 tempest-RoutersAdminTest-711698692 tempest-RoutersAdminTest-711698692-project-admin] Pushing event updated for resources: {'Subnet': ['ID=a3ed2b20-3b10-41ab-88fb-32435407bfc0,revision_number=0']} {{(pid=103528) push /opt/stack/neutron/neutron/api/rpc/handlers/resources_rpc.py:237}}
Nov 22 14:34:09.595451 dv-neutron-815855-4-hyperv neutron-server[103529]: DEBUG neutron_lib.callbacks.manager [None req-23e0f8e9-41bc-44e6-8921-f753eedaf31c tempest-ExternalNetworksTestJSON-1361943520 tempest-ExternalNetworksTestJSON-1361943520-project-admin] Publish callbacks ['neutron.api.rpc.agentnotifiers.dhcp_rpc_agent_api.DhcpAgentNotifyAPI._send_dhcp_notification-559688'] for network, before_response {{(pid=103529) _notify_loop /usr/local/lib/python3.8/dist-packages/neutron_lib/callbacks/manager.py:175}}
Nov 22 14:34:09.602220 dv-neutron-815855-4-hyperv neutron-server[103529]: INFO neutron.wsgi [None req-23e0f8e9-41bc-44e6-8921-f753eedaf31c tempest-ExternalNetworksTestJSON-1361943520 tempest-ExternalNetworksTestJSON-1361943520-project-admin] 10.222.0.54 "DELETE /v2.0/networks/452411cb-59e3-40f5-9849-68fcf2b4a4ca HTTP/1.1" status: 204 len: 168 time: 0.9001701
Nov 22 14:34:09.614147 dv-neutron-815855-4-hyperv neutron-server[103529]: DEBUG neutron.api.rpc.handlers.resources_rpc [None req-23e0f8e9-41bc-44e6-8921-f753eedaf31c tempest-ExternalNetworksTestJSON-1361943520 tempest-ExternalNetworksTestJSON-1361943520-project-admin] Pushing event deleted for resources: {'Network': ['ID=452411cb-59e3-40f5-9849-68fcf2b4a4ca,revision_number=None']} {{(pid=103529) push /opt/stack/neutron/neutron/api/rpc/handlers/resources_rpc.py:237}}
Nov 22 14:34:09.615768 dv-neutron-815855-4-hyperv neutron-server[103529]: DEBUG neutron.wsgi [-] (103529) accepted ('10.222.0.54', 58418) {{(pid=103529) server /usr/local/lib/python3.8/dist-packages/eventlet/wsgi.py:1004}}
Nov 22 14:34:09.622682 dv-neutron-815855-4-hyperv neutron-server[103529]: DEBUG neutron.api.v2.base [None req-2d7a40b0-b429-472a-9d0f-692bb35fa39e tempest-ExternalNetworksTestJSON-1361943520 tempest-ExternalNetworksTestJSON-1361943520-project-admin] Request body: {'network': {'router:external': True}} {{(pid=103529) prepare_request_body /opt/stack/neutron/neutron/api/v2/base.py:729}}
Nov 22 14:34:09.668677 dv-neutron-815855-4-hyperv neutron-server[103528]: DEBUG neutron.scheduler.dhcp_agent_scheduler [None req-da238482-421d-4365-a41c-19fe88ad103f tempest-DHCPAgentSchedulersTestJSON-585590672 tempest-DHCPAgentSchedulersTestJSON-585590672-project] Network 3876a580-1020-4eb7-8035-ac4b482ecdc0 is scheduled to be hosted by DHCP agent 7079cf32-feba-4780-bf81-950eca1fe9ba with binding_index 1 {{(pid=103528) bind /opt/stack/neutron/neutron/scheduler/dhcp_agent_scheduler.py:227}}
Nov 22 14:34:09.671554 dv-neutron-815855-4-hyperv neutron-server[103528]: DEBUG neutron_lib.callbacks.manager [None req-e2112ac7-0959-4e72-9ef5-7a54adb45d06 admin admin] Publish callbacks ['neutron.services.l3_router.l3_router_plugin.L3_HA_NAT_db_mixin._after_router_create-533709', 'neutron.services.l3_router.l3_router_plugin.DVRResourceOperationHandler._create_snat_interfaces_after_change-630151'] for router, after_create {{(pid=103528) _notify_loop /usr/local/lib/python3.8/dist-packages/neutron_lib/callbacks/manager.py:175}}
Nov 22 14:34:09.688514 dv-neutron-815855-4-hyperv neutron-server[103529]: DEBUG neutron.pecan_wsgi.hooks.quota_enforcement [None req-2d7a40b0-b429-472a-9d0f-692bb35fa39e tempest-ExternalNetworksTestJSON-1361943520 tempest-ExternalNetworksTestJSON-1361943520-project-admin] Made reservation on behalf of 103c5b8daae64220b3702474caa08fd2 for: {'network': 1} {{(pid=103529) before /opt/stack/neutron/neutron/pecan_wsgi/hooks/quota_enforcement.py:53}}
Nov 22 14:34:09.690883 dv-neutron-815855-4-hyperv neutron-server[103529]: DEBUG neutron_lib.callbacks.manager [None req-2d7a40b0-b429-472a-9d0f-692bb35fa39e tempest-ExternalNetworksTestJSON-1361943520 tempest-ExternalNetworksTestJSON-1361943520-project-admin] Publish callbacks ['neutron.plugins.ml2.plugin.SecurityGroupDbMixin._ensure_default_security_group_handler-16359927'] for network, before_create {{(pid=103529) _notify_loop /usr/local/lib/python3.8/dist-packages/neutron_lib/callbacks/manager.py:175}}
Nov 22 14:34:09.721147 dv-neutron-815855-4-hyperv neutron-server[103528]: DEBUG neutron.scheduler.dhcp_agent_scheduler [None req-8229b702-af3e-4b52-9754-cfc13a17ca11 tempest-RoutersAdminTest-711698692 tempest-RoutersAdminTest-711698692-project-admin] Network a33b0196-80d1-476a-97c7-4ac57555025c is scheduled to be hosted by DHCP agent 7079cf32-feba-4780-bf81-950eca1fe9ba with binding_index 1 {{(pid=103528) bind /opt/stack/neutron/neutron/scheduler/dhcp_agent_scheduler.py:227}}
Nov 22 14:34:09.745278 dv-neutron-815855-4-hyperv neutron-server[103528]: DEBUG neutron.scheduler.base_scheduler [None req-da238482-421d-4365-a41c-19fe88ad103f tempest-DHCPAgentSchedulersTestJSON-585590672 tempest-DHCPAgentSchedulersTestJSON-585590672-project] Resources bound (agent type, host, resource id): (DHCP agent, dv-neutron-815855-4-hyperv, 3876a580-1020-4eb7-8035-ac4b482ecdc0) {{(pid=103528) schedule /opt/stack/neutron/neutron/scheduler/base_scheduler.py:57}}
Nov 22 14:34:09.746908 dv-neutron-815855-4-hyperv neutron-server[103528]: DEBUG neutron.api.rpc.handlers.resources_rpc [None req-11377cd2-7ec4-4c37-82bf-d62d441e7a6f tempest-PortsAdminExtendedAttrsIpV6TestJSON-1604992457 tempest-PortsAdminExtendedAttrsIpV6TestJSON-1604992457-project-admin] Pushing event updated for resources: {'Port': ['ID=e564ff0f-59d0-4e25-a4a6-93610473b552,revision_number=2']} {{(pid=103528) push /opt/stack/neutron/neutron/api/rpc/handlers/resources_rpc.py:237}}
Nov 22 14:34:09.753472 dv-neutron-815855-4-hyperv neutron-server[103530]: DEBUG neutron.api.rpc.handlers.dhcp_rpc [None req-0d021fb9-635f-4fa1-bace-fbe7f07ade82 None None] Network 3876a580-1020-4eb7-8035-ac4b482ecdc0 requested from dv-neutron-815855-4-hyperv {{(pid=103530) get_network_info /opt/stack/neutron/neutron/api/rpc/handlers/dhcp_rpc.py:218}}
Nov 22 14:34:09.908294 dv-neutron-815855-4-hyperv neutron-server[103529]: DEBUG neutron.plugins.ml2.drivers.helpers [None req-2d7a40b0-b429-472a-9d0f-692bb35fa39e tempest-ExternalNetworksTestJSON-1361943520 tempest-ExternalNetworksTestJSON-1361943520-project-admin] vlan segment allocate from pool success with {'vlan_id': 742, 'physical_network': 'physnet1'} {{(pid=103529) allocate_partially_specified_segment /opt/stack/neutron/neutron/plugins/ml2/drivers/helpers.py:153}}
Nov 22 14:34:09.910892 dv-neutron-815855-4-hyperv neutron-server[103529]: DEBUG neutron.db.db_base_plugin_common [None req-4952811d-469d-4ca5-aeee-c700f861909b admin admin] Allocated IP 172.20.0.1 (ccc96e79-5c61-4e3b-8ff6-aae22d62d5ef/1b051c8c-169a-462f-978b-1bc19a3f5ef2/3278c98b-4531-4fa8-9a53-1d8a5403c6a3) {{(pid=103529) _store_ip_allocation /opt/stack/neutron/neutron/db/db_base_plugin_common.py:131}}
Nov 22 14:34:09.927076 dv-neutron-815855-4-hyperv neutron-server[103529]: DEBUG neutron_lib.callbacks.manager [None req-2d7a40b0-b429-472a-9d0f-692bb35fa39e tempest-ExternalNetworksTestJSON-1361943520 tempest-ExternalNetworksTestJSON-1361943520-project-admin] Publish callbacks ['neutron.plugins.ml2.plugin.Ml2Plugin._handle_segment_change-16251444'] for segment, precommit_create {{(pid=103529) _notify_loop /usr/local/lib/python3.8/dist-packages/neutron_lib/callbacks/manager.py:175}}
Nov 22 14:34:09.927337 dv-neutron-815855-4-hyperv neutron-server[103529]: INFO neutron.db.segments_db [None req-2d7a40b0-b429-472a-9d0f-692bb35fa39e tempest-ExternalNetworksTestJSON-1361943520 tempest-ExternalNetworksTestJSON-1361943520-project-admin] Added segment 5f1d81e9-ed47-46ec-8245-408961d87d22 of type vlan for network f07be41b-eefb-4a14-95df-98088a97ed09
Nov 22 14:34:09.932027 dv-neutron-815855-4-hyperv neutron-server[103528]: DEBUG neutron.pecan_wsgi.hooks.policy_enforcement [None req-da238482-421d-4365-a41c-19fe88ad103f tempest-DHCPAgentSchedulersTestJSON-585590672 tempest-DHCPAgentSchedulersTestJSON-585590672-project] Attributes excluded by policy engine: ['standard_attr_id', 'shared', 'network'] {{(pid=103528) _exclude_attributes_by_policy /opt/stack/neutron/neutron/pecan_wsgi/hooks/policy_enforcement.py:255}}
Nov 22 14:34:09.932778 dv-neutron-815855-4-hyperv neutron-server[103528]: DEBUG neutron_lib.callbacks.manager [None req-da238482-421d-4365-a41c-19fe88ad103f tempest-DHCPAgentSchedulersTestJSON-585590672 tempest-DHCPAgentSchedulersTestJSON-585590672-project] Publish callbacks ['neutron.api.rpc.agentnotifiers.dhcp_rpc_agent_api.DhcpAgentNotifyAPI._send_dhcp_notification-559688'] for subnet, before_response {{(pid=103528) _notify_loop /usr/local/lib/python3.8/dist-packages/neutron_lib/callbacks/manager.py:175}}
Nov 22 14:34:09.935885 dv-neutron-815855-4-hyperv neutron-server[103528]: DEBUG neutron.scheduler.base_scheduler [None req-8229b702-af3e-4b52-9754-cfc13a17ca11 tempest-RoutersAdminTest-711698692 tempest-RoutersAdminTest-711698692-project-admin] Resources bound (agent type, host, resource id): (DHCP agent, dv-neutron-815855-4-hyperv, a33b0196-80d1-476a-97c7-4ac57555025c) {{(pid=103528) schedule /opt/stack/neutron/neutron/scheduler/base_scheduler.py:57}}
Nov 22 14:34:09.970252 dv-neutron-815855-4-hyperv neutron-server[103530]: DEBUG neutron.api.rpc.handlers.dhcp_rpc [None req-0cad9097-3d6c-45c2-ba5a-090d503e6ee3 None None] Network a33b0196-80d1-476a-97c7-4ac57555025c requested from dv-neutron-815855-4-hyperv {{(pid=103530) get_network_info /opt/stack/neutron/neutron/api/rpc/handlers/dhcp_rpc.py:218}}
Nov 22 14:34:09.987472 dv-neutron-815855-4-hyperv neutron-server[103528]: DEBUG neutron.pecan_wsgi.hooks.policy_enforcement [None req-8229b702-af3e-4b52-9754-cfc13a17ca11 tempest-RoutersAdminTest-711698692 tempest-RoutersAdminTest-711698692-project-admin] Attributes excluded by policy engine: ['standard_attr_id', 'shared', 'network'] {{(pid=103528) _exclude_attributes_by_policy /opt/stack/neutron/neutron/pecan_wsgi/hooks/policy_enforcement.py:255}}
Nov 22 14:34:09.988291 dv-neutron-815855-4-hyperv neutron-server[103528]: DEBUG neutron_lib.callbacks.manager [None req-8229b702-af3e-4b52-9754-cfc13a17ca11 tempest-RoutersAdminTest-711698692 tempest-RoutersAdminTest-711698692-project-admin] Publish callbacks ['neutron.api.rpc.agentnotifiers.dhcp_rpc_agent_api.DhcpAgentNotifyAPI._send_dhcp_notification-559688'] for subnet, before_response {{(pid=103528) _notify_loop /usr/local/lib/python3.8/dist-packages/neutron_lib/callbacks/manager.py:175}}
Nov 22 14:34:10.028154 dv-neutron-815855-4-hyperv neutron-server[103529]: DEBUG neutron_lib.callbacks.manager [None req-2d7a40b0-b429-472a-9d0f-692bb35fa39e tempest-ExternalNetworksTestJSON-1361943520 tempest-ExternalNetworksTestJSON-1361943520-project-admin] Publish callbacks ['neutron.services.auto_allocate.db._ensure_external_network_default_value_callback-8758905316482'] for network, precommit_create {{(pid=103529) _notify_loop /usr/local/lib/python3.8/dist-packages/neutron_lib/callbacks/manager.py:175}}
Nov 22 14:34:10.036349 dv-neutron-815855-4-hyperv neutron-server[103528]: WARNING neutron.scheduler.l3_agent_scheduler [None req-14c84495-0bec-4b99-ac07-c2a73bf6e67c tempest-RoutersTestDVR-534175268 tempest-RoutersTestDVR-534175268-project-admin] No L3 agents can host the router 2e9b8131-ee73-40d9-8726-06223ae36e28
Nov 22 14:34:10.039945 dv-neutron-815855-4-hyperv neutron-server[103528]: DEBUG neutron.plugins.ml2.managers [None req-11377cd2-7ec4-4c37-82bf-d62d441e7a6f tempest-PortsAdminExtendedAttrsIpV6TestJSON-1604992457 tempest-PortsAdminExtendedAttrsIpV6TestJSON-1604992457-project-admin] Attempting to bind port e564ff0f-59d0-4e25-a4a6-93610473b552 on host hv-neutron-8158 for vnic_type normal with profile {{(pid=103528) bind_port /opt/stack/neutron/neutron/plugins/ml2/managers.py:795}}
Nov 22 14:34:10.040409 dv-neutron-815855-4-hyperv neutron-server[103528]: DEBUG neutron.plugins.ml2.managers [None req-11377cd2-7ec4-4c37-82bf-d62d441e7a6f tempest-PortsAdminExtendedAttrsIpV6TestJSON-1604992457 tempest-PortsAdminExtendedAttrsIpV6TestJSON-1604992457-project-admin] Attempting to bind port e564ff0f-59d0-4e25-a4a6-93610473b552 by drivers openvswitch,hyperv on host hv-neutron-8158 at level 0 using segments [{'id': '87032d8e-b92b-4f23-a0d8-e6036a5625d2', 'network_type': 'vlan', 'physical_network': 'physnet1', 'segmentation_id': 729, 'network_id': '3cc93761-edd6-426f-8f1b-05c58c3bf109'}] {{(pid=103528) _bind_port_level /opt/stack/neutron/neutron/plugins/ml2/managers.py:820}}
Nov 22 14:34:10.040919 dv-neutron-815855-4-hyperv neutron-server[103528]: DEBUG neutron.plugins.ml2.drivers.mech_agent [None req-11377cd2-7ec4-4c37-82bf-d62d441e7a6f tempest-PortsAdminExtendedAttrsIpV6TestJSON-1604992457 tempest-PortsAdminExtendedAttrsIpV6TestJSON-1604992457-project-admin] Attempting to bind port e564ff0f-59d0-4e25-a4a6-93610473b552 on network 3cc93761-edd6-426f-8f1b-05c58c3bf109 {{(pid=103528) bind_port /opt/stack/neutron/neutron/plugins/ml2/drivers/mech_agent.py:91}}
Nov 22 14:34:10.050813 dv-neutron-815855-4-hyperv neutron-server[103528]: DEBUG neutron.plugins.ml2.drivers.mech_agent [None req-11377cd2-7ec4-4c37-82bf-d62d441e7a6f tempest-PortsAdminExtendedAttrsIpV6TestJSON-1604992457 tempest-PortsAdminExtendedAttrsIpV6TestJSON-1604992457-project-admin] Port e564ff0f-59d0-4e25-a4a6-93610473b552 on network 3cc93761-edd6-426f-8f1b-05c58c3bf109 not bound, no agent of type Open vSwitch agent registered on host hv-neutron-8158 {{(pid=103528) bind_port /opt/stack/neutron/neutron/plugins/ml2/drivers/mech_agent.py:103}}
Nov 22 14:34:10.051368 dv-neutron-815855-4-hyperv neutron-server[103528]: ERROR neutron.plugins.ml2.managers [None req-11377cd2-7ec4-4c37-82bf-d62d441e7a6f tempest-PortsAdminExtendedAttrsIpV6TestJSON-1604992457 tempest-PortsAdminExtendedAttrsIpV6TestJSON-1604992457-project-admin] Failed to bind port e564ff0f-59d0-4e25-a4a6-93610473b552 on host hv-neutron-8158 for vnic_type normal using segments [{'id': '87032d8e-b92b-4f23-a0d8-e6036a5625d2', 'network_type': 'vlan', 'physical_network': 'physnet1', 'segmentation_id': 729, 'network_id': '3cc93761-edd6-426f-8f1b-05c58c3bf109'}]
Nov 22 14:34:10.059578 dv-neutron-815855-4-hyperv neutron-server[103528]: INFO neutron.plugins.ml2.plugin [None req-11377cd2-7ec4-4c37-82bf-d62d441e7a6f tempest-PortsAdminExtendedAttrsIpV6TestJSON-1604992457 tempest-PortsAdminExtendedAttrsIpV6TestJSON-1604992457-project-admin] Attempt 2 to bind port e564ff0f-59d0-4e25-a4a6-93610473b552
Nov 22 14:34:10.086008 dv-neutron-815855-4-hyperv neutron-server[103530]: DEBUG neutron.api.rpc.handlers.dhcp_rpc [None req-2c54d4b0-141d-42e2-a7e1-93d62e335d13 None None] Create dhcp port {'port': {'name': '', 'admin_state_up': True, 'device_id': 'dhcp3f45d74a-3b79-51bc-9a92-358004f98b77-3876a580-1020-4eb7-8035-ac4b482ecdc0', 'network_id': '3876a580-1020-4eb7-8035-ac4b482ecdc0', 'tenant_id': '36df0aceb967416ea0333efc5fb31ad4', 'fixed_ips': [{'subnet_id': '2c3a8fce-ff6d-4ebe-b0d6-18e6cccc2dd7'}]}} from dv-neutron-815855-4-hyperv. {{(pid=103530) create_dhcp_port /opt/stack/neutron/neutron/api/rpc/handlers/dhcp_rpc.py:285}}
Nov 22 14:34:10.087350 dv-neutron-815855-4-hyperv neutron-server[103530]: DEBUG neutron_lib.callbacks.manager [None req-2c54d4b0-141d-42e2-a7e1-93d62e335d13 None None] Publish callbacks ['neutron.plugins.ml2.plugin.SecurityGroupDbMixin._ensure_default_security_group_handler-16359927'] for port, before_create {{(pid=103530) _notify_loop /usr/local/lib/python3.8/dist-packages/neutron_lib/callbacks/manager.py:175}}
Nov 22 14:34:10.091496 dv-neutron-815855-4-hyperv neutron-server[103528]: INFO neutron.wsgi [None req-da238482-421d-4365-a41c-19fe88ad103f tempest-DHCPAgentSchedulersTestJSON-585590672 tempest-DHCPAgentSchedulersTestJSON-585590672-project] 10.222.0.54 "POST /v2.0/subnets HTTP/1.1" status: 201 len: 801 time: 2.6472087
Nov 22 14:34:10.092418 dv-neutron-815855-4-hyperv neutron-server[103529]: DEBUG neutron.wsgi [-] (103529) accepted ('10.222.0.54', 58424) {{(pid=103529) server /usr/local/lib/python3.8/dist-packages/eventlet/wsgi.py:1004}}
Nov 22 14:34:10.101486 dv-neutron-815855-4-hyperv neutron-server[103529]: DEBUG neutron.api.v2.base [None req-269b3fee-e2cb-4b7f-a634-d3219d1eed63 tempest-DHCPAgentSchedulersTestJSON-585590672 tempest-DHCPAgentSchedulersTestJSON-585590672-project] Request body: {'port': {'network_id': '3876a580-1020-4eb7-8035-ac4b482ecdc0', 'name': 'tempest-DHCPAgentSchedulersTestJSON-1188981144'}} {{(pid=103529) prepare_request_body /opt/stack/neutron/neutron/api/v2/base.py:729}}
Nov 22 14:34:10.106803 dv-neutron-815855-4-hyperv neutron-server[103529]: DEBUG neutron_lib.callbacks.manager [None req-4952811d-469d-4ca5-aeee-c700f861909b admin admin] Publish callbacks [] for port, precommit_create {{(pid=103529) _notify_loop /usr/local/lib/python3.8/dist-packages/neutron_lib/callbacks/manager.py:175}}
Nov 22 14:34:10.118783 dv-neutron-815855-4-hyperv neutron-server[103529]: DEBUG neutron_lib.callbacks.manager [None req-2d7a40b0-b429-472a-9d0f-692bb35fa39e tempest-ExternalNetworksTestJSON-1361943520 tempest-ExternalNetworksTestJSON-1361943520-project-admin] Publish callbacks ['neutron.plugins.ml2.ovo_rpc._ObjectChangeHandler.handle_event-417199', 'neutron.api.rpc.agentnotifiers.dhcp_rpc_agent_api.DhcpAgentNotifyAPI._native_event_send_dhcp_notification-559702'] for network, after_create {{(pid=103529) _notify_loop /usr/local/lib/python3.8/dist-packages/neutron_lib/callbacks/manager.py:175}}
Nov 22 14:34:10.119751 dv-neutron-815855-4-hyperv neutron-server[103529]: DEBUG neutron.pecan_wsgi.hooks.policy_enforcement [None req-2d7a40b0-b429-472a-9d0f-692bb35fa39e tempest-ExternalNetworksTestJSON-1361943520 tempest-ExternalNetworksTestJSON-1361943520-project-admin] Attributes excluded by policy engine: ['standard_attr_id', 'vlan_transparent'] {{(pid=103529) _exclude_attributes_by_policy /opt/stack/neutron/neutron/pecan_wsgi/hooks/policy_enforcement.py:255}}
Nov 22 14:34:10.120359 dv-neutron-815855-4-hyperv neutron-server[103529]: DEBUG neutron_lib.callbacks.manager [None req-2d7a40b0-b429-472a-9d0f-692bb35fa39e tempest-ExternalNetworksTestJSON-1361943520 tempest-ExternalNetworksTestJSON-1361943520-project-admin] Publish callbacks ['neutron.api.rpc.agentnotifiers.dhcp_rpc_agent_api.DhcpAgentNotifyAPI._send_dhcp_notification-559688'] for network, before_response {{(pid=103529) _notify_loop /usr/local/lib/python3.8/dist-packages/neutron_lib/callbacks/manager.py:175}}
Nov 22 14:34:10.123450 dv-neutron-815855-4-hyperv neutron-server[103528]: DEBUG neutron.plugins.ml2.managers [None req-11377cd2-7ec4-4c37-82bf-d62d441e7a6f tempest-PortsAdminExtendedAttrsIpV6TestJSON-1604992457 tempest-PortsAdminExtendedAttrsIpV6TestJSON-1604992457-project-admin] Attempting to bind port e564ff0f-59d0-4e25-a4a6-93610473b552 on host hv-neutron-8158 for vnic_type normal with profile {{(pid=103528) bind_port /opt/stack/neutron/neutron/plugins/ml2/managers.py:795}}
Nov 22 14:34:10.123718 dv-neutron-815855-4-hyperv neutron-server[103528]: DEBUG neutron.plugins.ml2.managers [None req-11377cd2-7ec4-4c37-82bf-d62d441e7a6f tempest-PortsAdminExtendedAttrsIpV6TestJSON-1604992457 tempest-PortsAdminExtendedAttrsIpV6TestJSON-1604992457-project-admin] Attempting to bind port e564ff0f-59d0-4e25-a4a6-93610473b552 by drivers openvswitch,hyperv on host hv-neutron-8158 at level 0 using segments [{'id': '87032d8e-b92b-4f23-a0d8-e6036a5625d2', 'network_type': 'vlan', 'physical_network': 'physnet1', 'segmentation_id': 729, 'network_id': '3cc93761-edd6-426f-8f1b-05c58c3bf109'}] {{(pid=103528) _bind_port_level /opt/stack/neutron/neutron/plugins/ml2/managers.py:820}}
Nov 22 14:34:10.124060 dv-neutron-815855-4-hyperv neutron-server[103528]: DEBUG neutron.plugins.ml2.drivers.mech_agent [None req-11377cd2-7ec4-4c37-82bf-d62d441e7a6f tempest-PortsAdminExtendedAttrsIpV6TestJSON-1604992457 tempest-PortsAdminExtendedAttrsIpV6TestJSON-1604992457-project-admin] Attempting to bind port e564ff0f-59d0-4e25-a4a6-93610473b552 on network 3cc93761-edd6-426f-8f1b-05c58c3bf109 {{(pid=103528) bind_port /opt/stack/neutron/neutron/plugins/ml2/drivers/mech_agent.py:91}}
Nov 22 14:34:10.170390 dv-neutron-815855-4-hyperv neutron-server[103528]: DEBUG neutron_lib.callbacks.manager [None req-a304af8f-e2de-4ace-8b58-5c7526122acc tempest-MeteringTestJSON-565852682 tempest-MeteringTestJSON-565852682-project-admin] Publish callbacks [] for metering_label_rule, before_response {{(pid=103528) _notify_loop /usr/local/lib/python3.8/dist-packages/neutron_lib/callbacks/manager.py:175}}
Nov 22 14:34:10.173894 dv-neutron-815855-4-hyperv neutron-server[103528]: INFO neutron.wsgi [None req-a304af8f-e2de-4ace-8b58-5c7526122acc tempest-MeteringTestJSON-565852682 tempest-MeteringTestJSON-565852682-project-admin] 10.222.0.54 "DELETE /v2.0/metering/metering-label-rules/f8ccee7c-1718-4059-9a30-4903bfa6a549 HTTP/1.1" status: 204 len: 168 time: 0.5654964
Nov 22 14:34:10.174820 dv-neutron-815855-4-hyperv neutron-server[103528]: DEBUG neutron.plugins.ml2.drivers.mech_agent [None req-11377cd2-7ec4-4c37-82bf-d62d441e7a6f tempest-PortsAdminExtendedAttrsIpV6TestJSON-1604992457 tempest-PortsAdminExtendedAttrsIpV6TestJSON-1604992457-project-admin] Port e564ff0f-59d0-4e25-a4a6-93610473b552 on network 3cc93761-edd6-426f-8f1b-05c58c3bf109 not bound, no agent of type Open vSwitch agent registered on host hv-neutron-8158 {{(pid=103528) bind_port /opt/stack/neutron/neutron/plugins/ml2/drivers/mech_agent.py:103}}
Nov 22 14:34:10.175237 dv-neutron-815855-4-hyperv neutron-server[103528]: ERROR neutron.plugins.ml2.managers [None req-11377cd2-7ec4-4c37-82bf-d62d441e7a6f tempest-PortsAdminExtendedAttrsIpV6TestJSON-1604992457 tempest-PortsAdminExtendedAttrsIpV6TestJSON-1604992457-project-admin] Failed to bind port e564ff0f-59d0-4e25-a4a6-93610473b552 on host hv-neutron-8158 for vnic_type normal using segments [{'id': '87032d8e-b92b-4f23-a0d8-e6036a5625d2', 'network_type': 'vlan', 'physical_network': 'physnet1', 'segmentation_id': 729, 'network_id': '3cc93761-edd6-426f-8f1b-05c58c3bf109'}]
Nov 22 14:34:10.181877 dv-neutron-815855-4-hyperv neutron-server[103528]: INFO neutron.wsgi [None req-8229b702-af3e-4b52-9754-cfc13a17ca11 tempest-RoutersAdminTest-711698692 tempest-RoutersAdminTest-711698692-project-admin] 10.222.0.54 "POST /v2.0/subnets HTTP/1.1" status: 201 len: 802 time: 3.0669034
Nov 22 14:34:10.182433 dv-neutron-815855-4-hyperv neutron-server[103528]: DEBUG neutron.wsgi [-] (103528) accepted ('10.222.0.54', 58426) {{(pid=103528) server /usr/local/lib/python3.8/dist-packages/eventlet/wsgi.py:1004}}
Nov 22 14:34:10.182535 dv-neutron-815855-4-hyperv neutron-server[103529]: DEBUG neutron.wsgi [-] (103529) accepted ('10.222.0.54', 58428) {{(pid=103529) server /usr/local/lib/python3.8/dist-packages/eventlet/wsgi.py:1004}}
Nov 22 14:34:10.185930 dv-neutron-815855-4-hyperv neutron-server[103528]: INFO neutron.plugins.ml2.plugin [None req-11377cd2-7ec4-4c37-82bf-d62d441e7a6f tempest-PortsAdminExtendedAttrsIpV6TestJSON-1604992457 tempest-PortsAdminExtendedAttrsIpV6TestJSON-1604992457-project-admin] Attempt 3 to bind port e564ff0f-59d0-4e25-a4a6-93610473b552
Nov 22 14:34:10.208903 dv-neutron-815855-4-hyperv neutron-server[103529]: DEBUG neutron.api.v2.base [None req-466c4de0-c338-4aa4-b943-1c9fa2d14b28 tempest-RoutersAdminTest-711698692 tempest-RoutersAdminTest-711698692-project-admin] Request body: {'port': {'name': 'tempest-RoutersAdminTest-604706327', 'network_id': 'a33b0196-80d1-476a-97c7-4ac57555025c'}} {{(pid=103529) prepare_request_body /opt/stack/neutron/neutron/api/v2/base.py:729}}
Nov 22 14:34:10.306085 dv-neutron-815855-4-hyperv neutron-server[103529]: INFO neutron.wsgi [None req-2d7a40b0-b429-472a-9d0f-692bb35fa39e tempest-ExternalNetworksTestJSON-1361943520 tempest-ExternalNetworksTestJSON-1361943520-project-admin] 10.222.0.54 "POST /v2.0/networks HTTP/1.1" status: 201 len: 836 time: 0.6859214
Nov 22 14:34:10.348121 dv-neutron-815855-4-hyperv neutron-server[103529]: DEBUG neutron.wsgi [-] (103529) accepted ('10.222.0.54', 58430) {{(pid=103529) server /usr/local/lib/python3.8/dist-packages/eventlet/wsgi.py:1004}}
Nov 22 14:34:10.366790 dv-neutron-815855-4-hyperv neutron-server[103529]: DEBUG neutron.api.v2.base [None req-5159babf-a0f5-462c-aff6-009c5e3f37df tempest-ExternalNetworksTestJSON-1361943520 tempest-ExternalNetworksTestJSON-1361943520-project-admin] Request body: {'subnet': {'network_id': 'f07be41b-eefb-4a14-95df-98088a97ed09', 'cidr': '172.20.0.0/28', 'ip_version': 4, 'gateway_ip': '172.20.0.1', 'enable_dhcp': False}} {{(pid=103529) prepare_request_body /opt/stack/neutron/neutron/api/v2/base.py:729}}
Nov 22 14:34:10.371037 dv-neutron-815855-4-hyperv neutron-server[103528]: DEBUG neutron.plugins.ml2.managers [None req-11377cd2-7ec4-4c37-82bf-d62d441e7a6f tempest-PortsAdminExtendedAttrsIpV6TestJSON-1604992457 tempest-PortsAdminExtendedAttrsIpV6TestJSON-1604992457-project-admin] Attempting to bind port e564ff0f-59d0-4e25-a4a6-93610473b552 on host hv-neutron-8158 for vnic_type normal with profile {{(pid=103528) bind_port /opt/stack/neutron/neutron/plugins/ml2/managers.py:795}}
Nov 22 14:34:10.371037 dv-neutron-815855-4-hyperv neutron-server[103528]: DEBUG neutron.plugins.ml2.managers [None req-11377cd2-7ec4-4c37-82bf-d62d441e7a6f tempest-PortsAdminExtendedAttrsIpV6TestJSON-1604992457 tempest-PortsAdminExtendedAttrsIpV6TestJSON-1604992457-project-admin] Attempting to bind port e564ff0f-59d0-4e25-a4a6-93610473b552 by drivers openvswitch,hyperv on host hv-neutron-8158 at level 0 using segments [{'id': '87032d8e-b92b-4f23-a0d8-e6036a5625d2', 'network_type': 'vlan', 'physical_network': 'physnet1', 'segmentation_id': 729, 'network_id': '3cc93761-edd6-426f-8f1b-05c58c3bf109'}] {{(pid=103528) _bind_port_level /opt/stack/neutron/neutron/plugins/ml2/managers.py:820}}
