Nov 27 12:18:27.480607 dv-neutron-815855-10-hyperv devstack@n-api.service[102699]: DEBUG nova.api.openstack.wsgi_app [-] oslo_reports.log_dir = None {{(pid=102699) log_opt_values /usr/local/lib/python3.8/dist-packages/oslo_config/cfg.py:2609}}
Nov 27 12:18:27.480851 dv-neutron-815855-10-hyperv devstack@n-api.service[102699]: DEBUG nova.api.openstack.wsgi_app [-] ******************************************************************************** {{(pid=102699) log_opt_values /usr/local/lib/python3.8/dist-packages/oslo_config/cfg.py:2613}}
Nov 27 12:18:27.502139 dv-neutron-815855-10-hyperv devstack@n-api.service[102700]: DEBUG oslo_db.sqlalchemy.engines [None req-d2e1d470-4cb6-44bb-bb2b-c64c56e95c85 None None] MySQL server mode set to STRICT_TRANS_TABLES,STRICT_ALL_TABLES,NO_ZERO_IN_DATE,NO_ZERO_DATE,ERROR_FOR_DIVISION_BY_ZERO,TRADITIONAL,NO_ENGINE_SUBSTITUTION {{(pid=102700) _check_effective_sql_mode /usr/local/lib/python3.8/dist-packages/oslo_db/sqlalchemy/engines.py:314}}
Nov 27 12:18:27.503181 dv-neutron-815855-10-hyperv devstack@n-api.service[102699]: DEBUG oslo_db.sqlalchemy.engines [None req-683371e9-d659-4e38-873c-dcafa34b1f79 None None] MySQL server mode set to STRICT_TRANS_TABLES,STRICT_ALL_TABLES,NO_ZERO_IN_DATE,NO_ZERO_DATE,ERROR_FOR_DIVISION_BY_ZERO,TRADITIONAL,NO_ENGINE_SUBSTITUTION {{(pid=102699) _check_effective_sql_mode /usr/local/lib/python3.8/dist-packages/oslo_db/sqlalchemy/engines.py:314}}
Nov 27 12:18:27.569594 dv-neutron-815855-10-hyperv devstack@n-api.service[102700]: DEBUG nova.context [None req-d2e1d470-4cb6-44bb-bb2b-c64c56e95c85 None None] Found 2 cells: 00000000-0000-0000-0000-000000000000(cell0),a1c2cf2b-6fd5-4bcb-ac15-06f2af58049b(cell1) {{(pid=102700) load_cells /opt/stack/nova/nova/context.py:464}}
Nov 27 12:18:27.572242 dv-neutron-815855-10-hyperv devstack@n-api.service[102699]: DEBUG nova.context [None req-683371e9-d659-4e38-873c-dcafa34b1f79 None None] Found 2 cells: 00000000-0000-0000-0000-000000000000(cell0),a1c2cf2b-6fd5-4bcb-ac15-06f2af58049b(cell1) {{(pid=102699) load_cells /opt/stack/nova/nova/context.py:464}}
Nov 27 12:18:27.573820 dv-neutron-815855-10-hyperv devstack@n-api.service[102700]: DEBUG oslo_concurrency.lockutils [None req-d2e1d470-4cb6-44bb-bb2b-c64c56e95c85 None None] Lock "00000000-0000-0000-0000-000000000000" acquired by "nova.context.set_target_cell..get_or_set_cached_cell_and_set_connections" :: waited 0.000s {{(pid=102700) inner /usr/local/lib/python3.8/dist-packages/oslo_concurrency/lockutils.py:386}}
Nov 27 12:18:27.575398 dv-neutron-815855-10-hyperv devstack@n-api.service[102700]: DEBUG oslo_concurrency.lockutils [None req-d2e1d470-4cb6-44bb-bb2b-c64c56e95c85 None None] Lock "00000000-0000-0000-0000-000000000000" "released" by "nova.context.set_target_cell..get_or_set_cached_cell_and_set_connections" :: held 0.002s {{(pid=102700) inner /usr/local/lib/python3.8/dist-packages/oslo_concurrency/lockutils.py:400}}
Nov 27 12:18:27.576836 dv-neutron-815855-10-hyperv devstack@n-api.service[102700]: DEBUG oslo_concurrency.lockutils [None req-d2e1d470-4cb6-44bb-bb2b-c64c56e95c85 None None] Lock "a1c2cf2b-6fd5-4bcb-ac15-06f2af58049b" acquired by "nova.context.set_target_cell..get_or_set_cached_cell_and_set_connections" :: waited 0.000s {{(pid=102700) inner /usr/local/lib/python3.8/dist-packages/oslo_concurrency/lockutils.py:386}}
Nov 27 12:18:27.577011 dv-neutron-815855-10-hyperv devstack@n-api.service[102699]: DEBUG oslo_concurrency.lockutils [None req-683371e9-d659-4e38-873c-dcafa34b1f79 None None] Lock "00000000-0000-0000-0000-000000000000" acquired by "nova.context.set_target_cell..get_or_set_cached_cell_and_set_connections" :: waited 0.000s {{(pid=102699) inner /usr/local/lib/python3.8/dist-packages/oslo_concurrency/lockutils.py:386}}
Nov 27 12:18:27.578614 dv-neutron-815855-10-hyperv devstack@n-api.service[102699]: DEBUG oslo_concurrency.lockutils [None req-683371e9-d659-4e38-873c-dcafa34b1f79 None None] Lock "00000000-0000-0000-0000-000000000000" "released" by "nova.context.set_target_cell..get_or_set_cached_cell_and_set_connections" :: held 0.002s {{(pid=102699) inner /usr/local/lib/python3.8/dist-packages/oslo_concurrency/lockutils.py:400}}
Nov 27 12:18:27.578800 dv-neutron-815855-10-hyperv devstack@n-api.service[102700]: DEBUG oslo_concurrency.lockutils [None req-d2e1d470-4cb6-44bb-bb2b-c64c56e95c85 None None] Lock "a1c2cf2b-6fd5-4bcb-ac15-06f2af58049b" "released" by "nova.context.set_target_cell..get_or_set_cached_cell_and_set_connections" :: held 0.002s {{(pid=102700) inner /usr/local/lib/python3.8/dist-packages/oslo_concurrency/lockutils.py:400}}
Nov 27 12:18:27.579453 dv-neutron-815855-10-hyperv devstack@n-api.service[102699]: DEBUG oslo_concurrency.lockutils [None req-683371e9-d659-4e38-873c-dcafa34b1f79 None None] Lock "a1c2cf2b-6fd5-4bcb-ac15-06f2af58049b" acquired by "nova.context.set_target_cell..get_or_set_cached_cell_and_set_connections" :: waited 0.000s {{(pid=102699) inner /usr/local/lib/python3.8/dist-packages/oslo_concurrency/lockutils.py:386}}
Nov 27 12:18:27.581442 dv-neutron-815855-10-hyperv devstack@n-api.service[102699]: DEBUG oslo_concurrency.lockutils [None req-683371e9-d659-4e38-873c-dcafa34b1f79 None None] Lock "a1c2cf2b-6fd5-4bcb-ac15-06f2af58049b" "released" by "nova.context.set_target_cell..get_or_set_cached_cell_and_set_connections" :: held 0.002s {{(pid=102699) inner /usr/local/lib/python3.8/dist-packages/oslo_concurrency/lockutils.py:400}}
Nov 27 12:18:27.590064 dv-neutron-815855-10-hyperv devstack@n-api.service[102700]: DEBUG oslo_db.sqlalchemy.engines [None req-d2e1d470-4cb6-44bb-bb2b-c64c56e95c85 None None] MySQL server mode set to STRICT_TRANS_TABLES,STRICT_ALL_TABLES,NO_ZERO_IN_DATE,NO_ZERO_DATE,ERROR_FOR_DIVISION_BY_ZERO,TRADITIONAL,NO_ENGINE_SUBSTITUTION {{(pid=102700) _check_effective_sql_mode /usr/local/lib/python3.8/dist-packages/oslo_db/sqlalchemy/engines.py:314}}
Nov 27 12:18:27.592337 dv-neutron-815855-10-hyperv devstack@n-api.service[102700]: DEBUG oslo_db.sqlalchemy.engines [None req-d2e1d470-4cb6-44bb-bb2b-c64c56e95c85 None None] MySQL server mode set to STRICT_TRANS_TABLES,STRICT_ALL_TABLES,NO_ZERO_IN_DATE,NO_ZERO_DATE,ERROR_FOR_DIVISION_BY_ZERO,TRADITIONAL,NO_ENGINE_SUBSTITUTION {{(pid=102700) _check_effective_sql_mode /usr/local/lib/python3.8/dist-packages/oslo_db/sqlalchemy/engines.py:314}}
Nov 27 12:18:27.596521 dv-neutron-815855-10-hyperv devstack@n-api.service[102699]: DEBUG oslo_db.sqlalchemy.engines [None req-683371e9-d659-4e38-873c-dcafa34b1f79 None None] MySQL server mode set to STRICT_TRANS_TABLES,STRICT_ALL_TABLES,NO_ZERO_IN_DATE,NO_ZERO_DATE,ERROR_FOR_DIVISION_BY_ZERO,TRADITIONAL,NO_ENGINE_SUBSTITUTION {{(pid=102699) _check_effective_sql_mode /usr/local/lib/python3.8/dist-packages/oslo_db/sqlalchemy/engines.py:314}}
Nov 27 12:18:27.598714 dv-neutron-815855-10-hyperv devstack@n-api.service[102699]: DEBUG oslo_db.sqlalchemy.engines [None req-683371e9-d659-4e38-873c-dcafa34b1f79 None None] MySQL server mode set to STRICT_TRANS_TABLES,STRICT_ALL_TABLES,NO_ZERO_IN_DATE,NO_ZERO_DATE,ERROR_FOR_DIVISION_BY_ZERO,TRADITIONAL,NO_ENGINE_SUBSTITUTION {{(pid=102699) _check_effective_sql_mode /usr/local/lib/python3.8/dist-packages/oslo_db/sqlalchemy/engines.py:314}}
Nov 27 12:18:27.760070 dv-neutron-815855-10-hyperv devstack@n-api.service[102700]: DEBUG oslo_db.sqlalchemy.engines [None req-d2e1d470-4cb6-44bb-bb2b-c64c56e95c85 None None] MySQL server mode set to STRICT_TRANS_TABLES,STRICT_ALL_TABLES,NO_ZERO_IN_DATE,NO_ZERO_DATE,ERROR_FOR_DIVISION_BY_ZERO,TRADITIONAL,NO_ENGINE_SUBSTITUTION {{(pid=102700) _check_effective_sql_mode /usr/local/lib/python3.8/dist-packages/oslo_db/sqlalchemy/engines.py:314}}
Nov 27 12:18:27.762762 dv-neutron-815855-10-hyperv devstack@n-api.service[102699]: DEBUG oslo_db.sqlalchemy.engines [None req-683371e9-d659-4e38-873c-dcafa34b1f79 None None] MySQL server mode set to STRICT_TRANS_TABLES,STRICT_ALL_TABLES,NO_ZERO_IN_DATE,NO_ZERO_DATE,ERROR_FOR_DIVISION_BY_ZERO,TRADITIONAL,NO_ENGINE_SUBSTITUTION {{(pid=102699) _check_effective_sql_mode /usr/local/lib/python3.8/dist-packages/oslo_db/sqlalchemy/engines.py:314}}
Nov 27 12:18:28.108661 dv-neutron-815855-10-hyperv devstack@n-api.service[102699]: WARNING keystonemiddleware.auth_token [None req-683371e9-d659-4e38-873c-dcafa34b1f79 None None] AuthToken middleware is set with keystone_authtoken.service_token_roles_required set to False. This is backwards compatible but deprecated behaviour. Please set this to True.
Nov 27 12:18:28.110269 dv-neutron-815855-10-hyperv devstack@n-api.service[102700]: WARNING keystonemiddleware.auth_token [None req-d2e1d470-4cb6-44bb-bb2b-c64c56e95c85 None None] AuthToken middleware is set with keystone_authtoken.service_token_roles_required set to False. This is backwards compatible but deprecated behaviour. Please set this to True.
Nov 27 12:18:28.115520 dv-neutron-815855-10-hyperv devstack@n-api.service[102699]: WARNING keystonemiddleware.auth_token [None req-683371e9-d659-4e38-873c-dcafa34b1f79 None None] Configuring www_authenticate_uri to point to the public identity endpoint is required; clients may not be able to authenticate against an admin endpoint
Nov 27 12:18:28.117329 dv-neutron-815855-10-hyperv devstack@n-api.service[102700]: WARNING keystonemiddleware.auth_token [None req-d2e1d470-4cb6-44bb-bb2b-c64c56e95c85 None None] Configuring www_authenticate_uri to point to the public identity endpoint is required; clients may not be able to authenticate against an admin endpoint
Nov 27 12:18:28.464907 dv-neutron-815855-10-hyperv devstack@n-api.service[102699]: WARNING keystonemiddleware.auth_token [None req-683371e9-d659-4e38-873c-dcafa34b1f79 None None] AuthToken middleware is set with keystone_authtoken.service_token_roles_required set to False. This is backwards compatible but deprecated behaviour. Please set this to True.
Nov 27 12:18:28.469852 dv-neutron-815855-10-hyperv devstack@n-api.service[102700]: WARNING keystonemiddleware.auth_token [None req-d2e1d470-4cb6-44bb-bb2b-c64c56e95c85 None None] AuthToken middleware is set with keystone_authtoken.service_token_roles_required set to False. This is backwards compatible but deprecated behaviour. Please set this to True.
Nov 27 12:18:28.470322 dv-neutron-815855-10-hyperv devstack@n-api.service[102699]: WARNING keystonemiddleware.auth_token [None req-683371e9-d659-4e38-873c-dcafa34b1f79 None None] Configuring www_authenticate_uri to point to the public identity endpoint is required; clients may not be able to authenticate against an admin endpoint
Nov 27 12:18:28.475259 dv-neutron-815855-10-hyperv devstack@n-api.service[102700]: WARNING keystonemiddleware.auth_token [None req-d2e1d470-4cb6-44bb-bb2b-c64c56e95c85 None None] Configuring www_authenticate_uri to point to the public identity endpoint is required; clients may not be able to authenticate against an admin endpoint
Nov 27 12:18:28.475466 dv-neutron-815855-10-hyperv devstack@n-api.service[102699]: WSGI app 0 (mountpoint='') ready in 6 seconds on interpreter 0x55ea4807b9c0 pid: 102699 (default app)
Nov 27 12:18:28.477664 dv-neutron-815855-10-hyperv devstack@n-api.service[102699]: DEBUG nova.api.openstack.wsgi [None req-683371e9-d659-4e38-873c-dcafa34b1f79 None None] Calling method '>' {{(pid=102699) _process_stack /opt/stack/nova/nova/api/openstack/wsgi.py:513}}
Nov 27 12:18:28.478992 dv-neutron-815855-10-hyperv devstack@n-api.service[102699]: INFO nova.api.openstack.requestlog [None req-683371e9-d659-4e38-873c-dcafa34b1f79 None None] 10.222.0.31 "GET /compute/v2.1/" status: 200 len: 388 microversion: 2.1 time: 0.001993
Nov 27 12:18:28.479410 dv-neutron-815855-10-hyperv devstack@n-api.service[102699]: [pid: 102699|app: 0|req: 1/1] 10.222.0.31 () {50 vars in 788 bytes} [Sat Nov 27 12:18:28 2021] GET /compute/v2.1/ => generated 388 bytes in 3 msecs (HTTP/1.1 200) 9 headers in 357 bytes (1 switches on core 0)
Nov 27 12:18:28.480498 dv-neutron-815855-10-hyperv devstack@n-api.service[102700]: WSGI app 0 (mountpoint='') ready in 6 seconds on interpreter 0x55ea4807b9c0 pid: 102700 (default app)
Nov 27 12:19:53.238608 dv-neutron-815855-10-hyperv devstack@n-api.service[102699]: DEBUG nova.api.openstack.wsgi [None req-683371e9-d659-4e38-873c-dcafa34b1f79 None None] Calling method '>' {{(pid=102699) _process_stack /opt/stack/nova/nova/api/openstack/wsgi.py:513}}
Nov 27 12:19:53.240404 dv-neutron-815855-10-hyperv devstack@n-api.service[102699]: INFO nova.api.openstack.requestlog [None req-683371e9-d659-4e38-873c-dcafa34b1f79 None None] 10.222.0.31 "GET /compute/v2.1" status: 200 len: 388 microversion: 2.1 time: 0.002213
Nov 27 12:19:53.242374 dv-neutron-815855-10-hyperv devstack@n-api.service[102699]: [pid: 102699|app: 0|req: 2/2] 10.222.0.31 () {54 vars in 930 bytes} [Sat Nov 27 12:19:53 2021] GET /compute/v2.1 => generated 388 bytes in 4 msecs (HTTP/1.1 200) 9 headers in 357 bytes (1 switches on core 0)
Nov 27 12:19:53.673000 dv-neutron-815855-10-hyperv devstack@n-api.service[102700]: DEBUG nova.api.openstack.wsgi [None req-3dc8e5f3-ce63-4d2e-ab31-59e22e19f926 admin admin] Calling method '>' {{(pid=102700) _process_stack /opt/stack/nova/nova/api/openstack/wsgi.py:513}}
Nov 27 12:19:53.703544 dv-neutron-815855-10-hyperv devstack@n-api.service[102700]: INFO nova.api.openstack.requestlog [None req-3dc8e5f3-ce63-4d2e-ab31-59e22e19f926 admin admin] 10.222.0.31 "GET /compute/v2.1/flavors/detail?is_public=True" status: 200 len: 15 microversion: 2.61 time: 0.453366
Nov 27 12:19:53.710082 dv-neutron-815855-10-hyperv devstack@n-api.service[102700]: [pid: 102700|app: 0|req: 1/3] 10.222.0.31 () {60 vars in 1291 bytes} [Sat Nov 27 12:19:53 2021] GET /compute/v2.1/flavors/detail?is_public=True => generated 15 bytes in 456 msecs (HTTP/1.1 200) 9 headers in 358 bytes (1 switches on core 0)
Nov 27 12:19:56.274614 dv-neutron-815855-10-hyperv devstack@n-api.service[102699]: DEBUG nova.api.openstack.wsgi [None req-683371e9-d659-4e38-873c-dcafa34b1f79 None None] Calling method '>' {{(pid=102699) _process_stack /opt/stack/nova/nova/api/openstack/wsgi.py:513}}
Nov 27 12:19:56.276121 dv-neutron-815855-10-hyperv devstack@n-api.service[102699]: INFO nova.api.openstack.requestlog [None req-683371e9-d659-4e38-873c-dcafa34b1f79 None None] 10.222.0.31 "GET /compute/v2.1" status: 200 len: 388 microversion: 2.1 time: 0.001997
Nov 27 12:19:56.276517 dv-neutron-815855-10-hyperv devstack@n-api.service[102699]: [pid: 102699|app: 0|req: 3/4] 10.222.0.31 () {54 vars in 930 bytes} [Sat Nov 27 12:19:56 2021] GET /compute/v2.1 => generated 388 bytes in 3 msecs (HTTP/1.1 200) 9 headers in 357 bytes (1 switches on core 0)
Nov 27 12:19:56.339698 dv-neutron-815855-10-hyperv devstack@n-api.service[102700]: DEBUG nova.api.openstack.wsgi [None req-518a243a-783f-4ead-80f2-32395ca7aa24 admin admin] Action: 'create', calling method: >, body: {"flavor": {"ram": 256, "OS-FLV-EXT-DATA:ephemeral": 0, "swap": 0, "rxtx_factor": 1.0, "name": "cirros256", "id": "c1", "os-flavor-access:is_public": true, "vcpus": 1, "disk": 1}} {{(pid=102700) _process_stack /opt/stack/nova/nova/api/openstack/wsgi.py:511}}
Nov 27 12:19:56.358343 dv-neutron-815855-10-hyperv devstack@n-api.service[102700]: /usr/local/lib/python3.8/dist-packages/oslo_policy/policy.py:1075: UserWarning: Policy os_compute_api:os-flavor-manage:create failed scope check. The token used to make the request was project scoped but the policy requires ['system'] scope. This behavior may change in the future where using the intended scope is required
Nov 27 12:19:56.358343 dv-neutron-815855-10-hyperv devstack@n-api.service[102700]: warnings.warn(msg)
Nov 27 12:19:56.388449 dv-neutron-815855-10-hyperv devstack@n-api.service[102700]: INFO nova.api.openstack.requestlog [None req-518a243a-783f-4ead-80f2-32395ca7aa24 admin admin] 10.222.0.31 "POST /compute/v2.1/flavors" status: 200 len: 407 microversion: 2.61 time: 0.104824
Nov 27 12:19:56.393986 dv-neutron-815855-10-hyperv devstack@n-api.service[102700]: [pid: 102700|app: 0|req: 2/5] 10.222.0.31 () {64 vars in 1282 bytes} [Sat Nov 27 12:19:56 2021] POST /compute/v2.1/flavors => generated 407 bytes in 111 msecs (HTTP/1.1 200) 9 headers in 359 bytes (1 switches on core 0)
Nov 27 12:19:56.614735 dv-neutron-815855-10-hyperv devstack@n-api.service[102699]: DEBUG nova.api.openstack.wsgi [None req-51d21905-d282-47d0-9e25-9a2de663179b admin admin] Action: 'create', calling method: >, body: {"extra_specs": {"hw_rng:allowed": "True"}} {{(pid=102699) _process_stack /opt/stack/nova/nova/api/openstack/wsgi.py:511}}
Nov 27 12:19:56.617127 dv-neutron-815855-10-hyperv devstack@n-api.service[102699]: /usr/local/lib/python3.8/dist-packages/oslo_policy/policy.py:1075: UserWarning: Policy os_compute_api:os-flavor-extra-specs:create failed scope check. The token used to make the request was project scoped but the policy requires ['system'] scope. This behavior may change in the future where using the intended scope is required
Nov 27 12:19:56.617127 dv-neutron-815855-10-hyperv devstack@n-api.service[102699]: warnings.warn(msg)
Nov 27 12:19:56.690243 dv-neutron-815855-10-hyperv devstack@n-api.service[102699]: INFO nova.api.openstack.requestlog [None req-51d21905-d282-47d0-9e25-9a2de663179b admin admin] 10.222.0.31 "POST /compute/v2.1/flavors/c1/os-extra_specs" status: 200 len: 43 microversion: 2.61 time: 0.291105
Nov 27 12:19:56.714973 dv-neutron-815855-10-hyperv devstack@n-api.service[102699]: [pid: 102699|app: 0|req: 4/6] 10.222.0.31 () {64 vars in 1335 bytes} [Sat Nov 27 12:19:56 2021] POST /compute/v2.1/flavors/c1/os-extra_specs => generated 43 bytes in 317 msecs (HTTP/1.1 200) 9 headers in 358 bytes (2 switches on core 0)
Nov 27 12:19:59.187578 dv-neutron-815855-10-hyperv devstack@n-api.service[102700]: DEBUG nova.api.openstack.wsgi [None req-518a243a-783f-4ead-80f2-32395ca7aa24 admin admin] Calling method '>' {{(pid=102700) _process_stack /opt/stack/nova/nova/api/openstack/wsgi.py:513}}
Nov 27 12:19:59.188664 dv-neutron-815855-10-hyperv devstack@n-api.service[102700]: INFO nova.api.openstack.requestlog [None req-518a243a-783f-4ead-80f2-32395ca7aa24 admin admin] 10.222.0.31 "GET /compute/v2.1" status: 200 len: 388 microversion: 2.1 time: 0.001529
Nov 27 12:19:59.189086 dv-neutron-815855-10-hyperv devstack@n-api.service[102700]: [pid: 102700|app: 0|req: 3/7] 10.222.0.31 () {54 vars in 930 bytes} [Sat Nov 27 12:19:59 2021] GET /compute/v2.1 => generated 388 bytes in 2 msecs (HTTP/1.1 200) 9 headers in 357 bytes (1 switches on core 0)
Nov 27 12:19:59.326652 dv-neutron-815855-10-hyperv devstack@n-api.service[102699]: DEBUG nova.api.openstack.wsgi [None req-c1e7d507-4755-4f6a-9126-11be4a60390d admin admin] Action: 'create', calling method: >, body: {"flavor": {"OS-FLV-EXT-DATA:ephemeral": 0, "swap": 0, "ram": 512, "name": "ds512M", "os-flavor-access:is_public": true, "disk": 5, "vcpus": 1, "id": "d1", "rxtx_factor": 1.0}} {{(pid=102699) _process_stack /opt/stack/nova/nova/api/openstack/wsgi.py:511}}
Nov 27 12:19:59.346771 dv-neutron-815855-10-hyperv devstack@n-api.service[102699]: /usr/local/lib/python3.8/dist-packages/oslo_policy/policy.py:1075: UserWarning: Policy os_compute_api:os-flavor-manage:create failed scope check. The token used to make the request was project scoped but the policy requires ['system'] scope. This behavior may change in the future where using the intended scope is required
Nov 27 12:19:59.346771 dv-neutron-815855-10-hyperv devstack@n-api.service[102699]: warnings.warn(msg)
Nov 27 12:19:59.373302 dv-neutron-815855-10-hyperv devstack@n-api.service[102699]: INFO nova.api.openstack.requestlog [None req-c1e7d507-4755-4f6a-9126-11be4a60390d admin admin] 10.222.0.31 "POST /compute/v2.1/flavors" status: 200 len: 404 microversion: 2.61 time: 0.177051
Nov 27 12:19:59.374690 dv-neutron-815855-10-hyperv devstack@n-api.service[102699]: [pid: 102699|app: 0|req: 5/8] 10.222.0.31 () {64 vars in 1282 bytes} [Sat Nov 27 12:19:59 2021] POST /compute/v2.1/flavors => generated 404 bytes in 179 msecs (HTTP/1.1 200) 9 headers in 359 bytes (1 switches on core 0)
Nov 27 12:19:59.388097 dv-neutron-815855-10-hyperv devstack@n-api.service[102700]: DEBUG nova.api.openstack.wsgi [None req-abdd9b89-b969-4a9c-8d7d-0e3060f12bab admin admin] Action: 'create', calling method: >, body: {"extra_specs": {"hw_rng:allowed": "True"}} {{(pid=102700) _process_stack /opt/stack/nova/nova/api/openstack/wsgi.py:511}}
Nov 27 12:19:59.389774 dv-neutron-815855-10-hyperv devstack@n-api.service[102700]: /usr/local/lib/python3.8/dist-packages/oslo_policy/policy.py:1075: UserWarning: Policy os_compute_api:os-flavor-extra-specs:create failed scope check. The token used to make the request was project scoped but the policy requires ['system'] scope. This behavior may change in the future where using the intended scope is required
Nov 27 12:19:59.389774 dv-neutron-815855-10-hyperv devstack@n-api.service[102700]: warnings.warn(msg)
Nov 27 12:19:59.425733 dv-neutron-815855-10-hyperv devstack@n-api.service[102700]: INFO nova.api.openstack.requestlog [None req-abdd9b89-b969-4a9c-8d7d-0e3060f12bab admin admin] 10.222.0.31 "POST /compute/v2.1/flavors/d1/os-extra_specs" status: 200 len: 43 microversion: 2.61 time: 0.042765
Nov 27 12:19:59.426732 dv-neutron-815855-10-hyperv devstack@n-api.service[102700]: [pid: 102700|app: 0|req: 4/9] 10.222.0.31 () {64 vars in 1335 bytes} [Sat Nov 27 12:19:59 2021] POST /compute/v2.1/flavors/d1/os-extra_specs => generated 43 bytes in 44 msecs (HTTP/1.1 200) 9 headers in 358 bytes (1 switches on core 0)
Nov 27 12:20:01.975232 dv-neutron-815855-10-hyperv devstack@n-api.service[102699]: DEBUG nova.api.openstack.wsgi [None req-c1e7d507-4755-4f6a-9126-11be4a60390d admin admin] Calling method '>' {{(pid=102699) _process_stack /opt/stack/nova/nova/api/openstack/wsgi.py:513}}
Nov 27 12:20:01.975232 dv-neutron-815855-10-hyperv devstack@n-api.service[102699]: INFO nova.api.openstack.requestlog [None req-c1e7d507-4755-4f6a-9126-11be4a60390d admin admin] 10.222.0.31 "GET /compute/v2.1" status: 200 len: 388 microversion: 2.1 time: 0.001438
Nov 27 12:20:01.975762 dv-neutron-815855-10-hyperv devstack@n-api.service[102699]: [pid: 102699|app: 0|req: 6/10] 10.222.0.31 () {54 vars in 930 bytes} [Sat Nov 27 12:20:01 2021] GET /compute/v2.1 => generated 388 bytes in 2 msecs (HTTP/1.1 200) 9 headers in 357 bytes (1 switches on core 0)
Nov 27 12:20:02.054648 dv-neutron-815855-10-hyperv devstack@n-api.service[102700]: DEBUG nova.api.openstack.wsgi [None req-76b86a0a-1ae0-405d-8e26-61a1af1307a2 admin admin] Action: 'create', calling method: >, body: {"flavor": {"ram": 1024, "OS-FLV-EXT-DATA:ephemeral": 0, "os-flavor-access:is_public": true, "name": "ds1G", "swap": 0, "rxtx_factor": 1.0, "disk": 10, "vcpus": 1, "id": "d2"}} {{(pid=102700) _process_stack /opt/stack/nova/nova/api/openstack/wsgi.py:511}}
Nov 27 12:20:02.079404 dv-neutron-815855-10-hyperv devstack@n-api.service[102700]: INFO nova.api.openstack.requestlog [None req-76b86a0a-1ae0-405d-8e26-61a1af1307a2 admin admin] 10.222.0.31 "POST /compute/v2.1/flavors" status: 200 len: 404 microversion: 2.61 time: 0.096438
Nov 27 12:20:02.082767 dv-neutron-815855-10-hyperv devstack@n-api.service[102700]: [pid: 102700|app: 0|req: 5/11] 10.222.0.31 () {64 vars in 1282 bytes} [Sat Nov 27 12:20:01 2021] POST /compute/v2.1/flavors => generated 404 bytes in 101 msecs (HTTP/1.1 200) 9 headers in 359 bytes (1 switches on core 0)
Nov 27 12:20:02.099288 dv-neutron-815855-10-hyperv devstack@n-api.service[102699]: DEBUG nova.api.openstack.wsgi [None req-0fbeb367-e281-40ae-be22-67bc9bb4be54 admin admin] Action: 'create', calling method: >, body: {"extra_specs": {"hw_rng:allowed": "True"}} {{(pid=102699) _process_stack /opt/stack/nova/nova/api/openstack/wsgi.py:511}}
Nov 27 12:20:02.133220 dv-neutron-815855-10-hyperv devstack@n-api.service[102699]: INFO nova.api.openstack.requestlog [None req-0fbeb367-e281-40ae-be22-67bc9bb4be54 admin admin] 10.222.0.31 "POST /compute/v2.1/flavors/d2/os-extra_specs" status: 200 len: 43 microversion: 2.61 time: 0.040690
Nov 27 12:20:02.147594 dv-neutron-815855-10-hyperv devstack@n-api.service[102699]: [pid: 102699|app: 0|req: 7/12] 10.222.0.31 () {64 vars in 1335 bytes} [Sat Nov 27 12:20:02 2021] POST /compute/v2.1/flavors/d2/os-extra_specs => generated 43 bytes in 48 msecs (HTTP/1.1 200) 9 headers in 358 bytes (1 switches on core 0)
Nov 27 12:20:04.810040 dv-neutron-815855-10-hyperv devstack@n-api.service[102700]: DEBUG nova.api.openstack.wsgi [None req-76b86a0a-1ae0-405d-8e26-61a1af1307a2 admin admin] Calling method '>' {{(pid=102700) _process_stack /opt/stack/nova/nova/api/openstack/wsgi.py:513}}
Nov 27 12:20:04.812197 dv-neutron-815855-10-hyperv devstack@n-api.service[102700]: INFO nova.api.openstack.requestlog [None req-76b86a0a-1ae0-405d-8e26-61a1af1307a2 admin admin] 10.222.0.31 "GET /compute/v2.1" status: 200 len: 388 microversion: 2.1 time: 0.002255
Nov 27 12:20:04.813026 dv-neutron-815855-10-hyperv devstack@n-api.service[102700]: [pid: 102700|app: 0|req: 6/13] 10.222.0.31 () {54 vars in 930 bytes} [Sat Nov 27 12:20:04 2021] GET /compute/v2.1 => generated 388 bytes in 4 msecs (HTTP/1.1 200) 9 headers in 357 bytes (1 switches on core 0)
Nov 27 12:20:04.886741 dv-neutron-815855-10-hyperv devstack@n-api.service[102699]: DEBUG nova.api.openstack.wsgi [None req-4dcb52fa-1e78-4e26-ad8d-f5059bc49fb6 admin admin] Action: 'create', calling method: >, body: {"flavor": {"swap": 0, "id": "d3", "vcpus": 2, "rxtx_factor": 1.0, "OS-FLV-EXT-DATA:ephemeral": 0, "ram": 2048, "name": "ds2G", "os-flavor-access:is_public": true, "disk": 10}} {{(pid=102699) _process_stack /opt/stack/nova/nova/api/openstack/wsgi.py:511}}
Nov 27 12:20:04.907696 dv-neutron-815855-10-hyperv devstack@n-api.service[102699]: INFO nova.api.openstack.requestlog [None req-4dcb52fa-1e78-4e26-ad8d-f5059bc49fb6 admin admin] 10.222.0.31 "POST /compute/v2.1/flavors" status: 200 len: 404 microversion: 2.61 time: 0.088266
Nov 27 12:20:04.909085 dv-neutron-815855-10-hyperv devstack@n-api.service[102699]: [pid: 102699|app: 0|req: 8/14] 10.222.0.31 () {64 vars in 1282 bytes} [Sat Nov 27 12:20:04 2021] POST /compute/v2.1/flavors => generated 404 bytes in 90 msecs (HTTP/1.1 200) 9 headers in 359 bytes (1 switches on core 0)
Nov 27 12:20:04.922220 dv-neutron-815855-10-hyperv devstack@n-api.service[102700]: DEBUG nova.api.openstack.wsgi [None req-4b662aa2-0853-4318-94fd-008a5c7ee0d9 admin admin] Action: 'create', calling method: >, body: {"extra_specs": {"hw_rng:allowed": "True"}} {{(pid=102700) _process_stack /opt/stack/nova/nova/api/openstack/wsgi.py:511}}
Nov 27 12:20:04.951317 dv-neutron-815855-10-hyperv devstack@n-api.service[102700]: INFO nova.api.openstack.requestlog [None req-4b662aa2-0853-4318-94fd-008a5c7ee0d9 admin admin] 10.222.0.31 "POST /compute/v2.1/flavors/d3/os-extra_specs" status: 200 len: 43 microversion: 2.61 time: 0.033012
Nov 27 12:20:04.952561 dv-neutron-815855-10-hyperv devstack@n-api.service[102700]: [pid: 102700|app: 0|req: 7/15] 10.222.0.31 () {64 vars in 1335 bytes} [Sat Nov 27 12:20:04 2021] POST /compute/v2.1/flavors/d3/os-extra_specs => generated 43 bytes in 35 msecs (HTTP/1.1 200) 9 headers in 358 bytes (1 switches on core 0)
Nov 27 12:20:07.591357 dv-neutron-815855-10-hyperv devstack@n-api.service[102699]: DEBUG nova.api.openstack.wsgi [None req-4dcb52fa-1e78-4e26-ad8d-f5059bc49fb6 admin admin] Calling method '>' {{(pid=102699) _process_stack /opt/stack/nova/nova/api/openstack/wsgi.py:513}}
Nov 27 12:20:07.592417 dv-neutron-815855-10-hyperv devstack@n-api.service[102699]: INFO nova.api.openstack.requestlog [None req-4dcb52fa-1e78-4e26-ad8d-f5059bc49fb6 admin admin] 10.222.0.31 "GET /compute/v2.1" status: 200 len: 388 microversion: 2.1 time: 0.001512
Nov 27 12:20:07.592985 dv-neutron-815855-10-hyperv devstack@n-api.service[102699]: [pid: 102699|app: 0|req: 9/16] 10.222.0.31 () {54 vars in 930 bytes} [Sat Nov 27 12:20:07 2021] GET /compute/v2.1 => generated 388 bytes in 2 msecs (HTTP/1.1 200) 9 headers in 357 bytes (1 switches on core 0)
Nov 27 12:20:07.662864 dv-neutron-815855-10-hyperv devstack@n-api.service[102700]: DEBUG nova.api.openstack.wsgi [None req-967648b6-c381-44b2-9499-7189bd3adb6f admin admin] Action: 'create', calling method: >, body: {"flavor": {"name": "ds4G", "id": "d4", "ram": 4096, "swap": 0, "disk": 20, "os-flavor-access:is_public": true, "vcpus": 4, "rxtx_factor": 1.0, "OS-FLV-EXT-DATA:ephemeral": 0}} {{(pid=102700) _process_stack /opt/stack/nova/nova/api/openstack/wsgi.py:511}}
Nov 27 12:20:07.686445 dv-neutron-815855-10-hyperv devstack@n-api.service[102700]: INFO nova.api.openstack.requestlog [None req-967648b6-c381-44b2-9499-7189bd3adb6f admin admin] 10.222.0.31 "POST /compute/v2.1/flavors" status: 200 len: 404 microversion: 2.61 time: 0.086216
Nov 27 12:20:07.687233 dv-neutron-815855-10-hyperv devstack@n-api.service[102700]: [pid: 102700|app: 0|req: 8/17] 10.222.0.31 () {64 vars in 1282 bytes} [Sat Nov 27 12:20:07 2021] POST /compute/v2.1/flavors => generated 404 bytes in 87 msecs (HTTP/1.1 200) 9 headers in 359 bytes (1 switches on core 0)
Nov 27 12:20:07.701281 dv-neutron-815855-10-hyperv devstack@n-api.service[102699]: DEBUG nova.api.openstack.wsgi [None req-1fdc4660-9642-4cfe-83c0-10e44a030757 admin admin] Action: 'create', calling method: >, body: {"extra_specs": {"hw_rng:allowed": "True"}} {{(pid=102699) _process_stack /opt/stack/nova/nova/api/openstack/wsgi.py:511}}
Nov 27 12:20:07.734275 dv-neutron-815855-10-hyperv devstack@n-api.service[102699]: INFO nova.api.openstack.requestlog [None req-1fdc4660-9642-4cfe-83c0-10e44a030757 admin admin] 10.222.0.31 "POST /compute/v2.1/flavors/d4/os-extra_specs" status: 200 len: 43 microversion: 2.61 time: 0.037340
Nov 27 12:20:07.735642 dv-neutron-815855-10-hyperv devstack@n-api.service[102699]: [pid: 102699|app: 0|req: 10/18] 10.222.0.31 () {64 vars in 1335 bytes} [Sat Nov 27 12:20:07 2021] POST /compute/v2.1/flavors/d4/os-extra_specs => generated 43 bytes in 39 msecs (HTTP/1.1 200) 9 headers in 358 bytes (2 switches on core 0)
Nov 27 12:20:10.285168 dv-neutron-815855-10-hyperv devstack@n-api.service[102700]: DEBUG nova.api.openstack.wsgi [None req-967648b6-c381-44b2-9499-7189bd3adb6f admin admin] Calling method '>' {{(pid=102700) _process_stack /opt/stack/nova/nova/api/openstack/wsgi.py:513}}
Nov 27 12:20:10.286812 dv-neutron-815855-10-hyperv devstack@n-api.service[102700]: INFO nova.api.openstack.requestlog [None req-967648b6-c381-44b2-9499-7189bd3adb6f admin admin] 10.222.0.31 "GET /compute/v2.1" status: 200 len: 388 microversion: 2.1 time: 0.002015
Nov 27 12:20:10.298475 dv-neutron-815855-10-hyperv devstack@n-api.service[102700]: [pid: 102700|app: 0|req: 9/19] 10.222.0.31 () {54 vars in 930 bytes} [Sat Nov 27 12:20:10 2021] GET /compute/v2.1 => generated 388 bytes in 9 msecs (HTTP/1.1 200) 9 headers in 357 bytes (1 switches on core 0)
Nov 27 12:20:10.351138 dv-neutron-815855-10-hyperv devstack@n-api.service[102699]: DEBUG nova.api.openstack.wsgi [None req-b9d3ff2b-16fb-4723-ab4f-d450465a734f admin admin] Calling method '>' {{(pid=102699) _process_stack /opt/stack/nova/nova/api/openstack/wsgi.py:513}}
Nov 27 12:20:10.379241 dv-neutron-815855-10-hyperv devstack@n-api.service[102699]: INFO nova.api.openstack.requestlog [None req-b9d3ff2b-16fb-4723-ab4f-d450465a734f admin admin] 10.222.0.31 "GET /compute/v2.1/flavors/detail?is_public=True" status: 200 len: 2106 microversion: 2.61 time: 0.085014
Nov 27 12:20:10.380040 dv-neutron-815855-10-hyperv devstack@n-api.service[102699]: [pid: 102699|app: 0|req: 11/20] 10.222.0.31 () {60 vars in 1291 bytes} [Sat Nov 27 12:20:10 2021] GET /compute/v2.1/flavors/detail?is_public=True => generated 2106 bytes in 86 msecs (HTTP/1.1 200) 9 headers in 360 bytes (1 switches on core 0)
Nov 27 12:20:12.869563 dv-neutron-815855-10-hyperv devstack@n-api.service[102700]: DEBUG nova.api.openstack.wsgi [None req-967648b6-c381-44b2-9499-7189bd3adb6f admin admin] Calling method '>' {{(pid=102700) _process_stack /opt/stack/nova/nova/api/openstack/wsgi.py:513}}
Nov 27 12:20:12.871242 dv-neutron-815855-10-hyperv devstack@n-api.service[102700]: INFO nova.api.openstack.requestlog [None req-967648b6-c381-44b2-9499-7189bd3adb6f admin admin] 10.222.0.31 "GET /compute/v2.1" status: 200 len: 388 microversion: 2.1 time: 0.002074
Nov 27 12:20:12.872100 dv-neutron-815855-10-hyperv devstack@n-api.service[102700]: [pid: 102700|app: 0|req: 10/21] 10.222.0.31 () {54 vars in 930 bytes} [Sat Nov 27 12:20:12 2021] GET /compute/v2.1 => generated 388 bytes in 4 msecs (HTTP/1.1 200) 9 headers in 357 bytes (1 switches on core 0)
Nov 27 12:20:12.941360 dv-neutron-815855-10-hyperv devstack@n-api.service[102699]: DEBUG nova.api.openstack.wsgi [None req-0264f7fb-62d5-4b6b-a70c-023191db7152 admin admin] Action: 'create', calling method: >, body: {"flavor": {"id": "1", "OS-FLV-EXT-DATA:ephemeral": 0, "disk": 1, "swap": 0, "vcpus": 1, "rxtx_factor": 1.0, "name": "m1.tiny", "os-flavor-access:is_public": true, "ram": 512}} {{(pid=102699) _process_stack /opt/stack/nova/nova/api/openstack/wsgi.py:511}}
Nov 27 12:20:12.967183 dv-neutron-815855-10-hyperv devstack@n-api.service[102699]: INFO nova.api.openstack.requestlog [None req-0264f7fb-62d5-4b6b-a70c-023191db7152 admin admin] 10.222.0.31 "POST /compute/v2.1/flavors" status: 200 len: 402 microversion: 2.61 time: 0.087923
Nov 27 12:20:12.981012 dv-neutron-815855-10-hyperv devstack@n-api.service[102700]: DEBUG nova.api.openstack.wsgi [None req-dcc49e69-659f-4c67-b9e0-f10ce6275e58 admin admin] Action: 'create', calling method: >, body: {"extra_specs": {"hw_rng:allowed": "True"}} {{(pid=102700) _process_stack /opt/stack/nova/nova/api/openstack/wsgi.py:511}}
Nov 27 12:20:12.989475 dv-neutron-815855-10-hyperv devstack@n-api.service[102699]: [pid: 102699|app: 0|req: 12/22] 10.222.0.31 () {64 vars in 1282 bytes} [Sat Nov 27 12:20:12 2021] POST /compute/v2.1/flavors => generated 402 bytes in 111 msecs (HTTP/1.1 200) 9 headers in 359 bytes (1 switches on core 0)
Nov 27 12:20:13.013436 dv-neutron-815855-10-hyperv devstack@n-api.service[102700]: INFO nova.api.openstack.requestlog [None req-dcc49e69-659f-4c67-b9e0-f10ce6275e58 admin admin] 10.222.0.31 "POST /compute/v2.1/flavors/1/os-extra_specs" status: 200 len: 43 microversion: 2.61 time: 0.036383
Nov 27 12:20:13.014521 dv-neutron-815855-10-hyperv devstack@n-api.service[102700]: [pid: 102700|app: 0|req: 11/23] 10.222.0.31 () {64 vars in 1332 bytes} [Sat Nov 27 12:20:12 2021] POST /compute/v2.1/flavors/1/os-extra_specs => generated 43 bytes in 38 msecs (HTTP/1.1 200) 9 headers in 358 bytes (1 switches on core 0)
Nov 27 12:20:15.729026 dv-neutron-815855-10-hyperv devstack@n-api.service[102699]: DEBUG nova.api.openstack.wsgi [None req-0264f7fb-62d5-4b6b-a70c-023191db7152 admin admin] Calling method '>' {{(pid=102699) _process_stack /opt/stack/nova/nova/api/openstack/wsgi.py:513}}
Nov 27 12:20:15.730370 dv-neutron-815855-10-hyperv devstack@n-api.service[102699]: INFO nova.api.openstack.requestlog [None req-0264f7fb-62d5-4b6b-a70c-023191db7152 admin admin] 10.222.0.31 "GET /compute/v2.1" status: 200 len: 388 microversion: 2.1 time: 0.002653
Nov 27 12:20:15.730938 dv-neutron-815855-10-hyperv devstack@n-api.service[102699]: [pid: 102699|app: 0|req: 13/24] 10.222.0.31 () {54 vars in 930 bytes} [Sat Nov 27 12:20:15 2021] GET /compute/v2.1 => generated 388 bytes in 4 msecs (HTTP/1.1 200) 9 headers in 357 bytes (1 switches on core 0)
Nov 27 12:20:15.795036 dv-neutron-815855-10-hyperv devstack@n-api.service[102700]: DEBUG nova.api.openstack.wsgi [None req-26bb0a09-f0c7-4cd0-8581-76bdd3c82e42 admin admin] Action: 'create', calling method: >, body: {"flavor": {"disk": 20, "rxtx_factor": 1.0, "id": "2", "ram": 2048, "name": "m1.small", "OS-FLV-EXT-DATA:ephemeral": 0, "os-flavor-access:is_public": true, "vcpus": 1, "swap": 0}} {{(pid=102700) _process_stack /opt/stack/nova/nova/api/openstack/wsgi.py:511}}
Nov 27 12:20:15.817290 dv-neutron-815855-10-hyperv devstack@n-api.service[102700]: INFO nova.api.openstack.requestlog [None req-26bb0a09-f0c7-4cd0-8581-76bdd3c82e42 admin admin] 10.222.0.31 "POST /compute/v2.1/flavors" status: 200 len: 405 microversion: 2.61 time: 0.078026
Nov 27 12:20:15.818130 dv-neutron-815855-10-hyperv devstack@n-api.service[102700]: [pid: 102700|app: 0|req: 12/25] 10.222.0.31 () {64 vars in 1282 bytes} [Sat Nov 27 12:20:15 2021] POST /compute/v2.1/flavors => generated 405 bytes in 80 msecs (HTTP/1.1 200) 9 headers in 359 bytes (1 switches on core 0)
Nov 27 12:20:15.832520 dv-neutron-815855-10-hyperv devstack@n-api.service[102699]: DEBUG nova.api.openstack.wsgi [None req-52c408e1-d2b4-485d-8297-9578b9c557e8 admin admin] Action: 'create', calling method: >, body: {"extra_specs": {"hw_rng:allowed": "True"}} {{(pid=102699) _process_stack /opt/stack/nova/nova/api/openstack/wsgi.py:511}}
Nov 27 12:20:15.856916 dv-neutron-815855-10-hyperv devstack@n-api.service[102699]: INFO nova.api.openstack.requestlog [None req-52c408e1-d2b4-485d-8297-9578b9c557e8 admin admin] 10.222.0.31 "POST /compute/v2.1/flavors/2/os-extra_specs" status: 200 len: 43 microversion: 2.61 time: 0.028270
Nov 27 12:20:15.857473 dv-neutron-815855-10-hyperv devstack@n-api.service[102699]: [pid: 102699|app: 0|req: 14/26] 10.222.0.31 () {64 vars in 1332 bytes} [Sat Nov 27 12:20:15 2021] POST /compute/v2.1/flavors/2/os-extra_specs => generated 43 bytes in 30 msecs (HTTP/1.1 200) 9 headers in 358 bytes (1 switches on core 0)
Nov 27 12:20:18.310818 dv-neutron-815855-10-hyperv devstack@n-api.service[102700]: DEBUG nova.api.openstack.wsgi [None req-26bb0a09-f0c7-4cd0-8581-76bdd3c82e42 admin admin] Calling method '>' {{(pid=102700) _process_stack /opt/stack/nova/nova/api/openstack/wsgi.py:513}}
Nov 27 12:20:18.311791 dv-neutron-815855-10-hyperv devstack@n-api.service[102700]: INFO nova.api.openstack.requestlog [None req-26bb0a09-f0c7-4cd0-8581-76bdd3c82e42 admin admin] 10.222.0.31 "GET /compute/v2.1" status: 200 len: 388 microversion: 2.1 time: 0.001469
Nov 27 12:20:18.312206 dv-neutron-815855-10-hyperv devstack@n-api.service[102700]: [pid: 102700|app: 0|req: 13/27] 10.222.0.31 () {54 vars in 930 bytes} [Sat Nov 27 12:20:18 2021] GET /compute/v2.1 => generated 388 bytes in 2 msecs (HTTP/1.1 200) 9 headers in 357 bytes (1 switches on core 0)
Nov 27 12:20:18.373183 dv-neutron-815855-10-hyperv devstack@n-api.service[102699]: DEBUG nova.api.openstack.wsgi [None req-7cc31b29-3508-42f5-b48f-82a752d5a0a2 admin admin] Action: 'create', calling method: >, body: {"flavor": {"OS-FLV-EXT-DATA:ephemeral": 0, "swap": 0, "id": "3", "os-flavor-access:is_public": true, "disk": 40, "name": "m1.medium", "rxtx_factor": 1.0, "ram": 4096, "vcpus": 2}} {{(pid=102699) _process_stack /opt/stack/nova/nova/api/openstack/wsgi.py:511}}
Nov 27 12:20:18.392407 dv-neutron-815855-10-hyperv devstack@n-api.service[102699]: INFO nova.api.openstack.requestlog [None req-7cc31b29-3508-42f5-b48f-82a752d5a0a2 admin admin] 10.222.0.31 "POST /compute/v2.1/flavors" status: 200 len: 406 microversion: 2.61 time: 0.073507
Nov 27 12:20:18.392953 dv-neutron-815855-10-hyperv devstack@n-api.service[102699]: [pid: 102699|app: 0|req: 15/28] 10.222.0.31 () {64 vars in 1282 bytes} [Sat Nov 27 12:20:18 2021] POST /compute/v2.1/flavors => generated 406 bytes in 75 msecs (HTTP/1.1 200) 9 headers in 359 bytes (1 switches on core 0)
Nov 27 12:20:18.405812 dv-neutron-815855-10-hyperv devstack@n-api.service[102700]: DEBUG nova.api.openstack.wsgi [None req-54e03539-3732-4410-a57b-54f53caa7c19 admin admin] Action: 'create', calling method: >, body: {"extra_specs": {"hw_rng:allowed": "True"}} {{(pid=102700) _process_stack /opt/stack/nova/nova/api/openstack/wsgi.py:511}}
Nov 27 12:20:18.434592 dv-neutron-815855-10-hyperv devstack@n-api.service[102700]: INFO nova.api.openstack.requestlog [None req-54e03539-3732-4410-a57b-54f53caa7c19 admin admin] 10.222.0.31 "POST /compute/v2.1/flavors/3/os-extra_specs" status: 200 len: 43 microversion: 2.61 time: 0.032155
Nov 27 12:20:18.435716 dv-neutron-815855-10-hyperv devstack@n-api.service[102700]: [pid: 102700|app: 0|req: 14/29] 10.222.0.31 () {64 vars in 1332 bytes} [Sat Nov 27 12:20:18 2021] POST /compute/v2.1/flavors/3/os-extra_specs => generated 43 bytes in 34 msecs (HTTP/1.1 200) 9 headers in 358 bytes (1 switches on core 0)
Nov 27 12:20:21.153086 dv-neutron-815855-10-hyperv devstack@n-api.service[102699]: DEBUG nova.api.openstack.wsgi [None req-7cc31b29-3508-42f5-b48f-82a752d5a0a2 admin admin] Calling method '>' {{(pid=102699) _process_stack /opt/stack/nova/nova/api/openstack/wsgi.py:513}}
Nov 27 12:20:21.154289 dv-neutron-815855-10-hyperv devstack@n-api.service[102699]: INFO nova.api.openstack.requestlog [None req-7cc31b29-3508-42f5-b48f-82a752d5a0a2 admin admin] 10.222.0.31 "GET /compute/v2.1" status: 200 len: 388 microversion: 2.1 time: 0.002227
Nov 27 12:20:21.154740 dv-neutron-815855-10-hyperv devstack@n-api.service[102699]: [pid: 102699|app: 0|req: 16/30] 10.222.0.31 () {54 vars in 930 bytes} [Sat Nov 27 12:20:21 2021] GET /compute/v2.1 => generated 388 bytes in 3 msecs (HTTP/1.1 200) 9 headers in 357 bytes (1 switches on core 0)
Nov 27 12:20:21.216656 dv-neutron-815855-10-hyperv devstack@n-api.service[102700]: DEBUG nova.api.openstack.wsgi [None req-276a8e41-9684-465a-b215-85483e38e33e admin admin] Action: 'create', calling method: >, body: {"flavor": {"name": "m1.large", "disk": 80, "os-flavor-access:is_public": true, "vcpus": 4, "OS-FLV-EXT-DATA:ephemeral": 0, "id": "4", "swap": 0, "rxtx_factor": 1.0, "ram": 8192}} {{(pid=102700) _process_stack /opt/stack/nova/nova/api/openstack/wsgi.py:511}}
Nov 27 12:20:21.235312 dv-neutron-815855-10-hyperv devstack@n-api.service[102700]: INFO nova.api.openstack.requestlog [None req-276a8e41-9684-465a-b215-85483e38e33e admin admin] 10.222.0.31 "POST /compute/v2.1/flavors" status: 200 len: 405 microversion: 2.61 time: 0.073223
Nov 27 12:20:21.235897 dv-neutron-815855-10-hyperv devstack@n-api.service[102700]: [pid: 102700|app: 0|req: 15/31] 10.222.0.31 () {64 vars in 1282 bytes} [Sat Nov 27 12:20:21 2021] POST /compute/v2.1/flavors => generated 405 bytes in 74 msecs (HTTP/1.1 200) 9 headers in 359 bytes (1 switches on core 0)
Nov 27 12:20:21.248943 dv-neutron-815855-10-hyperv devstack@n-api.service[102699]: DEBUG nova.api.openstack.wsgi [None req-c6628ba1-261d-4a16-a61a-be187c6389e2 admin admin] Action: 'create', calling method: >, body: {"extra_specs": {"hw_rng:allowed": "True"}} {{(pid=102699) _process_stack /opt/stack/nova/nova/api/openstack/wsgi.py:511}}
Nov 27 12:20:21.273111 dv-neutron-815855-10-hyperv devstack@n-api.service[102699]: INFO nova.api.openstack.requestlog [None req-c6628ba1-261d-4a16-a61a-be187c6389e2 admin admin] 10.222.0.31 "POST /compute/v2.1/flavors/4/os-extra_specs" status: 200 len: 43 microversion: 2.61 time: 0.028147
Nov 27 12:20:21.273696 dv-neutron-815855-10-hyperv devstack@n-api.service[102699]: [pid: 102699|app: 0|req: 17/32] 10.222.0.31 () {64 vars in 1332 bytes} [Sat Nov 27 12:20:21 2021] POST /compute/v2.1/flavors/4/os-extra_specs => generated 43 bytes in 29 msecs (HTTP/1.1 200) 9 headers in 358 bytes (2 switches on core 0)
Nov 27 12:20:23.722240 dv-neutron-815855-10-hyperv devstack@n-api.service[102700]: DEBUG nova.api.openstack.wsgi [None req-276a8e41-9684-465a-b215-85483e38e33e admin admin] Calling method '>' {{(pid=102700) _process_stack /opt/stack/nova/nova/api/openstack/wsgi.py:513}}
Nov 27 12:20:23.723977 dv-neutron-815855-10-hyperv devstack@n-api.service[102700]: INFO nova.api.openstack.requestlog [None req-276a8e41-9684-465a-b215-85483e38e33e admin admin] 10.222.0.31 "GET /compute/v2.1" status: 200 len: 388 microversion: 2.1 time: 0.002157
Nov 27 12:20:23.724385 dv-neutron-815855-10-hyperv devstack@n-api.service[102700]: [pid: 102700|app: 0|req: 16/33] 10.222.0.31 () {54 vars in 930 bytes} [Sat Nov 27 12:20:23 2021] GET /compute/v2.1 => generated 388 bytes in 3 msecs (HTTP/1.1 200) 9 headers in 357 bytes (1 switches on core 0)
Nov 27 12:20:23.817075 dv-neutron-815855-10-hyperv devstack@n-api.service[102699]: DEBUG nova.api.openstack.wsgi [None req-106c83dd-84f4-4b87-b5b1-89a5b9698cfb admin admin] Action: 'create', calling method: >, body: {"flavor": {"vcpus": 8, "name": "m1.xlarge", "OS-FLV-EXT-DATA:ephemeral": 0, "swap": 0, "disk": 160, "ram": 16384, "id": "5", "rxtx_factor": 1.0, "os-flavor-access:is_public": true}} {{(pid=102699) _process_stack /opt/stack/nova/nova/api/openstack/wsgi.py:511}}
Nov 27 12:20:23.836191 dv-neutron-815855-10-hyperv devstack@n-api.service[102699]: INFO nova.api.openstack.requestlog [None req-106c83dd-84f4-4b87-b5b1-89a5b9698cfb admin admin] 10.222.0.31 "POST /compute/v2.1/flavors" status: 200 len: 408 microversion: 2.61 time: 0.103659
Nov 27 12:20:23.837646 dv-neutron-815855-10-hyperv devstack@n-api.service[102699]: [pid: 102699|app: 0|req: 18/34] 10.222.0.31 () {64 vars in 1282 bytes} [Sat Nov 27 12:20:23 2021] POST /compute/v2.1/flavors => generated 408 bytes in 106 msecs (HTTP/1.1 200) 9 headers in 359 bytes (1 switches on core 0)
Nov 27 12:20:23.850023 dv-neutron-815855-10-hyperv devstack@n-api.service[102700]: DEBUG nova.api.openstack.wsgi [None req-57105835-37c9-4bd8-a69a-fb9ef724ff3c admin admin] Action: 'create', calling method: >, body: {"extra_specs": {"hw_rng:allowed": "True"}} {{(pid=102700) _process_stack /opt/stack/nova/nova/api/openstack/wsgi.py:511}}
Nov 27 12:20:23.876158 dv-neutron-815855-10-hyperv devstack@n-api.service[102700]: INFO nova.api.openstack.requestlog [None req-57105835-37c9-4bd8-a69a-fb9ef724ff3c admin admin] 10.222.0.31 "POST /compute/v2.1/flavors/5/os-extra_specs" status: 200 len: 43 microversion: 2.61 time: 0.029795
Nov 27 12:20:23.876739 dv-neutron-815855-10-hyperv devstack@n-api.service[102700]: [pid: 102700|app: 0|req: 17/35] 10.222.0.31 () {64 vars in 1332 bytes} [Sat Nov 27 12:20:23 2021] POST /compute/v2.1/flavors/5/os-extra_specs => generated 43 bytes in 31 msecs (HTTP/1.1 200) 9 headers in 358 bytes (1 switches on core 0)
Nov 27 12:20:49.231274 dv-neutron-815855-10-hyperv devstack@n-api.service[102699]: DEBUG nova.api.openstack.wsgi [None req-106c83dd-84f4-4b87-b5b1-89a5b9698cfb admin admin] Calling method '>' {{(pid=102699) _process_stack /opt/stack/nova/nova/api/openstack/wsgi.py:513}}
Nov 27 12:20:49.232323 dv-neutron-815855-10-hyperv devstack@n-api.service[102699]: INFO nova.api.openstack.requestlog [None req-106c83dd-84f4-4b87-b5b1-89a5b9698cfb admin admin] 10.222.0.31 "GET /compute/v2.1" status: 200 len: 388 microversion: 2.1 time: 0.001482
Nov 27 12:20:49.232750 dv-neutron-815855-10-hyperv devstack@n-api.service[102699]: [pid: 102699|app: 0|req: 19/36] 10.222.0.31 () {54 vars in 930 bytes} [Sat Nov 27 12:20:49 2021] GET /compute/v2.1 => generated 388 bytes in 2 msecs (HTTP/1.1 200) 9 headers in 357 bytes (1 switches on core 0)
Nov 27 12:20:49.296265 dv-neutron-815855-10-hyperv devstack@n-api.service[102700]: DEBUG nova.api.openstack.wsgi [None req-4fa6fa32-309f-456d-8a4b-dff12b22cd8a admin admin] Calling method '>' {{(pid=102700) _process_stack /opt/stack/nova/nova/api/openstack/wsgi.py:513}}
Nov 27 12:20:49.313797 dv-neutron-815855-10-hyperv devstack@n-api.service[102700]: INFO nova.api.openstack.requestlog [None req-4fa6fa32-309f-456d-8a4b-dff12b22cd8a admin admin] 10.222.0.31 "GET /compute/v2.1/flavors/detail?is_public=True" status: 200 len: 4202 microversion: 2.61 time: 0.073895
Nov 27 12:20:49.314376 dv-neutron-815855-10-hyperv devstack@n-api.service[102700]: [pid: 102700|app: 0|req: 18/37] 10.222.0.31 () {60 vars in 1291 bytes} [Sat Nov 27 12:20:49 2021] GET /compute/v2.1/flavors/detail?is_public=True => generated 4202 bytes in 75 msecs (HTTP/1.1 200) 9 headers in 360 bytes (2 switches on core 0)
Nov 27 12:20:50.944113 dv-neutron-815855-10-hyperv devstack@n-api.service[102699]: DEBUG nova.api.openstack.wsgi [None req-106c83dd-84f4-4b87-b5b1-89a5b9698cfb admin admin] Calling method '>' {{(pid=102699) _process_stack /opt/stack/nova/nova/api/openstack/wsgi.py:513}}
Nov 27 12:20:50.945602 dv-neutron-815855-10-hyperv devstack@n-api.service[102699]: INFO nova.api.openstack.requestlog [None req-106c83dd-84f4-4b87-b5b1-89a5b9698cfb admin admin] 10.222.0.31 "GET /compute/v2.1" status: 200 len: 388 microversion: 2.1 time: 0.001446
Nov 27 12:20:50.945990 dv-neutron-815855-10-hyperv devstack@n-api.service[102699]: [pid: 102699|app: 0|req: 20/38] 10.222.0.31 () {56 vars in 1074 bytes} [Sat Nov 27 12:20:50 2021] GET /compute/v2.1 => generated 388 bytes in 3 msecs (HTTP/1.1 200) 9 headers in 357 bytes (2 switches on core 0)
Nov 27 12:20:51.158438 dv-neutron-815855-10-hyperv devstack@n-api.service[102700]: DEBUG nova.api.openstack.wsgi [None req-199d4512-c077-4528-b30a-cd0a3df6cc2a admin admin] Calling method '>' {{(pid=102700) _process_stack /opt/stack/nova/nova/api/openstack/wsgi.py:513}}
Nov 27 12:20:51.163944 dv-neutron-815855-10-hyperv devstack@n-api.service[102700]: INFO nova.api.openstack.wsgi [None req-199d4512-c077-4528-b30a-cd0a3df6cc2a admin admin] HTTP exception thrown: Flavor 42 could not be found.
Nov 27 12:20:51.164514 dv-neutron-815855-10-hyperv devstack@n-api.service[102700]: DEBUG nova.api.openstack.wsgi [None req-199d4512-c077-4528-b30a-cd0a3df6cc2a admin admin] Returning 404 to user: Flavor 42 could not be found. {{(pid=102700) __call__ /opt/stack/nova/nova/api/openstack/wsgi.py:936}}
Nov 27 12:20:51.165306 dv-neutron-815855-10-hyperv devstack@n-api.service[102700]: INFO nova.api.openstack.requestlog [None req-199d4512-c077-4528-b30a-cd0a3df6cc2a admin admin] 10.222.0.31 "GET /compute/v2.1/flavors/42" status: 404 len: 75 microversion: 2.90 time: 0.059649
Nov 27 12:20:51.165829 dv-neutron-815855-10-hyperv devstack@n-api.service[102700]: [pid: 102700|app: 0|req: 19/39] 10.222.0.31 () {60 vars in 1190 bytes} [Sat Nov 27 12:20:51 2021] GET /compute/v2.1/flavors/42 => generated 75 bytes in 61 msecs (HTTP/1.1 404) 9 headers in 380 bytes (1 switches on core 0)
Nov 27 12:20:51.175878 dv-neutron-815855-10-hyperv devstack@n-api.service[102699]: DEBUG nova.api.openstack.wsgi [None req-d0c8f455-0785-4050-b9a5-c34c03f9ef05 admin admin] Calling method '>' {{(pid=102699) _process_stack /opt/stack/nova/nova/api/openstack/wsgi.py:513}}
