Nov 29 08:55:58.961185 dv-neutron-815687-3-hyperv neutron-server[103334]: DEBUG neutron_lib.callbacks.manager [None req-ba0d0e1d-9c22-4860-8b83-9eeb09d23271 tempest-NetworksTestDHCPv6-685992859 tempest-NetworksTestDHCPv6-685992859-project] Publish callbacks [] for port, precommit_create {{(pid=103334) _notify_loop /usr/local/lib/python3.8/dist-packages/neutron_lib/callbacks/manager.py:175}}
Nov 29 08:55:59.003993 dv-neutron-815687-3-hyperv neutron-server[103334]: DEBUG neutron_lib.callbacks.manager [None req-17f08910-c97b-450d-8c56-c12be7876375 tempest-DHCPAgentSchedulersTestJSON-1214438980 tempest-DHCPAgentSchedulersTestJSON-1214438980-project] Publish callbacks ['neutron.plugins.ml2.plugin.Ml2Plugin._network_delete_precommit_handler-133879513', 'neutron.services.segments.db._delete_segments_for_network-8771732390476'] for network, precommit_delete {{(pid=103334) _notify_loop /usr/local/lib/python3.8/dist-packages/neutron_lib/callbacks/manager.py:175}}
Nov 29 08:55:59.012554 dv-neutron-815687-3-hyperv neutron-server[103334]: DEBUG neutron.pecan_wsgi.hooks.policy_enforcement [None req-5f847557-dc34-4844-912b-369b49e878c5 tempest-PortsAdminExtendedAttrsIpV6TestJSON-1243620962 tempest-PortsAdminExtendedAttrsIpV6TestJSON-1243620962-project-admin] Attributes excluded by policy engine: ['standard_attr_id'] {{(pid=103334) _exclude_attributes_by_policy /opt/stack/neutron/neutron/pecan_wsgi/hooks/policy_enforcement.py:255}}
Nov 29 08:55:59.016569 dv-neutron-815687-3-hyperv neutron-server[103336]: DEBUG neutron.db.l3_hamode_db [None req-2e24acb4-2eb4-47d6-9c28-d43f0a16fa38 None None] neutron.services.l3_router.l3_router_plugin.L3RouterPlugin method _process_sync_ha_data called with arguments (, [{'id': '021b6f00-ec86-47b8-a52c-f9210efc99e4', 'name': '', 'tenant_id': 'e969d660f78b4ce0b33b94e1caa47258', 'admin_state_up': True, 'status': 'ACTIVE', 'external_gateway_info': {'network_id': '48da0fdb-9350-48d7-987b-c22245da2956', 'external_fixed_ips': [{'subnet_id': 'bdf8dc72-a83c-4df0-933c-73e7f0a3c5d4', 'ip_address': '2001:db8::3e5'}], 'enable_snat': True}, 'gw_port_id': '20f3318c-883b-4248-b930-c7b81727ee01', 'description': '', 'availability_zones': ['nova'], 'distributed': False, 'ha': False, 'ha_vr_id': 0, 'availability_zone_hints': [], 'routes': [], 'flavor_id': None, 'tags': [], 'created_at': '2021-11-29T08:55:50Z', 'updated_at': '2021-11-29T08:55:56Z', 'revision_number': 3, 'project_id': 'e969d660f78b4ce0b33b94e1caa47258', 'gw_port': {'id': '20f3318c-883b-4248-b930-c7b81727ee01', 'name': '', 'network_id': '48da0fdb-9350-48d7-987b-c22245da2956', 'tenant_id': '', 'mac_address': 'fa:16:3e:95:8c:5e', 'admin_state_up': True, 'status': 'DOWN', 'device_id': '021b6f00-ec86-47b8-a52c-f9210efc99e4', 'device_owner': 'network:router_gateway', 'standard_attr_id': 131, 'fixed_ips': [{'subnet_id': 'bdf8dc72-a83c-4df0-933c-73e7f0a3c5d4', 'ip_address': '2001:db8::3e5', 'prefixlen': 64}], 'allowed_address_pairs': [], 'extra_dhcp_opts': [], 'security_groups': [], 'description': '', 'binding:vnic_type': 'normal', 'binding:profile': {}, 'binding:host_id': '', 'binding:vif_type': 'unbound', 'binding:vif_details': {}, 'port_security_enabled': False, 'tags': [], 'created_at': '2021-11-29T08:55:53Z', 'updated_at': '2021-11-29T08:55:54Z', 'revision_number': 1, 'project_id': '', 'subnets': [{'id': 'bdf8dc72-a83c-4df0-933c-73e7f0a3c5d4', 'cidr': '2001:db8::/64', 'gateway_ip': '2001:db8::1', 'dns_nameservers': [], 'ipv6_ra_mode': None, 'subnetpool_id': None}], 'extra_subnets': [], 'address_scopes': {4: None, 6: None}, 'mtu': 1500}, 'enable_snat': True, 'gw_port_host': 'dv-neutron-815687-3-hyperv'}], 'dv-neutron-815687-3-hyperv', False) {} {{(pid=103336) wrapper /usr/local/lib/python3.8/dist-packages/oslo_log/helpers.py:65}}
Nov 29 08:55:59.022955 dv-neutron-815687-3-hyperv neutron-server[103334]: INFO neutron.wsgi [None req-5f847557-dc34-4844-912b-369b49e878c5 tempest-PortsAdminExtendedAttrsIpV6TestJSON-1243620962 tempest-PortsAdminExtendedAttrsIpV6TestJSON-1243620962-project-admin] 10.222.0.30 "GET /v2.0/ports/b11407a8-661d-46e7-a94f-1d3596e94aed HTTP/1.1" status: 200 len: 959 time: 0.2115185
Nov 29 08:55:59.039453 dv-neutron-815687-3-hyperv neutron-server[103334]: DEBUG neutron.wsgi [-] (103334) accepted ('10.222.0.30', 57514) {{(pid=103334) server /usr/local/lib/python3.8/dist-packages/eventlet/wsgi.py:1004}}
Nov 29 08:55:59.060306 dv-neutron-815687-3-hyperv neutron-server[103336]: DEBUG neutron.api.rpc.handlers.l3_rpc [None req-2e24acb4-2eb4-47d6-9c28-d43f0a16fa38 None None] Checking router: 021b6f00-ec86-47b8-a52c-f9210efc99e4 for host: dv-neutron-815687-3-hyperv {{(pid=103336) _ensure_host_set_on_ports /opt/stack/neutron/neutron/api/rpc/handlers/l3_rpc.py:155}}
Nov 29 08:55:59.060595 dv-neutron-815687-3-hyperv neutron-server[103336]: DEBUG neutron.api.rpc.handlers.l3_rpc [None req-2e24acb4-2eb4-47d6-9c28-d43f0a16fa38 None None] Updating router 021b6f00-ec86-47b8-a52c-f9210efc99e4 port 20f3318c-883b-4248-b930-c7b81727ee01 binding host dv-neutron-815687-3-hyperv {{(pid=103336) _ensure_host_set_on_port /opt/stack/neutron/neutron/api/rpc/handlers/l3_rpc.py:205}}
Nov 29 08:55:59.097055 dv-neutron-815687-3-hyperv neutron-server[103334]: DEBUG neutron.wsgi [-] (103334) accepted ('10.222.0.30', 57516) {{(pid=103334) server /usr/local/lib/python3.8/dist-packages/eventlet/wsgi.py:1004}}
Nov 29 08:55:59.098653 dv-neutron-815687-3-hyperv neutron-server[103336]: DEBUG neutron_lib.callbacks.manager [None req-2e24acb4-2eb4-47d6-9c28-d43f0a16fa38 None None] Publish callbacks ['neutron.plugins.ml2.plugin.SecurityGroupDbMixin._ensure_default_security_group_handler-133905607'] for port, before_update {{(pid=103336) _notify_loop /usr/local/lib/python3.8/dist-packages/neutron_lib/callbacks/manager.py:175}}
Nov 29 08:55:59.134040 dv-neutron-815687-3-hyperv neutron-server[103334]: DEBUG neutron.api.v2.base [None req-21d750f1-1022-4cec-ae8d-6b8c9cddf9f2 tempest-ServersTestJSON-2094647686 tempest-ServersTestJSON-2094647686-project] Request body: {'security_group': {'name': 'tempest-securitygroup--1014085424', 'description': 'tempest-description--611473553'}} {{(pid=103334) prepare_request_body /opt/stack/neutron/neutron/api/v2/base.py:729}}
Nov 29 08:55:59.167046 dv-neutron-815687-3-hyperv neutron-server[103334]: DEBUG neutron_lib.callbacks.manager [None req-20055472-519f-4e42-9c0b-9bb0b99fc651 admin admin] Publish callbacks ['neutron.plugins.ml2.plugin.SecurityGroupServerNotifierRpcMixin._notify_sg_on_port_change-133905414', 'neutron.plugins.ml2.ovo_rpc._ObjectChangeHandler.handle_event-79690', 'neutron.api.rpc.agentnotifiers.dhcp_rpc_agent_api.DhcpAgentNotifyAPI._native_event_send_dhcp_notification-629843', 'neutron.db.l3_dvrscheduler_db._notify_l3_agent_new_port-8771731866835', 'neutron.services.segments.plugin.NovaSegmentNotifier._notify_port_created_or_deleted-3266765'] for port, after_create {{(pid=103334) _notify_loop /usr/local/lib/python3.8/dist-packages/neutron_lib/callbacks/manager.py:175}}
Nov 29 08:55:59.183952 dv-neutron-815687-3-hyperv neutron-server[103334]: DEBUG neutron.services.segments.db [None req-17f08910-c97b-450d-8c56-c12be7876375 tempest-DHCPAgentSchedulersTestJSON-1214438980 tempest-DHCPAgentSchedulersTestJSON-1214438980-project] neutron.services.segments.plugin.Plugin method get_segments called with arguments (,) {'filters': {'network_id': ['c7df0421-0347-4c1f-b566-1c84b31f279a']}} {{(pid=103334) wrapper /usr/local/lib/python3.8/dist-packages/oslo_log/helpers.py:65}}
Nov 29 08:55:59.191812 dv-neutron-815687-3-hyperv neutron-server[103334]: DEBUG neutron_lib.callbacks.manager [None req-21d750f1-1022-4cec-ae8d-6b8c9cddf9f2 tempest-ServersTestJSON-2094647686 tempest-ServersTestJSON-2094647686-project] Publish callbacks [] for security_group, before_create {{(pid=103334) _notify_loop /usr/local/lib/python3.8/dist-packages/neutron_lib/callbacks/manager.py:175}}
Nov 29 08:55:59.286983 dv-neutron-815687-3-hyperv neutron-server[103333]: DEBUG neutron_lib.callbacks.manager [None req-493a23ca-bef3-421c-b665-e8be3860cf66 tempest-RoutersIpV6AdminTest-1680605473 tempest-RoutersIpV6AdminTest-1680605473-project-admin] Publish callbacks [] for router_gateway, before_delete {{(pid=103333) _notify_loop /usr/local/lib/python3.8/dist-packages/neutron_lib/callbacks/manager.py:175}}
Nov 29 08:55:59.296608 dv-neutron-815687-3-hyperv neutron-server[103334]: DEBUG neutron.services.segments.db [None req-17f08910-c97b-450d-8c56-c12be7876375 tempest-DHCPAgentSchedulersTestJSON-1214438980 tempest-DHCPAgentSchedulersTestJSON-1214438980-project] neutron.services.segments.plugin.Plugin method delete_segment called with arguments (, 'acecc2e1-68dd-4110-b797-3ce2ab68ba02') {'for_net_delete': True} {{(pid=103334) wrapper /usr/local/lib/python3.8/dist-packages/oslo_log/helpers.py:65}}
Nov 29 08:55:59.297057 dv-neutron-815687-3-hyperv neutron-server[103334]: DEBUG neutron.services.segments.db [None req-17f08910-c97b-450d-8c56-c12be7876375 tempest-DHCPAgentSchedulersTestJSON-1214438980 tempest-DHCPAgentSchedulersTestJSON-1214438980-project] neutron.services.segments.plugin.Plugin method get_segment called with arguments (, 'acecc2e1-68dd-4110-b797-3ce2ab68ba02') {} {{(pid=103334) wrapper /usr/local/lib/python3.8/dist-packages/oslo_log/helpers.py:65}}
Nov 29 08:55:59.321604 dv-neutron-815687-3-hyperv neutron-server[103333]: DEBUG neutron.scheduler.l3_agent_scheduler [None req-b4cf0118-a9b1-48a7-aab6-af752fb6ba24 admin admin] Router 605f95d5-1bef-4835-8f80-c22350a16160 has already been hosted by L3 agent 5f4d7d19-048d-4a05-9881-1d5690bc9ffc {{(pid=103333) _get_candidates /opt/stack/neutron/neutron/scheduler/l3_agent_scheduler.py:126}}
Nov 29 08:55:59.363347 dv-neutron-815687-3-hyperv neutron-server[103334]: DEBUG neutron.api.rpc.handlers.resources_rpc [None req-20055472-519f-4e42-9c0b-9bb0b99fc651 admin admin] Pushing event updated for resources: {'Port': ['ID=b79a5778-ea5c-4971-bebe-05f99e9ce3fa,revision_number=1']} {{(pid=103334) push /opt/stack/neutron/neutron/api/rpc/handlers/resources_rpc.py:237}}
Nov 29 08:55:59.397335 dv-neutron-815687-3-hyperv neutron-server[103334]: DEBUG neutron.scheduler.dhcp_agent_scheduler [None req-20055472-519f-4e42-9c0b-9bb0b99fc651 admin admin] Network 827d4b9e-b8a2-40a6-a13c-88d715393a69 is already hosted by enough agents. {{(pid=103334) _get_dhcp_agents_hosting_network /opt/stack/neutron/neutron/scheduler/dhcp_agent_scheduler.py:275}}
Nov 29 08:55:59.399355 dv-neutron-815687-3-hyperv neutron-server[103334]: DEBUG neutron_lib.callbacks.manager [None req-17f08910-c97b-450d-8c56-c12be7876375 tempest-DHCPAgentSchedulersTestJSON-1214438980 tempest-DHCPAgentSchedulersTestJSON-1214438980-project] Publish callbacks ['neutron.plugins.ml2.db._prevent_segment_delete_with_port_bound-8771732392789', 'neutron.services.segments.plugin.Plugin._prevent_segment_delete_with_subnet_associated-3318313'] for segment, before_delete {{(pid=103334) _notify_loop /usr/local/lib/python3.8/dist-packages/neutron_lib/callbacks/manager.py:175}}
Nov 29 08:55:59.413221 dv-neutron-815687-3-hyperv neutron-server[103335]: DEBUG neutron_lib.callbacks.manager [None req-b506b5c7-d6fd-443c-8f19-1989d8c07d46 None None] Publish callbacks [] for port, precommit_update {{(pid=103335) _notify_loop /usr/local/lib/python3.8/dist-packages/neutron_lib/callbacks/manager.py:175}}
Nov 29 08:55:59.420242 dv-neutron-815687-3-hyperv neutron-server[103334]: DEBUG neutron.scheduler.base_scheduler [None req-20055472-519f-4e42-9c0b-9bb0b99fc651 admin admin] Resources bound (agent type, host, resource id): {{(pid=103334) schedule /opt/stack/neutron/neutron/scheduler/base_scheduler.py:57}}
Nov 29 08:55:59.424024 dv-neutron-815687-3-hyperv neutron-server[103334]: DEBUG neutron.db.l3_dvrscheduler_db [None req-20055472-519f-4e42-9c0b-9bb0b99fc651 admin admin] Received port after_create {{(pid=103334) _notify_l3_agent_new_port /opt/stack/neutron/neutron/db/l3_dvrscheduler_db.py:535}}
Nov 29 08:55:59.429107 dv-neutron-815687-3-hyperv neutron-server[103335]: DEBUG neutron_lib.callbacks.manager [None req-b506b5c7-d6fd-443c-8f19-1989d8c07d46 None None] Publish callbacks ['neutron.plugins.ml2.plugin.SecurityGroupServerNotifierRpcMixin._notify_sg_on_port_change-133905414', 'neutron.plugins.ml2.ovo_rpc._ObjectChangeHandler.handle_event-79690', 'neutron.api.rpc.agentnotifiers.dhcp_rpc_agent_api.DhcpAgentNotifyAPI._native_event_send_dhcp_notification-629843', 'neutron.db.l3_db.L3RpcNotifierMixin._notify_gateway_port_ip_changed-8771732419741', 'neutron.db.l3_dvrscheduler_db._notify_l3_agent_port_update-8771731866853', 'neutron.db.l3_hascheduler_db._notify_l3_agent_ha_port_update-8771731866871'] for port, after_update {{(pid=103335) _notify_loop /usr/local/lib/python3.8/dist-packages/neutron_lib/callbacks/manager.py:175}}
Nov 29 08:55:59.484745 dv-neutron-815687-3-hyperv neutron-server[103334]: DEBUG neutron_lib.callbacks.manager [None req-20055472-519f-4e42-9c0b-9bb0b99fc651 admin admin] Publish callbacks ['neutron.services.l3_router.l3_router_plugin.DVRResourceOperationHandler._add_csnat_on_interface_create-551686'] for router_interface, before_create {{(pid=103334) _notify_loop /usr/local/lib/python3.8/dist-packages/neutron_lib/callbacks/manager.py:175}}
Nov 29 08:55:59.501542 dv-neutron-815687-3-hyperv neutron-server[103335]: DEBUG neutron.db.provisioning_blocks [None req-07f8d513-6f82-4bd8-88fb-fcf7b225f524 None None] Provisioning complete for port 1945ed52-f51e-4108-b4b3-0853c3d66fc1 triggered by entity DHCP. {{(pid=103335) provisioning_complete /opt/stack/neutron/neutron/db/provisioning_blocks.py:139}}
Nov 29 08:55:59.503071 dv-neutron-815687-3-hyperv neutron-server[103335]: DEBUG neutron_lib.callbacks.manager [None req-07f8d513-6f82-4bd8-88fb-fcf7b225f524 None None] Publish callbacks ['neutron.plugins.ml2.plugin.Ml2Plugin._port_provisioned-134029922'] for port, provisioning_complete {{(pid=103335) _notify_loop /usr/local/lib/python3.8/dist-packages/neutron_lib/callbacks/manager.py:175}}
Nov 29 08:55:59.566776 dv-neutron-815687-3-hyperv neutron-server[103335]: DEBUG neutron.plugins.ml2.plugin [None req-07f8d513-6f82-4bd8-88fb-fcf7b225f524 None None] Port 1945ed52-f51e-4108-b4b3-0853c3d66fc1 cannot update to ACTIVE because it is not bound. {{(pid=103335) _port_provisioned /opt/stack/neutron/neutron/plugins/ml2/plugin.py:342}}
Nov 29 08:55:59.575861 dv-neutron-815687-3-hyperv neutron-server[103336]: DEBUG neutron_lib.callbacks.manager [None req-2e24acb4-2eb4-47d6-9c28-d43f0a16fa38 None None] Publish callbacks [] for port, precommit_update {{(pid=103336) _notify_loop /usr/local/lib/python3.8/dist-packages/neutron_lib/callbacks/manager.py:175}}
Nov 29 08:55:59.585210 dv-neutron-815687-3-hyperv neutron-server[103336]: DEBUG neutron_lib.callbacks.manager [None req-2e24acb4-2eb4-47d6-9c28-d43f0a16fa38 None None] Publish callbacks ['neutron.plugins.ml2.plugin.SecurityGroupServerNotifierRpcMixin._notify_sg_on_port_change-133905414', 'neutron.plugins.ml2.ovo_rpc._ObjectChangeHandler.handle_event-79690', 'neutron.api.rpc.agentnotifiers.dhcp_rpc_agent_api.DhcpAgentNotifyAPI._native_event_send_dhcp_notification-629843', 'neutron.db.l3_db.L3RpcNotifierMixin._notify_gateway_port_ip_changed-8771732419741', 'neutron.db.l3_dvrscheduler_db._notify_l3_agent_port_update-8771731866853', 'neutron.db.l3_hascheduler_db._notify_l3_agent_ha_port_update-8771731866871'] for port, after_update {{(pid=103336) _notify_loop /usr/local/lib/python3.8/dist-packages/neutron_lib/callbacks/manager.py:175}}
Nov 29 08:55:59.600190 dv-neutron-815687-3-hyperv neutron-server[103335]: DEBUG neutron.db.provisioning_blocks [None req-229c59f4-c595-4e27-98f1-9573c5c17454 None None] Provisioning complete for port 64199a39-2394-4573-a248-6e0c71f52a43 triggered by entity L2. {{(pid=103335) provisioning_complete /opt/stack/neutron/neutron/db/provisioning_blocks.py:139}}
Nov 29 08:55:59.600604 dv-neutron-815687-3-hyperv neutron-server[103335]: DEBUG neutron_lib.callbacks.manager [None req-229c59f4-c595-4e27-98f1-9573c5c17454 None None] Publish callbacks ['neutron.plugins.ml2.plugin.Ml2Plugin._port_provisioned-134029922'] for port, provisioning_complete {{(pid=103335) _notify_loop /usr/local/lib/python3.8/dist-packages/neutron_lib/callbacks/manager.py:175}}
Nov 29 08:55:59.612854 dv-neutron-815687-3-hyperv neutron-server[103333]: DEBUG neutron.plugins.ml2.plugin [None req-493a23ca-bef3-421c-b665-e8be3860cf66 tempest-RoutersIpV6AdminTest-1680605473 tempest-RoutersIpV6AdminTest-1680605473-project-admin] Deleting port 20f3318c-883b-4248-b930-c7b81727ee01 {{(pid=103333) _pre_delete_port /opt/stack/neutron/neutron/plugins/ml2/plugin.py:1936}}
Nov 29 08:55:59.613196 dv-neutron-815687-3-hyperv neutron-server[103333]: DEBUG neutron_lib.callbacks.manager [None req-493a23ca-bef3-421c-b665-e8be3860cf66 tempest-RoutersIpV6AdminTest-1680605473 tempest-RoutersIpV6AdminTest-1680605473-project-admin] Publish callbacks ['neutron.db.l3_db.L3_NAT_dbonly_mixin._prevent_l3_port_delete_callback-8771732412977'] for port, before_delete {{(pid=103333) _notify_loop /usr/local/lib/python3.8/dist-packages/neutron_lib/callbacks/manager.py:175}}
Nov 29 08:55:59.637788 dv-neutron-815687-3-hyperv neutron-server[103334]: DEBUG neutron_lib.callbacks.manager [None req-21d750f1-1022-4cec-ae8d-6b8c9cddf9f2 tempest-ServersTestJSON-2094647686 tempest-ServersTestJSON-2094647686-project] Publish callbacks [] for security_group, precommit_create {{(pid=103334) _notify_loop /usr/local/lib/python3.8/dist-packages/neutron_lib/callbacks/manager.py:175}}
Nov 29 08:55:59.644862 dv-neutron-815687-3-hyperv neutron-server[103334]: DEBUG neutron_lib.callbacks.manager [None req-17f08910-c97b-450d-8c56-c12be7876375 tempest-DHCPAgentSchedulersTestJSON-1214438980 tempest-DHCPAgentSchedulersTestJSON-1214438980-project] Publish callbacks ['neutron.plugins.ml2.plugin.Ml2Plugin._handle_segment_change-133695687'] for segment, precommit_delete {{(pid=103334) _notify_loop /usr/local/lib/python3.8/dist-packages/neutron_lib/callbacks/manager.py:175}}
Nov 29 08:55:59.652113 dv-neutron-815687-3-hyperv neutron-server[103334]: DEBUG neutron.plugins.ml2.drivers.type_vlan [None req-17f08910-c97b-450d-8c56-c12be7876375 tempest-DHCPAgentSchedulersTestJSON-1214438980 tempest-DHCPAgentSchedulersTestJSON-1214438980-project] Releasing vlan 625 on physical network physnet1 to pool {{(pid=103334) release_segment /opt/stack/neutron/neutron/plugins/ml2/drivers/type_vlan.py:304}}
Nov 29 08:55:59.652918 dv-neutron-815687-3-hyperv neutron-server[103334]: DEBUG neutron_lib.callbacks.manager [None req-17f08910-c97b-450d-8c56-c12be7876375 tempest-DHCPAgentSchedulersTestJSON-1214438980 tempest-DHCPAgentSchedulersTestJSON-1214438980-project] Publish callbacks ['neutron.plugins.ml2.plugin.Ml2Plugin._handle_segment_change-133695687', 'neutron.services.segments.plugin.NovaSegmentNotifier._notify_segment_deleted-3268370'] for segment, after_delete {{(pid=103334) _notify_loop /usr/local/lib/python3.8/dist-packages/neutron_lib/callbacks/manager.py:175}}
Nov 29 08:55:59.663367 dv-neutron-815687-3-hyperv neutron-server[103336]: DEBUG neutron.api.rpc.handlers.resources_rpc [None req-a8929afd-3504-411b-aa15-dcbe1bab3102 None None] Pushing event updated for resources: {'Port': ['ID=20f3318c-883b-4248-b930-c7b81727ee01,revision_number=2']} {{(pid=103336) push /opt/stack/neutron/neutron/api/rpc/handlers/resources_rpc.py:237}}
Nov 29 08:55:59.706128 dv-neutron-815687-3-hyperv neutron-server[103336]: DEBUG neutron.plugins.ml2.managers [None req-2e24acb4-2eb4-47d6-9c28-d43f0a16fa38 None None] Attempting to bind port 20f3318c-883b-4248-b930-c7b81727ee01 on host dv-neutron-815687-3-hyperv for vnic_type normal with profile {{(pid=103336) bind_port /opt/stack/neutron/neutron/plugins/ml2/managers.py:795}}
Nov 29 08:55:59.706712 dv-neutron-815687-3-hyperv neutron-server[103336]: DEBUG neutron.plugins.ml2.managers [None req-2e24acb4-2eb4-47d6-9c28-d43f0a16fa38 None None] Attempting to bind port 20f3318c-883b-4248-b930-c7b81727ee01 by drivers openvswitch,hyperv on host dv-neutron-815687-3-hyperv at level 0 using segments [{'id': '2ff509e4-58bd-49e8-bbd2-f84a9a45a358', 'network_type': 'vlan', 'physical_network': 'physnet1', 'segmentation_id': 624, 'network_id': '48da0fdb-9350-48d7-987b-c22245da2956'}] {{(pid=103336) _bind_port_level /opt/stack/neutron/neutron/plugins/ml2/managers.py:820}}
Nov 29 08:55:59.707252 dv-neutron-815687-3-hyperv neutron-server[103336]: DEBUG neutron.plugins.ml2.drivers.mech_agent [None req-2e24acb4-2eb4-47d6-9c28-d43f0a16fa38 None None] Attempting to bind port 20f3318c-883b-4248-b930-c7b81727ee01 on network 48da0fdb-9350-48d7-987b-c22245da2956 {{(pid=103336) bind_port /opt/stack/neutron/neutron/plugins/ml2/drivers/mech_agent.py:91}}
Nov 29 08:55:59.718031 dv-neutron-815687-3-hyperv neutron-server[103335]: DEBUG neutron.api.rpc.handlers.resources_rpc [None req-2649559f-fd69-4fc8-b196-5cfa44c8b0d7 None None] Pushing event updated for resources: {'Port': ['ID=244de9c7-3483-4716-a140-755804c735b3,revision_number=3']} {{(pid=103335) push /opt/stack/neutron/neutron/api/rpc/handlers/resources_rpc.py:237}}
Nov 29 08:55:59.721581 dv-neutron-815687-3-hyperv neutron-server[103334]: DEBUG neutron_lib.callbacks.manager [None req-ba0d0e1d-9c22-4860-8b83-9eeb09d23271 tempest-NetworksTestDHCPv6-685992859 tempest-NetworksTestDHCPv6-685992859-project] Publish callbacks ['neutron.plugins.ml2.plugin.SecurityGroupServerNotifierRpcMixin._notify_sg_on_port_change-133905414', 'neutron.plugins.ml2.ovo_rpc._ObjectChangeHandler.handle_event-79690', 'neutron.api.rpc.agentnotifiers.dhcp_rpc_agent_api.DhcpAgentNotifyAPI._native_event_send_dhcp_notification-629843', 'neutron.db.l3_dvrscheduler_db._notify_l3_agent_new_port-8771731866835', 'neutron.services.segments.plugin.NovaSegmentNotifier._notify_port_created_or_deleted-3266765'] for port, after_create {{(pid=103334) _notify_loop /usr/local/lib/python3.8/dist-packages/neutron_lib/callbacks/manager.py:175}}
Nov 29 08:55:59.722558 dv-neutron-815687-3-hyperv neutron-server[103336]: DEBUG neutron.plugins.ml2.drivers.mech_agent [None req-2e24acb4-2eb4-47d6-9c28-d43f0a16fa38 None None] Checking agent: {'id': '960cf243-7b6e-4df2-bf5e-7a5fdde5d18b', 'agent_type': 'Open vSwitch agent', 'binary': 'neutron-openvswitch-agent', 'topic': 'N/A', 'host': 'dv-neutron-815687-3-hyperv', 'admin_state_up': True, 'created_at': datetime.datetime(2021, 11, 29, 8, 48, 25), 'started_at': datetime.datetime(2021, 11, 29, 8, 48, 55), 'heartbeat_timestamp': datetime.datetime(2021, 11, 29, 8, 55, 55), 'description': None, 'resources_synced': None, 'availability_zone': None, 'alive': True, 'configurations': {'arp_responder_enabled': False, 'baremetal_smartnic': False, 'bridge_mappings': {'physnet1': 'br-data'}, 'datapath_type': 'system', 'devices': 0, 'enable_distributed_routing': False, 'extensions': [], 'in_distributed_mode': False, 'integration_bridge': 'br-int', 'l2_population': False, 'log_agent_heartbeats': False, 'ovs_capabilities': {'datapath_types': ['netdev', 'system'], 'iface_types': ['erspan', 'geneve', 'gre', 'internal', 'ip6erspan', 'ip6gre', 'lisp', 'patch', 'stt', 'system', 'tap', 'vxlan']}, 'ovs_hybrid_plug': False, 'resource_provider_bandwidths': {}, 'resource_provider_hypervisors': {'br-data': 'dv-neutron-815687-3-hyperv'}, 'resource_provider_inventory_defaults': {'allocation_ratio': 1.0, 'min_unit': 1, 'step_size': 1, 'reserved': 0}, 'resource_provider_packet_processing_inventory_defaults': {'allocation_ratio': 1.0, 'min_unit': 1, 'step_size': 1, 'reserved': 0}, 'resource_provider_packet_processing_with_direction': {}, 'resource_provider_packet_processing_without_direction': {}, 'tunnel_types': [], 'tunneling_ip': None, 'vhostuser_socket_dir': '/var/run/openvswitch'}, 'resource_versions': {'AddressGroup': '1.2', 'ConntrackHelper': '1.0', 'Log': '1.0', 'Network': '1.1', 'Port': '1.7', 'PortForwarding': '1.2', 'QosPolicy': '1.10', 'SecurityGroup': '1.5', 'SecurityGroupRule': '1.2', 'SubPort': '1.0', 'Subnet': '1.1', 'Trunk': '1.1'}} {{(pid=103336) bind_port /opt/stack/neutron/neutron/plugins/ml2/drivers/mech_agent.py:110}}
Nov 29 08:55:59.723142 dv-neutron-815687-3-hyperv neutron-server[103336]: DEBUG neutron.plugins.ml2.drivers.mech_agent [None req-2e24acb4-2eb4-47d6-9c28-d43f0a16fa38 None None] Checking segment: {'id': '2ff509e4-58bd-49e8-bbd2-f84a9a45a358', 'network_type': 'vlan', 'physical_network': 'physnet1', 'segmentation_id': 624, 'network_id': '48da0fdb-9350-48d7-987b-c22245da2956'} for mappings: {'physnet1': 'br-data'} with network types: ['local', 'flat', 'vlan'] {{(pid=103336) check_segment_for_agent /opt/stack/neutron/neutron/plugins/ml2/drivers/mech_agent.py:371}}
Nov 29 08:55:59.723473 dv-neutron-815687-3-hyperv neutron-server[103334]: Traceback (most recent call last):
Nov 29 08:55:59.723473 dv-neutron-815687-3-hyperv neutron-server[103334]: File "/usr/local/lib/python3.8/dist-packages/eventlet/hubs/hub.py", line 476, in fire_timers
Nov 29 08:55:59.723473 dv-neutron-815687-3-hyperv neutron-server[103334]: timer()
Nov 29 08:55:59.723473 dv-neutron-815687-3-hyperv neutron-server[103334]: File "/usr/local/lib/python3.8/dist-packages/eventlet/hubs/timer.py", line 59, in __call__
Nov 29 08:55:59.723473 dv-neutron-815687-3-hyperv neutron-server[103334]: cb(*args, **kw)
Nov 29 08:55:59.723473 dv-neutron-815687-3-hyperv neutron-server[103334]: File "/opt/stack/neutron/neutron/common/utils.py", line 914, in wrapper
Nov 29 08:55:59.723473 dv-neutron-815687-3-hyperv neutron-server[103334]: return func(*args, **kwargs)
Nov 29 08:55:59.723473 dv-neutron-815687-3-hyperv neutron-server[103334]: File "/opt/stack/neutron/neutron/notifiers/batch_notifier.py", line 58, in synced_send
Nov 29 08:55:59.723473 dv-neutron-815687-3-hyperv neutron-server[103334]: self._notify()
Nov 29 08:55:59.723473 dv-neutron-815687-3-hyperv neutron-server[103334]: File "/opt/stack/neutron/neutron/notifiers/batch_notifier.py", line 69, in _notify
Nov 29 08:55:59.723473 dv-neutron-815687-3-hyperv neutron-server[103334]: self.callback(batched_events)
Nov 29 08:55:59.723473 dv-neutron-815687-3-hyperv neutron-server[103334]: File "/opt/stack/neutron/neutron/services/segments/plugin.py", line 211, in _send_notifications
Nov 29 08:55:59.723473 dv-neutron-815687-3-hyperv neutron-server[103334]: event.method(event)
Nov 29 08:55:59.723473 dv-neutron-815687-3-hyperv neutron-server[103334]: File "/opt/stack/neutron/neutron/services/segments/plugin.py", line 383, in _delete_nova_inventory
Nov 29 08:55:59.723473 dv-neutron-815687-3-hyperv neutron-server[103334]: aggregate_id = self._get_aggregate_id(event.segment_id)
Nov 29 08:55:59.723473 dv-neutron-815687-3-hyperv neutron-server[103334]: File "/opt/stack/neutron/neutron/services/segments/plugin.py", line 370, in _get_aggregate_id
Nov 29 08:55:59.723473 dv-neutron-815687-3-hyperv neutron-server[103334]: aggregate_uuid = self.p_client.list_aggregates(
Nov 29 08:55:59.723473 dv-neutron-815687-3-hyperv neutron-server[103334]: File "/usr/local/lib/python3.8/dist-packages/neutron_lib/placement/client.py", line 58, in wrapper
Nov 29 08:55:59.723473 dv-neutron-815687-3-hyperv neutron-server[103334]: return f(self, *a, **k)
Nov 29 08:55:59.723473 dv-neutron-815687-3-hyperv neutron-server[103334]: File "/usr/local/lib/python3.8/dist-packages/neutron_lib/placement/client.py", line 554, in list_aggregates
Nov 29 08:55:59.723473 dv-neutron-815687-3-hyperv neutron-server[103334]: return self._get(url).json()
Nov 29 08:55:59.723473 dv-neutron-815687-3-hyperv neutron-server[103334]: File "/usr/local/lib/python3.8/dist-packages/neutron_lib/placement/client.py", line 190, in _get
Nov 29 08:55:59.723473 dv-neutron-815687-3-hyperv neutron-server[103334]: return self._client.get(url, endpoint_filter=self._ks_filter,
Nov 29 08:55:59.723473 dv-neutron-815687-3-hyperv neutron-server[103334]: File "/usr/local/lib/python3.8/dist-packages/keystoneauth1/session.py", line 1141, in get
Nov 29 08:55:59.723473 dv-neutron-815687-3-hyperv neutron-server[103334]: return self.request(url, 'GET', **kwargs)
Nov 29 08:55:59.723473 dv-neutron-815687-3-hyperv neutron-server[103334]: File "/usr/local/lib/python3.8/dist-packages/keystoneauth1/session.py", line 811, in request
Nov 29 08:55:59.723473 dv-neutron-815687-3-hyperv neutron-server[103334]: base_url = self.get_endpoint(auth, allow=allow,
Nov 29 08:55:59.723473 dv-neutron-815687-3-hyperv neutron-server[103334]: File "/usr/local/lib/python3.8/dist-packages/keystoneauth1/session.py", line 1241, in get_endpoint
Nov 29 08:55:59.723473 dv-neutron-815687-3-hyperv neutron-server[103334]: auth = self._auth_required(auth, 'determine endpoint URL')
Nov 29 08:55:59.723473 dv-neutron-815687-3-hyperv neutron-server[103334]: File "/usr/local/lib/python3.8/dist-packages/keystoneauth1/session.py", line 1181, in _auth_required
Nov 29 08:55:59.723473 dv-neutron-815687-3-hyperv neutron-server[103334]: raise exceptions.MissingAuthPlugin(msg_fmt % msg)
Nov 29 08:55:59.723473 dv-neutron-815687-3-hyperv neutron-server[103334]: keystoneauth1.exceptions.auth_plugins.MissingAuthPlugin: An auth plugin is required to determine endpoint URL
Nov 29 08:55:59.725642 dv-neutron-815687-3-hyperv neutron-server[103336]: DEBUG neutron_lib.callbacks.manager [None req-2e24acb4-2eb4-47d6-9c28-d43f0a16fa38 None None] Publish callbacks [] for ovs_bridge_name, before_read {{(pid=103336) _notify_loop /usr/local/lib/python3.8/dist-packages/neutron_lib/callbacks/manager.py:175}}
Nov 29 08:55:59.726182 dv-neutron-815687-3-hyperv neutron-server[103336]: DEBUG neutron.plugins.ml2.drivers.mech_agent [None req-2e24acb4-2eb4-47d6-9c28-d43f0a16fa38 None None] Bound using segment: {'id': '2ff509e4-58bd-49e8-bbd2-f84a9a45a358', 'network_type': 'vlan', 'physical_network': 'physnet1', 'segmentation_id': 624, 'network_id': '48da0fdb-9350-48d7-987b-c22245da2956'} {{(pid=103336) bind_port /opt/stack/neutron/neutron/plugins/ml2/drivers/mech_agent.py:120}}
Nov 29 08:55:59.726822 dv-neutron-815687-3-hyperv neutron-server[103336]: DEBUG neutron.plugins.ml2.managers [None req-2e24acb4-2eb4-47d6-9c28-d43f0a16fa38 None None] Bound port: 20f3318c-883b-4248-b930-c7b81727ee01, host: dv-neutron-815687-3-hyperv, vif_type: ovs, vif_details: {"connectivity": "l2", "port_filter": true, "ovs_hybrid_plug": false, "datapath_type": "system", "bridge_name": "br-int"}, binding_levels: [{'bound_driver': 'openvswitch', 'bound_segment': {'id': '2ff509e4-58bd-49e8-bbd2-f84a9a45a358', 'network_type': 'vlan', 'physical_network': 'physnet1', 'segmentation_id': 624, 'network_id': '48da0fdb-9350-48d7-987b-c22245da2956'}}] {{(pid=103336) _bind_port_level /opt/stack/neutron/neutron/plugins/ml2/managers.py:932}}
Nov 29 08:55:59.727357 dv-neutron-815687-3-hyperv neutron-server[103336]: DEBUG neutron_lib.callbacks.manager [None req-2e24acb4-2eb4-47d6-9c28-d43f0a16fa38 None None] Publish callbacks ['neutron.plugins.ml2.plugin.SecurityGroupDbMixin._ensure_default_security_group_handler-133905607'] for port, before_update {{(pid=103336) _notify_loop /usr/local/lib/python3.8/dist-packages/neutron_lib/callbacks/manager.py:175}}
Nov 29 08:55:59.758070 dv-neutron-815687-3-hyperv neutron-server[103333]: DEBUG neutron.api.rpc.agentnotifiers.l3_rpc_agent_api [None req-b4cf0118-a9b1-48a7-aab6-af752fb6ba24 admin admin] Notify agent at l3_agent.dv-neutron-815687-3-hyperv the message routers_updated {{(pid=103333) _agent_notification /opt/stack/neutron/neutron/api/rpc/agentnotifiers/l3_rpc_agent_api.py:65}}
Nov 29 08:55:59.774343 dv-neutron-815687-3-hyperv neutron-server[103333]: INFO neutron.wsgi [None req-b4cf0118-a9b1-48a7-aab6-af752fb6ba24 admin admin] 10.222.0.30 "PUT /v2.0/routers/605f95d5-1bef-4835-8f80-c22350a16160/add_router_interface HTTP/1.1" status: 200 len: 503 time: 9.6026723
Nov 29 08:55:59.812694 dv-neutron-815687-3-hyperv neutron-server[103335]: DEBUG neutron.db.provisioning_blocks [None req-9c0448cf-4b83-482b-baf5-8ecc509cc7b0 None None] Provisioning complete for port d1f82d26-586c-4656-81b9-e48b1fc98cf3 triggered by entity DHCP. {{(pid=103335) provisioning_complete /opt/stack/neutron/neutron/db/provisioning_blocks.py:139}}
Nov 29 08:55:59.816588 dv-neutron-815687-3-hyperv neutron-server[103335]: DEBUG neutron_lib.callbacks.manager [None req-9c0448cf-4b83-482b-baf5-8ecc509cc7b0 None None] Publish callbacks ['neutron.plugins.ml2.plugin.Ml2Plugin._port_provisioned-134029922'] for port, provisioning_complete {{(pid=103335) _notify_loop /usr/local/lib/python3.8/dist-packages/neutron_lib/callbacks/manager.py:175}}
Nov 29 08:55:59.824864 dv-neutron-815687-3-hyperv neutron-server[103334]: DEBUG neutron.api.rpc.handlers.resources_rpc [None req-ba0d0e1d-9c22-4860-8b83-9eeb09d23271 tempest-NetworksTestDHCPv6-685992859 tempest-NetworksTestDHCPv6-685992859-project] Pushing event updated for resources: {'Port': ['ID=77a95f56-69b9-4d0f-ae58-97d9a47f1b74,revision_number=1']} {{(pid=103334) push /opt/stack/neutron/neutron/api/rpc/handlers/resources_rpc.py:237}}
Nov 29 08:55:59.828754 dv-neutron-815687-3-hyperv neutron-server[103334]: DEBUG neutron.plugins.ml2.plugin [None req-18ba9e55-4051-4191-be56-b4e982a68e43 tempest-PortsAdminExtendedAttrsIpV6TestJSON-1243620962 tempest-PortsAdminExtendedAttrsIpV6TestJSON-1243620962-project-admin] Deleting port b11407a8-661d-46e7-a94f-1d3596e94aed {{(pid=103334) _pre_delete_port /opt/stack/neutron/neutron/plugins/ml2/plugin.py:1936}}
Nov 29 08:55:59.828754 dv-neutron-815687-3-hyperv neutron-server[103334]: DEBUG neutron_lib.callbacks.manager [None req-18ba9e55-4051-4191-be56-b4e982a68e43 tempest-PortsAdminExtendedAttrsIpV6TestJSON-1243620962 tempest-PortsAdminExtendedAttrsIpV6TestJSON-1243620962-project-admin] Publish callbacks ['neutron.db.l3_db.L3_NAT_dbonly_mixin._prevent_l3_port_delete_callback-8771732412977'] for port, before_delete {{(pid=103334) _notify_loop /usr/local/lib/python3.8/dist-packages/neutron_lib/callbacks/manager.py:175}}
Nov 29 08:55:59.834120 dv-neutron-815687-3-hyperv neutron-server[103335]: DEBUG neutron.api.rpc.handlers.l3_rpc [None req-3a5537b3-a816-4c01-86ed-ad5a51c945d2 None None] Sync routers for ids ['605f95d5-1bef-4835-8f80-c22350a16160'] in dv-neutron-815687-3-hyperv {{(pid=103335) sync_routers /opt/stack/neutron/neutron/api/rpc/handlers/l3_rpc.py:125}}
Nov 29 08:55:59.841779 dv-neutron-815687-3-hyperv neutron-server[103333]: DEBUG neutron_lib.callbacks.manager [None req-493a23ca-bef3-421c-b665-e8be3860cf66 tempest-RoutersIpV6AdminTest-1680605473 tempest-RoutersIpV6AdminTest-1680605473-project-admin] Publish callbacks ['neutron.services.l3_router.l3_router_plugin.L3_NAT_dbonly_mixin._precommit_delete_port_callback-555453'] for port, precommit_delete {{(pid=103333) _notify_loop /usr/local/lib/python3.8/dist-packages/neutron_lib/callbacks/manager.py:175}}
Nov 29 08:55:59.842985 dv-neutron-815687-3-hyperv neutron-server[103336]: DEBUG neutron.plugins.ml2.db [None req-2e24acb4-2eb4-47d6-9c28-d43f0a16fa38 None None] For port 20f3318c-883b-4248-b930-c7b81727ee01, host dv-neutron-815687-3-hyperv, cleared binding levels {{(pid=103336) clear_binding_levels /opt/stack/neutron/neutron/plugins/ml2/db.py:87}}
Nov 29 08:55:59.846964 dv-neutron-815687-3-hyperv neutron-server[103336]: DEBUG neutron.plugins.ml2.db [None req-2e24acb4-2eb4-47d6-9c28-d43f0a16fa38 None None] For port 20f3318c-883b-4248-b930-c7b81727ee01, host dv-neutron-815687-3-hyperv, set binding levels [PortBindingLevel(driver='openvswitch',host='dv-neutron-815687-3-hyperv',level=0,port_id=20f3318c-883b-4248-b930-c7b81727ee01,segment=NetworkSegment(2ff509e4-58bd-49e8-bbd2-f84a9a45a358),segment_id=2ff509e4-58bd-49e8-bbd2-f84a9a45a358)] {{(pid=103336) set_binding_levels /opt/stack/neutron/neutron/plugins/ml2/db.py:59}}
Nov 29 08:55:59.854556 dv-neutron-815687-3-hyperv neutron-server[103336]: DEBUG neutron_lib.callbacks.manager [None req-2e24acb4-2eb4-47d6-9c28-d43f0a16fa38 None None] Publish callbacks ['neutron.plugins.ml2.plugin.SecurityGroupServerNotifierRpcMixin._notify_sg_on_port_change-133905414', 'neutron.plugins.ml2.ovo_rpc._ObjectChangeHandler.handle_event-79690', 'neutron.api.rpc.agentnotifiers.dhcp_rpc_agent_api.DhcpAgentNotifyAPI._native_event_send_dhcp_notification-629843', 'neutron.db.l3_db.L3RpcNotifierMixin._notify_gateway_port_ip_changed-8771732419741', 'neutron.db.l3_dvrscheduler_db._notify_l3_agent_port_update-8771731866853', 'neutron.db.l3_hascheduler_db._notify_l3_agent_ha_port_update-8771731866871'] for port, after_update {{(pid=103336) _notify_loop /usr/local/lib/python3.8/dist-packages/neutron_lib/callbacks/manager.py:175}}
Nov 29 08:55:59.866091 dv-neutron-815687-3-hyperv neutron-server[103333]: DEBUG neutron.plugins.ml2.plugin [None req-493a23ca-bef3-421c-b665-e8be3860cf66 tempest-RoutersIpV6AdminTest-1680605473 tempest-RoutersIpV6AdminTest-1680605473-project-admin] Calling delete_port for 20f3318c-883b-4248-b930-c7b81727ee01 owned by network:router_gateway {{(pid=103333) delete_port /opt/stack/neutron/neutron/plugins/ml2/plugin.py:2014}}
Nov 29 08:55:59.899166 dv-neutron-815687-3-hyperv neutron-server[103335]: DEBUG neutron.db.l3_dvrscheduler_db [None req-3a5537b3-a816-4c01-86ed-ad5a51c945d2 None None] Routers {'605f95d5-1bef-4835-8f80-c22350a16160'} bound to L3 agent in host dv-neutron-815687-3-hyperv {{(pid=103335) _get_router_ids_for_agent /opt/stack/neutron/neutron/db/l3_dvrscheduler_db.py:420}}
Nov 29 08:55:59.903305 dv-neutron-815687-3-hyperv neutron-server[103335]: DEBUG neutron.db.l3_hamode_db [None req-3a5537b3-a816-4c01-86ed-ad5a51c945d2 None None] neutron.services.l3_router.l3_router_plugin.L3RouterPlugin method get_ha_sync_data_for_host called with arguments (, 'dv-neutron-815687-3-hyperv', Agent(admin_state_up=True,agent_type='L3 agent',availability_zone='nova',binary='neutron-l3-agent',configurations={"agent_mode": "legacy", "ex_gw_ports": 2, "extensions": [], "floating_ips": 0, "handle_internal_only_routers": true, "interface_driver": "openvswitch", "interfaces": 1, "log_agent_heartbeats": false, "routers": 2},created_at=2021-11-29T08:48:22Z,description=,heartbeat_timestamp=2021-11-29T08:55:52Z,host='dv-neutron-815687-3-hyperv',id=5f4d7d19-048d-4a05-9881-1d5690bc9ffc,load=0,resource_versions=,resources_synced=,started_at=2021-11-29T08:48:22Z,topic='l3_agent')) {'router_ids': ['605f95d5-1bef-4835-8f80-c22350a16160'], 'active': True} {{(pid=103335) wrapper /usr/local/lib/python3.8/dist-packages/oslo_log/helpers.py:65}}
Nov 29 08:55:59.925309 dv-neutron-815687-3-hyperv neutron-server[103334]: DEBUG neutron_lib.callbacks.manager [None req-18ba9e55-4051-4191-be56-b4e982a68e43 tempest-PortsAdminExtendedAttrsIpV6TestJSON-1243620962 tempest-PortsAdminExtendedAttrsIpV6TestJSON-1243620962-project-admin] Publish callbacks ['neutron.services.l3_router.l3_router_plugin.L3_NAT_dbonly_mixin._precommit_delete_port_callback-555453'] for port, precommit_delete {{(pid=103334) _notify_loop /usr/local/lib/python3.8/dist-packages/neutron_lib/callbacks/manager.py:175}}
Nov 29 08:55:59.933672 dv-neutron-815687-3-hyperv neutron-server[103336]: DEBUG neutron.db.l3_dvrscheduler_db [None req-2e24acb4-2eb4-47d6-9c28-d43f0a16fa38 None None] Routers {'021b6f00-ec86-47b8-a52c-f9210efc99e4'} bound to L3 agent in host dv-neutron-815687-3-hyperv {{(pid=103336) _get_router_ids_for_agent /opt/stack/neutron/neutron/db/l3_dvrscheduler_db.py:420}}
Nov 29 08:55:59.934579 dv-neutron-815687-3-hyperv neutron-server[103336]: DEBUG neutron.db.l3_hamode_db [None req-2e24acb4-2eb4-47d6-9c28-d43f0a16fa38 None None] neutron.services.l3_router.l3_router_plugin.L3RouterPlugin method get_ha_sync_data_for_host called with arguments (, 'dv-neutron-815687-3-hyperv', Agent(admin_state_up=True,agent_type='L3 agent',availability_zone='nova',binary='neutron-l3-agent',configurations={"agent_mode": "legacy", "ex_gw_ports": 2, "extensions": [], "floating_ips": 0, "handle_internal_only_routers": true, "interface_driver": "openvswitch", "interfaces": 1, "log_agent_heartbeats": false, "routers": 2},created_at=2021-11-29T08:48:22Z,description=,heartbeat_timestamp=2021-11-29T08:55:52Z,host='dv-neutron-815687-3-hyperv',id=5f4d7d19-048d-4a05-9881-1d5690bc9ffc,load=0,resource_versions=,resources_synced=,started_at=2021-11-29T08:48:22Z,topic='l3_agent')) {'router_ids': ['021b6f00-ec86-47b8-a52c-f9210efc99e4'], 'active': True} {{(pid=103336) wrapper /usr/local/lib/python3.8/dist-packages/oslo_log/helpers.py:65}}
Nov 29 08:55:59.940459 dv-neutron-815687-3-hyperv neutron-server[103336]: DEBUG neutron.api.rpc.handlers.resources_rpc [None req-a8929afd-3504-411b-aa15-dcbe1bab3102 None None] Pushing event updated for resources: {'Port': ['ID=20f3318c-883b-4248-b930-c7b81727ee01,revision_number=3']} {{(pid=103336) push /opt/stack/neutron/neutron/api/rpc/handlers/resources_rpc.py:237}}
Nov 29 08:55:59.958186 dv-neutron-815687-3-hyperv neutron-server[103334]: DEBUG neutron.plugins.ml2.plugin [None req-18ba9e55-4051-4191-be56-b4e982a68e43 tempest-PortsAdminExtendedAttrsIpV6TestJSON-1243620962 tempest-PortsAdminExtendedAttrsIpV6TestJSON-1243620962-project-admin] Calling delete_port for b11407a8-661d-46e7-a94f-1d3596e94aed owned by {{(pid=103334) delete_port /opt/stack/neutron/neutron/plugins/ml2/plugin.py:2014}}
Nov 29 08:56:00.039016 dv-neutron-815687-3-hyperv neutron-server[103334]: DEBUG neutron_lib.callbacks.manager [None req-21d750f1-1022-4cec-ae8d-6b8c9cddf9f2 tempest-ServersTestJSON-2094647686 tempest-ServersTestJSON-2094647686-project] Publish callbacks ['neutron.plugins.ml2.ovo_rpc._ObjectChangeHandler.handle_event-739169'] for security_group, after_create {{(pid=103334) _notify_loop /usr/local/lib/python3.8/dist-packages/neutron_lib/callbacks/manager.py:175}}
Nov 29 08:56:00.050913 dv-neutron-815687-3-hyperv neutron-server[103334]: DEBUG neutron_lib.callbacks.manager [None req-17f08910-c97b-450d-8c56-c12be7876375 tempest-DHCPAgentSchedulersTestJSON-1214438980 tempest-DHCPAgentSchedulersTestJSON-1214438980-project] Publish callbacks ['neutron.plugins.ml2.plugin.Ml2Plugin._network_delete_after_delete_handler-133879502', 'neutron.plugins.ml2.ovo_rpc._ObjectChangeHandler.handle_event-736183', 'neutron.api.rpc.agentnotifiers.dhcp_rpc_agent_api.DhcpAgentNotifyAPI._native_event_send_dhcp_notification-629843', 'neutron.services.l3_router.l3_router_plugin.DVRResourceOperationHandler.delete_fip_namespaces_for_ext_net-551101'] for network, after_delete {{(pid=103334) _notify_loop /usr/local/lib/python3.8/dist-packages/neutron_lib/callbacks/manager.py:175}}
Nov 29 08:56:00.060226 dv-neutron-815687-3-hyperv neutron-server[103335]: DEBUG neutron.plugins.ml2.managers [None req-b506b5c7-d6fd-443c-8f19-1989d8c07d46 None None] Attempting to bind port 244de9c7-3483-4716-a140-755804c735b3 on host dv-neutron-815687-3-hyperv for vnic_type normal with profile {{(pid=103335) bind_port /opt/stack/neutron/neutron/plugins/ml2/managers.py:795}}
Nov 29 08:56:00.060605 dv-neutron-815687-3-hyperv neutron-server[103335]: DEBUG neutron.plugins.ml2.managers [None req-b506b5c7-d6fd-443c-8f19-1989d8c07d46 None None] Attempting to bind port 244de9c7-3483-4716-a140-755804c735b3 by drivers openvswitch,hyperv on host dv-neutron-815687-3-hyperv at level 0 using segments [{'id': '291b7563-f409-44a2-bf38-14d4c55cca93', 'network_type': 'vlan', 'physical_network': 'physnet1', 'segmentation_id': 632, 'network_id': 'a576f5b2-12fe-4e4a-af9d-0206a16dac73'}] {{(pid=103335) _bind_port_level /opt/stack/neutron/neutron/plugins/ml2/managers.py:820}}
Nov 29 08:56:00.061025 dv-neutron-815687-3-hyperv neutron-server[103335]: DEBUG neutron.plugins.ml2.drivers.mech_agent [None req-b506b5c7-d6fd-443c-8f19-1989d8c07d46 None None] Attempting to bind port 244de9c7-3483-4716-a140-755804c735b3 on network a576f5b2-12fe-4e4a-af9d-0206a16dac73 {{(pid=103335) bind_port /opt/stack/neutron/neutron/plugins/ml2/drivers/mech_agent.py:91}}
Nov 29 08:56:00.073316 dv-neutron-815687-3-hyperv neutron-server[103336]: DEBUG neutron.db.l3_dvr_db [None req-2e24acb4-2eb4-47d6-9c28-d43f0a16fa38 None None] Set router 021b6f00-ec86-47b8-a52c-f9210efc99e4 gateway port host: None {{(pid=103336) _build_routers_list /opt/stack/neutron/neutron/db/l3_dvr_db.py:906}}
Nov 29 08:56:00.081552 dv-neutron-815687-3-hyperv neutron-server[103335]: DEBUG neutron.plugins.ml2.drivers.mech_agent [None req-b506b5c7-d6fd-443c-8f19-1989d8c07d46 None None] Checking agent: {'id': '960cf243-7b6e-4df2-bf5e-7a5fdde5d18b', 'agent_type': 'Open vSwitch agent', 'binary': 'neutron-openvswitch-agent', 'topic': 'N/A', 'host': 'dv-neutron-815687-3-hyperv', 'admin_state_up': True, 'created_at': datetime.datetime(2021, 11, 29, 8, 48, 25), 'started_at': datetime.datetime(2021, 11, 29, 8, 48, 55), 'heartbeat_timestamp': datetime.datetime(2021, 11, 29, 8, 55, 55), 'description': None, 'resources_synced': None, 'availability_zone': None, 'alive': True, 'configurations': {'arp_responder_enabled': False, 'baremetal_smartnic': False, 'bridge_mappings': {'physnet1': 'br-data'}, 'datapath_type': 'system', 'devices': 0, 'enable_distributed_routing': False, 'extensions': [], 'in_distributed_mode': False, 'integration_bridge': 'br-int', 'l2_population': False, 'log_agent_heartbeats': False, 'ovs_capabilities': {'datapath_types': ['netdev', 'system'], 'iface_types': ['erspan', 'geneve', 'gre', 'internal', 'ip6erspan', 'ip6gre', 'lisp', 'patch', 'stt', 'system', 'tap', 'vxlan']}, 'ovs_hybrid_plug': False, 'resource_provider_bandwidths': {}, 'resource_provider_hypervisors': {'br-data': 'dv-neutron-815687-3-hyperv'}, 'resource_provider_inventory_defaults': {'allocation_ratio': 1.0, 'min_unit': 1, 'step_size': 1, 'reserved': 0}, 'resource_provider_packet_processing_inventory_defaults': {'allocation_ratio': 1.0, 'min_unit': 1, 'step_size': 1, 'reserved': 0}, 'resource_provider_packet_processing_with_direction': {}, 'resource_provider_packet_processing_without_direction': {}, 'tunnel_types': [], 'tunneling_ip': None, 'vhostuser_socket_dir': '/var/run/openvswitch'}, 'resource_versions': {'AddressGroup': '1.2', 'ConntrackHelper': '1.0', 'Log': '1.0', 'Network': '1.1', 'Port': '1.7', 'PortForwarding': '1.2', 'QosPolicy': '1.10', 'SecurityGroup': '1.5', 'SecurityGroupRule': '1.2', 'SubPort': '1.0', 'Subnet': '1.1', 'Trunk': '1.1'}} {{(pid=103335) bind_port /opt/stack/neutron/neutron/plugins/ml2/drivers/mech_agent.py:110}}
Nov 29 08:56:00.081879 dv-neutron-815687-3-hyperv neutron-server[103335]: DEBUG neutron.plugins.ml2.drivers.mech_agent [None req-b506b5c7-d6fd-443c-8f19-1989d8c07d46 None None] Checking segment: {'id': '291b7563-f409-44a2-bf38-14d4c55cca93', 'network_type': 'vlan', 'physical_network': 'physnet1', 'segmentation_id': 632, 'network_id': 'a576f5b2-12fe-4e4a-af9d-0206a16dac73'} for mappings: {'physnet1': 'br-data'} with network types: ['local', 'flat', 'vlan'] {{(pid=103335) check_segment_for_agent /opt/stack/neutron/neutron/plugins/ml2/drivers/mech_agent.py:371}}
Nov 29 08:56:00.082351 dv-neutron-815687-3-hyperv neutron-server[103335]: DEBUG neutron_lib.callbacks.manager [None req-b506b5c7-d6fd-443c-8f19-1989d8c07d46 None None] Publish callbacks [] for ovs_bridge_name, before_read {{(pid=103335) _notify_loop /usr/local/lib/python3.8/dist-packages/neutron_lib/callbacks/manager.py:175}}
Nov 29 08:56:00.082759 dv-neutron-815687-3-hyperv neutron-server[103335]: DEBUG neutron.plugins.ml2.drivers.mech_agent [None req-b506b5c7-d6fd-443c-8f19-1989d8c07d46 None None] Bound using segment: {'id': '291b7563-f409-44a2-bf38-14d4c55cca93', 'network_type': 'vlan', 'physical_network': 'physnet1', 'segmentation_id': 632, 'network_id': 'a576f5b2-12fe-4e4a-af9d-0206a16dac73'} {{(pid=103335) bind_port /opt/stack/neutron/neutron/plugins/ml2/drivers/mech_agent.py:120}}
Nov 29 08:56:00.083303 dv-neutron-815687-3-hyperv neutron-server[103335]: DEBUG neutron.plugins.ml2.managers [None req-b506b5c7-d6fd-443c-8f19-1989d8c07d46 None None] Bound port: 244de9c7-3483-4716-a140-755804c735b3, host: dv-neutron-815687-3-hyperv, vif_type: ovs, vif_details: {"connectivity": "l2", "port_filter": true, "ovs_hybrid_plug": false, "datapath_type": "system", "bridge_name": "br-int"}, binding_levels: [{'bound_driver': 'openvswitch', 'bound_segment': {'id': '291b7563-f409-44a2-bf38-14d4c55cca93', 'network_type': 'vlan', 'physical_network': 'physnet1', 'segmentation_id': 632, 'network_id': 'a576f5b2-12fe-4e4a-af9d-0206a16dac73'}}] {{(pid=103335) _bind_port_level /opt/stack/neutron/neutron/plugins/ml2/managers.py:932}}
Nov 29 08:56:00.093941 dv-neutron-815687-3-hyperv neutron-server[103335]: DEBUG neutron_lib.callbacks.manager [None req-b506b5c7-d6fd-443c-8f19-1989d8c07d46 None None] Publish callbacks ['neutron.plugins.ml2.plugin.SecurityGroupDbMixin._ensure_default_security_group_handler-133905607'] for port, before_update {{(pid=103335) _notify_loop /usr/local/lib/python3.8/dist-packages/neutron_lib/callbacks/manager.py:175}}
Nov 29 08:56:00.094128 dv-neutron-815687-3-hyperv neutron-server[103333]: DEBUG neutron_lib.callbacks.manager [None req-493a23ca-bef3-421c-b665-e8be3860cf66 tempest-RoutersIpV6AdminTest-1680605473 tempest-RoutersIpV6AdminTest-1680605473-project-admin] Publish callbacks ['neutron.plugins.ml2.plugin.SecurityGroupServerNotifierRpcMixin._notify_sg_on_port_change-133905414', 'neutron.plugins.ml2.ovo_rpc._ObjectChangeHandler.handle_event-79690', 'neutron.api.rpc.agentnotifiers.dhcp_rpc_agent_api.DhcpAgentNotifyAPI._native_event_send_dhcp_notification-629843', 'neutron.db.l3_db.L3RpcNotifierMixin._notify_routers_callback-8771732419723', 'neutron.db.l3_dvrscheduler_db._notify_port_delete-8771731866844'] for port, after_delete {{(pid=103333) _notify_loop /usr/local/lib/python3.8/dist-packages/neutron_lib/callbacks/manager.py:175}}
Nov 29 08:56:00.155897 dv-neutron-815687-3-hyperv neutron-server[103333]: DEBUG neutron.api.rpc.handlers.resources_rpc [None req-493a23ca-bef3-421c-b665-e8be3860cf66 tempest-RoutersIpV6AdminTest-1680605473 tempest-RoutersIpV6AdminTest-1680605473-project-admin] Pushing event deleted for resources: {'Port': ['ID=20f3318c-883b-4248-b930-c7b81727ee01,revision_number=None']} {{(pid=103333) push /opt/stack/neutron/neutron/api/rpc/handlers/resources_rpc.py:237}}
