Feb 07 11:32:57.351650 dv-neutron-815120-4-hyperv neutron-server[103012]: DEBUG neutron_lib.callbacks.manager [None req-ad84a38f-a70b-4d78-86fc-57bf1c7b1cc6 admin admin] Publish callbacks [] for security_group (None), before_create {{(pid=103012) _notify_loop /usr/local/lib/python3.8/dist-packages/neutron_lib/callbacks/manager.py:176}}
Feb 07 11:32:57.388080 dv-neutron-815120-4-hyperv neutron-server[103013]: DEBUG neutron_lib.callbacks.manager [None req-672f42c6-99f6-425e-aaab-24609c159bb0 tempest-ExternalNetworksTestJSON-1559208344 tempest-ExternalNetworksTestJSON-1559208344-project-admin] Publish callbacks ['neutron.services.auto_allocate.db._ensure_external_network_default_value_callback-8728479252776'] for network (b4917497-9f8b-4786-bce4-eced5b40b9ac), precommit_update {{(pid=103013) _notify_loop /usr/local/lib/python3.8/dist-packages/neutron_lib/callbacks/manager.py:176}}
Feb 07 11:32:57.424114 dv-neutron-815120-4-hyperv neutron-server[103012]: DEBUG neutron.api.rpc.handlers.resources_rpc [None req-95945ed1-a107-4b1b-a377-a0a29841f413 service neutron] Pushing event updated for resources: {'Port': ['ID=31e7446f-46a6-4c54-93c7-4fa2a902b006,revision_number=3']} {{(pid=103012) push /opt/stack/neutron/neutron/api/rpc/handlers/resources_rpc.py:237}}
Feb 07 11:32:57.451819 dv-neutron-815120-4-hyperv neutron-server[103012]: DEBUG neutron_lib.callbacks.manager [None req-c8d5728f-c15e-4760-884e-8b158b8583f7 tempest-ExtraDHCPOptionsTestJSON-24712542 tempest-ExtraDHCPOptionsTestJSON-24712542-project] Publish callbacks ['neutron.plugins.ml2.plugin.SecurityGroupServerNotifierRpcMixin._notify_sg_on_port_change-706623', 'neutron.plugins.ml2.ovo_rpc._ObjectChangeHandler.handle_event-28447', 'neutron.api.rpc.agentnotifiers.dhcp_rpc_agent_api.DhcpAgentNotifyAPI._native_event_send_dhcp_notification-1599130', 'neutron.db.l3_db.L3RpcNotifierMixin._notify_routers_callback-8728479846391', 'neutron.db.l3_dvrscheduler_db._notify_port_delete-8728479307475', 'neutron.services.segments.plugin.NovaSegmentNotifier._notify_port_created_or_deleted-9494679'] for port (385e6701-73aa-404f-9325-2e3df171aa62), after_delete {{(pid=103012) _notify_loop /usr/local/lib/python3.8/dist-packages/neutron_lib/callbacks/manager.py:176}}
Feb 07 11:32:57.488898 dv-neutron-815120-4-hyperv neutron-server[103013]: DEBUG neutron.api.rpc.handlers.resources_rpc [None req-7c760a3e-9b93-45ca-b61c-839a668356f3 service neutron] Pushing event updated for resources: {'Port': ['ID=f32b5aa9-ae56-4be8-b654-bc3a0e2a3c22,revision_number=2']} {{(pid=103013) push /opt/stack/neutron/neutron/api/rpc/handlers/resources_rpc.py:237}}
Feb 07 11:32:57.500126 dv-neutron-815120-4-hyperv neutron-server[103013]: DEBUG neutron_lib.callbacks.manager [None req-7b4e5d1c-0f59-4401-abd3-77bfca3b9290 tempest-NetworksTestDHCPv6-335607362 tempest-NetworksTestDHCPv6-335607362-project] Publish callbacks ['neutron.services.segments.plugin.Plugin._validate_auto_address_subnet_delete-9685565'] for subnet (ae62a386-2603-44bd-abc1-0578558234da), precommit_delete_associations {{(pid=103013) _notify_loop /usr/local/lib/python3.8/dist-packages/neutron_lib/callbacks/manager.py:176}}
Feb 07 11:32:57.505073 dv-neutron-815120-4-hyperv neutron-server[103012]: DEBUG neutron.api.rpc.handlers.resources_rpc [None req-c8d5728f-c15e-4760-884e-8b158b8583f7 tempest-ExtraDHCPOptionsTestJSON-24712542 tempest-ExtraDHCPOptionsTestJSON-24712542-project] Pushing event deleted for resources: {'Port': ['ID=385e6701-73aa-404f-9325-2e3df171aa62,revision_number=None']} {{(pid=103012) push /opt/stack/neutron/neutron/api/rpc/handlers/resources_rpc.py:237}}
Feb 07 11:32:57.516898 dv-neutron-815120-4-hyperv neutron-server[103012]: DEBUG neutron.db.l3_dvrscheduler_db [None req-c8d5728f-c15e-4760-884e-8b158b8583f7 tempest-ExtraDHCPOptionsTestJSON-24712542 tempest-ExtraDHCPOptionsTestJSON-24712542-project] No DVR routers for this DVR port 385e6701-73aa-404f-9325-2e3df171aa62 on host dv-neutron-815120-4-hyperv {{(pid=103012) get_dvr_routers_to_remove /opt/stack/neutron/neutron/db/l3_dvrscheduler_db.py:214}}
Feb 07 11:32:57.549701 dv-neutron-815120-4-hyperv neutron-server[103012]: DEBUG neutron.pecan_wsgi.hooks.policy_enforcement [req-ed4228d1-db97-4934-b949-53a284cf7728 req-23cc24a4-515b-4cd4-9c68-5c4a6361d4bf service neutron] Attributes excluded by policy engine: ['standard_attr_id'] {{(pid=103012) _exclude_attributes_by_policy /opt/stack/neutron/neutron/pecan_wsgi/hooks/policy_enforcement.py:255}}
Feb 07 11:32:57.551199 dv-neutron-815120-4-hyperv neutron-server[103012]: INFO neutron.wsgi [req-ed4228d1-db97-4934-b949-53a284cf7728 req-23cc24a4-515b-4cd4-9c68-5c4a6361d4bf service neutron] 10.222.0.65 "GET /v2.0/ports?network_id=7a82c7fc-3c2e-4f66-8a32-358a7caa34bd&device_owner=network%3Adhcp HTTP/1.1" status: 200 len: 1214 time: 0.2964869
Feb 07 11:32:57.557957 dv-neutron-815120-4-hyperv neutron-server[103013]: DEBUG neutron_lib.callbacks.manager [None req-672f42c6-99f6-425e-aaab-24609c159bb0 tempest-ExternalNetworksTestJSON-1559208344 tempest-ExternalNetworksTestJSON-1559208344-project-admin] Publish callbacks ['neutron.plugins.ml2.ovo_rpc._ObjectChangeHandler.handle_event-1658700', 'neutron.api.rpc.agentnotifiers.dhcp_rpc_agent_api.DhcpAgentNotifyAPI._native_event_send_dhcp_notification-1599130'] for network (b4917497-9f8b-4786-bce4-eced5b40b9ac), after_update {{(pid=103013) _notify_loop /usr/local/lib/python3.8/dist-packages/neutron_lib/callbacks/manager.py:176}}
Feb 07 11:32:57.564398 dv-neutron-815120-4-hyperv neutron-server[103012]: DEBUG neutron.pecan_wsgi.hooks.policy_enforcement [req-0828c5ba-d9e6-4373-8239-7282aa408d07 req-68a235b1-aef8-4db3-a10d-5dad905bd033 tempest-ServersTestJSON-1432180850 tempest-ServersTestJSON-1432180850-project] Attributes excluded by policy engine: ['standard_attr_id', 'binding:profile', 'binding:host_id', 'binding:vif_type', 'binding:vif_details'] {{(pid=103012) _exclude_attributes_by_policy /opt/stack/neutron/neutron/pecan_wsgi/hooks/policy_enforcement.py:255}}
Feb 07 11:32:57.565903 dv-neutron-815120-4-hyperv neutron-server[103012]: INFO neutron.wsgi [req-0828c5ba-d9e6-4373-8239-7282aa408d07 req-68a235b1-aef8-4db3-a10d-5dad905bd033 tempest-ServersTestJSON-1432180850 tempest-ServersTestJSON-1432180850-project] 10.222.0.31 "GET /v2.0/ports?device_id=92a4451e-833f-4e9d-b346-f78ba8516f9d HTTP/1.1" status: 200 len: 943 time: 0.3424399
Feb 07 11:32:57.678539 dv-neutron-815120-4-hyperv neutron-server[103012]: DEBUG neutron.pecan_wsgi.hooks.policy_enforcement [req-71c6b9da-6b4c-41a3-a5ce-e6952667edfb req-153c3e84-927c-4f7b-8a5a-c5f430370cb5 service neutron] Attributes excluded by policy engine: ['standard_attr_id'] {{(pid=103012) _exclude_attributes_by_policy /opt/stack/neutron/neutron/pecan_wsgi/hooks/policy_enforcement.py:255}}
Feb 07 11:32:57.680161 dv-neutron-815120-4-hyperv neutron-server[103012]: INFO neutron.wsgi [req-71c6b9da-6b4c-41a3-a5ce-e6952667edfb req-153c3e84-927c-4f7b-8a5a-c5f430370cb5 service neutron] 10.222.0.65 "GET /v2.0/ports?tenant_id=bd929f90325149a1a129ca33b6faa139&device_id=af021d7e-990f-4bbc-b4bd-3762a6bed69a HTTP/1.1" status: 200 len: 1127 time: 0.3107922
Feb 07 11:32:57.735660 dv-neutron-815120-4-hyperv neutron-server[103012]: DEBUG neutron_lib.callbacks.manager [None req-c8d5728f-c15e-4760-884e-8b158b8583f7 tempest-ExtraDHCPOptionsTestJSON-24712542 tempest-ExtraDHCPOptionsTestJSON-24712542-project] Publish callbacks ['neutron.plugins.ml2.plugin.Ml2Plugin._network_delete_precommit_handler-1360033', 'neutron.services.segments.db._delete_segments_for_network-8728479751105'] for network (8dba4697-d7a8-4de3-994a-5d8781e07490), precommit_delete {{(pid=103012) _notify_loop /usr/local/lib/python3.8/dist-packages/neutron_lib/callbacks/manager.py:176}}
Feb 07 11:32:57.796475 dv-neutron-815120-4-hyperv neutron-server[103012]: INFO neutron.wsgi [req-71c6b9da-6b4c-41a3-a5ce-e6952667edfb req-0ee1e452-0fa9-4f9d-ac12-e72d3abdcfa4 service neutron] 10.222.0.65 "GET /v2.0/floatingips?fixed_ip_address=172.20.0.9&port_id=31e7446f-46a6-4c54-93c7-4fa2a902b006 HTTP/1.1" status: 200 len: 217 time: 0.1002958
Feb 07 11:32:57.837127 dv-neutron-815120-4-hyperv neutron-server[103012]: DEBUG neutron_lib.callbacks.manager [None req-ad84a38f-a70b-4d78-86fc-57bf1c7b1cc6 admin admin] Publish callbacks [] for security_group (34e182b1-2aa5-4eac-95d6-49f984e03012), precommit_create {{(pid=103012) _notify_loop /usr/local/lib/python3.8/dist-packages/neutron_lib/callbacks/manager.py:176}}
Feb 07 11:32:57.849722 dv-neutron-815120-4-hyperv neutron-server[103012]: DEBUG neutron.services.segments.db [None req-c8d5728f-c15e-4760-884e-8b158b8583f7 tempest-ExtraDHCPOptionsTestJSON-24712542 tempest-ExtraDHCPOptionsTestJSON-24712542-project] neutron.services.segments.plugin.Plugin method get_segments called with arguments (,) {'filters': {'network_id': ['8dba4697-d7a8-4de3-994a-5d8781e07490']}} {{(pid=103012) wrapper /usr/local/lib/python3.8/dist-packages/oslo_log/helpers.py:65}}
Feb 07 11:32:57.856472 dv-neutron-815120-4-hyperv neutron-server[103013]: DEBUG neutron.api.rpc.agentnotifiers.dhcp_rpc_agent_api [None req-672f42c6-99f6-425e-aaab-24609c159bb0 tempest-ExternalNetworksTestJSON-1559208344 tempest-ExternalNetworksTestJSON-1559208344-project-admin] Network b4917497-9f8b-4786-bce4-eced5b40b9ac is not hosted by any dhcp agent {{(pid=103013) _notify_agents /opt/stack/neutron/neutron/api/rpc/agentnotifiers/dhcp_rpc_agent_api.py:225}}
Feb 07 11:32:57.857372 dv-neutron-815120-4-hyperv neutron-server[103013]: DEBUG neutron.pecan_wsgi.hooks.policy_enforcement [None req-672f42c6-99f6-425e-aaab-24609c159bb0 tempest-ExternalNetworksTestJSON-1559208344 tempest-ExternalNetworksTestJSON-1559208344-project-admin] Attributes excluded by policy engine: ['standard_attr_id', 'vlan_transparent'] {{(pid=103013) _exclude_attributes_by_policy /opt/stack/neutron/neutron/pecan_wsgi/hooks/policy_enforcement.py:255}}
Feb 07 11:32:57.857966 dv-neutron-815120-4-hyperv neutron-server[103013]: DEBUG neutron_lib.callbacks.manager [None req-672f42c6-99f6-425e-aaab-24609c159bb0 tempest-ExternalNetworksTestJSON-1559208344 tempest-ExternalNetworksTestJSON-1559208344-project-admin] Publish callbacks [] for network (None), before_response {{(pid=103013) _notify_loop /usr/local/lib/python3.8/dist-packages/neutron_lib/callbacks/manager.py:176}}
Feb 07 11:32:57.859258 dv-neutron-815120-4-hyperv neutron-server[103013]: INFO neutron.wsgi [None req-672f42c6-99f6-425e-aaab-24609c159bb0 tempest-ExternalNetworksTestJSON-1559208344 tempest-ExternalNetworksTestJSON-1559208344-project-admin] 10.222.0.31 "PUT /v2.0/networks/b4917497-9f8b-4786-bce4-eced5b40b9ac HTTP/1.1" status: 200 len: 858 time: 1.8398468
Feb 07 11:32:57.883510 dv-neutron-815120-4-hyperv neutron-server[103012]: DEBUG neutron_lib.callbacks.manager [None req-ad84a38f-a70b-4d78-86fc-57bf1c7b1cc6 admin admin] Publish callbacks ['neutron.plugins.ml2.ovo_rpc._ObjectChangeHandler.handle_event-1656061'] for security_group (34e182b1-2aa5-4eac-95d6-49f984e03012), after_create {{(pid=103012) _notify_loop /usr/local/lib/python3.8/dist-packages/neutron_lib/callbacks/manager.py:176}}
Feb 07 11:32:57.891494 dv-neutron-815120-4-hyperv neutron-server[103012]: DEBUG neutron.wsgi [-] (103012) accepted ('10.222.0.31', 59952) {{(pid=103012) server /usr/local/lib/python3.8/dist-packages/eventlet/wsgi.py:1004}}
Feb 07 11:32:57.894130 dv-neutron-815120-4-hyperv neutron-server[103014]: DEBUG neutron_lib.callbacks.manager [None req-3a7a2bf2-e66a-4739-b2a8-200f518aa6a2 None None] Publish callbacks ['neutron.services.segments.db._update_segment_host_mapping_for_agent-8728479751087', 'neutron.plugins.ml2.plugin.Ml2Plugin._retry_binding_revived_agents-1375402'] for agent (156fc713-011b-4c32-af91-05dbd3e387c3), after_update {{(pid=103014) _notify_loop /usr/local/lib/python3.8/dist-packages/neutron_lib/callbacks/manager.py:176}}
Feb 07 11:32:57.905725 dv-neutron-815120-4-hyperv neutron-server[103013]: INFO neutron.wsgi [req-609c600c-bbd8-4f73-8ea8-5a5ff32c01c2 req-28d4bbfd-24ed-444f-8075-f5129a94a918 tempest-ServerActionsTestJSON-810671563 tempest-ServerActionsTestJSON-810671563-project] 10.222.0.31 "GET /v2.0/security-groups?id=2a596d88-64b2-4cb6-adc4-e6c490b2dcfa&fields=id&fields=name HTTP/1.1" status: 200 len: 313 time: 0.7163274
Feb 07 11:32:57.912549 dv-neutron-815120-4-hyperv neutron-server[103012]: DEBUG neutron.services.segments.db [None req-c8d5728f-c15e-4760-884e-8b158b8583f7 tempest-ExtraDHCPOptionsTestJSON-24712542 tempest-ExtraDHCPOptionsTestJSON-24712542-project] neutron.services.segments.plugin.Plugin method delete_segment called with arguments (, 'e8dc94cc-e133-4762-80da-efef28ee0c67') {'for_net_delete': True} {{(pid=103012) wrapper /usr/local/lib/python3.8/dist-packages/oslo_log/helpers.py:65}}
Feb 07 11:32:57.912881 dv-neutron-815120-4-hyperv neutron-server[103012]: DEBUG neutron.services.segments.db [None req-c8d5728f-c15e-4760-884e-8b158b8583f7 tempest-ExtraDHCPOptionsTestJSON-24712542 tempest-ExtraDHCPOptionsTestJSON-24712542-project] neutron.services.segments.plugin.Plugin method get_segment called with arguments (, 'e8dc94cc-e133-4762-80da-efef28ee0c67') {} {{(pid=103012) wrapper /usr/local/lib/python3.8/dist-packages/oslo_log/helpers.py:65}}
Feb 07 11:32:57.917160 dv-neutron-815120-4-hyperv neutron-server[103012]: INFO neutron.wsgi [req-0828c5ba-d9e6-4373-8239-7282aa408d07 req-d61eaa5a-d4f1-430a-9f6b-953d13142c7b tempest-ServersTestJSON-1432180850 tempest-ServersTestJSON-1432180850-project] 10.222.0.31 "GET /v2.0/security-groups?id=965fb33e-6135-41d8-ac33-7d902b16af12&fields=id&fields=name HTTP/1.1" status: 200 len: 313 time: 0.3308296
Feb 07 11:32:57.958397 dv-neutron-815120-4-hyperv neutron-server[103012]: DEBUG neutron_lib.callbacks.manager [None req-c8d5728f-c15e-4760-884e-8b158b8583f7 tempest-ExtraDHCPOptionsTestJSON-24712542 tempest-ExtraDHCPOptionsTestJSON-24712542-project] Publish callbacks ['neutron.plugins.ml2.db._prevent_segment_delete_with_port_bound-8728479753162', 'neutron.services.segments.plugin.Plugin._prevent_segment_delete_with_subnet_associated-9498328'] for segment (e8dc94cc-e133-4762-80da-efef28ee0c67), before_delete {{(pid=103012) _notify_loop /usr/local/lib/python3.8/dist-packages/neutron_lib/callbacks/manager.py:176}}
Feb 07 11:32:57.968639 dv-neutron-815120-4-hyperv neutron-server[103013]: DEBUG neutron.api.rpc.handlers.resources_rpc [None req-672f42c6-99f6-425e-aaab-24609c159bb0 tempest-ExternalNetworksTestJSON-1559208344 tempest-ExternalNetworksTestJSON-1559208344-project-admin] Pushing event updated for resources: {'Network': ['ID=b4917497-9f8b-4786-bce4-eced5b40b9ac,revision_number=2']} {{(pid=103013) push /opt/stack/neutron/neutron/api/rpc/handlers/resources_rpc.py:237}}
Feb 07 11:32:58.000403 dv-neutron-815120-4-hyperv neutron-server[103013]: DEBUG neutron.plugins.ml2.managers [req-197590eb-a756-4e57-a711-1a8349cdf9a0 req-7c760a3e-9b93-45ca-b61c-839a668356f3 service neutron] Attempting to bind port f32b5aa9-ae56-4be8-b654-bc3a0e2a3c22 on host hv-neutron-8151 for vnic_type normal with profile {{(pid=103013) bind_port /opt/stack/neutron/neutron/plugins/ml2/managers.py:795}}
Feb 07 11:32:58.000958 dv-neutron-815120-4-hyperv neutron-server[103013]: DEBUG neutron.plugins.ml2.managers [req-197590eb-a756-4e57-a711-1a8349cdf9a0 req-7c760a3e-9b93-45ca-b61c-839a668356f3 service neutron] Attempting to bind port f32b5aa9-ae56-4be8-b654-bc3a0e2a3c22 by drivers openvswitch,hyperv on host hv-neutron-8151 at level 0 using segments [{'id': '4f4a8eec-1cc4-45b4-89fb-4dd1ea5617bf', 'network_type': 'vlan', 'physical_network': 'physnet1', 'segmentation_id': 567, 'network_id': '833143f1-04cf-49dc-a265-07313c8c29b0'}] {{(pid=103013) _bind_port_level /opt/stack/neutron/neutron/plugins/ml2/managers.py:820}}
Feb 07 11:32:58.001309 dv-neutron-815120-4-hyperv neutron-server[103013]: DEBUG neutron.plugins.ml2.drivers.mech_agent [req-197590eb-a756-4e57-a711-1a8349cdf9a0 req-7c760a3e-9b93-45ca-b61c-839a668356f3 service neutron] Attempting to bind port f32b5aa9-ae56-4be8-b654-bc3a0e2a3c22 on network 833143f1-04cf-49dc-a265-07313c8c29b0 {{(pid=103013) bind_port /opt/stack/neutron/neutron/plugins/ml2/drivers/mech_agent.py:91}}
Feb 07 11:32:58.017519 dv-neutron-815120-4-hyperv neutron-server[103012]: INFO neutron.wsgi [req-ed4228d1-db97-4934-b949-53a284cf7728 req-363c3952-c9d9-4fca-bd93-bb651fe34678 service neutron] 10.222.0.65 "GET /v2.0/networks/7a82c7fc-3c2e-4f66-8a32-358a7caa34bd?fields=segments HTTP/1.1" status: 200 len: 212 time: 0.4503782
Feb 07 11:32:58.031080 dv-neutron-815120-4-hyperv neutron-server[103012]: DEBUG neutron.pecan_wsgi.hooks.policy_enforcement [req-71c6b9da-6b4c-41a3-a5ce-e6952667edfb req-2ab4d051-c034-40cb-beb4-e881245a3214 service neutron] Attributes excluded by policy engine: ['standard_attr_id', 'shared', 'segment_id'] {{(pid=103012) _exclude_attributes_by_policy /opt/stack/neutron/neutron/pecan_wsgi/hooks/policy_enforcement.py:255}}
Feb 07 11:32:58.032613 dv-neutron-815120-4-hyperv neutron-server[103012]: INFO neutron.wsgi [req-71c6b9da-6b4c-41a3-a5ce-e6952667edfb req-2ab4d051-c034-40cb-beb4-e881245a3214 service neutron] 10.222.0.65 "GET /v2.0/subnets?id=38f9d43a-906a-4124-a710-cb22f34e3d11 HTTP/1.1" status: 200 len: 851 time: 0.2173014
Feb 07 11:32:58.035329 dv-neutron-815120-4-hyperv neutron-server[103012]: INFO neutron.wsgi [None req-ad84a38f-a70b-4d78-86fc-57bf1c7b1cc6 admin admin] 10.222.0.31 "GET /v2.0/security-groups?tenant_id=b631c0232490493388a4c3bf8d210f6e&name=default HTTP/1.1" status: 200 len: 2996 time: 0.9997590
Feb 07 11:32:58.039517 dv-neutron-815120-4-hyperv neutron-server[103013]: DEBUG neutron.plugins.ml2.drivers.mech_agent [req-197590eb-a756-4e57-a711-1a8349cdf9a0 req-7c760a3e-9b93-45ca-b61c-839a668356f3 service neutron] Port f32b5aa9-ae56-4be8-b654-bc3a0e2a3c22 on network 833143f1-04cf-49dc-a265-07313c8c29b0 not bound, no agent of type Open vSwitch agent registered on host hv-neutron-8151 {{(pid=103013) bind_port /opt/stack/neutron/neutron/plugins/ml2/drivers/mech_agent.py:103}}
Feb 07 11:32:58.039517 dv-neutron-815120-4-hyperv neutron-server[103013]: DEBUG neutron.plugins.ml2.drivers.mech_agent [req-197590eb-a756-4e57-a711-1a8349cdf9a0 req-7c760a3e-9b93-45ca-b61c-839a668356f3 service neutron] Attempting to bind port f32b5aa9-ae56-4be8-b654-bc3a0e2a3c22 on network 833143f1-04cf-49dc-a265-07313c8c29b0 {{(pid=103013) bind_port /opt/stack/neutron/neutron/plugins/ml2/drivers/mech_agent.py:91}}
Feb 07 11:32:58.044237 dv-neutron-815120-4-hyperv neutron-server[103012]: DEBUG neutron.api.rpc.handlers.resources_rpc [None req-ad84a38f-a70b-4d78-86fc-57bf1c7b1cc6 admin admin] Pushing event updated for resources: {'SecurityGroup': ['ID=34e182b1-2aa5-4eac-95d6-49f984e03012,revision_number=1']} {{(pid=103012) push /opt/stack/neutron/neutron/api/rpc/handlers/resources_rpc.py:237}}
Feb 07 11:32:58.046804 dv-neutron-815120-4-hyperv neutron-server[103013]: DEBUG neutron.wsgi [-] (103013) accepted ('10.222.0.31', 59954) {{(pid=103013) server /usr/local/lib/python3.8/dist-packages/eventlet/wsgi.py:1004}}
Feb 07 11:32:58.047125 dv-neutron-815120-4-hyperv neutron-server[103012]: DEBUG neutron_lib.callbacks.manager [None req-c8d5728f-c15e-4760-884e-8b158b8583f7 tempest-ExtraDHCPOptionsTestJSON-24712542 tempest-ExtraDHCPOptionsTestJSON-24712542-project] Publish callbacks ['neutron.plugins.ml2.plugin.Ml2Plugin._handle_segment_change-1413388'] for segment (e8dc94cc-e133-4762-80da-efef28ee0c67), precommit_delete {{(pid=103012) _notify_loop /usr/local/lib/python3.8/dist-packages/neutron_lib/callbacks/manager.py:176}}
Feb 07 11:32:58.076414 dv-neutron-815120-4-hyperv neutron-server[103013]: DEBUG neutron_lib.callbacks.manager [None req-7b4e5d1c-0f59-4401-abd3-77bfca3b9290 tempest-NetworksTestDHCPv6-335607362 tempest-NetworksTestDHCPv6-335607362-project] Publish callbacks ['neutron.plugins.ml2.plugin.Ml2Plugin._subnet_delete_precommit_handler-1411894'] for subnet (ae62a386-2603-44bd-abc1-0578558234da), precommit_delete {{(pid=103013) _notify_loop /usr/local/lib/python3.8/dist-packages/neutron_lib/callbacks/manager.py:176}}
Feb 07 11:32:58.080083 dv-neutron-815120-4-hyperv neutron-server[103013]: DEBUG neutron.plugins.ml2.drivers.mech_agent [req-197590eb-a756-4e57-a711-1a8349cdf9a0 req-7c760a3e-9b93-45ca-b61c-839a668356f3 service neutron] Checking agent: {'id': 'e1dad165-6322-4b6d-9fac-9da6d500319e', 'agent_type': 'HyperV agent', 'binary': 'neutron-hyperv-agent', 'topic': 'N/A', 'host': 'hv-neutron-8151', 'admin_state_up': True, 'created_at': datetime.datetime(2022, 2, 7, 11, 30, 40), 'started_at': datetime.datetime(2022, 2, 7, 11, 30, 40), 'heartbeat_timestamp': datetime.datetime(2022, 2, 7, 11, 32, 40), 'description': None, 'resources_synced': None, 'availability_zone': None, 'alive': True, 'configurations': {'vswitch_mappings': {'physnet1$': 'br-data'}}, 'resource_versions': {}} {{(pid=103013) bind_port /opt/stack/neutron/neutron/plugins/ml2/drivers/mech_agent.py:110}}
Feb 07 11:32:58.080457 dv-neutron-815120-4-hyperv neutron-server[103013]: DEBUG neutron.plugins.ml2.drivers.mech_agent [req-197590eb-a756-4e57-a711-1a8349cdf9a0 req-7c760a3e-9b93-45ca-b61c-839a668356f3 service neutron] Checking segment: {'id': '4f4a8eec-1cc4-45b4-89fb-4dd1ea5617bf', 'network_type': 'vlan', 'physical_network': 'physnet1', 'segmentation_id': 567, 'network_id': '833143f1-04cf-49dc-a265-07313c8c29b0'} for mappings: {'physnet1$': 'br-data'} with network types: ['local', 'flat', 'vlan'] {{(pid=103013) check_segment_for_agent /opt/stack/neutron/neutron/plugins/ml2/drivers/mech_agent.py:373}}
Feb 07 11:32:58.081054 dv-neutron-815120-4-hyperv neutron-server[103013]: DEBUG neutron.plugins.ml2.drivers.mech_agent [req-197590eb-a756-4e57-a711-1a8349cdf9a0 req-7c760a3e-9b93-45ca-b61c-839a668356f3 service neutron] Bound using segment: {'id': '4f4a8eec-1cc4-45b4-89fb-4dd1ea5617bf', 'network_type': 'vlan', 'physical_network': 'physnet1', 'segmentation_id': 567, 'network_id': '833143f1-04cf-49dc-a265-07313c8c29b0'} {{(pid=103013) bind_port /opt/stack/neutron/neutron/plugins/ml2/drivers/mech_agent.py:120}}
Feb 07 11:32:58.081532 dv-neutron-815120-4-hyperv neutron-server[103013]: DEBUG neutron.plugins.ml2.managers [req-197590eb-a756-4e57-a711-1a8349cdf9a0 req-7c760a3e-9b93-45ca-b61c-839a668356f3 service neutron] Bound port: f32b5aa9-ae56-4be8-b654-bc3a0e2a3c22, host: hv-neutron-8151, vif_type: hyperv, vif_details: {"connectivity": "legacy", "port_filter": false}, binding_levels: [{'bound_driver': 'hyperv', 'bound_segment': {'id': '4f4a8eec-1cc4-45b4-89fb-4dd1ea5617bf', 'network_type': 'vlan', 'physical_network': 'physnet1', 'segmentation_id': 567, 'network_id': '833143f1-04cf-49dc-a265-07313c8c29b0'}}] {{(pid=103013) _bind_port_level /opt/stack/neutron/neutron/plugins/ml2/managers.py:932}}
Feb 07 11:32:58.081914 dv-neutron-815120-4-hyperv neutron-server[103013]: DEBUG neutron_lib.callbacks.manager [req-197590eb-a756-4e57-a711-1a8349cdf9a0 req-7c760a3e-9b93-45ca-b61c-839a668356f3 service neutron] Publish callbacks ['neutron.plugins.ml2.plugin.SecurityGroupDbMixin._ensure_default_security_group_handler-706707'] for port (f32b5aa9-ae56-4be8-b654-bc3a0e2a3c22), before_update {{(pid=103013) _notify_loop /usr/local/lib/python3.8/dist-packages/neutron_lib/callbacks/manager.py:176}}
Feb 07 11:32:58.109835 dv-neutron-815120-4-hyperv neutron-server[103012]: DEBUG neutron.plugins.ml2.drivers.type_vlan [None req-c8d5728f-c15e-4760-884e-8b158b8583f7 tempest-ExtraDHCPOptionsTestJSON-24712542 tempest-ExtraDHCPOptionsTestJSON-24712542-project] Releasing vlan 586 on physical network physnet1 to pool {{(pid=103012) release_segment /opt/stack/neutron/neutron/plugins/ml2/drivers/type_vlan.py:304}}
Feb 07 11:32:58.110702 dv-neutron-815120-4-hyperv neutron-server[103012]: DEBUG neutron_lib.callbacks.manager [None req-c8d5728f-c15e-4760-884e-8b158b8583f7 tempest-ExtraDHCPOptionsTestJSON-24712542 tempest-ExtraDHCPOptionsTestJSON-24712542-project] Publish callbacks ['neutron.plugins.ml2.plugin.Ml2Plugin._handle_segment_change-1413388', 'neutron.services.segments.plugin.NovaSegmentNotifier._notify_segment_deleted-9494754'] for segment (e8dc94cc-e133-4762-80da-efef28ee0c67), after_delete {{(pid=103012) _notify_loop /usr/local/lib/python3.8/dist-packages/neutron_lib/callbacks/manager.py:176}}
Feb 07 11:32:58.127377 dv-neutron-815120-4-hyperv neutron-server[103012]: /usr/local/lib/python3.8/dist-packages/oslo_db/sqlalchemy/enginefacade.py:676: SAWarning: DELETE statement on table 'portsecuritybindings' expected to delete 1 row(s); 0 were matched. Please set confirm_deleted_rows=False within the mapper configuration to prevent this warning.
Feb 07 11:32:58.127377 dv-neutron-815120-4-hyperv neutron-server[103012]: self.session.flush()
Feb 07 11:32:58.127377 dv-neutron-815120-4-hyperv neutron-server[103012]: /usr/local/lib/python3.8/dist-packages/oslo_db/sqlalchemy/enginefacade.py:676: SAWarning: DELETE statement on table 'ml2_port_bindings' expected to delete 1 row(s); 0 were matched. Please set confirm_deleted_rows=False within the mapper configuration to prevent this warning.
Feb 07 11:32:58.127377 dv-neutron-815120-4-hyperv neutron-server[103012]: self.session.flush()
Feb 07 11:32:58.127377 dv-neutron-815120-4-hyperv neutron-server[103012]: /usr/local/lib/python3.8/dist-packages/oslo_db/sqlalchemy/enginefacade.py:676: SAWarning: DELETE statement on table 'ml2_port_binding_levels' expected to delete 1 row(s); 0 were matched. Please set confirm_deleted_rows=False within the mapper configuration to prevent this warning.
Feb 07 11:32:58.127377 dv-neutron-815120-4-hyperv neutron-server[103012]: self.session.flush()
Feb 07 11:32:58.127377 dv-neutron-815120-4-hyperv neutron-server[103012]: /usr/local/lib/python3.8/dist-packages/oslo_db/sqlalchemy/enginefacade.py:676: SAWarning: DELETE statement on table 'ports' expected to delete 1 row(s); 0 were matched. Please set confirm_deleted_rows=False within the mapper configuration to prevent this warning.
Feb 07 11:32:58.127377 dv-neutron-815120-4-hyperv neutron-server[103012]: self.session.flush()
Feb 07 11:32:58.127377 dv-neutron-815120-4-hyperv neutron-server[103012]: Traceback (most recent call last):
Feb 07 11:32:58.127377 dv-neutron-815120-4-hyperv neutron-server[103012]: File "/usr/local/lib/python3.8/dist-packages/eventlet/hubs/hub.py", line 476, in fire_timers
Feb 07 11:32:58.127377 dv-neutron-815120-4-hyperv neutron-server[103012]: timer()
Feb 07 11:32:58.127377 dv-neutron-815120-4-hyperv neutron-server[103012]: File "/usr/local/lib/python3.8/dist-packages/eventlet/hubs/timer.py", line 59, in __call__
Feb 07 11:32:58.127377 dv-neutron-815120-4-hyperv neutron-server[103012]: cb(*args, **kw)
Feb 07 11:32:58.127377 dv-neutron-815120-4-hyperv neutron-server[103012]: File "/opt/stack/neutron/neutron/common/utils.py", line 921, in wrapper
Feb 07 11:32:58.127377 dv-neutron-815120-4-hyperv neutron-server[103012]: return func(*args, **kwargs)
Feb 07 11:32:58.127377 dv-neutron-815120-4-hyperv neutron-server[103012]: File "/opt/stack/neutron/neutron/notifiers/batch_notifier.py", line 58, in synced_send
Feb 07 11:32:58.127377 dv-neutron-815120-4-hyperv neutron-server[103012]: self._notify()
Feb 07 11:32:58.127377 dv-neutron-815120-4-hyperv neutron-server[103012]: File "/opt/stack/neutron/neutron/notifiers/batch_notifier.py", line 69, in _notify
Feb 07 11:32:58.127377 dv-neutron-815120-4-hyperv neutron-server[103012]: self.callback(batched_events)
Feb 07 11:32:58.127377 dv-neutron-815120-4-hyperv neutron-server[103012]: File "/opt/stack/neutron/neutron/services/segments/plugin.py", line 211, in _send_notifications
Feb 07 11:32:58.127377 dv-neutron-815120-4-hyperv neutron-server[103012]: event.method(event)
Feb 07 11:32:58.127377 dv-neutron-815120-4-hyperv neutron-server[103012]: File "/opt/stack/neutron/neutron/services/segments/plugin.py", line 383, in _delete_nova_inventory
Feb 07 11:32:58.127377 dv-neutron-815120-4-hyperv neutron-server[103012]: aggregate_id = self._get_aggregate_id(event.segment_id)
Feb 07 11:32:58.127377 dv-neutron-815120-4-hyperv neutron-server[103012]: File "/opt/stack/neutron/neutron/services/segments/plugin.py", line 370, in _get_aggregate_id
Feb 07 11:32:58.127377 dv-neutron-815120-4-hyperv neutron-server[103012]: aggregate_uuid = self.p_client.list_aggregates(
Feb 07 11:32:58.127377 dv-neutron-815120-4-hyperv neutron-server[103012]: File "/usr/local/lib/python3.8/dist-packages/neutron_lib/placement/client.py", line 58, in wrapper
Feb 07 11:32:58.127377 dv-neutron-815120-4-hyperv neutron-server[103012]: return f(self, *a, **k)
Feb 07 11:32:58.127377 dv-neutron-815120-4-hyperv neutron-server[103012]: File "/usr/local/lib/python3.8/dist-packages/neutron_lib/placement/client.py", line 554, in list_aggregates
Feb 07 11:32:58.127377 dv-neutron-815120-4-hyperv neutron-server[103012]: return self._get(url).json()
Feb 07 11:32:58.127377 dv-neutron-815120-4-hyperv neutron-server[103012]: File "/usr/local/lib/python3.8/dist-packages/neutron_lib/placement/client.py", line 190, in _get
Feb 07 11:32:58.127377 dv-neutron-815120-4-hyperv neutron-server[103012]: return self._client.get(url, endpoint_filter=self._ks_filter,
Feb 07 11:32:58.127377 dv-neutron-815120-4-hyperv neutron-server[103012]: File "/usr/local/lib/python3.8/dist-packages/keystoneauth1/session.py", line 1141, in get
Feb 07 11:32:58.127377 dv-neutron-815120-4-hyperv neutron-server[103012]: return self.request(url, 'GET', **kwargs)
Feb 07 11:32:58.127377 dv-neutron-815120-4-hyperv neutron-server[103012]: File "/usr/local/lib/python3.8/dist-packages/keystoneauth1/session.py", line 811, in request
Feb 07 11:32:58.127377 dv-neutron-815120-4-hyperv neutron-server[103012]: base_url = self.get_endpoint(auth, allow=allow,
Feb 07 11:32:58.127377 dv-neutron-815120-4-hyperv neutron-server[103012]: File "/usr/local/lib/python3.8/dist-packages/keystoneauth1/session.py", line 1241, in get_endpoint
Feb 07 11:32:58.127377 dv-neutron-815120-4-hyperv neutron-server[103012]: auth = self._auth_required(auth, 'determine endpoint URL')
Feb 07 11:32:58.127377 dv-neutron-815120-4-hyperv neutron-server[103012]: File "/usr/local/lib/python3.8/dist-packages/keystoneauth1/session.py", line 1181, in _auth_required
Feb 07 11:32:58.127377 dv-neutron-815120-4-hyperv neutron-server[103012]: raise exceptions.MissingAuthPlugin(msg_fmt % msg)
Feb 07 11:32:58.127377 dv-neutron-815120-4-hyperv neutron-server[103012]: keystoneauth1.exceptions.auth_plugins.MissingAuthPlugin: An auth plugin is required to determine endpoint URL
Feb 07 11:32:58.171344 dv-neutron-815120-4-hyperv neutron-server[103012]: DEBUG neutron_lib.callbacks.manager [None req-a3cb63f7-8642-4463-9755-9e3612bede74 tempest-ExternalNetworksTestJSON-1559208344 tempest-ExternalNetworksTestJSON-1559208344-project-admin] Publish callbacks ['neutron.plugins.ml2.plugin.External_net_db_mixin._before_network_delete_handler-1402336'] for network (b4917497-9f8b-4786-bce4-eced5b40b9ac), before_delete {{(pid=103012) _notify_loop /usr/local/lib/python3.8/dist-packages/neutron_lib/callbacks/manager.py:176}}
Feb 07 11:32:58.186485 dv-neutron-815120-4-hyperv neutron-server[103013]: DEBUG neutron.scheduler.l3_agent_scheduler [None req-74c3f620-7ec5-4bf0-9945-8f8b239d2eb6 tempest-FloatingIPAdminTestJSON-1682522980 tempest-FloatingIPAdminTestJSON-1682522980-project] Router d47702ea-932b-4f5e-82ca-909ac098af7e is scheduled to L3 agent 28132f2c-b87c-47f9-9d26-248ff503d48d with binding_index 1 {{(pid=103013) bind_router /opt/stack/neutron/neutron/scheduler/l3_agent_scheduler.py:209}}
Feb 07 11:32:58.198737 dv-neutron-815120-4-hyperv neutron-server[103013]: DEBUG neutron.pecan_wsgi.hooks.policy_enforcement [req-72a49dd3-5696-4868-b171-08ff479b0d03 req-293ee709-bba5-4549-ab7c-26a673db7f38 tempest-ServersTestManualDisk-949173802 tempest-ServersTestManualDisk-949173802-project] Attributes excluded by policy engine: ['standard_attr_id', 'binding:profile', 'binding:host_id', 'binding:vif_type', 'binding:vif_details'] {{(pid=103013) _exclude_attributes_by_policy /opt/stack/neutron/neutron/pecan_wsgi/hooks/policy_enforcement.py:255}}
Feb 07 11:32:58.200841 dv-neutron-815120-4-hyperv neutron-server[103013]: INFO neutron.wsgi [req-72a49dd3-5696-4868-b171-08ff479b0d03 req-293ee709-bba5-4549-ab7c-26a673db7f38 tempest-ServersTestManualDisk-949173802 tempest-ServersTestManualDisk-949173802-project] 10.222.0.31 "GET /v2.0/ports?device_id=af021d7e-990f-4bbc-b4bd-3762a6bed69a HTTP/1.1" status: 200 len: 943 time: 0.2047484
Feb 07 11:32:58.229491 dv-neutron-815120-4-hyperv neutron-server[103012]: DEBUG neutron_lib.callbacks.manager [None req-c8d5728f-c15e-4760-884e-8b158b8583f7 tempest-ExtraDHCPOptionsTestJSON-24712542 tempest-ExtraDHCPOptionsTestJSON-24712542-project] Publish callbacks ['neutron.plugins.ml2.plugin.Ml2Plugin._network_delete_after_delete_handler-1360056', 'neutron.plugins.ml2.ovo_rpc._ObjectChangeHandler.handle_event-1658700', 'neutron.api.rpc.agentnotifiers.dhcp_rpc_agent_api.DhcpAgentNotifyAPI._native_event_send_dhcp_notification-1599130', 'neutron.services.l3_router.l3_router_plugin.DVRResourceOperationHandler.delete_fip_namespaces_for_ext_net-1695613'] for network (8dba4697-d7a8-4de3-994a-5d8781e07490), after_delete {{(pid=103012) _notify_loop /usr/local/lib/python3.8/dist-packages/neutron_lib/callbacks/manager.py:176}}
Feb 07 11:32:58.265910 dv-neutron-815120-4-hyperv neutron-server[103013]: DEBUG neutron_lib.callbacks.manager [None req-e47c11cb-2ae9-404b-a6d2-ec503ec2d1dc admin admin] Publish callbacks [] for security_group (34e182b1-2aa5-4eac-95d6-49f984e03012), before_delete {{(pid=103013) _notify_loop /usr/local/lib/python3.8/dist-packages/neutron_lib/callbacks/manager.py:176}}
Feb 07 11:32:58.341348 dv-neutron-815120-4-hyperv neutron-server[103013]: DEBUG neutron_lib.callbacks.manager [None req-7b4e5d1c-0f59-4401-abd3-77bfca3b9290 tempest-NetworksTestDHCPv6-335607362 tempest-NetworksTestDHCPv6-335607362-project] Publish callbacks ['neutron.plugins.ml2.plugin.Ml2Plugin._subnet_delete_after_delete_handler-1412045', 'neutron.plugins.ml2.ovo_rpc._ObjectChangeHandler.handle_event-2045623', 'neutron.api.rpc.agentnotifiers.dhcp_rpc_agent_api.DhcpAgentNotifyAPI._native_event_send_dhcp_notification-1599130', 'neutron.services.segments.plugin.NovaSegmentNotifier._notify_subnet_deleted-10189734', 'neutron.services.segments.plugin.SegmentHostRoutes.host_routes_after_delete-9777427'] for subnet (ae62a386-2603-44bd-abc1-0578558234da), after_delete {{(pid=103013) _notify_loop /usr/local/lib/python3.8/dist-packages/neutron_lib/callbacks/manager.py:176}}
Feb 07 11:32:58.359471 dv-neutron-815120-4-hyperv neutron-server[103013]: DEBUG neutron.plugins.ml2.db [req-197590eb-a756-4e57-a711-1a8349cdf9a0 req-7c760a3e-9b93-45ca-b61c-839a668356f3 service neutron] For port f32b5aa9-ae56-4be8-b654-bc3a0e2a3c22, host hv-neutron-8151, cleared binding levels {{(pid=103013) clear_binding_levels /opt/stack/neutron/neutron/plugins/ml2/db.py:87}}
Feb 07 11:32:58.420424 dv-neutron-815120-4-hyperv neutron-server[103013]: DEBUG neutron.api.rpc.handlers.resources_rpc [None req-7b4e5d1c-0f59-4401-abd3-77bfca3b9290 tempest-NetworksTestDHCPv6-335607362 tempest-NetworksTestDHCPv6-335607362-project] Pushing event deleted for resources: {'Subnet': ['ID=ae62a386-2603-44bd-abc1-0578558234da,revision_number=None']} {{(pid=103013) push /opt/stack/neutron/neutron/api/rpc/handlers/resources_rpc.py:237}}
Feb 07 11:32:58.442142 dv-neutron-815120-4-hyperv neutron-server[103013]: DEBUG neutron_lib.callbacks.manager [None req-e47c11cb-2ae9-404b-a6d2-ec503ec2d1dc admin admin] Publish callbacks [] for security_group (34e182b1-2aa5-4eac-95d6-49f984e03012), precommit_delete {{(pid=103013) _notify_loop /usr/local/lib/python3.8/dist-packages/neutron_lib/callbacks/manager.py:176}}
Feb 07 11:32:58.445067 dv-neutron-815120-4-hyperv neutron-server[103013]: DEBUG neutron.plugins.ml2.db [req-197590eb-a756-4e57-a711-1a8349cdf9a0 req-7c760a3e-9b93-45ca-b61c-839a668356f3 service neutron] For port f32b5aa9-ae56-4be8-b654-bc3a0e2a3c22, host hv-neutron-8151, set binding levels [PortBindingLevel(driver='hyperv',host='hv-neutron-8151',level=0,port_id=f32b5aa9-ae56-4be8-b654-bc3a0e2a3c22,segment=NetworkSegment(4f4a8eec-1cc4-45b4-89fb-4dd1ea5617bf),segment_id=4f4a8eec-1cc4-45b4-89fb-4dd1ea5617bf)] {{(pid=103013) set_binding_levels /opt/stack/neutron/neutron/plugins/ml2/db.py:59}}
Feb 07 11:32:58.445491 dv-neutron-815120-4-hyperv neutron-server[103014]: DEBUG neutron.api.rpc.handlers.dhcp_rpc [None req-9062b9f3-74d0-484e-b90c-d3e1da687484 None None] Network 9e5917fb-a416-4951-8852-ab23b14a3f9f requested from dv-neutron-815120-4-hyperv {{(pid=103014) get_network_info /opt/stack/neutron/neutron/api/rpc/handlers/dhcp_rpc.py:191}}
Feb 07 11:32:58.454238 dv-neutron-815120-4-hyperv neutron-server[103013]: DEBUG neutron_lib.callbacks.manager [None req-7b4e5d1c-0f59-4401-abd3-77bfca3b9290 tempest-NetworksTestDHCPv6-335607362 tempest-NetworksTestDHCPv6-335607362-project] Publish callbacks [] for subnet (None), before_response {{(pid=103013) _notify_loop /usr/local/lib/python3.8/dist-packages/neutron_lib/callbacks/manager.py:176}}
Feb 07 11:32:58.460021 dv-neutron-815120-4-hyperv neutron-server[103013]: INFO neutron.wsgi [None req-7b4e5d1c-0f59-4401-abd3-77bfca3b9290 tempest-NetworksTestDHCPv6-335607362 tempest-NetworksTestDHCPv6-335607362-project] 10.222.0.31 "DELETE /v2.0/subnets/ae62a386-2603-44bd-abc1-0578558234da HTTP/1.1" status: 204 len: 168 time: 1.6381979
Feb 07 11:32:58.460903 dv-neutron-815120-4-hyperv neutron-server[103013]: DEBUG neutron.wsgi [-] (103013) accepted ('10.222.0.31', 59956) {{(pid=103013) server /usr/local/lib/python3.8/dist-packages/eventlet/wsgi.py:1004}}
Feb 07 11:32:58.473514 dv-neutron-815120-4-hyperv neutron-server[103012]: DEBUG neutron.pecan_wsgi.hooks.policy_enforcement [req-71c6b9da-6b4c-41a3-a5ce-e6952667edfb req-c6f0fc0f-e773-410d-a152-178e4d413c34 service neutron] Attributes excluded by policy engine: ['standard_attr_id'] {{(pid=103012) _exclude_attributes_by_policy /opt/stack/neutron/neutron/pecan_wsgi/hooks/policy_enforcement.py:255}}
Feb 07 11:32:58.474856 dv-neutron-815120-4-hyperv neutron-server[103012]: INFO neutron.wsgi [req-71c6b9da-6b4c-41a3-a5ce-e6952667edfb req-c6f0fc0f-e773-410d-a152-178e4d413c34 service neutron] 10.222.0.65 "GET /v2.0/ports?network_id=026c7326-9ccf-4063-96c1-93e4ac151489&device_owner=network%3Adhcp HTTP/1.1" status: 200 len: 1214 time: 0.4220834
Feb 07 11:32:58.494867 dv-neutron-815120-4-hyperv neutron-server[103012]: DEBUG neutron_lib.callbacks.manager [None req-c8d5728f-c15e-4760-884e-8b158b8583f7 tempest-ExtraDHCPOptionsTestJSON-24712542 tempest-ExtraDHCPOptionsTestJSON-24712542-project] Publish callbacks ['neutron.api.rpc.agentnotifiers.dhcp_rpc_agent_api.DhcpAgentNotifyAPI._send_dhcp_notification-1599208'] for network (None), before_response {{(pid=103012) _notify_loop /usr/local/lib/python3.8/dist-packages/neutron_lib/callbacks/manager.py:176}}
Feb 07 11:32:58.497290 dv-neutron-815120-4-hyperv neutron-server[103013]: DEBUG neutron_lib.callbacks.manager [req-197590eb-a756-4e57-a711-1a8349cdf9a0 req-7c760a3e-9b93-45ca-b61c-839a668356f3 service neutron] Publish callbacks ['neutron.plugins.ml2.plugin.SecurityGroupServerNotifierRpcMixin._notify_sg_on_port_change-706623', 'neutron.plugins.ml2.ovo_rpc._ObjectChangeHandler.handle_event-28447', 'neutron.api.rpc.agentnotifiers.dhcp_rpc_agent_api.DhcpAgentNotifyAPI._native_event_send_dhcp_notification-1599130', 'neutron.db.l3_db.L3RpcNotifierMixin._notify_gateway_port_ip_changed-8728479844621', 'neutron.db.l3_dvrscheduler_db._notify_l3_agent_port_update-8728479307484', 'neutron.db.l3_hascheduler_db._notify_l3_agent_ha_port_update-8728479307502', 'neutron.services.segments.plugin.NovaSegmentNotifier._notify_port_updated-10189680'] for port (f32b5aa9-ae56-4be8-b654-bc3a0e2a3c22), after_update {{(pid=103013) _notify_loop /usr/local/lib/python3.8/dist-packages/neutron_lib/callbacks/manager.py:176}}
Feb 07 11:32:58.500220 dv-neutron-815120-4-hyperv neutron-server[103012]: INFO neutron.wsgi [None req-c8d5728f-c15e-4760-884e-8b158b8583f7 tempest-ExtraDHCPOptionsTestJSON-24712542 tempest-ExtraDHCPOptionsTestJSON-24712542-project] 10.222.0.31 "DELETE /v2.0/networks/8dba4697-d7a8-4de3-994a-5d8781e07490 HTTP/1.1" status: 204 len: 168 time: 2.5812232
Feb 07 11:32:58.502210 dv-neutron-815120-4-hyperv neutron-server[103013]: INFO neutron.wsgi [req-72a49dd3-5696-4868-b171-08ff479b0d03 req-6ea67061-c6b8-4e52-a815-a711da28984f tempest-ServersTestManualDisk-949173802 tempest-ServersTestManualDisk-949173802-project] 10.222.0.31 "GET /v2.0/security-groups?id=3e74e7db-3a0b-4e04-b9c6-2575126ba760&fields=id&fields=name HTTP/1.1" status: 200 len: 312 time: 0.2859542
Feb 07 11:32:58.537968 dv-neutron-815120-4-hyperv neutron-server[103012]: DEBUG neutron.api.rpc.handlers.resources_rpc [None req-c8d5728f-c15e-4760-884e-8b158b8583f7 tempest-ExtraDHCPOptionsTestJSON-24712542 tempest-ExtraDHCPOptionsTestJSON-24712542-project] Pushing event deleted for resources: {'Network': ['ID=8dba4697-d7a8-4de3-994a-5d8781e07490,revision_number=None']} {{(pid=103012) push /opt/stack/neutron/neutron/api/rpc/handlers/resources_rpc.py:237}}
Feb 07 11:32:58.565330 dv-neutron-815120-4-hyperv neutron-server[103013]: INFO neutron.wsgi [None req-fcdab157-625e-449b-a828-74b459ddc281 tempest-NetworksTestDHCPv6-335607362 tempest-NetworksTestDHCPv6-335607362-project] 10.222.0.31 "GET /v2.0/routers HTTP/1.1" status: 200 len: 208 time: 0.1000471
Feb 07 11:32:58.575268 dv-neutron-815120-4-hyperv neutron-server[103012]: DEBUG neutron.wsgi [-] (103012) accepted ('10.222.0.31', 59960) {{(pid=103012) server /usr/local/lib/python3.8/dist-packages/eventlet/wsgi.py:1004}}
Feb 07 11:32:58.614603 dv-neutron-815120-4-hyperv neutron-server[103012]: DEBUG neutron.api.v2.base [None req-b47719cb-9d05-49c9-9317-a0c9e4428be2 tempest-NetworksTestDHCPv6-335607362 tempest-NetworksTestDHCPv6-335607362-project] Request body: {'subnet': {'network_id': '9e5917fb-a416-4951-8852-ab23b14a3f9f', 'cidr': '2001:db8::/64', 'ip_version': 6, 'gateway_ip': '2001:db8::1', 'ipv6_address_mode': 'dhcpv6-stateful'}} {{(pid=103012) prepare_request_body /opt/stack/neutron/neutron/api/v2/base.py:729}}
Feb 07 11:32:58.621254 dv-neutron-815120-4-hyperv neutron-server[103013]: DEBUG neutron.pecan_wsgi.hooks.policy_enforcement [req-197590eb-a756-4e57-a711-1a8349cdf9a0 req-7c760a3e-9b93-45ca-b61c-839a668356f3 service neutron] Attributes excluded by policy engine: ['standard_attr_id'] {{(pid=103013) _exclude_attributes_by_policy /opt/stack/neutron/neutron/pecan_wsgi/hooks/policy_enforcement.py:255}}
Feb 07 11:32:58.621891 dv-neutron-815120-4-hyperv neutron-server[103013]: DEBUG neutron_lib.callbacks.manager [req-197590eb-a756-4e57-a711-1a8349cdf9a0 req-7c760a3e-9b93-45ca-b61c-839a668356f3 service neutron] Publish callbacks ['neutron.notifiers.nova.Notifier._send_nova_notification-16455'] for port (None), before_response {{(pid=103013) _notify_loop /usr/local/lib/python3.8/dist-packages/neutron_lib/callbacks/manager.py:176}}
Feb 07 11:32:58.622225 dv-neutron-815120-4-hyperv neutron-server[103012]: INFO neutron.wsgi [req-ed4228d1-db97-4934-b949-53a284cf7728 req-b618eb17-b574-45e0-95a7-ac88935e9932 service neutron] 10.222.0.65 "GET /v2.0/networks/7a82c7fc-3c2e-4f66-8a32-358a7caa34bd?fields=provider%3Aphysical_network&fields=provider%3Anetwork_type HTTP/1.1" status: 200 len: 281 time: 0.5946367
Feb 07 11:32:58.623323 dv-neutron-815120-4-hyperv neutron-server[103013]: INFO neutron.wsgi [req-197590eb-a756-4e57-a711-1a8349cdf9a0 req-7c760a3e-9b93-45ca-b61c-839a668356f3 service neutron] 10.222.0.65 "PUT /v2.0/ports/f32b5aa9-ae56-4be8-b654-bc3a0e2a3c22 HTTP/1.1" status: 200 len: 1093 time: 3.0272460
Feb 07 11:32:58.623784 dv-neutron-815120-4-hyperv neutron-server[103013]: DEBUG neutron.notifiers.nova [-] Sending events: [{'name': 'network-changed', 'server_uuid': '92a4451e-833f-4e9d-b346-f78ba8516f9d', 'tag': 'f32b5aa9-ae56-4be8-b654-bc3a0e2a3c22'}] {{(pid=103013) send_events /opt/stack/neutron/neutron/notifiers/nova.py:266}}
Feb 07 11:32:58.637991 dv-neutron-815120-4-hyperv neutron-server[103013]: DEBUG neutron.api.rpc.agentnotifiers.l3_rpc_agent_api [None req-74c3f620-7ec5-4bf0-9945-8f8b239d2eb6 tempest-FloatingIPAdminTestJSON-1682522980 tempest-FloatingIPAdminTestJSON-1682522980-project] Notify agent at l3_agent.dv-neutron-815120-4-hyperv the message routers_updated {{(pid=103013) _agent_notification /opt/stack/neutron/neutron/api/rpc/agentnotifiers/l3_rpc_agent_api.py:65}}
Feb 07 11:32:58.670540 dv-neutron-815120-4-hyperv neutron-server[103015]: DEBUG neutron.api.rpc.handlers.l3_rpc [None req-9c514bb8-712c-42e5-950e-d2d49eec994a None None] Sync routers for ids ['d47702ea-932b-4f5e-82ca-909ac098af7e'] in dv-neutron-815120-4-hyperv {{(pid=103015) sync_routers /opt/stack/neutron/neutron/api/rpc/handlers/l3_rpc.py:125}}
Feb 07 11:32:58.689896 dv-neutron-815120-4-hyperv neutron-server[103013]: DEBUG neutron.api.rpc.handlers.resources_rpc [None req-7c760a3e-9b93-45ca-b61c-839a668356f3 service neutron] Pushing event updated for resources: {'Port': ['ID=f32b5aa9-ae56-4be8-b654-bc3a0e2a3c22,revision_number=3']} {{(pid=103013) push /opt/stack/neutron/neutron/api/rpc/handlers/resources_rpc.py:237}}
Feb 07 11:32:58.695695 dv-neutron-815120-4-hyperv neutron-server[103013]: DEBUG neutron_lib.callbacks.manager [None req-e47c11cb-2ae9-404b-a6d2-ec503ec2d1dc admin admin] Publish callbacks ['neutron.plugins.ml2.ovo_rpc._ObjectChangeHandler.handle_event-1656061'] for security_group (34e182b1-2aa5-4eac-95d6-49f984e03012), after_delete {{(pid=103013) _notify_loop /usr/local/lib/python3.8/dist-packages/neutron_lib/callbacks/manager.py:176}}
Feb 07 11:32:58.698721 dv-neutron-815120-4-hyperv neutron-server[103013]: DEBUG neutron_lib.callbacks.manager [None req-e47c11cb-2ae9-404b-a6d2-ec503ec2d1dc admin admin] Publish callbacks [] for security_group (None), before_response {{(pid=103013) _notify_loop /usr/local/lib/python3.8/dist-packages/neutron_lib/callbacks/manager.py:176}}
Feb 07 11:32:58.707413 dv-neutron-815120-4-hyperv neutron-server[103013]: INFO neutron.wsgi [None req-e47c11cb-2ae9-404b-a6d2-ec503ec2d1dc admin admin] 10.222.0.31 "DELETE /v2.0/security-groups/34e182b1-2aa5-4eac-95d6-49f984e03012 HTTP/1.1" status: 204 len: 168 time: 0.6577480
Feb 07 11:32:58.712397 dv-neutron-815120-4-hyperv neutron-server[103013]: DEBUG neutron_lib.callbacks.manager [None req-74c3f620-7ec5-4bf0-9945-8f8b239d2eb6 tempest-FloatingIPAdminTestJSON-1682522980 tempest-FloatingIPAdminTestJSON-1682522980-project] Publish callbacks [] for router (None), before_response {{(pid=103013) _notify_loop /usr/local/lib/python3.8/dist-packages/neutron_lib/callbacks/manager.py:176}}
Feb 07 11:32:58.713155 dv-neutron-815120-4-hyperv neutron-server[103015]: DEBUG neutron.db.l3_dvrscheduler_db [None req-9c514bb8-712c-42e5-950e-d2d49eec994a None None] Routers {'d47702ea-932b-4f5e-82ca-909ac098af7e'} bound to L3 agent in host dv-neutron-815120-4-hyperv {{(pid=103015) _get_router_ids_for_agent /opt/stack/neutron/neutron/db/l3_dvrscheduler_db.py:421}}
Feb 07 11:32:58.715325 dv-neutron-815120-4-hyperv neutron-server[103015]: DEBUG neutron.db.l3_hamode_db [None req-9c514bb8-712c-42e5-950e-d2d49eec994a None None] neutron.services.l3_router.l3_router_plugin.L3RouterPlugin method get_ha_sync_data_for_host called with arguments (, 'dv-neutron-815120-4-hyperv', Agent(admin_state_up=True,agent_type='L3 agent',availability_zone='nova',binary='neutron-l3-agent',configurations={"agent_mode": "legacy", "ex_gw_ports": 4, "extensions": [], "floating_ips": 0, "handle_internal_only_routers": true, "interface_driver": "openvswitch", "interfaces": 4, "log_agent_heartbeats": false, "routers": 4},created_at=2022-02-07T11:24:54Z,description=,heartbeat_timestamp=2022-02-07T11:32:54Z,host='dv-neutron-815120-4-hyperv',id=28132f2c-b87c-47f9-9d26-248ff503d48d,load=0,resource_versions=,resources_synced=,started_at=2022-02-07T11:24:54Z,topic='l3_agent')) {'router_ids': ['d47702ea-932b-4f5e-82ca-909ac098af7e'], 'active': True} {{(pid=103015) wrapper /usr/local/lib/python3.8/dist-packages/oslo_log/helpers.py:65}}
Feb 07 11:32:58.717205 dv-neutron-815120-4-hyperv neutron-server[103013]: INFO neutron.wsgi [None req-74c3f620-7ec5-4bf0-9945-8f8b239d2eb6 tempest-FloatingIPAdminTestJSON-1682522980 tempest-FloatingIPAdminTestJSON-1682522980-project] 10.222.0.31 "POST /v2.0/routers HTTP/1.1" status: 201 len: 891 time: 8.4163649
Feb 07 11:32:58.717937 dv-neutron-815120-4-hyperv neutron-server[103013]: DEBUG neutron.wsgi [-] (103013) accepted ('10.222.0.31', 59968) {{(pid=103013) server /usr/local/lib/python3.8/dist-packages/eventlet/wsgi.py:1004}}
Feb 07 11:32:58.721025 dv-neutron-815120-4-hyperv neutron-server[103014]: DEBUG neutron.api.rpc.handlers.dhcp_rpc [None req-de97d373-354a-4623-aa43-0c278f8cd2ec None None] DHCP port deletion for 9e5917fb-a416-4951-8852-ab23b14a3f9f request from dv-neutron-815120-4-hyperv {{(pid=103014) release_dhcp_port /opt/stack/neutron/neutron/api/rpc/handlers/dhcp_rpc.py:249}}
Feb 07 11:32:58.774324 dv-neutron-815120-4-hyperv neutron-server[103015]: DEBUG neutron.db.l3_hamode_db [None req-9c514bb8-712c-42e5-950e-d2d49eec994a None None] neutron.services.l3_router.l3_router_plugin.L3RouterPlugin method _process_sync_ha_data called with arguments (, [], 'dv-neutron-815120-4-hyperv', False) {} {{(pid=103015) wrapper /usr/local/lib/python3.8/dist-packages/oslo_log/helpers.py:65}}
Feb 07 11:32:58.788006 dv-neutron-815120-4-hyperv neutron-server[103015]: DEBUG neutron.db.l3_dvrscheduler_db [None req-9c514bb8-712c-42e5-950e-d2d49eec994a None None] Routers {'d47702ea-932b-4f5e-82ca-909ac098af7e'} bound to L3 agent in host dv-neutron-815120-4-hyperv {{(pid=103015) _get_router_ids_for_agent /opt/stack/neutron/neutron/db/l3_dvrscheduler_db.py:421}}
