Oct 29 14:03:17.759126 dv-neutron-815120-1-hyperv neutron-server[102609]: DEBUG neutron.api.rpc.handlers.resources_rpc [None req-e50a27ba-117e-470f-a57f-48a66975b224 admin admin] Pushing event deleted for resources: {'SecurityGroup': ['ID=d3dd3cef-d982-4918-aba8-14e2f7c62b50,revision_number=None']} {{(pid=102609) push /opt/stack/neutron/neutron/api/rpc/handlers/resources_rpc.py:237}}
Oct 29 14:03:17.792189 dv-neutron-815120-1-hyperv neutron-server[102609]: INFO neutron.pecan_wsgi.hooks.translation [None req-e742959a-ea3e-42cc-bfb3-b53a95a1999c tempest-ExternalNetworksTestJSON-790376810 tempest-ExternalNetworksTestJSON-790376810-project] DELETE failed (client error): The resource could not be found.
Oct 29 14:03:17.792837 dv-neutron-815120-1-hyperv neutron-server[102609]: DEBUG neutron.pecan_wsgi.hooks.notifier [None req-e742959a-ea3e-42cc-bfb3-b53a95a1999c tempest-ExternalNetworksTestJSON-790376810 tempest-ExternalNetworksTestJSON-790376810-project] No notification will be sent due to unsuccessful status code: 404 {{(pid=102609) after /opt/stack/neutron/neutron/pecan_wsgi/hooks/notifier.py:78}}
Oct 29 14:03:17.802542 dv-neutron-815120-1-hyperv neutron-server[102609]: INFO neutron.wsgi [None req-e742959a-ea3e-42cc-bfb3-b53a95a1999c tempest-ExternalNetworksTestJSON-790376810 tempest-ExternalNetworksTestJSON-790376810-project] 10.222.0.76 "DELETE /v2.0/subnets/47f1aa0a-1880-4aa0-a833-9d85a21f2c7a HTTP/1.1" status: 404 len: 337 time: 0.0662436
Oct 29 14:03:17.820392 dv-neutron-815120-1-hyperv neutron-server[102608]: DEBUG neutron.wsgi [-] (102608) accepted ('10.222.0.76', 35966) {{(pid=102608) server /usr/local/lib/python3.8/dist-packages/eventlet/wsgi.py:982}}
Oct 29 14:03:17.835359 dv-neutron-815120-1-hyperv neutron-server[102609]: DEBUG neutron.plugins.ml2.db [None req-56abbd5d-38a2-473d-85b4-e632831ef02e tempest-PortsAdminExtendedAttrsTestJSON-970647843 tempest-PortsAdminExtendedAttrsTestJSON-970647843-project-admin] For port c9279b5a-d6fa-4147-881c-411cb0b7e8cf, host hv-neutron-8151, cleared binding levels {{(pid=102609) clear_binding_levels /opt/stack/neutron/neutron/plugins/ml2/db.py:87}}
Oct 29 14:03:17.835948 dv-neutron-815120-1-hyperv neutron-server[102609]: DEBUG neutron.plugins.ml2.db [None req-56abbd5d-38a2-473d-85b4-e632831ef02e tempest-PortsAdminExtendedAttrsTestJSON-970647843 tempest-PortsAdminExtendedAttrsTestJSON-970647843-project-admin] Attempted to set empty binding levels {{(pid=102609) set_binding_levels /opt/stack/neutron/neutron/plugins/ml2/db.py:65}}
Oct 29 14:03:17.881463 dv-neutron-815120-1-hyperv neutron-server[102609]: INFO neutron.wsgi [req-389ca24f-eaa7-4db9-908a-d86aa95b5dd5 req-2c75c407-7b7c-41aa-984c-5ecb0d78a908 tempest-ServerActionsTestJSON-1133759907 tempest-ServerActionsTestJSON-1133759907-project] 10.222.0.76 "GET /v2.0/ports?device_id=37904169-a1d7-4b35-b4be-d87ec9b98f7b HTTP/1.1" status: 200 len: 210 time: 0.0423102
Oct 29 14:03:17.913501 dv-neutron-815120-1-hyperv neutron-server[102608]: INFO neutron.wsgi [None req-33d10b76-003d-434c-a4d9-a6a41d46e839 tempest-QuotasNegativeTest-1451031697 tempest-QuotasNegativeTest-1451031697-project-admin] 10.222.0.76 "POST /v2.0/networks HTTP/1.1" status: 201 len: 837 time: 1.5733540
Oct 29 14:03:17.914325 dv-neutron-815120-1-hyperv neutron-server[102609]: DEBUG neutron.wsgi [-] (102609) accepted ('10.222.0.76', 35972) {{(pid=102609) server /usr/local/lib/python3.8/dist-packages/eventlet/wsgi.py:982}}
Oct 29 14:03:17.920115 dv-neutron-815120-1-hyperv neutron-server[102609]: DEBUG neutron.api.v2.base [None req-368cbe4a-d60b-421c-ac4b-8c5c630902eb tempest-QuotasNegativeTest-1451031697 tempest-QuotasNegativeTest-1451031697-project-admin] Request body: {'network': {'project_id': '46c60c4639b74e27b0a0b07eb8e3648e'}} {{(pid=102609) prepare_request_body /opt/stack/neutron/neutron/api/v2/base.py:729}}
Oct 29 14:03:17.968278 dv-neutron-815120-1-hyperv neutron-server[102608]: DEBUG neutron.plugins.ml2.db [None req-65b73ae2-3b50-497c-95d3-fb9a853cb4be tempest-PortsAdminExtendedAttrsIpV6TestJSON-1183510963 tempest-PortsAdminExtendedAttrsIpV6TestJSON-1183510963-project-admin] For port f9d4f241-58cf-43bb-9f46-e796a63fd416, host hv-neutron-8151, got binding levels [] {{(pid=102608) get_binding_level_objs /opt/stack/neutron/neutron/plugins/ml2/db.py:74}}
Oct 29 14:03:17.968653 dv-neutron-815120-1-hyperv neutron-server[102608]: DEBUG neutron_lib.callbacks.manager [None req-65b73ae2-3b50-497c-95d3-fb9a853cb4be tempest-PortsAdminExtendedAttrsIpV6TestJSON-1183510963 tempest-PortsAdminExtendedAttrsIpV6TestJSON-1183510963-project-admin] Publish callbacks ['neutron.services.l3_router.l3_router_plugin.L3_NAT_dbonly_mixin._precommit_delete_port_callback-504468'] for port, precommit_delete {{(pid=102608) _notify_loop /usr/local/lib/python3.8/dist-packages/neutron_lib/callbacks/manager.py:175}}
Oct 29 14:03:17.985195 dv-neutron-815120-1-hyperv neutron-server[102608]: DEBUG neutron.plugins.ml2.plugin [None req-65b73ae2-3b50-497c-95d3-fb9a853cb4be tempest-PortsAdminExtendedAttrsIpV6TestJSON-1183510963 tempest-PortsAdminExtendedAttrsIpV6TestJSON-1183510963-project-admin] Calling delete_port for f9d4f241-58cf-43bb-9f46-e796a63fd416 owned by {{(pid=102608) delete_port /opt/stack/neutron/neutron/plugins/ml2/plugin.py:2010}}
Oct 29 14:03:18.018909 dv-neutron-815120-1-hyperv neutron-server[102609]: DEBUG neutron_lib.callbacks.manager [None req-56abbd5d-38a2-473d-85b4-e632831ef02e tempest-PortsAdminExtendedAttrsTestJSON-970647843 tempest-PortsAdminExtendedAttrsTestJSON-970647843-project-admin] Publish callbacks ['neutron.plugins.ml2.plugin.SecurityGroupServerNotifierRpcMixin._notify_sg_on_port_change-616378', 'neutron.plugins.ml2.ovo_rpc._ObjectChangeHandler.handle_event-56225', 'neutron.api.rpc.agentnotifiers.dhcp_rpc_agent_api.DhcpAgentNotifyAPI._native_event_send_dhcp_notification-33126810', 'neutron.db.l3_db.L3RpcNotifierMixin._notify_gateway_port_ip_changed-8781379390733', 'neutron.db.l3_dvrscheduler_db._notify_l3_agent_port_update-8781378894484', 'neutron.db.l3_hascheduler_db._notify_l3_agent_ha_port_update-8781378894502', 'neutron.services.segments.plugin.NovaSegmentNotifier._notify_port_updated-3576598'] for port, after_update {{(pid=102609) _notify_loop /usr/local/lib/python3.8/dist-packages/neutron_lib/callbacks/manager.py:175}}
Oct 29 14:03:18.077985 dv-neutron-815120-1-hyperv neutron-server[102609]: DEBUG neutron.pecan_wsgi.hooks.quota_enforcement [None req-368cbe4a-d60b-421c-ac4b-8c5c630902eb tempest-QuotasNegativeTest-1451031697 tempest-QuotasNegativeTest-1451031697-project-admin] Made reservation on behalf of 46c60c4639b74e27b0a0b07eb8e3648e for: {'network': 1} {{(pid=102609) before /opt/stack/neutron/neutron/pecan_wsgi/hooks/quota_enforcement.py:53}}
Oct 29 14:03:18.079726 dv-neutron-815120-1-hyperv neutron-server[102608]: DEBUG neutron_lib.callbacks.manager [None req-ed632b72-a997-46a6-8219-5d2212bf55f2 tempest-FloatingIPAdminTestJSON-172420445 tempest-FloatingIPAdminTestJSON-172420445-project] Publish callbacks ['neutron.plugins.ml2.plugin.SecurityGroupServerNotifierRpcMixin._notify_sg_on_port_change-616378', 'neutron.plugins.ml2.ovo_rpc._ObjectChangeHandler.handle_event-56225', 'neutron.api.rpc.agentnotifiers.dhcp_rpc_agent_api.DhcpAgentNotifyAPI._native_event_send_dhcp_notification-33126810', 'neutron.db.l3_dvrscheduler_db._notify_l3_agent_new_port-8781378894466', 'neutron.services.segments.plugin.NovaSegmentNotifier._notify_port_created_or_deleted-2995255'] for port, after_create {{(pid=102608) _notify_loop /usr/local/lib/python3.8/dist-packages/neutron_lib/callbacks/manager.py:175}}
Oct 29 14:03:18.082881 dv-neutron-815120-1-hyperv neutron-server[102609]: DEBUG neutron_lib.callbacks.manager [None req-368cbe4a-d60b-421c-ac4b-8c5c630902eb tempest-QuotasNegativeTest-1451031697 tempest-QuotasNegativeTest-1451031697-project-admin] Publish callbacks ['neutron.plugins.ml2.plugin.SecurityGroupDbMixin._ensure_default_security_group_handler-614442'] for network, before_create {{(pid=102609) _notify_loop /usr/local/lib/python3.8/dist-packages/neutron_lib/callbacks/manager.py:175}}
Oct 29 14:03:18.085373 dv-neutron-815120-1-hyperv neutron-server[102609]: DEBUG neutron.plugins.ml2.plugin [None req-56abbd5d-38a2-473d-85b4-e632831ef02e tempest-PortsAdminExtendedAttrsTestJSON-970647843 tempest-PortsAdminExtendedAttrsTestJSON-970647843-project-admin] In _notify_port_updated(), no bound segment for port c9279b5a-d6fa-4147-881c-411cb0b7e8cf on network a0f06256-e4be-4de8-84a5-c05e1fc03d76 {{(pid=102609) _notify_port_updated /opt/stack/neutron/neutron/plugins/ml2/plugin.py:873}}
Oct 29 14:03:18.086576 dv-neutron-815120-1-hyperv neutron-server[102609]: DEBUG neutron.pecan_wsgi.hooks.policy_enforcement [None req-56abbd5d-38a2-473d-85b4-e632831ef02e tempest-PortsAdminExtendedAttrsTestJSON-970647843 tempest-PortsAdminExtendedAttrsTestJSON-970647843-project-admin] Attributes excluded by policy engine: ['standard_attr_id'] {{(pid=102609) _exclude_attributes_by_policy /opt/stack/neutron/neutron/pecan_wsgi/hooks/policy_enforcement.py:255}}
Oct 29 14:03:18.086753 dv-neutron-815120-1-hyperv neutron-server[102608]: DEBUG neutron.api.rpc.handlers.resources_rpc [None req-33d10b76-003d-434c-a4d9-a6a41d46e839 tempest-QuotasNegativeTest-1451031697 tempest-QuotasNegativeTest-1451031697-project-admin] Pushing event updated for resources: {'Network': ['ID=f95a7640-5b13-4794-a6cd-d4627605d20e,revision_number=1']} {{(pid=102608) push /opt/stack/neutron/neutron/api/rpc/handlers/resources_rpc.py:237}}
Oct 29 14:03:18.086828 dv-neutron-815120-1-hyperv neutron-server[102609]: DEBUG neutron_lib.callbacks.manager [None req-56abbd5d-38a2-473d-85b4-e632831ef02e tempest-PortsAdminExtendedAttrsTestJSON-970647843 tempest-PortsAdminExtendedAttrsTestJSON-970647843-project-admin] Publish callbacks ['neutron.notifiers.nova.Notifier._send_nova_notification-125069'] for port, before_response {{(pid=102609) _notify_loop /usr/local/lib/python3.8/dist-packages/neutron_lib/callbacks/manager.py:175}}
Oct 29 14:03:18.090733 dv-neutron-815120-1-hyperv neutron-server[102609]: INFO neutron.wsgi [None req-56abbd5d-38a2-473d-85b4-e632831ef02e tempest-PortsAdminExtendedAttrsTestJSON-970647843 tempest-PortsAdminExtendedAttrsTestJSON-970647843-project-admin] 10.222.0.76 "PUT /v2.0/ports/c9279b5a-d6fa-4147-881c-411cb0b7e8cf HTTP/1.1" status: 200 len: 976 time: 1.9464138
Oct 29 14:03:18.092755 dv-neutron-815120-1-hyperv neutron-server[102609]: DEBUG neutron.wsgi [-] (102609) accepted ('10.222.0.76', 35978) {{(pid=102609) server /usr/local/lib/python3.8/dist-packages/eventlet/wsgi.py:982}}
Oct 29 14:03:18.106154 dv-neutron-815120-1-hyperv neutron-server[102610]: DEBUG neutron.plugins.ml2.rpc [None req-7e1b0143-4f45-46dc-b669-85cc8d11bbd5 None None] Network f95a7640-5b13-4794-a6cd-d4627605d20e details requested by agent ovs-agent-dv-neutron-815120-1-hyperv with host dv-neutron-815120-1-hyperv {{(pid=102610) get_network_details /opt/stack/neutron/neutron/plugins/ml2/rpc.py:248}}
Oct 29 14:03:18.177771 dv-neutron-815120-1-hyperv neutron-server[102608]: DEBUG neutron.scheduler.dhcp_agent_scheduler [None req-ed632b72-a997-46a6-8219-5d2212bf55f2 tempest-FloatingIPAdminTestJSON-172420445 tempest-FloatingIPAdminTestJSON-172420445-project] Network 106ff61e-00f6-42a4-8b10-a0d26ccc3819 is already hosted by enough agents. {{(pid=102608) _get_dhcp_agents_hosting_network /opt/stack/neutron/neutron/scheduler/dhcp_agent_scheduler.py:275}}
Oct 29 14:03:18.202291 dv-neutron-815120-1-hyperv neutron-server[102608]: DEBUG neutron.scheduler.base_scheduler [None req-ed632b72-a997-46a6-8219-5d2212bf55f2 tempest-FloatingIPAdminTestJSON-172420445 tempest-FloatingIPAdminTestJSON-172420445-project] Resources bound (agent type, host, resource id): {{(pid=102608) schedule /opt/stack/neutron/neutron/scheduler/base_scheduler.py:57}}
Oct 29 14:03:18.208641 dv-neutron-815120-1-hyperv neutron-server[102608]: DEBUG neutron.db.l3_dvrscheduler_db [None req-ed632b72-a997-46a6-8219-5d2212bf55f2 tempest-FloatingIPAdminTestJSON-172420445 tempest-FloatingIPAdminTestJSON-172420445-project] Received port after_create {{(pid=102608) _notify_l3_agent_new_port /opt/stack/neutron/neutron/db/l3_dvrscheduler_db.py:535}}
Oct 29 14:03:18.259509 dv-neutron-815120-1-hyperv neutron-server[102609]: DEBUG neutron.api.rpc.handlers.resources_rpc [None req-56abbd5d-38a2-473d-85b4-e632831ef02e tempest-PortsAdminExtendedAttrsTestJSON-970647843 tempest-PortsAdminExtendedAttrsTestJSON-970647843-project-admin] Pushing event updated for resources: {'Port': ['ID=c9279b5a-d6fa-4147-881c-411cb0b7e8cf,revision_number=3']} {{(pid=102609) push /opt/stack/neutron/neutron/api/rpc/handlers/resources_rpc.py:237}}
Oct 29 14:03:18.276937 dv-neutron-815120-1-hyperv neutron-server[102608]: DEBUG neutron_lib.callbacks.manager [None req-54a4d4fd-036a-4587-b4ed-582648d0b6e5 tempest-ExternalNetworksTestJSON-790376810 tempest-ExternalNetworksTestJSON-790376810-project] Publish callbacks ['neutron.plugins.ml2.plugin.External_net_db_mixin._before_network_delete_handler-32789946'] for network, before_delete {{(pid=102608) _notify_loop /usr/local/lib/python3.8/dist-packages/neutron_lib/callbacks/manager.py:175}}
Oct 29 14:03:18.283764 dv-neutron-815120-1-hyperv neutron-server[102609]: DEBUG neutron.plugins.ml2.drivers.helpers [None req-368cbe4a-d60b-421c-ac4b-8c5c630902eb tempest-QuotasNegativeTest-1451031697 tempest-QuotasNegativeTest-1451031697-project-admin] vlan segment allocate from pool success with {'vlan_id': 317, 'physical_network': 'physnet1'} {{(pid=102609) allocate_partially_specified_segment /opt/stack/neutron/neutron/plugins/ml2/drivers/helpers.py:153}}
Oct 29 14:03:18.295598 dv-neutron-815120-1-hyperv neutron-server[102608]: DEBUG neutron.api.rpc.handlers.resources_rpc [None req-ed632b72-a997-46a6-8219-5d2212bf55f2 tempest-FloatingIPAdminTestJSON-172420445 tempest-FloatingIPAdminTestJSON-172420445-project] Pushing event updated for resources: {'Port': ['ID=b8bc6d11-7a67-4514-9feb-2bb028fd7901,revision_number=1']} {{(pid=102608) push /opt/stack/neutron/neutron/api/rpc/handlers/resources_rpc.py:237}}
Oct 29 14:03:18.372911 dv-neutron-815120-1-hyperv neutron-server[102609]: DEBUG neutron.pecan_wsgi.hooks.policy_enforcement [None req-953fe107-a781-40be-87d6-c5cbe1b3a962 tempest-PortsAdminExtendedAttrsTestJSON-970647843 tempest-PortsAdminExtendedAttrsTestJSON-970647843-project-admin] Attributes excluded by policy engine: ['standard_attr_id'] {{(pid=102609) _exclude_attributes_by_policy /opt/stack/neutron/neutron/pecan_wsgi/hooks/policy_enforcement.py:255}}
Oct 29 14:03:18.372911 dv-neutron-815120-1-hyperv neutron-server[102609]: DEBUG neutron.pecan_wsgi.hooks.policy_enforcement [None req-953fe107-a781-40be-87d6-c5cbe1b3a962 tempest-PortsAdminExtendedAttrsTestJSON-970647843 tempest-PortsAdminExtendedAttrsTestJSON-970647843-project-admin] Attributes excluded by policy engine: ['standard_attr_id'] {{(pid=102609) _exclude_attributes_by_policy /opt/stack/neutron/neutron/pecan_wsgi/hooks/policy_enforcement.py:255}}
Oct 29 14:03:18.373168 dv-neutron-815120-1-hyperv neutron-server[102609]: DEBUG neutron.pecan_wsgi.hooks.policy_enforcement [None req-953fe107-a781-40be-87d6-c5cbe1b3a962 tempest-PortsAdminExtendedAttrsTestJSON-970647843 tempest-PortsAdminExtendedAttrsTestJSON-970647843-project-admin] Attributes excluded by policy engine: ['standard_attr_id'] {{(pid=102609) _exclude_attributes_by_policy /opt/stack/neutron/neutron/pecan_wsgi/hooks/policy_enforcement.py:255}}
Oct 29 14:03:18.373997 dv-neutron-815120-1-hyperv neutron-server[102609]: DEBUG neutron.pecan_wsgi.hooks.policy_enforcement [None req-953fe107-a781-40be-87d6-c5cbe1b3a962 tempest-PortsAdminExtendedAttrsTestJSON-970647843 tempest-PortsAdminExtendedAttrsTestJSON-970647843-project-admin] Attributes excluded by policy engine: ['standard_attr_id'] {{(pid=102609) _exclude_attributes_by_policy /opt/stack/neutron/neutron/pecan_wsgi/hooks/policy_enforcement.py:255}}
Oct 29 14:03:18.374656 dv-neutron-815120-1-hyperv neutron-server[102609]: DEBUG neutron.pecan_wsgi.hooks.policy_enforcement [None req-953fe107-a781-40be-87d6-c5cbe1b3a962 tempest-PortsAdminExtendedAttrsTestJSON-970647843 tempest-PortsAdminExtendedAttrsTestJSON-970647843-project-admin] Attributes excluded by policy engine: ['standard_attr_id'] {{(pid=102609) _exclude_attributes_by_policy /opt/stack/neutron/neutron/pecan_wsgi/hooks/policy_enforcement.py:255}}
Oct 29 14:03:18.375204 dv-neutron-815120-1-hyperv neutron-server[102609]: DEBUG neutron.pecan_wsgi.hooks.policy_enforcement [None req-953fe107-a781-40be-87d6-c5cbe1b3a962 tempest-PortsAdminExtendedAttrsTestJSON-970647843 tempest-PortsAdminExtendedAttrsTestJSON-970647843-project-admin] Attributes excluded by policy engine: ['standard_attr_id'] {{(pid=102609) _exclude_attributes_by_policy /opt/stack/neutron/neutron/pecan_wsgi/hooks/policy_enforcement.py:255}}
Oct 29 14:03:18.375794 dv-neutron-815120-1-hyperv neutron-server[102609]: DEBUG neutron.pecan_wsgi.hooks.policy_enforcement [None req-953fe107-a781-40be-87d6-c5cbe1b3a962 tempest-PortsAdminExtendedAttrsTestJSON-970647843 tempest-PortsAdminExtendedAttrsTestJSON-970647843-project-admin] Attributes excluded by policy engine: ['standard_attr_id'] {{(pid=102609) _exclude_attributes_by_policy /opt/stack/neutron/neutron/pecan_wsgi/hooks/policy_enforcement.py:255}}
Oct 29 14:03:18.376720 dv-neutron-815120-1-hyperv neutron-server[102609]: DEBUG neutron.pecan_wsgi.hooks.policy_enforcement [None req-953fe107-a781-40be-87d6-c5cbe1b3a962 tempest-PortsAdminExtendedAttrsTestJSON-970647843 tempest-PortsAdminExtendedAttrsTestJSON-970647843-project-admin] Attributes excluded by policy engine: ['standard_attr_id'] {{(pid=102609) _exclude_attributes_by_policy /opt/stack/neutron/neutron/pecan_wsgi/hooks/policy_enforcement.py:255}}
Oct 29 14:03:18.377369 dv-neutron-815120-1-hyperv neutron-server[102609]: DEBUG neutron.pecan_wsgi.hooks.policy_enforcement [None req-953fe107-a781-40be-87d6-c5cbe1b3a962 tempest-PortsAdminExtendedAttrsTestJSON-970647843 tempest-PortsAdminExtendedAttrsTestJSON-970647843-project-admin] Attributes excluded by policy engine: ['standard_attr_id'] {{(pid=102609) _exclude_attributes_by_policy /opt/stack/neutron/neutron/pecan_wsgi/hooks/policy_enforcement.py:255}}
Oct 29 14:03:18.378089 dv-neutron-815120-1-hyperv neutron-server[102609]: DEBUG neutron.pecan_wsgi.hooks.policy_enforcement [None req-953fe107-a781-40be-87d6-c5cbe1b3a962 tempest-PortsAdminExtendedAttrsTestJSON-970647843 tempest-PortsAdminExtendedAttrsTestJSON-970647843-project-admin] Attributes excluded by policy engine: ['standard_attr_id'] {{(pid=102609) _exclude_attributes_by_policy /opt/stack/neutron/neutron/pecan_wsgi/hooks/policy_enforcement.py:255}}
Oct 29 14:03:18.378586 dv-neutron-815120-1-hyperv neutron-server[102609]: DEBUG neutron.pecan_wsgi.hooks.policy_enforcement [None req-953fe107-a781-40be-87d6-c5cbe1b3a962 tempest-PortsAdminExtendedAttrsTestJSON-970647843 tempest-PortsAdminExtendedAttrsTestJSON-970647843-project-admin] Attributes excluded by policy engine: ['standard_attr_id'] {{(pid=102609) _exclude_attributes_by_policy /opt/stack/neutron/neutron/pecan_wsgi/hooks/policy_enforcement.py:255}}
Oct 29 14:03:18.379074 dv-neutron-815120-1-hyperv neutron-server[102609]: DEBUG neutron.pecan_wsgi.hooks.policy_enforcement [None req-953fe107-a781-40be-87d6-c5cbe1b3a962 tempest-PortsAdminExtendedAttrsTestJSON-970647843 tempest-PortsAdminExtendedAttrsTestJSON-970647843-project-admin] Attributes excluded by policy engine: ['standard_attr_id'] {{(pid=102609) _exclude_attributes_by_policy /opt/stack/neutron/neutron/pecan_wsgi/hooks/policy_enforcement.py:255}}
Oct 29 14:03:18.379638 dv-neutron-815120-1-hyperv neutron-server[102609]: DEBUG neutron.pecan_wsgi.hooks.policy_enforcement [None req-953fe107-a781-40be-87d6-c5cbe1b3a962 tempest-PortsAdminExtendedAttrsTestJSON-970647843 tempest-PortsAdminExtendedAttrsTestJSON-970647843-project-admin] Attributes excluded by policy engine: ['standard_attr_id'] {{(pid=102609) _exclude_attributes_by_policy /opt/stack/neutron/neutron/pecan_wsgi/hooks/policy_enforcement.py:255}}
Oct 29 14:03:18.380199 dv-neutron-815120-1-hyperv neutron-server[102609]: DEBUG neutron.pecan_wsgi.hooks.policy_enforcement [None req-953fe107-a781-40be-87d6-c5cbe1b3a962 tempest-PortsAdminExtendedAttrsTestJSON-970647843 tempest-PortsAdminExtendedAttrsTestJSON-970647843-project-admin] Attributes excluded by policy engine: ['standard_attr_id'] {{(pid=102609) _exclude_attributes_by_policy /opt/stack/neutron/neutron/pecan_wsgi/hooks/policy_enforcement.py:255}}
Oct 29 14:03:18.389510 dv-neutron-815120-1-hyperv neutron-server[102609]: DEBUG neutron.pecan_wsgi.hooks.policy_enforcement [None req-953fe107-a781-40be-87d6-c5cbe1b3a962 tempest-PortsAdminExtendedAttrsTestJSON-970647843 tempest-PortsAdminExtendedAttrsTestJSON-970647843-project-admin] Attributes excluded by policy engine: ['standard_attr_id'] {{(pid=102609) _exclude_attributes_by_policy /opt/stack/neutron/neutron/pecan_wsgi/hooks/policy_enforcement.py:255}}
Oct 29 14:03:18.390238 dv-neutron-815120-1-hyperv neutron-server[102609]: DEBUG neutron.pecan_wsgi.hooks.policy_enforcement [None req-953fe107-a781-40be-87d6-c5cbe1b3a962 tempest-PortsAdminExtendedAttrsTestJSON-970647843 tempest-PortsAdminExtendedAttrsTestJSON-970647843-project-admin] Attributes excluded by policy engine: ['standard_attr_id'] {{(pid=102609) _exclude_attributes_by_policy /opt/stack/neutron/neutron/pecan_wsgi/hooks/policy_enforcement.py:255}}
Oct 29 14:03:18.390952 dv-neutron-815120-1-hyperv neutron-server[102609]: DEBUG neutron.pecan_wsgi.hooks.policy_enforcement [None req-953fe107-a781-40be-87d6-c5cbe1b3a962 tempest-PortsAdminExtendedAttrsTestJSON-970647843 tempest-PortsAdminExtendedAttrsTestJSON-970647843-project-admin] Attributes excluded by policy engine: ['standard_attr_id'] {{(pid=102609) _exclude_attributes_by_policy /opt/stack/neutron/neutron/pecan_wsgi/hooks/policy_enforcement.py:255}}
Oct 29 14:03:18.391659 dv-neutron-815120-1-hyperv neutron-server[102609]: DEBUG neutron.pecan_wsgi.hooks.policy_enforcement [None req-953fe107-a781-40be-87d6-c5cbe1b3a962 tempest-PortsAdminExtendedAttrsTestJSON-970647843 tempest-PortsAdminExtendedAttrsTestJSON-970647843-project-admin] Attributes excluded by policy engine: ['standard_attr_id'] {{(pid=102609) _exclude_attributes_by_policy /opt/stack/neutron/neutron/pecan_wsgi/hooks/policy_enforcement.py:255}}
Oct 29 14:03:18.395438 dv-neutron-815120-1-hyperv neutron-server[102609]: DEBUG neutron.pecan_wsgi.hooks.policy_enforcement [None req-953fe107-a781-40be-87d6-c5cbe1b3a962 tempest-PortsAdminExtendedAttrsTestJSON-970647843 tempest-PortsAdminExtendedAttrsTestJSON-970647843-project-admin] Attributes excluded by policy engine: ['standard_attr_id'] {{(pid=102609) _exclude_attributes_by_policy /opt/stack/neutron/neutron/pecan_wsgi/hooks/policy_enforcement.py:255}}
Oct 29 14:03:18.398612 dv-neutron-815120-1-hyperv neutron-server[102609]: INFO neutron.wsgi [None req-953fe107-a781-40be-87d6-c5cbe1b3a962 tempest-PortsAdminExtendedAttrsTestJSON-970647843 tempest-PortsAdminExtendedAttrsTestJSON-970647843-project-admin] 10.222.0.76 "GET /v2.0/ports HTTP/1.1" status: 200 len: 16797 time: 0.3046863
Oct 29 14:03:18.403909 dv-neutron-815120-1-hyperv neutron-server[102608]: DEBUG neutron.wsgi [-] (102608) accepted ('10.222.0.76', 35990) {{(pid=102608) server /usr/local/lib/python3.8/dist-packages/eventlet/wsgi.py:982}}
Oct 29 14:03:18.406978 dv-neutron-815120-1-hyperv neutron-server[102609]: DEBUG neutron_lib.callbacks.manager [None req-368cbe4a-d60b-421c-ac4b-8c5c630902eb tempest-QuotasNegativeTest-1451031697 tempest-QuotasNegativeTest-1451031697-project-admin] Publish callbacks ['neutron.plugins.ml2.plugin.Ml2Plugin._handle_segment_change-32933474'] for segment, precommit_create {{(pid=102609) _notify_loop /usr/local/lib/python3.8/dist-packages/neutron_lib/callbacks/manager.py:175}}
Oct 29 14:03:18.406978 dv-neutron-815120-1-hyperv neutron-server[102609]: INFO neutron.db.segments_db [None req-368cbe4a-d60b-421c-ac4b-8c5c630902eb tempest-QuotasNegativeTest-1451031697 tempest-QuotasNegativeTest-1451031697-project-admin] Added segment 4a64aa57-de82-4eae-9d09-e0700ffd296b of type vlan for network c7489ead-1d54-494a-8644-834a9e9009ea
Oct 29 14:03:18.437617 dv-neutron-815120-1-hyperv neutron-server[102608]: DEBUG neutron.pecan_wsgi.hooks.policy_enforcement [None req-ed632b72-a997-46a6-8219-5d2212bf55f2 tempest-FloatingIPAdminTestJSON-172420445 tempest-FloatingIPAdminTestJSON-172420445-project] Attributes excluded by policy engine: ['standard_attr_id', 'binding:profile', 'binding:host_id', 'binding:vif_type', 'binding:vif_details', 'network'] {{(pid=102608) _exclude_attributes_by_policy /opt/stack/neutron/neutron/pecan_wsgi/hooks/policy_enforcement.py:255}}
Oct 29 14:03:18.438744 dv-neutron-815120-1-hyperv neutron-server[102608]: DEBUG neutron_lib.callbacks.manager [None req-ed632b72-a997-46a6-8219-5d2212bf55f2 tempest-FloatingIPAdminTestJSON-172420445 tempest-FloatingIPAdminTestJSON-172420445-project] Publish callbacks ['neutron.notifiers.nova.Notifier._send_nova_notification-125069'] for port, before_response {{(pid=102608) _notify_loop /usr/local/lib/python3.8/dist-packages/neutron_lib/callbacks/manager.py:175}}
Oct 29 14:03:18.467895 dv-neutron-815120-1-hyperv neutron-server[102609]: DEBUG neutron_lib.callbacks.manager [None req-368cbe4a-d60b-421c-ac4b-8c5c630902eb tempest-QuotasNegativeTest-1451031697 tempest-QuotasNegativeTest-1451031697-project-admin] Publish callbacks ['neutron.services.auto_allocate.db._ensure_external_network_default_value_callback-8781378866149'] for network, precommit_create {{(pid=102609) _notify_loop /usr/local/lib/python3.8/dist-packages/neutron_lib/callbacks/manager.py:175}}
Oct 29 14:03:18.556802 dv-neutron-815120-1-hyperv neutron-server[102608]: DEBUG neutron_lib.callbacks.manager [None req-65b73ae2-3b50-497c-95d3-fb9a853cb4be tempest-PortsAdminExtendedAttrsIpV6TestJSON-1183510963 tempest-PortsAdminExtendedAttrsIpV6TestJSON-1183510963-project-admin] Publish callbacks ['neutron.plugins.ml2.plugin.SecurityGroupServerNotifierRpcMixin._notify_sg_on_port_change-616378', 'neutron.plugins.ml2.ovo_rpc._ObjectChangeHandler.handle_event-56225', 'neutron.api.rpc.agentnotifiers.dhcp_rpc_agent_api.DhcpAgentNotifyAPI._native_event_send_dhcp_notification-33126810', 'neutron.db.l3_db.L3RpcNotifierMixin._notify_routers_callback-8781379390199', 'neutron.db.l3_dvrscheduler_db._notify_port_delete-8781378894475', 'neutron.services.segments.plugin.NovaSegmentNotifier._notify_port_created_or_deleted-2995255'] for port, after_delete {{(pid=102608) _notify_loop /usr/local/lib/python3.8/dist-packages/neutron_lib/callbacks/manager.py:175}}
Oct 29 14:03:18.607603 dv-neutron-815120-1-hyperv neutron-server[102608]: DEBUG neutron.api.rpc.handlers.resources_rpc [None req-65b73ae2-3b50-497c-95d3-fb9a853cb4be tempest-PortsAdminExtendedAttrsIpV6TestJSON-1183510963 tempest-PortsAdminExtendedAttrsIpV6TestJSON-1183510963-project-admin] Pushing event deleted for resources: {'Port': ['ID=f9d4f241-58cf-43bb-9f46-e796a63fd416,revision_number=None']} {{(pid=102608) push /opt/stack/neutron/neutron/api/rpc/handlers/resources_rpc.py:237}}
Oct 29 14:03:18.611648 dv-neutron-815120-1-hyperv neutron-server[102608]: DEBUG neutron_lib.callbacks.manager [None req-54a4d4fd-036a-4587-b4ed-582648d0b6e5 tempest-ExternalNetworksTestJSON-790376810 tempest-ExternalNetworksTestJSON-790376810-project] Publish callbacks ['neutron.plugins.ml2.plugin.Ml2Plugin._network_delete_precommit_handler-32945706', 'neutron.services.segments.db._delete_segments_for_network-8781379416176'] for network, precommit_delete {{(pid=102608) _notify_loop /usr/local/lib/python3.8/dist-packages/neutron_lib/callbacks/manager.py:175}}
Oct 29 14:03:18.617900 dv-neutron-815120-1-hyperv neutron-server[102609]: DEBUG neutron_lib.callbacks.manager [None req-368cbe4a-d60b-421c-ac4b-8c5c630902eb tempest-QuotasNegativeTest-1451031697 tempest-QuotasNegativeTest-1451031697-project-admin] Publish callbacks ['neutron.plugins.ml2.ovo_rpc._ObjectChangeHandler.handle_event-427857', 'neutron.api.rpc.agentnotifiers.dhcp_rpc_agent_api.DhcpAgentNotifyAPI._native_event_send_dhcp_notification-33126810'] for network, after_create {{(pid=102609) _notify_loop /usr/local/lib/python3.8/dist-packages/neutron_lib/callbacks/manager.py:175}}
Oct 29 14:03:18.618963 dv-neutron-815120-1-hyperv neutron-server[102609]: DEBUG neutron.pecan_wsgi.hooks.policy_enforcement [None req-368cbe4a-d60b-421c-ac4b-8c5c630902eb tempest-QuotasNegativeTest-1451031697 tempest-QuotasNegativeTest-1451031697-project-admin] Attributes excluded by policy engine: ['standard_attr_id', 'vlan_transparent'] {{(pid=102609) _exclude_attributes_by_policy /opt/stack/neutron/neutron/pecan_wsgi/hooks/policy_enforcement.py:255}}
Oct 29 14:03:18.619452 dv-neutron-815120-1-hyperv neutron-server[102609]: DEBUG neutron_lib.callbacks.manager [None req-368cbe4a-d60b-421c-ac4b-8c5c630902eb tempest-QuotasNegativeTest-1451031697 tempest-QuotasNegativeTest-1451031697-project-admin] Publish callbacks [] for network, before_response {{(pid=102609) _notify_loop /usr/local/lib/python3.8/dist-packages/neutron_lib/callbacks/manager.py:175}}
Oct 29 14:03:18.632139 dv-neutron-815120-1-hyperv neutron-server[102608]: DEBUG neutron.wsgi [-] (102608) accepted ('10.222.0.76', 35992) {{(pid=102608) server /usr/local/lib/python3.8/dist-packages/eventlet/wsgi.py:982}}
Oct 29 14:03:18.654591 dv-neutron-815120-1-hyperv neutron-server[102608]: DEBUG neutron_lib.callbacks.manager [None req-65b73ae2-3b50-497c-95d3-fb9a853cb4be tempest-PortsAdminExtendedAttrsIpV6TestJSON-1183510963 tempest-PortsAdminExtendedAttrsIpV6TestJSON-1183510963-project-admin] Publish callbacks ['neutron.notifiers.nova.Notifier._send_nova_notification-125069'] for port, before_response {{(pid=102608) _notify_loop /usr/local/lib/python3.8/dist-packages/neutron_lib/callbacks/manager.py:175}}
Oct 29 14:03:18.658094 dv-neutron-815120-1-hyperv neutron-server[102608]: INFO neutron.wsgi [None req-65b73ae2-3b50-497c-95d3-fb9a853cb4be tempest-PortsAdminExtendedAttrsIpV6TestJSON-1183510963 tempest-PortsAdminExtendedAttrsIpV6TestJSON-1183510963-project-admin] 10.222.0.76 "DELETE /v2.0/ports/f9d4f241-58cf-43bb-9f46-e796a63fd416 HTTP/1.1" status: 204 len: 168 time: 1.2361181
Oct 29 14:03:18.669164 dv-neutron-815120-1-hyperv neutron-server[102609]: DEBUG neutron.wsgi [-] (102609) accepted ('10.222.0.76', 35994) {{(pid=102609) server /usr/local/lib/python3.8/dist-packages/eventlet/wsgi.py:982}}
Oct 29 14:03:18.671560 dv-neutron-815120-1-hyperv neutron-server[102608]: INFO neutron.wsgi [None req-ed632b72-a997-46a6-8219-5d2212bf55f2 tempest-FloatingIPAdminTestJSON-172420445 tempest-FloatingIPAdminTestJSON-172420445-project] 10.222.0.76 "POST /v2.0/ports HTTP/1.1" status: 201 len: 935 time: 2.4442348
Oct 29 14:03:18.679280 dv-neutron-815120-1-hyperv neutron-server[102608]: DEBUG neutron.wsgi [-] (102608) accepted ('10.222.0.76', 35996) {{(pid=102608) server /usr/local/lib/python3.8/dist-packages/eventlet/wsgi.py:982}}
Oct 29 14:03:18.680054 dv-neutron-815120-1-hyperv neutron-server[102608]: DEBUG neutron_lib.callbacks.manager [None req-37f9fec6-7d30-445c-9a12-59fb1e31d782 admin admin] Publish callbacks [] for security_group, before_create {{(pid=102608) _notify_loop /usr/local/lib/python3.8/dist-packages/neutron_lib/callbacks/manager.py:175}}
Oct 29 14:03:18.680711 dv-neutron-815120-1-hyperv neutron-server[102610]: DEBUG neutron.db.provisioning_blocks [None req-92db454b-3873-4ade-a08d-866acc884226 None None] Provisioning complete for port b8bc6d11-7a67-4514-9feb-2bb028fd7901 triggered by entity DHCP. {{(pid=102610) provisioning_complete /opt/stack/neutron/neutron/db/provisioning_blocks.py:139}}
Oct 29 14:03:18.682029 dv-neutron-815120-1-hyperv neutron-server[102610]: DEBUG neutron_lib.callbacks.manager [None req-92db454b-3873-4ade-a08d-866acc884226 None None] Publish callbacks ['neutron.plugins.ml2.plugin.Ml2Plugin._port_provisioned-32947799'] for port, provisioning_complete {{(pid=102610) _notify_loop /usr/local/lib/python3.8/dist-packages/neutron_lib/callbacks/manager.py:175}}
Oct 29 14:03:18.698275 dv-neutron-815120-1-hyperv neutron-server[102608]: DEBUG neutron.services.segments.db [None req-54a4d4fd-036a-4587-b4ed-582648d0b6e5 tempest-ExternalNetworksTestJSON-790376810 tempest-ExternalNetworksTestJSON-790376810-project] neutron.services.segments.plugin.Plugin method get_segments called with arguments (,) {'filters': {'network_id': ['18566639-7483-4593-8661-7b89d6b64ca9']}} {{(pid=102608) wrapper /usr/local/lib/python3.8/dist-packages/oslo_log/helpers.py:65}}
Oct 29 14:03:18.705063 dv-neutron-815120-1-hyperv neutron-server[102609]: INFO neutron.pecan_wsgi.hooks.translation [None req-03455e0d-848d-445b-a4bb-1b470aee9cb4 tempest-PortsAdminExtendedAttrsIpV6TestJSON-1183510963 tempest-PortsAdminExtendedAttrsIpV6TestJSON-1183510963-project-admin] GET failed (client error): The resource could not be found.
Oct 29 14:03:18.710638 dv-neutron-815120-1-hyperv neutron-server[102609]: INFO neutron.wsgi [None req-03455e0d-848d-445b-a4bb-1b470aee9cb4 tempest-PortsAdminExtendedAttrsIpV6TestJSON-1183510963 tempest-PortsAdminExtendedAttrsIpV6TestJSON-1183510963-project-admin] 10.222.0.76 "GET /v2.0/ports/f9d4f241-58cf-43bb-9f46-e796a63fd416 HTTP/1.1" status: 404 len: 333 time: 0.0359633
Oct 29 14:03:18.713429 dv-neutron-815120-1-hyperv neutron-server[102609]: DEBUG neutron.wsgi [-] (102609) accepted ('10.222.0.76', 36002) {{(pid=102609) server /usr/local/lib/python3.8/dist-packages/eventlet/wsgi.py:982}}
Oct 29 14:03:18.720593 dv-neutron-815120-1-hyperv neutron-server[102609]: DEBUG neutron.api.v2.base [None req-8a2e31e8-93ea-4c69-98ec-d48a16f9f00d tempest-PortsAdminExtendedAttrsIpV6TestJSON-1183510963 tempest-PortsAdminExtendedAttrsIpV6TestJSON-1183510963-project-admin] Request body: {'port': {'name': 'tempest-PortsAdminExtendedAttrsIpV6TestJSON-1420952517', 'network_id': '29bfedb8-db75-4cfd-8b4d-e9f5ccdc37fd'}} {{(pid=102609) prepare_request_body /opt/stack/neutron/neutron/api/v2/base.py:729}}
Oct 29 14:03:18.729231 dv-neutron-815120-1-hyperv neutron-server[102609]: DEBUG neutron.api.rpc.handlers.resources_rpc [None req-368cbe4a-d60b-421c-ac4b-8c5c630902eb tempest-QuotasNegativeTest-1451031697 tempest-QuotasNegativeTest-1451031697-project-admin] Pushing event updated for resources: {'Network': ['ID=c7489ead-1d54-494a-8644-834a9e9009ea,revision_number=1']} {{(pid=102609) push /opt/stack/neutron/neutron/api/rpc/handlers/resources_rpc.py:237}}
Oct 29 14:03:18.733104 dv-neutron-815120-1-hyperv neutron-server[102608]: DEBUG neutron.services.segments.db [None req-54a4d4fd-036a-4587-b4ed-582648d0b6e5 tempest-ExternalNetworksTestJSON-790376810 tempest-ExternalNetworksTestJSON-790376810-project] neutron.services.segments.plugin.Plugin method delete_segment called with arguments (, 'a461c848-4b96-4d5b-a9d7-56003fa6cba1') {'for_net_delete': True} {{(pid=102608) wrapper /usr/local/lib/python3.8/dist-packages/oslo_log/helpers.py:65}}
Oct 29 14:03:18.733538 dv-neutron-815120-1-hyperv neutron-server[102608]: DEBUG neutron.services.segments.db [None req-54a4d4fd-036a-4587-b4ed-582648d0b6e5 tempest-ExternalNetworksTestJSON-790376810 tempest-ExternalNetworksTestJSON-790376810-project] neutron.services.segments.plugin.Plugin method get_segment called with arguments (, 'a461c848-4b96-4d5b-a9d7-56003fa6cba1') {} {{(pid=102608) wrapper /usr/local/lib/python3.8/dist-packages/oslo_log/helpers.py:65}}
Oct 29 14:03:18.745415 dv-neutron-815120-1-hyperv neutron-server[102610]: DEBUG neutron.plugins.ml2.rpc [None req-7e1b0143-4f45-46dc-b669-85cc8d11bbd5 None None] Network c7489ead-1d54-494a-8644-834a9e9009ea details requested by agent ovs-agent-dv-neutron-815120-1-hyperv with host dv-neutron-815120-1-hyperv {{(pid=102610) get_network_details /opt/stack/neutron/neutron/plugins/ml2/rpc.py:248}}
Oct 29 14:03:18.781063 dv-neutron-815120-1-hyperv neutron-server[102608]: DEBUG neutron_lib.callbacks.manager [None req-54a4d4fd-036a-4587-b4ed-582648d0b6e5 tempest-ExternalNetworksTestJSON-790376810 tempest-ExternalNetworksTestJSON-790376810-project] Publish callbacks ['neutron.plugins.ml2.db._prevent_segment_delete_with_port_bound-8781379417209', 'neutron.services.segments.plugin.Plugin._prevent_segment_delete_with_subnet_associated-3218122'] for segment, before_delete {{(pid=102608) _notify_loop /usr/local/lib/python3.8/dist-packages/neutron_lib/callbacks/manager.py:175}}
Oct 29 14:03:18.785943 dv-neutron-815120-1-hyperv neutron-server[102609]: INFO neutron.wsgi [None req-368cbe4a-d60b-421c-ac4b-8c5c630902eb tempest-QuotasNegativeTest-1451031697 tempest-QuotasNegativeTest-1451031697-project-admin] 10.222.0.76 "POST /v2.0/networks HTTP/1.1" status: 201 len: 837 time: 0.8704102
Oct 29 14:03:18.786802 dv-neutron-815120-1-hyperv neutron-server[102609]: DEBUG neutron.wsgi [-] (102609) accepted ('10.222.0.76', 36004) {{(pid=102609) server /usr/local/lib/python3.8/dist-packages/eventlet/wsgi.py:982}}
Oct 29 14:03:18.795019 dv-neutron-815120-1-hyperv neutron-server[102609]: DEBUG neutron.api.v2.base [None req-b4de7ad5-0075-40dd-9b3b-b5d93882cbb2 tempest-QuotasNegativeTest-1451031697 tempest-QuotasNegativeTest-1451031697-project-admin] Request body: {'network': {'project_id': '46c60c4639b74e27b0a0b07eb8e3648e'}} {{(pid=102609) prepare_request_body /opt/stack/neutron/neutron/api/v2/base.py:729}}
Oct 29 14:03:18.822662 dv-neutron-815120-1-hyperv neutron-server[102608]: DEBUG neutron_lib.callbacks.manager [None req-54a4d4fd-036a-4587-b4ed-582648d0b6e5 tempest-ExternalNetworksTestJSON-790376810 tempest-ExternalNetworksTestJSON-790376810-project] Publish callbacks ['neutron.plugins.ml2.plugin.Ml2Plugin._handle_segment_change-32933474'] for segment, precommit_delete {{(pid=102608) _notify_loop /usr/local/lib/python3.8/dist-packages/neutron_lib/callbacks/manager.py:175}}
Oct 29 14:03:18.832406 dv-neutron-815120-1-hyperv neutron-server[102610]: DEBUG neutron.plugins.ml2.plugin [None req-92db454b-3873-4ade-a08d-866acc884226 None None] Port b8bc6d11-7a67-4514-9feb-2bb028fd7901 cannot update to ACTIVE because it is not bound. {{(pid=102610) _port_provisioned /opt/stack/neutron/neutron/plugins/ml2/plugin.py:338}}
Oct 29 14:03:18.836030 dv-neutron-815120-1-hyperv neutron-server[102608]: DEBUG neutron.plugins.ml2.plugin [None req-4c8f13ae-bb81-4d34-93ea-648c1d5dbbeb tempest-PortsAdminExtendedAttrsTestJSON-970647843 tempest-PortsAdminExtendedAttrsTestJSON-970647843-project-admin] Deleting port c9279b5a-d6fa-4147-881c-411cb0b7e8cf {{(pid=102608) _pre_delete_port /opt/stack/neutron/neutron/plugins/ml2/plugin.py:1932}}
Oct 29 14:03:18.836372 dv-neutron-815120-1-hyperv neutron-server[102608]: DEBUG neutron_lib.callbacks.manager [None req-4c8f13ae-bb81-4d34-93ea-648c1d5dbbeb tempest-PortsAdminExtendedAttrsTestJSON-970647843 tempest-PortsAdminExtendedAttrsTestJSON-970647843-project-admin] Publish callbacks ['neutron.db.l3_db.L3_NAT_dbonly_mixin._prevent_l3_port_delete_callback-8781379482161'] for port, before_delete {{(pid=102608) _notify_loop /usr/local/lib/python3.8/dist-packages/neutron_lib/callbacks/manager.py:175}}
Oct 29 14:03:18.844531 dv-neutron-815120-1-hyperv neutron-server[102608]: DEBUG neutron.plugins.ml2.drivers.type_vlan [None req-54a4d4fd-036a-4587-b4ed-582648d0b6e5 tempest-ExternalNetworksTestJSON-790376810 tempest-ExternalNetworksTestJSON-790376810-project] Releasing vlan 301 on physical network physnet1 to pool {{(pid=102608) release_segment /opt/stack/neutron/neutron/plugins/ml2/drivers/type_vlan.py:304}}
Oct 29 14:03:18.844531 dv-neutron-815120-1-hyperv neutron-server[102608]: DEBUG neutron_lib.callbacks.manager [None req-54a4d4fd-036a-4587-b4ed-582648d0b6e5 tempest-ExternalNetworksTestJSON-790376810 tempest-ExternalNetworksTestJSON-790376810-project] Publish callbacks ['neutron.plugins.ml2.plugin.Ml2Plugin._handle_segment_change-32933474', 'neutron.services.segments.plugin.NovaSegmentNotifier._notify_segment_deleted-2995298'] for segment, after_delete {{(pid=102608) _notify_loop /usr/local/lib/python3.8/dist-packages/neutron_lib/callbacks/manager.py:175}}
Oct 29 14:03:18.860125 dv-neutron-815120-1-hyperv neutron-server[102608]: Traceback (most recent call last):
Oct 29 14:03:18.860125 dv-neutron-815120-1-hyperv neutron-server[102608]: File "/usr/local/lib/python3.8/dist-packages/eventlet/hubs/hub.py", line 476, in fire_timers
Oct 29 14:03:18.860125 dv-neutron-815120-1-hyperv neutron-server[102608]: timer()
Oct 29 14:03:18.860125 dv-neutron-815120-1-hyperv neutron-server[102608]: File "/usr/local/lib/python3.8/dist-packages/eventlet/hubs/timer.py", line 59, in __call__
Oct 29 14:03:18.860125 dv-neutron-815120-1-hyperv neutron-server[102608]: cb(*args, **kw)
Oct 29 14:03:18.860125 dv-neutron-815120-1-hyperv neutron-server[102608]: File "/opt/stack/neutron/neutron/common/utils.py", line 914, in wrapper
Oct 29 14:03:18.860125 dv-neutron-815120-1-hyperv neutron-server[102608]: return func(*args, **kwargs)
Oct 29 14:03:18.860125 dv-neutron-815120-1-hyperv neutron-server[102608]: File "/opt/stack/neutron/neutron/notifiers/batch_notifier.py", line 58, in synced_send
Oct 29 14:03:18.860125 dv-neutron-815120-1-hyperv neutron-server[102608]: self._notify()
Oct 29 14:03:18.860125 dv-neutron-815120-1-hyperv neutron-server[102608]: File "/opt/stack/neutron/neutron/notifiers/batch_notifier.py", line 69, in _notify
Oct 29 14:03:18.860125 dv-neutron-815120-1-hyperv neutron-server[102608]: self.callback(batched_events)
Oct 29 14:03:18.860125 dv-neutron-815120-1-hyperv neutron-server[102608]: File "/opt/stack/neutron/neutron/services/segments/plugin.py", line 211, in _send_notifications
Oct 29 14:03:18.860125 dv-neutron-815120-1-hyperv neutron-server[102608]: event.method(event)
Oct 29 14:03:18.860125 dv-neutron-815120-1-hyperv neutron-server[102608]: File "/opt/stack/neutron/neutron/services/segments/plugin.py", line 383, in _delete_nova_inventory
Oct 29 14:03:18.860125 dv-neutron-815120-1-hyperv neutron-server[102608]: aggregate_id = self._get_aggregate_id(event.segment_id)
Oct 29 14:03:18.860125 dv-neutron-815120-1-hyperv neutron-server[102608]: File "/opt/stack/neutron/neutron/services/segments/plugin.py", line 370, in _get_aggregate_id
Oct 29 14:03:18.860125 dv-neutron-815120-1-hyperv neutron-server[102608]: aggregate_uuid = self.p_client.list_aggregates(
Oct 29 14:03:18.860125 dv-neutron-815120-1-hyperv neutron-server[102608]: File "/usr/local/lib/python3.8/dist-packages/neutron_lib/placement/client.py", line 58, in wrapper
Oct 29 14:03:18.860125 dv-neutron-815120-1-hyperv neutron-server[102608]: return f(self, *a, **k)
Oct 29 14:03:18.860125 dv-neutron-815120-1-hyperv neutron-server[102608]: File "/usr/local/lib/python3.8/dist-packages/neutron_lib/placement/client.py", line 554, in list_aggregates
Oct 29 14:03:18.860125 dv-neutron-815120-1-hyperv neutron-server[102608]: return self._get(url).json()
Oct 29 14:03:18.860125 dv-neutron-815120-1-hyperv neutron-server[102608]: File "/usr/local/lib/python3.8/dist-packages/neutron_lib/placement/client.py", line 190, in _get
Oct 29 14:03:18.860125 dv-neutron-815120-1-hyperv neutron-server[102608]: return self._client.get(url, endpoint_filter=self._ks_filter,
Oct 29 14:03:18.860125 dv-neutron-815120-1-hyperv neutron-server[102608]: File "/usr/local/lib/python3.8/dist-packages/keystoneauth1/session.py", line 1141, in get
Oct 29 14:03:18.860125 dv-neutron-815120-1-hyperv neutron-server[102608]: return self.request(url, 'GET', **kwargs)
Oct 29 14:03:18.860125 dv-neutron-815120-1-hyperv neutron-server[102608]: File "/usr/local/lib/python3.8/dist-packages/keystoneauth1/session.py", line 811, in request
Oct 29 14:03:18.860125 dv-neutron-815120-1-hyperv neutron-server[102608]: base_url = self.get_endpoint(auth, allow=allow,
Oct 29 14:03:18.860125 dv-neutron-815120-1-hyperv neutron-server[102608]: File "/usr/local/lib/python3.8/dist-packages/keystoneauth1/session.py", line 1241, in get_endpoint
Oct 29 14:03:18.860125 dv-neutron-815120-1-hyperv neutron-server[102608]: auth = self._auth_required(auth, 'determine endpoint URL')
Oct 29 14:03:18.860125 dv-neutron-815120-1-hyperv neutron-server[102608]: File "/usr/local/lib/python3.8/dist-packages/keystoneauth1/session.py", line 1181, in _auth_required
Oct 29 14:03:18.860125 dv-neutron-815120-1-hyperv neutron-server[102608]: raise exceptions.MissingAuthPlugin(msg_fmt % msg)
Oct 29 14:03:18.860125 dv-neutron-815120-1-hyperv neutron-server[102608]: keystoneauth1.exceptions.auth_plugins.MissingAuthPlugin: An auth plugin is required to determine endpoint URL
Oct 29 14:03:18.961145 dv-neutron-815120-1-hyperv neutron-server[102609]: INFO neutron.wsgi [req-4cbe9eda-78ce-484d-8c8f-7140fbbd6f0b req-93fa6197-9543-433b-8e01-f9cdaf1c237c tempest-ServersTestJSON-1475181463 tempest-ServersTestJSON-1475181463-project] 10.222.0.76 "GET /v2.0/ports?device_id=60e33694-4878-45c1-b47a-330d06be4cbb HTTP/1.1" status: 200 len: 210 time: 0.0773206
Oct 29 14:03:18.968126 dv-neutron-815120-1-hyperv neutron-server[102609]: DEBUG neutron.pecan_wsgi.hooks.quota_enforcement [None req-8a2e31e8-93ea-4c69-98ec-d48a16f9f00d tempest-PortsAdminExtendedAttrsIpV6TestJSON-1183510963 tempest-PortsAdminExtendedAttrsIpV6TestJSON-1183510963-project-admin] Made reservation on behalf of 831432572bda4f47a6e04c59c455e522 for: {'port': 1} {{(pid=102609) before /opt/stack/neutron/neutron/pecan_wsgi/hooks/quota_enforcement.py:53}}
Oct 29 14:03:18.971039 dv-neutron-815120-1-hyperv neutron-server[102609]: DEBUG neutron_lib.callbacks.manager [None req-8a2e31e8-93ea-4c69-98ec-d48a16f9f00d tempest-PortsAdminExtendedAttrsIpV6TestJSON-1183510963 tempest-PortsAdminExtendedAttrsIpV6TestJSON-1183510963-project-admin] Publish callbacks ['neutron.plugins.ml2.plugin.SecurityGroupDbMixin._ensure_default_security_group_handler-614442'] for port, before_create {{(pid=102609) _notify_loop /usr/local/lib/python3.8/dist-packages/neutron_lib/callbacks/manager.py:175}}
Oct 29 14:03:19.012228 dv-neutron-815120-1-hyperv neutron-server[102608]: DEBUG neutron.plugins.ml2.db [None req-4c8f13ae-bb81-4d34-93ea-648c1d5dbbeb tempest-PortsAdminExtendedAttrsTestJSON-970647843 tempest-PortsAdminExtendedAttrsTestJSON-970647843-project-admin] For port c9279b5a-d6fa-4147-881c-411cb0b7e8cf, host hv-neutron-8151, got binding levels [] {{(pid=102608) get_binding_level_objs /opt/stack/neutron/neutron/plugins/ml2/db.py:74}}
Oct 29 14:03:19.012591 dv-neutron-815120-1-hyperv neutron-server[102608]: DEBUG neutron_lib.callbacks.manager [None req-4c8f13ae-bb81-4d34-93ea-648c1d5dbbeb tempest-PortsAdminExtendedAttrsTestJSON-970647843 tempest-PortsAdminExtendedAttrsTestJSON-970647843-project-admin] Publish callbacks ['neutron.services.l3_router.l3_router_plugin.L3_NAT_dbonly_mixin._precommit_delete_port_callback-504468'] for port, precommit_delete {{(pid=102608) _notify_loop /usr/local/lib/python3.8/dist-packages/neutron_lib/callbacks/manager.py:175}}
Oct 29 14:03:19.013831 dv-neutron-815120-1-hyperv neutron-server[102609]: INFO neutron.pecan_wsgi.hooks.translation [None req-b4de7ad5-0075-40dd-9b3b-b5d93882cbb2 tempest-QuotasNegativeTest-1451031697 tempest-QuotasNegativeTest-1451031697-project-admin] POST failed (client error): There was a conflict when trying to complete your request.
Oct 29 14:03:19.014308 dv-neutron-815120-1-hyperv neutron-server[102609]: DEBUG neutron.pecan_wsgi.hooks.notifier [None req-b4de7ad5-0075-40dd-9b3b-b5d93882cbb2 tempest-QuotasNegativeTest-1451031697 tempest-QuotasNegativeTest-1451031697-project-admin] No notification will be sent due to unsuccessful status code: 409 {{(pid=102609) after /opt/stack/neutron/neutron/pecan_wsgi/hooks/notifier.py:78}}
Oct 29 14:03:19.021658 dv-neutron-815120-1-hyperv neutron-server[102609]: INFO neutron.wsgi [None req-b4de7ad5-0075-40dd-9b3b-b5d93882cbb2 tempest-QuotasNegativeTest-1451031697 tempest-QuotasNegativeTest-1451031697-project-admin] 10.222.0.76 "POST /v2.0/networks HTTP/1.1" status: 409 len: 310 time: 0.2307811
Oct 29 14:03:19.024282 dv-neutron-815120-1-hyperv neutron-server[102609]: DEBUG neutron.notifiers.nova [None req-8a2e31e8-93ea-4c69-98ec-d48a16f9f00d tempest-PortsAdminExtendedAttrsIpV6TestJSON-1183510963 tempest-PortsAdminExtendedAttrsIpV6TestJSON-1183510963-project-admin] device_id is not set on port 895f2173-4ea6-43ba-8b1d-fa8dd47fa2c4 yet. {{(pid=102609) _can_notify /opt/stack/neutron/neutron/notifiers/nova.py:190}}
Oct 29 14:03:19.025282 dv-neutron-815120-1-hyperv neutron-server[102608]: DEBUG neutron.wsgi [-] (102608) accepted ('10.222.0.76', 36012) {{(pid=102608) server /usr/local/lib/python3.8/dist-packages/eventlet/wsgi.py:982}}
Oct 29 14:03:19.049417 dv-neutron-815120-1-hyperv neutron-server[102609]: INFO neutron.wsgi [req-053bda84-e8d0-49c4-a6d8-3c352d36bdd5 req-576fd82d-6bbc-4b57-a41b-7cec153ed149 tempest-ServerActionsTestJSON-1133759907 tempest-ServerActionsTestJSON-1133759907-project] 10.222.0.76 "GET /v2.0/ports?device_id=37904169-a1d7-4b35-b4be-d87ec9b98f7b HTTP/1.1" status: 200 len: 210 time: 0.0836425
Oct 29 14:03:19.057071 dv-neutron-815120-1-hyperv neutron-server[102608]: DEBUG neutron.api.v2.base [None req-6df2426f-1e26-41a2-af9b-a45a0b827c6d tempest-FloatingIPAdminTestJSON-2141522436 tempest-FloatingIPAdminTestJSON-2141522436-project-admin] Request body: {'floatingip': {'floating_network_id': 'c156969a-3a7e-41b5-bf85-3fe100e648c4', 'project_id': '1f925fa4ff234847a861748db35d4e3a', 'port_id': 'b8bc6d11-7a67-4514-9feb-2bb028fd7901'}} {{(pid=102608) prepare_request_body /opt/stack/neutron/neutron/api/v2/base.py:729}}
Oct 29 14:03:19.075657 dv-neutron-815120-1-hyperv neutron-server[102608]: DEBUG neutron.plugins.ml2.plugin [None req-4c8f13ae-bb81-4d34-93ea-648c1d5dbbeb tempest-PortsAdminExtendedAttrsTestJSON-970647843 tempest-PortsAdminExtendedAttrsTestJSON-970647843-project-admin] Calling delete_port for c9279b5a-d6fa-4147-881c-411cb0b7e8cf owned by {{(pid=102608) delete_port /opt/stack/neutron/neutron/plugins/ml2/plugin.py:2010}}
