Nov 03 16:51:58.628676 dv-neutron-815102-11-hyperv neutron-server[107999]: DEBUG neutron.scheduler.l3_agent_scheduler [None req-4f6d4b96-43f2-46f4-8d84-6f4f3aa5a124 tempest-RoutersAdminTest-1253616473 tempest-RoutersAdminTest-1253616473-project] Router ad498417-d6f6-4c01-b023-62aaa515a953 is scheduled to L3 agent 2a26ede6-7177-41ca-8c4b-3cb7f0c43286 with binding_index 1 {{(pid=107999) bind_router /opt/stack/neutron/neutron/scheduler/l3_agent_scheduler.py:209}}
Nov 03 16:51:58.758692 dv-neutron-815102-11-hyperv neutron-server[107999]: DEBUG neutron.api.rpc.agentnotifiers.l3_rpc_agent_api [None req-4f6d4b96-43f2-46f4-8d84-6f4f3aa5a124 tempest-RoutersAdminTest-1253616473 tempest-RoutersAdminTest-1253616473-project] Notify agent at l3_agent.dv-neutron-815102-11-hyperv the message routers_updated {{(pid=107999) _agent_notification /opt/stack/neutron/neutron/api/rpc/agentnotifiers/l3_rpc_agent_api.py:65}}
Nov 03 16:51:58.771241 dv-neutron-815102-11-hyperv neutron-server[108000]: DEBUG neutron_lib.callbacks.manager [None req-44f1aaf9-0f1d-4967-ae39-37781f8c5248 tempest-RoutersTestDVR-1625727187 tempest-RoutersTestDVR-1625727187-project-admin] Publish callbacks ['neutron.services.l3_router.l3_router_plugin.L3_HA_NAT_db_mixin._cleanup_ha_network_handler-1601812'] for router, after_delete {{(pid=108000) _notify_loop /usr/local/lib/python3.8/dist-packages/neutron_lib/callbacks/manager.py:175}}
Nov 03 16:51:58.771752 dv-neutron-815102-11-hyperv neutron-server[108000]: DEBUG neutron.api.rpc.agentnotifiers.l3_rpc_agent_api [None req-44f1aaf9-0f1d-4967-ae39-37781f8c5248 tempest-RoutersTestDVR-1625727187 tempest-RoutersTestDVR-1625727187-project-admin] Fanout notify agent at l3_agent the message router_deleted on router 018959e7-8e41-4eca-99b3-ba6074e9e480 {{(pid=108000) _notification_fanout /opt/stack/neutron/neutron/api/rpc/agentnotifiers/l3_rpc_agent_api.py:114}}
Nov 03 16:51:58.776489 dv-neutron-815102-11-hyperv neutron-server[108001]: DEBUG neutron.api.rpc.handlers.l3_rpc [None req-fa9b413c-cd8b-4d94-ab37-d4141a264249 None None] Sync routers for ids ['ad498417-d6f6-4c01-b023-62aaa515a953'] in dv-neutron-815102-11-hyperv {{(pid=108001) sync_routers /opt/stack/neutron/neutron/api/rpc/handlers/l3_rpc.py:125}}
Nov 03 16:51:58.789760 dv-neutron-815102-11-hyperv neutron-server[108000]: DEBUG neutron_lib.callbacks.manager [None req-44f1aaf9-0f1d-4967-ae39-37781f8c5248 tempest-RoutersTestDVR-1625727187 tempest-RoutersTestDVR-1625727187-project-admin] Publish callbacks [] for router, before_response {{(pid=108000) _notify_loop /usr/local/lib/python3.8/dist-packages/neutron_lib/callbacks/manager.py:175}}
Nov 03 16:51:58.794357 dv-neutron-815102-11-hyperv neutron-server[108000]: INFO neutron.wsgi [None req-44f1aaf9-0f1d-4967-ae39-37781f8c5248 tempest-RoutersTestDVR-1625727187 tempest-RoutersTestDVR-1625727187-project-admin] 10.222.0.74 "DELETE /v2.0/routers/018959e7-8e41-4eca-99b3-ba6074e9e480 HTTP/1.1" status: 204 len: 168 time: 1.1522880
Nov 03 16:51:58.800365 dv-neutron-815102-11-hyperv neutron-server[107999]: DEBUG neutron_lib.callbacks.manager [None req-f44e666d-5064-43f0-8bea-d5e77d359aeb tempest-ExtraDHCPOptionsTestJSON-1251858397 tempest-ExtraDHCPOptionsTestJSON-1251858397-project] Publish callbacks ['neutron.plugins.ml2.plugin.External_net_db_mixin._before_network_delete_handler-743139'] for network, before_delete {{(pid=107999) _notify_loop /usr/local/lib/python3.8/dist-packages/neutron_lib/callbacks/manager.py:175}}
Nov 03 16:51:58.803725 dv-neutron-815102-11-hyperv neutron-server[107999]: DEBUG neutron.wsgi [-] (107999) accepted ('10.222.0.74', 48588) {{(pid=107999) server /usr/local/lib/python3.8/dist-packages/eventlet/wsgi.py:982}}
Nov 03 16:51:58.807052 dv-neutron-815102-11-hyperv neutron-server[107999]: DEBUG neutron_lib.callbacks.manager [None req-4f6d4b96-43f2-46f4-8d84-6f4f3aa5a124 tempest-RoutersAdminTest-1253616473 tempest-RoutersAdminTest-1253616473-project] Publish callbacks [] for router, before_response {{(pid=107999) _notify_loop /usr/local/lib/python3.8/dist-packages/neutron_lib/callbacks/manager.py:175}}
Nov 03 16:51:58.811137 dv-neutron-815102-11-hyperv neutron-server[107999]: INFO neutron.wsgi [None req-4f6d4b96-43f2-46f4-8d84-6f4f3aa5a124 tempest-RoutersAdminTest-1253616473 tempest-RoutersAdminTest-1253616473-project] 10.222.0.74 "POST /v2.0/routers HTTP/1.1" status: 201 len: 884 time: 6.3675644
Nov 03 16:51:58.811301 dv-neutron-815102-11-hyperv neutron-server[108000]: INFO neutron.wsgi [req-d23f63f4-1ad3-43e0-9273-59a34f5d7f44 req-40a7a99a-5fbe-4231-b20a-86765e619aaa tempest-ServersTestJSON-93770727 tempest-ServersTestJSON-93770727-project] 10.222.0.74 "GET /v2.0/security-groups?id=5a560e2c-13eb-4a27-9902-c69d14ae8231&fields=id&fields=name HTTP/1.1" status: 200 len: 312 time: 0.3774261
Nov 03 16:51:58.814075 dv-neutron-815102-11-hyperv neutron-server[107999]: DEBUG neutron.api.v2.base [None req-9244b1c2-47a8-4013-9e9f-6c5c57e79a23 tempest-RoutersTestDVR-1625727187 tempest-RoutersTestDVR-1625727187-project-admin] Request body: {'router': {'name': 'tempest-router-929567264', 'distributed': False}} {{(pid=107999) prepare_request_body /opt/stack/neutron/neutron/api/v2/base.py:729}}
Nov 03 16:51:58.817267 dv-neutron-815102-11-hyperv neutron-server[107999]: DEBUG neutron.wsgi [-] (107999) accepted ('10.222.0.74', 48590) {{(pid=107999) server /usr/local/lib/python3.8/dist-packages/eventlet/wsgi.py:982}}
Nov 03 16:51:58.823312 dv-neutron-815102-11-hyperv neutron-server[108000]: DEBUG neutron_lib.callbacks.manager [None req-1a0ec51e-29f5-451f-82bb-94b7e6fe8b10 admin admin] Publish callbacks ['neutron.plugins.ml2.ovo_rpc._ObjectChangeHandler.handle_event-425624'] for security_group, after_delete {{(pid=108000) _notify_loop /usr/local/lib/python3.8/dist-packages/neutron_lib/callbacks/manager.py:175}}
Nov 03 16:51:58.826119 dv-neutron-815102-11-hyperv neutron-server[108000]: DEBUG neutron_lib.callbacks.manager [None req-1a0ec51e-29f5-451f-82bb-94b7e6fe8b10 admin admin] Publish callbacks [] for security_group, before_response {{(pid=108000) _notify_loop /usr/local/lib/python3.8/dist-packages/neutron_lib/callbacks/manager.py:175}}
Nov 03 16:51:58.829892 dv-neutron-815102-11-hyperv neutron-server[108000]: INFO neutron.wsgi [None req-1a0ec51e-29f5-451f-82bb-94b7e6fe8b10 admin admin] 10.222.0.74 "DELETE /v2.0/security-groups/963e37e2-c954-4421-a62b-6c7a284d193e HTTP/1.1" status: 204 len: 168 time: 1.1649082
Nov 03 16:51:58.836552 dv-neutron-815102-11-hyperv neutron-server[108001]: DEBUG neutron.api.rpc.handlers.dhcp_rpc [None req-da8c4e4f-340c-4162-bb6e-af1d608c8434 None None] DHCP port deletion for 2ba21660-8e0d-4485-bbdc-2ba63748bc5e request from dv-neutron-815102-11-hyperv {{(pid=108001) release_dhcp_port /opt/stack/neutron/neutron/api/rpc/handlers/dhcp_rpc.py:266}}
Nov 03 16:51:58.853902 dv-neutron-815102-11-hyperv neutron-server[108001]: DEBUG neutron.db.l3_dvrscheduler_db [None req-fa9b413c-cd8b-4d94-ab37-d4141a264249 None None] Routers {'ad498417-d6f6-4c01-b023-62aaa515a953'} bound to L3 agent in host dv-neutron-815102-11-hyperv {{(pid=108001) _get_router_ids_for_agent /opt/stack/neutron/neutron/db/l3_dvrscheduler_db.py:420}}
Nov 03 16:51:58.854782 dv-neutron-815102-11-hyperv neutron-server[108001]: DEBUG neutron.db.l3_hamode_db [None req-fa9b413c-cd8b-4d94-ab37-d4141a264249 None None] neutron.services.l3_router.l3_router_plugin.L3RouterPlugin method get_ha_sync_data_for_host called with arguments (, 'dv-neutron-815102-11-hyperv', Agent(admin_state_up=True,agent_type='L3 agent',availability_zone='nova',binary='neutron-l3-agent',configurations={"agent_mode": "legacy", "ex_gw_ports": 3, "extensions": [], "floating_ips": 0, "handle_internal_only_routers": true, "interface_driver": "openvswitch", "interfaces": 3, "log_agent_heartbeats": false, "routers": 3},created_at=2021-11-03T16:43:27Z,description=,heartbeat_timestamp=2021-11-03T16:51:57Z,host='dv-neutron-815102-11-hyperv',id=2a26ede6-7177-41ca-8c4b-3cb7f0c43286,load=0,resource_versions=,resources_synced=,started_at=2021-11-03T16:43:27Z,topic='l3_agent')) {'router_ids': ['ad498417-d6f6-4c01-b023-62aaa515a953'], 'active': True} {{(pid=108001) wrapper /usr/local/lib/python3.8/dist-packages/oslo_log/helpers.py:65}}
Nov 03 16:51:58.913636 dv-neutron-815102-11-hyperv neutron-server[108000]: DEBUG neutron.api.rpc.handlers.resources_rpc [None req-1a0ec51e-29f5-451f-82bb-94b7e6fe8b10 admin admin] Pushing event deleted for resources: {'SecurityGroup': ['ID=963e37e2-c954-4421-a62b-6c7a284d193e,revision_number=None']} {{(pid=108000) push /opt/stack/neutron/neutron/api/rpc/handlers/resources_rpc.py:237}}
Nov 03 16:51:58.945128 dv-neutron-815102-11-hyperv neutron-server[108001]: DEBUG neutron.db.l3_hamode_db [None req-fa9b413c-cd8b-4d94-ab37-d4141a264249 None None] neutron.services.l3_router.l3_router_plugin.L3RouterPlugin method _process_sync_ha_data called with arguments (, [], 'dv-neutron-815102-11-hyperv', False) {} {{(pid=108001) wrapper /usr/local/lib/python3.8/dist-packages/oslo_log/helpers.py:65}}
Nov 03 16:51:58.963926 dv-neutron-815102-11-hyperv neutron-server[107999]: DEBUG neutron_lib.callbacks.manager [None req-9244b1c2-47a8-4013-9e9f-6c5c57e79a23 tempest-RoutersTestDVR-1625727187 tempest-RoutersTestDVR-1625727187-project-admin] Publish callbacks ['neutron.services.l3_router.l3_router_plugin.L3_HA_NAT_db_mixin._before_router_create_handler-1602887', 'neutron.services.l3_router.service_providers.driver_controller.DriverController._check_router_request-123536'] for router, before_create {{(pid=107999) _notify_loop /usr/local/lib/python3.8/dist-packages/neutron_lib/callbacks/manager.py:175}}
Nov 03 16:51:58.965825 dv-neutron-815102-11-hyperv neutron-server[107999]: DEBUG neutron_lib.callbacks.manager [None req-9244b1c2-47a8-4013-9e9f-6c5c57e79a23 tempest-RoutersTestDVR-1625727187 tempest-RoutersTestDVR-1625727187-project-admin] Publish callbacks ['neutron.services.l3_router.l3_router_plugin.L3_HA_NAT_db_mixin._precommit_router_create-1603027', 'neutron.services.l3_router.l3_router_plugin.DVRResourceOperationHandler._set_distributed_flag-1588742', 'neutron.services.l3_router.l3_router_plugin.RouterAvailabilityZoneMixin._process_az_request-413987', 'neutron.services.l3_router.service_providers.driver_controller.DriverController._set_router_provider-122979'] for router, precommit_create {{(pid=107999) _notify_loop /usr/local/lib/python3.8/dist-packages/neutron_lib/callbacks/manager.py:175}}
Nov 03 16:51:59.010609 dv-neutron-815102-11-hyperv neutron-server[108001]: DEBUG neutron.db.l3_dvrscheduler_db [None req-fa9b413c-cd8b-4d94-ab37-d4141a264249 None None] Routers {'ad498417-d6f6-4c01-b023-62aaa515a953'} bound to L3 agent in host dv-neutron-815102-11-hyperv {{(pid=108001) _get_router_ids_for_agent /opt/stack/neutron/neutron/db/l3_dvrscheduler_db.py:420}}
Nov 03 16:51:59.018088 dv-neutron-815102-11-hyperv neutron-server[108001]: DEBUG neutron.db.l3_hamode_db [None req-fa9b413c-cd8b-4d94-ab37-d4141a264249 None None] neutron.services.l3_router.l3_router_plugin.L3RouterPlugin method get_ha_sync_data_for_host called with arguments (, 'dv-neutron-815102-11-hyperv', Agent(admin_state_up=True,agent_type='L3 agent',availability_zone='nova',binary='neutron-l3-agent',configurations={"agent_mode": "legacy", "ex_gw_ports": 3, "extensions": [], "floating_ips": 0, "handle_internal_only_routers": true, "interface_driver": "openvswitch", "interfaces": 3, "log_agent_heartbeats": false, "routers": 3},created_at=2021-11-03T16:43:27Z,description=,heartbeat_timestamp=2021-11-03T16:51:57Z,host='dv-neutron-815102-11-hyperv',id=2a26ede6-7177-41ca-8c4b-3cb7f0c43286,load=0,resource_versions=,resources_synced=,started_at=2021-11-03T16:43:27Z,topic='l3_agent')) {'router_ids': ['ad498417-d6f6-4c01-b023-62aaa515a953'], 'active': True} {{(pid=108001) wrapper /usr/local/lib/python3.8/dist-packages/oslo_log/helpers.py:65}}
Nov 03 16:51:59.027184 dv-neutron-815102-11-hyperv neutron-server[108000]: DEBUG neutron_lib.callbacks.manager [None req-bd2367e2-b5cc-4003-bdc4-abea9ce3b688 tempest-FloatingIPAdminTestJSON-810315352 tempest-FloatingIPAdminTestJSON-810315352-project-admin] Publish callbacks [] for floatingip, precommit_create {{(pid=108000) _notify_loop /usr/local/lib/python3.8/dist-packages/neutron_lib/callbacks/manager.py:175}}
Nov 03 16:51:59.075069 dv-neutron-815102-11-hyperv neutron-server[108001]: DEBUG neutron.db.l3_hamode_db [None req-fa9b413c-cd8b-4d94-ab37-d4141a264249 None None] neutron.services.l3_router.l3_router_plugin.L3RouterPlugin method _process_sync_ha_data called with arguments (, [], 'dv-neutron-815102-11-hyperv', False) {} {{(pid=108001) wrapper /usr/local/lib/python3.8/dist-packages/oslo_log/helpers.py:65}}
Nov 03 16:51:59.075885 dv-neutron-815102-11-hyperv neutron-server[108001]: DEBUG neutron.api.rpc.handlers.l3_rpc [None req-fa9b413c-cd8b-4d94-ab37-d4141a264249 None None] The sync data for ids ['ad498417-d6f6-4c01-b023-62aaa515a953'] in dv-neutron-815102-11-hyperv is: [] {{(pid=108001) sync_routers /opt/stack/neutron/neutron/api/rpc/handlers/l3_rpc.py:137}}
Nov 03 16:51:59.087529 dv-neutron-815102-11-hyperv neutron-server[108001]: DEBUG neutron.plugins.ml2.plugin [None req-da8c4e4f-340c-4162-bb6e-af1d608c8434 None None] Deleting port 881258ba-9ffd-463a-8f2f-04162288b665 {{(pid=108001) _pre_delete_port /opt/stack/neutron/neutron/plugins/ml2/plugin.py:1934}}
Nov 03 16:51:59.088026 dv-neutron-815102-11-hyperv neutron-server[108001]: DEBUG neutron_lib.callbacks.manager [None req-da8c4e4f-340c-4162-bb6e-af1d608c8434 None None] Publish callbacks ['neutron.db.l3_db.L3_NAT_dbonly_mixin._prevent_l3_port_delete_callback-8778559813133'] for port, before_delete {{(pid=108001) _notify_loop /usr/local/lib/python3.8/dist-packages/neutron_lib/callbacks/manager.py:175}}
Nov 03 16:51:59.179321 dv-neutron-815102-11-hyperv neutron-server[107999]: DEBUG neutron_lib.callbacks.manager [None req-9244b1c2-47a8-4013-9e9f-6c5c57e79a23 tempest-RoutersTestDVR-1625727187 tempest-RoutersTestDVR-1625727187-project-admin] Publish callbacks [] for router_controller, precommit_add_association {{(pid=107999) _notify_loop /usr/local/lib/python3.8/dist-packages/neutron_lib/callbacks/manager.py:175}}
Nov 03 16:51:59.193627 dv-neutron-815102-11-hyperv neutron-server[107999]: DEBUG neutron_lib.callbacks.manager [None req-9244b1c2-47a8-4013-9e9f-6c5c57e79a23 tempest-RoutersTestDVR-1625727187 tempest-RoutersTestDVR-1625727187-project-admin] Publish callbacks ['neutron.services.l3_router.l3_router_plugin.L3_HA_NAT_db_mixin._after_router_create-1603018', 'neutron.services.l3_router.l3_router_plugin.DVRResourceOperationHandler._create_snat_interfaces_after_change-1582262'] for router, after_create {{(pid=107999) _notify_loop /usr/local/lib/python3.8/dist-packages/neutron_lib/callbacks/manager.py:175}}
Nov 03 16:51:59.199722 dv-neutron-815102-11-hyperv neutron-server[108001]: DEBUG neutron.plugins.ml2.db [None req-da8c4e4f-340c-4162-bb6e-af1d608c8434 None None] For port 881258ba-9ffd-463a-8f2f-04162288b665, host dv-neutron-815102-11-hyperv, got binding levels [PortBindingLevel(driver='openvswitch',host='dv-neutron-815102-11-hyperv',level=0,port_id=881258ba-9ffd-463a-8f2f-04162288b665,segment=NetworkSegment(cd6c6743-0dbe-4992-bd12-41b7b9dfcb34),segment_id=cd6c6743-0dbe-4992-bd12-41b7b9dfcb34)] {{(pid=108001) get_binding_level_objs /opt/stack/neutron/neutron/plugins/ml2/db.py:74}}
Nov 03 16:51:59.200445 dv-neutron-815102-11-hyperv neutron-server[108001]: DEBUG neutron_lib.callbacks.manager [None req-da8c4e4f-340c-4162-bb6e-af1d608c8434 None None] Publish callbacks ['neutron.services.l3_router.l3_router_plugin.L3_NAT_dbonly_mixin._precommit_delete_port_callback-1583742'] for port, precommit_delete {{(pid=108001) _notify_loop /usr/local/lib/python3.8/dist-packages/neutron_lib/callbacks/manager.py:175}}
Nov 03 16:51:59.242155 dv-neutron-815102-11-hyperv neutron-server[108001]: DEBUG neutron.plugins.ml2.plugin [None req-da8c4e4f-340c-4162-bb6e-af1d608c8434 None None] Calling delete_port for 881258ba-9ffd-463a-8f2f-04162288b665 owned by network:dhcp {{(pid=108001) delete_port /opt/stack/neutron/neutron/plugins/ml2/plugin.py:2012}}
Nov 03 16:51:59.249730 dv-neutron-815102-11-hyperv neutron-server[107999]: DEBUG neutron_lib.callbacks.manager [None req-9244b1c2-47a8-4013-9e9f-6c5c57e79a23 tempest-RoutersTestDVR-1625727187 tempest-RoutersTestDVR-1625727187-project-admin] Publish callbacks [] for router, before_response {{(pid=107999) _notify_loop /usr/local/lib/python3.8/dist-packages/neutron_lib/callbacks/manager.py:175}}
Nov 03 16:51:59.251533 dv-neutron-815102-11-hyperv neutron-server[107999]: INFO neutron.wsgi [None req-9244b1c2-47a8-4013-9e9f-6c5c57e79a23 tempest-RoutersTestDVR-1625727187 tempest-RoutersTestDVR-1625727187-project-admin] 10.222.0.74 "POST /v2.0/routers HTTP/1.1" status: 201 len: 721 time: 0.4412825
Nov 03 16:51:59.256825 dv-neutron-815102-11-hyperv neutron-server[107999]: DEBUG neutron.wsgi [-] (107999) accepted ('10.222.0.74', 48598) {{(pid=107999) server /usr/local/lib/python3.8/dist-packages/eventlet/wsgi.py:982}}
Nov 03 16:51:59.343291 dv-neutron-815102-11-hyperv neutron-server[108000]: DEBUG neutron_lib.callbacks.manager [None req-bd2367e2-b5cc-4003-bdc4-abea9ce3b688 tempest-FloatingIPAdminTestJSON-810315352 tempest-FloatingIPAdminTestJSON-810315352-project-admin] Publish callbacks ['neutron.plugins.ml2.plugin.SecurityGroupDbMixin._ensure_default_security_group_handler-756287'] for port, before_update {{(pid=108000) _notify_loop /usr/local/lib/python3.8/dist-packages/neutron_lib/callbacks/manager.py:175}}
Nov 03 16:51:59.470747 dv-neutron-815102-11-hyperv neutron-server[108001]: DEBUG neutron_lib.callbacks.manager [None req-da8c4e4f-340c-4162-bb6e-af1d608c8434 None None] Publish callbacks ['neutron.plugins.ml2.plugin.SecurityGroupServerNotifierRpcMixin._notify_sg_on_port_change-756476', 'neutron.plugins.ml2.ovo_rpc._ObjectChangeHandler.handle_event-80973', 'neutron.api.rpc.agentnotifiers.dhcp_rpc_agent_api.DhcpAgentNotifyAPI._native_event_send_dhcp_notification-1656875', 'neutron.db.l3_db.L3RpcNotifierMixin._notify_routers_callback-8778559819897', 'neutron.db.l3_dvrscheduler_db._notify_port_delete-8778559332783'] for port, after_delete {{(pid=108001) _notify_loop /usr/local/lib/python3.8/dist-packages/neutron_lib/callbacks/manager.py:175}}
Nov 03 16:51:59.478436 dv-neutron-815102-11-hyperv neutron-server[108001]: DEBUG neutron_lib.callbacks.manager [None req-fae71c33-cf5c-4eca-8992-112f96daeef1 None None] Publish callbacks ['neutron.services.segments.db._update_segment_host_mapping_for_agent-8778559829261', 'neutron.plugins.ml2.plugin.Ml2Plugin._retry_binding_revived_agents-659529'] for agent, after_update {{(pid=108001) _notify_loop /usr/local/lib/python3.8/dist-packages/neutron_lib/callbacks/manager.py:175}}
Nov 03 16:51:59.479321 dv-neutron-815102-11-hyperv neutron-server[108001]: DEBUG neutron.plugins.ml2.rpc [None req-1ce4c81d-87d3-4cf5-86e0-9fd2c61f15a2 None None] Device 881258ba-9ffd-463a-8f2f-04162288b665 no longer exists at agent ovs-agent-dv-neutron-815102-11-hyperv {{(pid=108001) update_device_down /opt/stack/neutron/neutron/plugins/ml2/rpc.py:259}}
Nov 03 16:51:59.492388 dv-neutron-815102-11-hyperv neutron-server[107999]: INFO neutron.wsgi [None req-71431482-3d68-4747-9add-9af016fc0517 tempest-RoutersAdminTest-1133596498 tempest-RoutersAdminTest-1133596498-project-admin] 10.222.0.74 "GET /v2.0/routers/ad498417-d6f6-4c01-b023-62aaa515a953 HTTP/1.1" status: 200 len: 920 time: 0.6723049
Nov 03 16:51:59.537217 dv-neutron-815102-11-hyperv neutron-server[108001]: DEBUG neutron.api.rpc.handlers.resources_rpc [None req-da8c4e4f-340c-4162-bb6e-af1d608c8434 None None] Pushing event deleted for resources: {'Port': ['ID=881258ba-9ffd-463a-8f2f-04162288b665,revision_number=None']} {{(pid=108001) push /opt/stack/neutron/neutron/api/rpc/handlers/resources_rpc.py:237}}
Nov 03 16:51:59.563504 dv-neutron-815102-11-hyperv neutron-server[107999]: DEBUG neutron.wsgi [-] (107999) accepted ('10.222.0.74', 48606) {{(pid=107999) server /usr/local/lib/python3.8/dist-packages/eventlet/wsgi.py:982}}
Nov 03 16:51:59.584484 dv-neutron-815102-11-hyperv neutron-server[108001]: DEBUG neutron.plugins.ml2.plugin [None req-1ce4c81d-87d3-4cf5-86e0-9fd2c61f15a2 None None] No Port match for: 881258ba-9ffd-463a-8f2f-04162288b665 {{(pid=108001) port_bound_to_host /opt/stack/neutron/neutron/plugins/ml2/plugin.py:2270}}
Nov 03 16:51:59.584828 dv-neutron-815102-11-hyperv neutron-server[108001]: DEBUG neutron.plugins.ml2.rpc [None req-1ce4c81d-87d3-4cf5-86e0-9fd2c61f15a2 None None] Device 881258ba-9ffd-463a-8f2f-04162288b665 not bound to the agent host dv-neutron-815102-11-hyperv {{(pid=108001) update_device_down /opt/stack/neutron/neutron/plugins/ml2/rpc.py:269}}
Nov 03 16:51:59.585246 dv-neutron-815102-11-hyperv neutron-server[108001]: DEBUG neutron.plugins.ml2.rpc [None req-1ce4c81d-87d3-4cf5-86e0-9fd2c61f15a2 None None] Device 94ffba03-c976-40d7-953b-faea67d0d558 no longer exists at agent ovs-agent-dv-neutron-815102-11-hyperv {{(pid=108001) update_device_down /opt/stack/neutron/neutron/plugins/ml2/rpc.py:259}}
Nov 03 16:51:59.640493 dv-neutron-815102-11-hyperv neutron-server[108001]: DEBUG neutron.db.l3_dvrscheduler_db [None req-da8c4e4f-340c-4162-bb6e-af1d608c8434 None None] No DVR routers for this DVR port 881258ba-9ffd-463a-8f2f-04162288b665 on host dv-neutron-815102-11-hyperv {{(pid=108001) get_dvr_routers_to_remove /opt/stack/neutron/neutron/db/l3_dvrscheduler_db.py:214}}
Nov 03 16:51:59.643267 dv-neutron-815102-11-hyperv neutron-server[108001]: DEBUG neutron.plugins.ml2.plugin [None req-1ce4c81d-87d3-4cf5-86e0-9fd2c61f15a2 None None] No Port match for: 94ffba03-c976-40d7-953b-faea67d0d558 {{(pid=108001) port_bound_to_host /opt/stack/neutron/neutron/plugins/ml2/plugin.py:2270}}
Nov 03 16:51:59.643613 dv-neutron-815102-11-hyperv neutron-server[108001]: DEBUG neutron.plugins.ml2.rpc [None req-1ce4c81d-87d3-4cf5-86e0-9fd2c61f15a2 None None] Device 94ffba03-c976-40d7-953b-faea67d0d558 not bound to the agent host dv-neutron-815102-11-hyperv {{(pid=108001) update_device_down /opt/stack/neutron/neutron/plugins/ml2/rpc.py:269}}
Nov 03 16:51:59.882912 dv-neutron-815102-11-hyperv neutron-server[107999]: INFO neutron.wsgi [None req-e95b6e10-0db6-418c-a1ad-065e8acf4661 tempest-RoutersAdminTest-1253616473 tempest-RoutersAdminTest-1253616473-project] 10.222.0.74 "GET /v2.0/ports?device_id=ad498417-d6f6-4c01-b023-62aaa515a953 HTTP/1.1" status: 200 len: 205 time: 0.3113091
Nov 03 16:51:59.885615 dv-neutron-815102-11-hyperv neutron-server[107999]: DEBUG neutron.wsgi [-] (107999) accepted ('10.222.0.74', 48618) {{(pid=107999) server /usr/local/lib/python3.8/dist-packages/eventlet/wsgi.py:982}}
Nov 03 16:51:59.890577 dv-neutron-815102-11-hyperv neutron-server[107999]: DEBUG neutron.plugins.ml2.plugin [None req-f44e666d-5064-43f0-8bea-d5e77d359aeb tempest-ExtraDHCPOptionsTestJSON-1251858397 tempest-ExtraDHCPOptionsTestJSON-1251858397-project] Deleting port 881258ba-9ffd-463a-8f2f-04162288b665 {{(pid=107999) _pre_delete_port /opt/stack/neutron/neutron/plugins/ml2/plugin.py:1934}}
Nov 03 16:51:59.890940 dv-neutron-815102-11-hyperv neutron-server[107999]: DEBUG neutron_lib.callbacks.manager [None req-f44e666d-5064-43f0-8bea-d5e77d359aeb tempest-ExtraDHCPOptionsTestJSON-1251858397 tempest-ExtraDHCPOptionsTestJSON-1251858397-project] Publish callbacks ['neutron.db.l3_db.L3_NAT_dbonly_mixin._prevent_l3_port_delete_callback-8778559813133'] for port, before_delete {{(pid=107999) _notify_loop /usr/local/lib/python3.8/dist-packages/neutron_lib/callbacks/manager.py:175}}
Nov 03 16:51:59.893043 dv-neutron-815102-11-hyperv neutron-server[107999]: DEBUG neutron_lib.callbacks.manager [None req-594868d7-d0c1-43dc-993f-a12dbcaf4d09 tempest-RoutersTestDVR-1625727187 tempest-RoutersTestDVR-1625727187-project-admin] Publish callbacks [] for router, before_delete {{(pid=107999) _notify_loop /usr/local/lib/python3.8/dist-packages/neutron_lib/callbacks/manager.py:175}}
Nov 03 16:51:59.896875 dv-neutron-815102-11-hyperv neutron-server[108000]: DEBUG neutron_lib.callbacks.manager [None req-83ff885d-e263-4a4e-ba03-ca835ec2795e tempest-NetworksTestDHCPv6-882908984 tempest-NetworksTestDHCPv6-882908984-project] Publish callbacks ['neutron.plugins.ml2.ovo_rpc._ObjectChangeHandler.handle_event-487325', 'neutron.api.rpc.agentnotifiers.dhcp_rpc_agent_api.DhcpAgentNotifyAPI._native_event_send_dhcp_notification-1656875', 'neutron.services.segments.plugin.NovaSegmentNotifier._notify_subnet_created-2766297', 'neutron.services.segments.plugin.SegmentHostRoutes.host_routes_after_create-9949364'] for subnet, after_create {{(pid=108000) _notify_loop /usr/local/lib/python3.8/dist-packages/neutron_lib/callbacks/manager.py:175}}
Nov 03 16:51:59.964024 dv-neutron-815102-11-hyperv neutron-server[108002]: DEBUG neutron.db.agents_db [None req-8b96809d-04a2-4128-9d6b-696436cb37c2 None None] Agent healthcheck: found 6 active agents {{(pid=108002) agent_health_check /opt/stack/neutron/neutron/db/agents_db.py:317}}
Nov 03 16:52:00.164928 dv-neutron-815102-11-hyperv neutron-server[107999]: DEBUG neutron.pecan_wsgi.hooks.policy_enforcement [req-47772673-90d4-45af-858b-e104ecda2de1 req-59c989a7-98eb-4bcf-b197-a3b6d015733d tempest-ServersTestManualDisk-1096790915 tempest-ServersTestManualDisk-1096790915-project] Attributes excluded by policy engine: ['standard_attr_id', 'binding:profile', 'binding:host_id', 'binding:vif_type', 'binding:vif_details'] {{(pid=107999) _exclude_attributes_by_policy /opt/stack/neutron/neutron/pecan_wsgi/hooks/policy_enforcement.py:255}}
Nov 03 16:52:00.167224 dv-neutron-815102-11-hyperv neutron-server[107999]: INFO neutron.wsgi [req-47772673-90d4-45af-858b-e104ecda2de1 req-59c989a7-98eb-4bcf-b197-a3b6d015733d tempest-ServersTestManualDisk-1096790915 tempest-ServersTestManualDisk-1096790915-project] 10.222.0.74 "GET /v2.0/ports?device_id=f1908b5c-0aab-415d-837f-2b1fea32cdb1 HTTP/1.1" status: 200 len: 931 time: 0.9040210
Nov 03 16:52:00.173439 dv-neutron-815102-11-hyperv neutron-server[108000]: DEBUG neutron.scheduler.dhcp_agent_scheduler [None req-83ff885d-e263-4a4e-ba03-ca835ec2795e tempest-NetworksTestDHCPv6-882908984 tempest-NetworksTestDHCPv6-882908984-project] Network 69f26f60-37dc-4a57-a3e1-b34e0f57f973 is already hosted by enough agents. {{(pid=108000) _get_dhcp_agents_hosting_network /opt/stack/neutron/neutron/scheduler/dhcp_agent_scheduler.py:275}}
Nov 03 16:52:00.190328 dv-neutron-815102-11-hyperv neutron-server[108000]: DEBUG neutron.scheduler.base_scheduler [None req-83ff885d-e263-4a4e-ba03-ca835ec2795e tempest-NetworksTestDHCPv6-882908984 tempest-NetworksTestDHCPv6-882908984-project] Resources bound (agent type, host, resource id): {{(pid=108000) schedule /opt/stack/neutron/neutron/scheduler/base_scheduler.py:57}}
Nov 03 16:52:00.202681 dv-neutron-815102-11-hyperv neutron-server[108000]: DEBUG neutron.pecan_wsgi.hooks.policy_enforcement [None req-83ff885d-e263-4a4e-ba03-ca835ec2795e tempest-NetworksTestDHCPv6-882908984 tempest-NetworksTestDHCPv6-882908984-project] Attributes excluded by policy engine: ['standard_attr_id', 'shared', 'segment_id', 'network'] {{(pid=108000) _exclude_attributes_by_policy /opt/stack/neutron/neutron/pecan_wsgi/hooks/policy_enforcement.py:255}}
Nov 03 16:52:00.203425 dv-neutron-815102-11-hyperv neutron-server[108000]: DEBUG neutron_lib.callbacks.manager [None req-83ff885d-e263-4a4e-ba03-ca835ec2795e tempest-NetworksTestDHCPv6-882908984 tempest-NetworksTestDHCPv6-882908984-project] Publish callbacks [] for subnet, before_response {{(pid=108000) _notify_loop /usr/local/lib/python3.8/dist-packages/neutron_lib/callbacks/manager.py:175}}
Nov 03 16:52:00.213056 dv-neutron-815102-11-hyperv neutron-server[108001]: DEBUG neutron.api.rpc.handlers.dhcp_rpc [None req-190044d5-1ba1-45d7-a24c-cd869589806d None None] Network 69f26f60-37dc-4a57-a3e1-b34e0f57f973 requested from dv-neutron-815102-11-hyperv {{(pid=108001) get_network_info /opt/stack/neutron/neutron/api/rpc/handlers/dhcp_rpc.py:218}}
Nov 03 16:52:00.216365 dv-neutron-815102-11-hyperv neutron-server[108000]: DEBUG neutron.api.rpc.handlers.resources_rpc [None req-83ff885d-e263-4a4e-ba03-ca835ec2795e tempest-NetworksTestDHCPv6-882908984 tempest-NetworksTestDHCPv6-882908984-project] Pushing event updated for resources: {'Subnet': ['ID=4bd7520c-561a-46e5-a51c-aab77f0ac50f,revision_number=0']} {{(pid=108000) push /opt/stack/neutron/neutron/api/rpc/handlers/resources_rpc.py:237}}
Nov 03 16:52:00.257986 dv-neutron-815102-11-hyperv neutron-server[107999]: DEBUG neutron.plugins.ml2.db [None req-f44e666d-5064-43f0-8bea-d5e77d359aeb tempest-ExtraDHCPOptionsTestJSON-1251858397 tempest-ExtraDHCPOptionsTestJSON-1251858397-project] For port 881258ba-9ffd-463a-8f2f-04162288b665, host dv-neutron-815102-11-hyperv, got binding levels [] {{(pid=107999) get_binding_level_objs /opt/stack/neutron/neutron/plugins/ml2/db.py:74}}
Nov 03 16:52:00.258712 dv-neutron-815102-11-hyperv neutron-server[107999]: DEBUG neutron_lib.callbacks.manager [None req-f44e666d-5064-43f0-8bea-d5e77d359aeb tempest-ExtraDHCPOptionsTestJSON-1251858397 tempest-ExtraDHCPOptionsTestJSON-1251858397-project] Publish callbacks ['neutron.services.l3_router.l3_router_plugin.L3_NAT_dbonly_mixin._precommit_delete_port_callback-1583742'] for port, precommit_delete {{(pid=107999) _notify_loop /usr/local/lib/python3.8/dist-packages/neutron_lib/callbacks/manager.py:175}}
Nov 03 16:52:00.260946 dv-neutron-815102-11-hyperv neutron-server[108000]: DEBUG neutron.pecan_wsgi.hooks.policy_enforcement [req-1ad5a178-53e0-4ef3-ad95-e642abe6ba83 req-a79586f2-f43a-457b-8fd1-b0bc1640047c tempest-ServersTestJSON-93770727 tempest-ServersTestJSON-93770727-project] Attributes excluded by policy engine: ['standard_attr_id', 'binding:profile', 'binding:host_id', 'binding:vif_type', 'binding:vif_details'] {{(pid=108000) _exclude_attributes_by_policy /opt/stack/neutron/neutron/pecan_wsgi/hooks/policy_enforcement.py:255}}
Nov 03 16:52:00.262960 dv-neutron-815102-11-hyperv neutron-server[108001]: DEBUG neutron_lib.callbacks.manager [None req-1ce4c81d-87d3-4cf5-86e0-9fd2c61f15a2 None None] Publish callbacks ['neutron.services.segments.db._update_segment_host_mapping_for_agent-8778559829261', 'neutron.plugins.ml2.plugin.Ml2Plugin._retry_binding_revived_agents-659529'] for agent, after_update {{(pid=108001) _notify_loop /usr/local/lib/python3.8/dist-packages/neutron_lib/callbacks/manager.py:175}}
Nov 03 16:52:00.263547 dv-neutron-815102-11-hyperv neutron-server[108000]: INFO neutron.wsgi [req-1ad5a178-53e0-4ef3-ad95-e642abe6ba83 req-a79586f2-f43a-457b-8fd1-b0bc1640047c tempest-ServersTestJSON-93770727 tempest-ServersTestJSON-93770727-project] 10.222.0.74 "GET /v2.0/ports?device_id=0ac6bdbf-cd01-422b-9940-de7e32b3100f HTTP/1.1" status: 200 len: 931 time: 0.2847955
Nov 03 16:52:00.289075 dv-neutron-815102-11-hyperv neutron-server[108000]: DEBUG neutron_lib.callbacks.manager [None req-bd2367e2-b5cc-4003-bdc4-abea9ce3b688 tempest-FloatingIPAdminTestJSON-810315352 tempest-FloatingIPAdminTestJSON-810315352-project-admin] Publish callbacks [] for port, precommit_update {{(pid=108000) _notify_loop /usr/local/lib/python3.8/dist-packages/neutron_lib/callbacks/manager.py:175}}
Nov 03 16:52:00.302983 dv-neutron-815102-11-hyperv neutron-server[108000]: INFO neutron.wsgi [None req-83ff885d-e263-4a4e-ba03-ca835ec2795e tempest-NetworksTestDHCPv6-882908984 tempest-NetworksTestDHCPv6-882908984-project] 10.222.0.74 "POST /v2.0/subnets HTTP/1.1" status: 201 len: 834 time: 2.6623080
Nov 03 16:52:00.304898 dv-neutron-815102-11-hyperv neutron-server[107999]: DEBUG neutron_lib.callbacks.manager [None req-594868d7-d0c1-43dc-993f-a12dbcaf4d09 tempest-RoutersTestDVR-1625727187 tempest-RoutersTestDVR-1625727187-project-admin] Publish callbacks ['neutron.services.l3_router.l3_router_plugin.L3_HA_NAT_db_mixin._release_router_vr_id-1601821', 'neutron.services.l3_router.service_providers.driver_controller.DriverController._clear_router_provider-122986'] for router, precommit_delete {{(pid=107999) _notify_loop /usr/local/lib/python3.8/dist-packages/neutron_lib/callbacks/manager.py:175}}
Nov 03 16:52:00.311298 dv-neutron-815102-11-hyperv neutron-server[108000]: DEBUG neutron_lib.callbacks.manager [None req-bd2367e2-b5cc-4003-bdc4-abea9ce3b688 tempest-FloatingIPAdminTestJSON-810315352 tempest-FloatingIPAdminTestJSON-810315352-project-admin] Publish callbacks ['neutron.plugins.ml2.plugin.SecurityGroupServerNotifierRpcMixin._notify_sg_on_port_change-756476', 'neutron.plugins.ml2.ovo_rpc._ObjectChangeHandler.handle_event-80973', 'neutron.api.rpc.agentnotifiers.dhcp_rpc_agent_api.DhcpAgentNotifyAPI._native_event_send_dhcp_notification-1656875', 'neutron.db.l3_db.L3RpcNotifierMixin._notify_gateway_port_ip_changed-8778559819915', 'neutron.db.l3_dvrscheduler_db._notify_l3_agent_port_update-8778559332792', 'neutron.db.l3_hascheduler_db._notify_l3_agent_ha_port_update-8778559332810', 'neutron.services.segments.plugin.NovaSegmentNotifier._notify_port_updated-2766252'] for port, after_update {{(pid=108000) _notify_loop /usr/local/lib/python3.8/dist-packages/neutron_lib/callbacks/manager.py:175}}
Nov 03 16:52:00.312098 dv-neutron-815102-11-hyperv neutron-server[107999]: DEBUG neutron_lib.callbacks.manager [None req-594868d7-d0c1-43dc-993f-a12dbcaf4d09 tempest-RoutersTestDVR-1625727187 tempest-RoutersTestDVR-1625727187-project-admin] Publish callbacks [] for router_controller, precommit_delete_associations {{(pid=107999) _notify_loop /usr/local/lib/python3.8/dist-packages/neutron_lib/callbacks/manager.py:175}}
Nov 03 16:52:00.318919 dv-neutron-815102-11-hyperv neutron-server[108000]: DEBUG neutron.wsgi [-] (108000) accepted ('10.222.0.74', 48624) {{(pid=108000) server /usr/local/lib/python3.8/dist-packages/eventlet/wsgi.py:982}}
Nov 03 16:52:00.335666 dv-neutron-815102-11-hyperv neutron-server[108000]: DEBUG neutron.api.v2.base [None req-301aa44f-0f00-4f1c-be23-85dffdf7a86e tempest-NetworksTestDHCPv6-882908984 tempest-NetworksTestDHCPv6-882908984-project] Request body: {'port': {'network_id': '69f26f60-37dc-4a57-a3e1-b34e0f57f973', 'name': 'tempest-NetworksTestDHCPv6-1529335931'}} {{(pid=108000) prepare_request_body /opt/stack/neutron/neutron/api/v2/base.py:729}}
Nov 03 16:52:00.419265 dv-neutron-815102-11-hyperv neutron-server[107999]: DEBUG neutron.plugins.ml2.plugin [None req-f44e666d-5064-43f0-8bea-d5e77d359aeb tempest-ExtraDHCPOptionsTestJSON-1251858397 tempest-ExtraDHCPOptionsTestJSON-1251858397-project] Calling delete_port for 881258ba-9ffd-463a-8f2f-04162288b665 owned by network:dhcp {{(pid=107999) delete_port /opt/stack/neutron/neutron/plugins/ml2/plugin.py:2012}}
Nov 03 16:52:00.476667 dv-neutron-815102-11-hyperv neutron-server[107999]: DEBUG neutron.db.ipam_backend_mixin [None req-f44e666d-5064-43f0-8bea-d5e77d359aeb tempest-ExtraDHCPOptionsTestJSON-1251858397 tempest-ExtraDHCPOptionsTestJSON-1251858397-project] Port 881258ba-9ffd-463a-8f2f-04162288b665 was not found and therefore no delete operation was performed {{(pid=107999) delete_port /opt/stack/neutron/neutron/db/ipam_backend_mixin.py:574}}
Nov 03 16:52:00.492684 dv-neutron-815102-11-hyperv neutron-server[107999]: DEBUG neutron_lib.callbacks.manager [None req-f44e666d-5064-43f0-8bea-d5e77d359aeb tempest-ExtraDHCPOptionsTestJSON-1251858397 tempest-ExtraDHCPOptionsTestJSON-1251858397-project] Publish callbacks ['neutron.plugins.ml2.plugin.SecurityGroupServerNotifierRpcMixin._notify_sg_on_port_change-756476', 'neutron.plugins.ml2.ovo_rpc._ObjectChangeHandler.handle_event-80973', 'neutron.api.rpc.agentnotifiers.dhcp_rpc_agent_api.DhcpAgentNotifyAPI._native_event_send_dhcp_notification-1656875', 'neutron.db.l3_db.L3RpcNotifierMixin._notify_routers_callback-8778559819897', 'neutron.db.l3_dvrscheduler_db._notify_port_delete-8778559332783', 'neutron.services.segments.plugin.NovaSegmentNotifier._notify_port_created_or_deleted-3093631'] for port, after_delete {{(pid=107999) _notify_loop /usr/local/lib/python3.8/dist-packages/neutron_lib/callbacks/manager.py:175}}
Nov 03 16:52:00.543903 dv-neutron-815102-11-hyperv neutron-server[108001]: DEBUG neutron.api.rpc.handlers.dhcp_rpc [None req-9a7e0a6f-7e85-42f2-bde9-9bc6af42d10d None None] Create dhcp port {'port': {'name': '', 'admin_state_up': True, 'device_id': 'dhcp8ef57452-1f48-55a6-aebd-54e527833c22-69f26f60-37dc-4a57-a3e1-b34e0f57f973', 'network_id': '69f26f60-37dc-4a57-a3e1-b34e0f57f973', 'tenant_id': 'df0d761ca80d4aa7b8ea2b378b980fbd', 'fixed_ips': [{'subnet_id': '4bd7520c-561a-46e5-a51c-aab77f0ac50f'}]}} from dv-neutron-815102-11-hyperv. {{(pid=108001) create_dhcp_port /opt/stack/neutron/neutron/api/rpc/handlers/dhcp_rpc.py:285}}
Nov 03 16:52:00.544914 dv-neutron-815102-11-hyperv neutron-server[108001]: DEBUG neutron_lib.callbacks.manager [None req-9a7e0a6f-7e85-42f2-bde9-9bc6af42d10d None None] Publish callbacks ['neutron.plugins.ml2.plugin.SecurityGroupDbMixin._ensure_default_security_group_handler-756287'] for port, before_create {{(pid=108001) _notify_loop /usr/local/lib/python3.8/dist-packages/neutron_lib/callbacks/manager.py:175}}
Nov 03 16:52:00.555013 dv-neutron-815102-11-hyperv neutron-server[107999]: INFO neutron.wsgi [req-47772673-90d4-45af-858b-e104ecda2de1 req-df11a77c-7c47-4b99-9cd6-d75d33a1a99e tempest-ServersTestManualDisk-1096790915 tempest-ServersTestManualDisk-1096790915-project] 10.222.0.74 "GET /v2.0/security-groups?id=9b772177-4d50-4eeb-a648-b25c6979ff6e&fields=id&fields=name HTTP/1.1" status: 200 len: 313 time: 0.3480422
Nov 03 16:52:00.579538 dv-neutron-815102-11-hyperv neutron-server[108000]: DEBUG neutron.api.rpc.handlers.resources_rpc [None req-bd2367e2-b5cc-4003-bdc4-abea9ce3b688 tempest-FloatingIPAdminTestJSON-810315352 tempest-FloatingIPAdminTestJSON-810315352-project-admin] Pushing event updated for resources: {'Port': ['ID=87d9c3f4-b871-4d47-9bce-03b1a28ee5cd,revision_number=2']} {{(pid=108000) push /opt/stack/neutron/neutron/api/rpc/handlers/resources_rpc.py:237}}
Nov 03 16:52:00.604278 dv-neutron-815102-11-hyperv neutron-server[107999]: DEBUG neutron_lib.callbacks.manager [None req-594868d7-d0c1-43dc-993f-a12dbcaf4d09 tempest-RoutersTestDVR-1625727187 tempest-RoutersTestDVR-1625727187-project-admin] Publish callbacks ['neutron.services.l3_router.l3_router_plugin.L3_HA_NAT_db_mixin._cleanup_ha_network_handler-1601812'] for router, after_delete {{(pid=107999) _notify_loop /usr/local/lib/python3.8/dist-packages/neutron_lib/callbacks/manager.py:175}}
Nov 03 16:52:00.604910 dv-neutron-815102-11-hyperv neutron-server[107999]: DEBUG neutron.api.rpc.agentnotifiers.l3_rpc_agent_api [None req-594868d7-d0c1-43dc-993f-a12dbcaf4d09 tempest-RoutersTestDVR-1625727187 tempest-RoutersTestDVR-1625727187-project-admin] Fanout notify agent at l3_agent the message router_deleted on router 8129cfa8-2f3b-4d1c-be10-88e87fbce7c5 {{(pid=107999) _notification_fanout /opt/stack/neutron/neutron/api/rpc/agentnotifiers/l3_rpc_agent_api.py:114}}
Nov 03 16:52:00.619689 dv-neutron-815102-11-hyperv neutron-server[107999]: DEBUG neutron_lib.callbacks.manager [None req-594868d7-d0c1-43dc-993f-a12dbcaf4d09 tempest-RoutersTestDVR-1625727187 tempest-RoutersTestDVR-1625727187-project-admin] Publish callbacks [] for router, before_response {{(pid=107999) _notify_loop /usr/local/lib/python3.8/dist-packages/neutron_lib/callbacks/manager.py:175}}
Nov 03 16:52:00.626211 dv-neutron-815102-11-hyperv neutron-server[107999]: INFO neutron.wsgi [None req-594868d7-d0c1-43dc-993f-a12dbcaf4d09 tempest-RoutersTestDVR-1625727187 tempest-RoutersTestDVR-1625727187-project-admin] 10.222.0.74 "DELETE /v2.0/routers/8129cfa8-2f3b-4d1c-be10-88e87fbce7c5 HTTP/1.1" status: 204 len: 168 time: 1.3439960
Nov 03 16:52:00.628997 dv-neutron-815102-11-hyperv neutron-server[108000]: INFO neutron.wsgi [req-1ad5a178-53e0-4ef3-ad95-e642abe6ba83 req-40c0b256-010c-4c9a-aabe-f2008999a99c tempest-ServersTestJSON-93770727 tempest-ServersTestJSON-93770727-project] 10.222.0.74 "GET /v2.0/security-groups?id=5a560e2c-13eb-4a27-9902-c69d14ae8231&fields=id&fields=name HTTP/1.1" status: 200 len: 312 time: 0.3449678
Nov 03 16:52:00.630064 dv-neutron-815102-11-hyperv neutron-server[108000]: DEBUG neutron_lib.callbacks.manager [None req-bd2367e2-b5cc-4003-bdc4-abea9ce3b688 tempest-FloatingIPAdminTestJSON-810315352 tempest-FloatingIPAdminTestJSON-810315352-project-admin] Publish callbacks ['neutron.services.l3_router.l3_router_plugin.DVRResourceOperationHandler._create_dvr_floating_gw_port-1582109'] for floatingip, after_create {{(pid=108000) _notify_loop /usr/local/lib/python3.8/dist-packages/neutron_lib/callbacks/manager.py:175}}
Nov 03 16:52:00.634945 dv-neutron-815102-11-hyperv neutron-server[108000]: DEBUG neutron.wsgi [-] (108000) accepted ('10.222.0.74', 48632) {{(pid=108000) server /usr/local/lib/python3.8/dist-packages/eventlet/wsgi.py:982}}
Nov 03 16:52:00.643946 dv-neutron-815102-11-hyperv neutron-server[108000]: DEBUG neutron.api.v2.base [None req-b7cff272-5816-4719-af41-0384d802a509 tempest-RoutersTestDVR-1625727187 tempest-RoutersTestDVR-1625727187-project-admin] Request body: {'router': {'name': 'tempest-router-70924590', 'distributed': False, 'admin_state_up': False, 'ha': False, 'project_id': 'c3d162bd03b447c99255e310cc42e0fc'}} {{(pid=108000) prepare_request_body /opt/stack/neutron/neutron/api/v2/base.py:729}}
Nov 03 16:52:00.673117 dv-neutron-815102-11-hyperv neutron-server[107999]: DEBUG neutron.api.rpc.handlers.resources_rpc [None req-f44e666d-5064-43f0-8bea-d5e77d359aeb tempest-ExtraDHCPOptionsTestJSON-1251858397 tempest-ExtraDHCPOptionsTestJSON-1251858397-project] Pushing event deleted for resources: {'Port': ['ID=881258ba-9ffd-463a-8f2f-04162288b665,revision_number=None']} {{(pid=107999) push /opt/stack/neutron/neutron/api/rpc/handlers/resources_rpc.py:237}}
Nov 03 16:52:00.680912 dv-neutron-815102-11-hyperv neutron-server[107999]: DEBUG neutron.db.l3_dvrscheduler_db [None req-f44e666d-5064-43f0-8bea-d5e77d359aeb tempest-ExtraDHCPOptionsTestJSON-1251858397 tempest-ExtraDHCPOptionsTestJSON-1251858397-project] No DVR routers for this DVR port 881258ba-9ffd-463a-8f2f-04162288b665 on host dv-neutron-815102-11-hyperv {{(pid=107999) get_dvr_routers_to_remove /opt/stack/neutron/neutron/db/l3_dvrscheduler_db.py:214}}
Nov 03 16:52:00.795904 dv-neutron-815102-11-hyperv neutron-server[108000]: DEBUG neutron_lib.callbacks.manager [None req-b7cff272-5816-4719-af41-0384d802a509 tempest-RoutersTestDVR-1625727187 tempest-RoutersTestDVR-1625727187-project-admin] Publish callbacks ['neutron.services.l3_router.l3_router_plugin.L3_HA_NAT_db_mixin._before_router_create_handler-1602887', 'neutron.services.l3_router.service_providers.driver_controller.DriverController._check_router_request-123536'] for router, before_create {{(pid=108000) _notify_loop /usr/local/lib/python3.8/dist-packages/neutron_lib/callbacks/manager.py:175}}
Nov 03 16:52:00.797301 dv-neutron-815102-11-hyperv neutron-server[108000]: DEBUG neutron_lib.callbacks.manager [None req-b7cff272-5816-4719-af41-0384d802a509 tempest-RoutersTestDVR-1625727187 tempest-RoutersTestDVR-1625727187-project-admin] Publish callbacks ['neutron.services.l3_router.l3_router_plugin.L3_HA_NAT_db_mixin._precommit_router_create-1603027', 'neutron.services.l3_router.l3_router_plugin.DVRResourceOperationHandler._set_distributed_flag-1588742', 'neutron.services.l3_router.l3_router_plugin.RouterAvailabilityZoneMixin._process_az_request-413987', 'neutron.services.l3_router.service_providers.driver_controller.DriverController._set_router_provider-122979'] for router, precommit_create {{(pid=108000) _notify_loop /usr/local/lib/python3.8/dist-packages/neutron_lib/callbacks/manager.py:175}}
Nov 03 16:52:00.816781 dv-neutron-815102-11-hyperv neutron-server[107999]: DEBUG neutron_lib.callbacks.manager [None req-f44e666d-5064-43f0-8bea-d5e77d359aeb tempest-ExtraDHCPOptionsTestJSON-1251858397 tempest-ExtraDHCPOptionsTestJSON-1251858397-project] Publish callbacks ['neutron.plugins.ml2.plugin.Ml2Plugin._network_delete_precommit_handler-662847', 'neutron.services.segments.db._delete_segments_for_network-8778559829279'] for network, precommit_delete {{(pid=107999) _notify_loop /usr/local/lib/python3.8/dist-packages/neutron_lib/callbacks/manager.py:175}}
Nov 03 16:52:00.848693 dv-neutron-815102-11-hyperv neutron-server[108000]: DEBUG neutron.pecan_wsgi.hooks.quota_enforcement [None req-301aa44f-0f00-4f1c-be23-85dffdf7a86e tempest-NetworksTestDHCPv6-882908984 tempest-NetworksTestDHCPv6-882908984-project] Made reservation on behalf of df0d761ca80d4aa7b8ea2b378b980fbd for: {'port': 1} {{(pid=108000) before /opt/stack/neutron/neutron/pecan_wsgi/hooks/quota_enforcement.py:53}}
Nov 03 16:52:00.852284 dv-neutron-815102-11-hyperv neutron-server[108000]: DEBUG neutron_lib.callbacks.manager [None req-301aa44f-0f00-4f1c-be23-85dffdf7a86e tempest-NetworksTestDHCPv6-882908984 tempest-NetworksTestDHCPv6-882908984-project] Publish callbacks ['neutron.plugins.ml2.plugin.SecurityGroupDbMixin._ensure_default_security_group_handler-756287'] for port, before_create {{(pid=108000) _notify_loop /usr/local/lib/python3.8/dist-packages/neutron_lib/callbacks/manager.py:175}}
Nov 03 16:52:00.856438 dv-neutron-815102-11-hyperv neutron-server[107999]: DEBUG neutron.services.segments.db [None req-f44e666d-5064-43f0-8bea-d5e77d359aeb tempest-ExtraDHCPOptionsTestJSON-1251858397 tempest-ExtraDHCPOptionsTestJSON-1251858397-project] neutron.services.segments.plugin.Plugin method get_segments called with arguments (,) {'filters': {'network_id': ['2ba21660-8e0d-4485-bbdc-2ba63748bc5e']}} {{(pid=107999) wrapper /usr/local/lib/python3.8/dist-packages/oslo_log/helpers.py:65}}
Nov 03 16:52:00.874527 dv-neutron-815102-11-hyperv neutron-server[107999]: DEBUG neutron.services.segments.db [None req-f44e666d-5064-43f0-8bea-d5e77d359aeb tempest-ExtraDHCPOptionsTestJSON-1251858397 tempest-ExtraDHCPOptionsTestJSON-1251858397-project] neutron.services.segments.plugin.Plugin method delete_segment called with arguments (, 'cd6c6743-0dbe-4992-bd12-41b7b9dfcb34') {'for_net_delete': True} {{(pid=107999) wrapper /usr/local/lib/python3.8/dist-packages/oslo_log/helpers.py:65}}
Nov 03 16:52:00.874823 dv-neutron-815102-11-hyperv neutron-server[107999]: DEBUG neutron.services.segments.db [None req-f44e666d-5064-43f0-8bea-d5e77d359aeb tempest-ExtraDHCPOptionsTestJSON-1251858397 tempest-ExtraDHCPOptionsTestJSON-1251858397-project] neutron.services.segments.plugin.Plugin method get_segment called with arguments (, 'cd6c6743-0dbe-4992-bd12-41b7b9dfcb34') {} {{(pid=107999) wrapper /usr/local/lib/python3.8/dist-packages/oslo_log/helpers.py:65}}
Nov 03 16:52:00.884910 dv-neutron-815102-11-hyperv neutron-server[108000]: INFO neutron.db.l3_db [None req-bd2367e2-b5cc-4003-bdc4-abea9ce3b688 tempest-FloatingIPAdminTestJSON-810315352 tempest-FloatingIPAdminTestJSON-810315352-project-admin] Floating IP a63de2e3-81e0-4591-8041-c50147017e49 associated. External IP: 172.26.7.217, port: ee044a8d-aa1e-4f28-b155-a1fa2b0208a4.
Nov 03 16:52:00.885862 dv-neutron-815102-11-hyperv neutron-server[107999]: DEBUG neutron_lib.callbacks.manager [None req-f44e666d-5064-43f0-8bea-d5e77d359aeb tempest-ExtraDHCPOptionsTestJSON-1251858397 tempest-ExtraDHCPOptionsTestJSON-1251858397-project] Publish callbacks ['neutron.plugins.ml2.db._prevent_segment_delete_with_port_bound-8778559864814', 'neutron.services.segments.plugin.Plugin._prevent_segment_delete_with_subnet_associated-2185354'] for segment, before_delete {{(pid=107999) _notify_loop /usr/local/lib/python3.8/dist-packages/neutron_lib/callbacks/manager.py:175}}
Nov 03 16:52:00.902117 dv-neutron-815102-11-hyperv neutron-server[107999]: DEBUG neutron_lib.callbacks.manager [None req-f44e666d-5064-43f0-8bea-d5e77d359aeb tempest-ExtraDHCPOptionsTestJSON-1251858397 tempest-ExtraDHCPOptionsTestJSON-1251858397-project] Publish callbacks ['neutron.plugins.ml2.plugin.Ml2Plugin._handle_segment_change-667500'] for segment, precommit_delete {{(pid=107999) _notify_loop /usr/local/lib/python3.8/dist-packages/neutron_lib/callbacks/manager.py:175}}
Nov 03 16:52:00.911038 dv-neutron-815102-11-hyperv neutron-server[107999]: DEBUG neutron.plugins.ml2.drivers.type_vlan [None req-f44e666d-5064-43f0-8bea-d5e77d359aeb tempest-ExtraDHCPOptionsTestJSON-1251858397 tempest-ExtraDHCPOptionsTestJSON-1251858397-project] Releasing vlan 719 on physical network physnet1 to pool {{(pid=107999) release_segment /opt/stack/neutron/neutron/plugins/ml2/drivers/type_vlan.py:304}}
Nov 03 16:52:00.911450 dv-neutron-815102-11-hyperv neutron-server[107999]: DEBUG neutron_lib.callbacks.manager [None req-f44e666d-5064-43f0-8bea-d5e77d359aeb tempest-ExtraDHCPOptionsTestJSON-1251858397 tempest-ExtraDHCPOptionsTestJSON-1251858397-project] Publish callbacks ['neutron.plugins.ml2.plugin.Ml2Plugin._handle_segment_change-667500', 'neutron.services.segments.plugin.NovaSegmentNotifier._notify_segment_deleted-3093902'] for segment, after_delete {{(pid=107999) _notify_loop /usr/local/lib/python3.8/dist-packages/neutron_lib/callbacks/manager.py:175}}
Nov 03 16:52:00.923553 dv-neutron-815102-11-hyperv neutron-server[108001]: DEBUG neutron.db.db_base_plugin_common [None req-9a7e0a6f-7e85-42f2-bde9-9bc6af42d10d None None] Allocated IP 2001:db8::2 (69f26f60-37dc-4a57-a3e1-b34e0f57f973/4bd7520c-561a-46e5-a51c-aab77f0ac50f/5404e525-cc23-400b-bcf6-aa7bb2b82f01) {{(pid=108001) _store_ip_allocation /opt/stack/neutron/neutron/db/db_base_plugin_common.py:131}}
Nov 03 16:52:00.964784 dv-neutron-815102-11-hyperv neutron-server[108000]: DEBUG neutron_lib.callbacks.manager [None req-b7cff272-5816-4719-af41-0384d802a509 tempest-RoutersTestDVR-1625727187 tempest-RoutersTestDVR-1625727187-project-admin] Publish callbacks [] for router_controller, precommit_add_association {{(pid=108000) _notify_loop /usr/local/lib/python3.8/dist-packages/neutron_lib/callbacks/manager.py:175}}
