Nov 03 16:51:36.123409 dv-neutron-815102-11-hyperv neutron-server[108000]: DEBUG neutron.api.rpc.handlers.resources_rpc [None req-6025cb59-4d99-4f2e-8b15-86252430a510 tempest-DHCPAgentSchedulersTestJSON-1524415492 tempest-DHCPAgentSchedulersTestJSON-1524415492-project] Pushing event deleted for resources: {'Subnet': ['ID=0bdf5d70-f411-4f04-8c66-06bdde05d4c9,revision_number=None']} {{(pid=108000) push /opt/stack/neutron/neutron/api/rpc/handlers/resources_rpc.py:237}}
Nov 03 16:51:36.139104 dv-neutron-815102-11-hyperv neutron-server[108000]: DEBUG neutron_lib.callbacks.manager [None req-6025cb59-4d99-4f2e-8b15-86252430a510 tempest-DHCPAgentSchedulersTestJSON-1524415492 tempest-DHCPAgentSchedulersTestJSON-1524415492-project] Publish callbacks [] for subnet, before_response {{(pid=108000) _notify_loop /usr/local/lib/python3.8/dist-packages/neutron_lib/callbacks/manager.py:175}}
Nov 03 16:51:36.146774 dv-neutron-815102-11-hyperv neutron-server[108000]: INFO neutron.wsgi [None req-6025cb59-4d99-4f2e-8b15-86252430a510 tempest-DHCPAgentSchedulersTestJSON-1524415492 tempest-DHCPAgentSchedulersTestJSON-1524415492-project] 10.222.0.74 "DELETE /v2.0/subnets/0bdf5d70-f411-4f04-8c66-06bdde05d4c9 HTTP/1.1" status: 204 len: 168 time: 0.7246089
Nov 03 16:51:36.147059 dv-neutron-815102-11-hyperv neutron-server[108000]: DEBUG neutron.wsgi [-] (108000) accepted ('10.222.0.74', 48076) {{(pid=108000) server /usr/local/lib/python3.8/dist-packages/eventlet/wsgi.py:982}}
Nov 03 16:51:36.188548 dv-neutron-815102-11-hyperv neutron-server[107999]: DEBUG neutron.api.rpc.handlers.resources_rpc [None req-16698ec2-2706-4892-978b-2f81a56586f0 tempest-ExternalNetworksTestJSON-649372030 tempest-ExternalNetworksTestJSON-649372030-project-admin] Pushing event updated for resources: {'Port': ['ID=8d610ff5-b028-4790-b805-cdda0c023774,revision_number=1']} {{(pid=107999) push /opt/stack/neutron/neutron/api/rpc/handlers/resources_rpc.py:237}}
Nov 03 16:51:36.239714 dv-neutron-815102-11-hyperv neutron-server[108000]: DEBUG neutron_lib.callbacks.manager [None req-33c64c39-84b0-4fe9-859c-95a11b92ffb1 tempest-DHCPAgentSchedulersTestJSON-1524415492 tempest-DHCPAgentSchedulersTestJSON-1524415492-project] Publish callbacks ['neutron.plugins.ml2.plugin.External_net_db_mixin._before_network_delete_handler-743139'] for network, before_delete {{(pid=108000) _notify_loop /usr/local/lib/python3.8/dist-packages/neutron_lib/callbacks/manager.py:175}}
Nov 03 16:51:36.245850 dv-neutron-815102-11-hyperv neutron-server[107999]: DEBUG neutron_lib.callbacks.manager [None req-1c0942e3-b8e5-4660-8ce4-cd0b7e15e7d6 tempest-FloatingIPAdminTestJSON-639890061 tempest-FloatingIPAdminTestJSON-639890061-project] Publish callbacks ['neutron.services.l3_router.l3_router_plugin.L3_HA_NAT_db_mixin._after_router_create-1603018', 'neutron.services.l3_router.l3_router_plugin.DVRResourceOperationHandler._create_snat_interfaces_after_change-1582262'] for router, after_create {{(pid=107999) _notify_loop /usr/local/lib/python3.8/dist-packages/neutron_lib/callbacks/manager.py:175}}
Nov 03 16:51:36.273712 dv-neutron-815102-11-hyperv neutron-server[107999]: DEBUG neutron.pecan_wsgi.hooks.quota_enforcement [None req-6e111ba0-349a-431b-b906-6a0777207605 tempest-ExtraDHCPOptionsTestJSON-1251858397 tempest-ExtraDHCPOptionsTestJSON-1251858397-project] Made reservation on behalf of 0924c9b2258a490ebe4b4b9569f9e5b2 for: {'network': 1} {{(pid=107999) before /opt/stack/neutron/neutron/pecan_wsgi/hooks/quota_enforcement.py:53}}
Nov 03 16:51:36.277336 dv-neutron-815102-11-hyperv neutron-server[107999]: DEBUG neutron_lib.callbacks.manager [None req-6e111ba0-349a-431b-b906-6a0777207605 tempest-ExtraDHCPOptionsTestJSON-1251858397 tempest-ExtraDHCPOptionsTestJSON-1251858397-project] Publish callbacks ['neutron.plugins.ml2.plugin.SecurityGroupDbMixin._ensure_default_security_group_handler-756287'] for network, before_create {{(pid=107999) _notify_loop /usr/local/lib/python3.8/dist-packages/neutron_lib/callbacks/manager.py:175}}
Nov 03 16:51:36.301954 dv-neutron-815102-11-hyperv neutron-server[108001]: DEBUG neutron.api.rpc.handlers.dhcp_rpc [None req-0e97f79d-a8e0-400e-8d9e-ee683d4c3464 None None] Network 1ff6f6e2-21ff-4b47-987b-264d5343fb58 requested from dv-neutron-815102-11-hyperv {{(pid=108001) get_network_info /opt/stack/neutron/neutron/api/rpc/handlers/dhcp_rpc.py:218}}
Nov 03 16:51:36.334809 dv-neutron-815102-11-hyperv neutron-server[108000]: DEBUG neutron_lib.callbacks.manager [None req-eb423a07-f987-46cc-bde9-d2b4efc2e0f8 tempest-ServersTestJSON-93770727 tempest-ServersTestJSON-93770727-project] Publish callbacks [] for security_group, before_create {{(pid=108000) _notify_loop /usr/local/lib/python3.8/dist-packages/neutron_lib/callbacks/manager.py:175}}
Nov 03 16:51:36.355652 dv-neutron-815102-11-hyperv neutron-server[108000]: DEBUG neutron.plugins.ml2.plugin [None req-33c64c39-84b0-4fe9-859c-95a11b92ffb1 tempest-DHCPAgentSchedulersTestJSON-1524415492 tempest-DHCPAgentSchedulersTestJSON-1524415492-project] Deleting port 39273369-01f4-46a5-b529-387e8db4c298 {{(pid=108000) _pre_delete_port /opt/stack/neutron/neutron/plugins/ml2/plugin.py:1934}}
Nov 03 16:51:36.356112 dv-neutron-815102-11-hyperv neutron-server[108000]: DEBUG neutron_lib.callbacks.manager [None req-33c64c39-84b0-4fe9-859c-95a11b92ffb1 tempest-DHCPAgentSchedulersTestJSON-1524415492 tempest-DHCPAgentSchedulersTestJSON-1524415492-project] Publish callbacks ['neutron.db.l3_db.L3_NAT_dbonly_mixin._prevent_l3_port_delete_callback-8778559813133'] for port, before_delete {{(pid=108000) _notify_loop /usr/local/lib/python3.8/dist-packages/neutron_lib/callbacks/manager.py:175}}
Nov 03 16:51:36.376030 dv-neutron-815102-11-hyperv neutron-server[107999]: DEBUG neutron_lib.callbacks.manager [None req-6e111ba0-349a-431b-b906-6a0777207605 tempest-ExtraDHCPOptionsTestJSON-1251858397 tempest-ExtraDHCPOptionsTestJSON-1251858397-project] Publish callbacks [] for security_group, before_create {{(pid=107999) _notify_loop /usr/local/lib/python3.8/dist-packages/neutron_lib/callbacks/manager.py:175}}
Nov 03 16:51:36.409434 dv-neutron-815102-11-hyperv neutron-server[107999]: DEBUG neutron_lib.callbacks.manager [None req-16698ec2-2706-4892-978b-2f81a56586f0 tempest-ExternalNetworksTestJSON-649372030 tempest-ExternalNetworksTestJSON-649372030-project-admin] Publish callbacks [] for floatingip, precommit_create {{(pid=107999) _notify_loop /usr/local/lib/python3.8/dist-packages/neutron_lib/callbacks/manager.py:175}}
Nov 03 16:51:36.426555 dv-neutron-815102-11-hyperv neutron-server[107999]: DEBUG neutron_lib.callbacks.manager [None req-0cabaa17-d488-408f-ad3a-ab9e940e60ef tempest-RoutersAdminTest-1133596498 tempest-RoutersAdminTest-1133596498-project-admin] Publish callbacks [] for router_gateway, before_create {{(pid=107999) _notify_loop /usr/local/lib/python3.8/dist-packages/neutron_lib/callbacks/manager.py:175}}
Nov 03 16:51:36.480649 dv-neutron-815102-11-hyperv neutron-server[108000]: DEBUG neutron.plugins.ml2.db [None req-33c64c39-84b0-4fe9-859c-95a11b92ffb1 tempest-DHCPAgentSchedulersTestJSON-1524415492 tempest-DHCPAgentSchedulersTestJSON-1524415492-project] For port 39273369-01f4-46a5-b529-387e8db4c298, host dv-neutron-815102-11-hyperv, got binding levels [PortBindingLevel(driver='openvswitch',host='dv-neutron-815102-11-hyperv',level=0,port_id=39273369-01f4-46a5-b529-387e8db4c298,segment=NetworkSegment(38c500ba-a130-4eed-9322-5e650591e271),segment_id=38c500ba-a130-4eed-9322-5e650591e271)] {{(pid=108000) get_binding_level_objs /opt/stack/neutron/neutron/plugins/ml2/db.py:74}}
Nov 03 16:51:36.481014 dv-neutron-815102-11-hyperv neutron-server[108000]: DEBUG neutron_lib.callbacks.manager [None req-33c64c39-84b0-4fe9-859c-95a11b92ffb1 tempest-DHCPAgentSchedulersTestJSON-1524415492 tempest-DHCPAgentSchedulersTestJSON-1524415492-project] Publish callbacks ['neutron.services.l3_router.l3_router_plugin.L3_NAT_dbonly_mixin._precommit_delete_port_callback-1583742'] for port, precommit_delete {{(pid=108000) _notify_loop /usr/local/lib/python3.8/dist-packages/neutron_lib/callbacks/manager.py:175}}
Nov 03 16:51:36.507996 dv-neutron-815102-11-hyperv neutron-server[107999]: DEBUG neutron_lib.callbacks.manager [None req-0cabaa17-d488-408f-ad3a-ab9e940e60ef tempest-RoutersAdminTest-1133596498 tempest-RoutersAdminTest-1133596498-project-admin] Publish callbacks ['neutron.plugins.ml2.plugin.SecurityGroupDbMixin._ensure_default_security_group_handler-756287'] for port, before_create {{(pid=107999) _notify_loop /usr/local/lib/python3.8/dist-packages/neutron_lib/callbacks/manager.py:175}}
Nov 03 16:51:36.521297 dv-neutron-815102-11-hyperv neutron-server[108000]: DEBUG neutron.plugins.ml2.plugin [None req-33c64c39-84b0-4fe9-859c-95a11b92ffb1 tempest-DHCPAgentSchedulersTestJSON-1524415492 tempest-DHCPAgentSchedulersTestJSON-1524415492-project] Calling delete_port for 39273369-01f4-46a5-b529-387e8db4c298 owned by network:dhcp {{(pid=108000) delete_port /opt/stack/neutron/neutron/plugins/ml2/plugin.py:2012}}
Nov 03 16:51:36.531136 dv-neutron-815102-11-hyperv neutron-server[107999]: DEBUG neutron_lib.callbacks.manager [None req-9565565c-51e2-42cc-9034-c426806242a0 tempest-ServersTestManualDisk-1096790915 tempest-ServersTestManualDisk-1096790915-project] Publish callbacks [] for security_group, precommit_create {{(pid=107999) _notify_loop /usr/local/lib/python3.8/dist-packages/neutron_lib/callbacks/manager.py:175}}
Nov 03 16:51:36.536354 dv-neutron-815102-11-hyperv neutron-server[108000]: DEBUG neutron_lib.callbacks.manager [None req-eb423a07-f987-46cc-bde9-d2b4efc2e0f8 tempest-ServersTestJSON-93770727 tempest-ServersTestJSON-93770727-project] Publish callbacks [] for security_group, precommit_create {{(pid=108000) _notify_loop /usr/local/lib/python3.8/dist-packages/neutron_lib/callbacks/manager.py:175}}
Nov 03 16:51:36.546419 dv-neutron-815102-11-hyperv neutron-server[108000]: DEBUG neutron_lib.callbacks.manager [None req-eb423a07-f987-46cc-bde9-d2b4efc2e0f8 tempest-ServersTestJSON-93770727 tempest-ServersTestJSON-93770727-project] Publish callbacks ['neutron.plugins.ml2.ovo_rpc._ObjectChangeHandler.handle_event-425624'] for security_group, after_create {{(pid=108000) _notify_loop /usr/local/lib/python3.8/dist-packages/neutron_lib/callbacks/manager.py:175}}
Nov 03 16:51:36.560001 dv-neutron-815102-11-hyperv neutron-server[108001]: DEBUG neutron_lib.callbacks.manager [None req-7544fdd1-a984-4841-bfd2-6f745ee7fcf3 None None] Publish callbacks ['neutron.plugins.ml2.plugin.SecurityGroupDbMixin._ensure_default_security_group_handler-756287'] for port, before_update {{(pid=108001) _notify_loop /usr/local/lib/python3.8/dist-packages/neutron_lib/callbacks/manager.py:175}}
Nov 03 16:51:36.585775 dv-neutron-815102-11-hyperv neutron-server[108001]: DEBUG neutron.plugins.ml2.rpc [None req-1ce4c81d-87d3-4cf5-86e0-9fd2c61f15a2 None None] Device 395d5c06-ad9a-4d9d-a3ef-9a8c4320aa0b up at agent ovs-agent-dv-neutron-815102-11-hyperv {{(pid=108001) update_device_up /opt/stack/neutron/neutron/plugins/ml2/rpc.py:296}}
Nov 03 16:51:36.616627 dv-neutron-815102-11-hyperv neutron-server[107999]: DEBUG neutron_lib.callbacks.manager [None req-9565565c-51e2-42cc-9034-c426806242a0 tempest-ServersTestManualDisk-1096790915 tempest-ServersTestManualDisk-1096790915-project] Publish callbacks ['neutron.plugins.ml2.ovo_rpc._ObjectChangeHandler.handle_event-425624'] for security_group, after_create {{(pid=107999) _notify_loop /usr/local/lib/python3.8/dist-packages/neutron_lib/callbacks/manager.py:175}}
Nov 03 16:51:36.668236 dv-neutron-815102-11-hyperv neutron-server[108001]: DEBUG neutron.plugins.ml2.db [None req-7544fdd1-a984-4841-bfd2-6f745ee7fcf3 None None] For port 7e41081d-ef3b-42e4-904b-5d089127a445, host dv-neutron-815102-11-hyperv, got binding levels [PortBindingLevel(driver='openvswitch',host='dv-neutron-815102-11-hyperv',level=0,port_id=7e41081d-ef3b-42e4-904b-5d089127a445,segment=NetworkSegment(cc9a6f48-8562-4c82-9904-5fef1e22a3dc),segment_id=cc9a6f48-8562-4c82-9904-5fef1e22a3dc)] {{(pid=108001) get_binding_level_objs /opt/stack/neutron/neutron/plugins/ml2/db.py:74}}
Nov 03 16:51:36.691507 dv-neutron-815102-11-hyperv neutron-server[108001]: DEBUG neutron_lib.callbacks.manager [None req-7544fdd1-a984-4841-bfd2-6f745ee7fcf3 None None] Publish callbacks ['neutron.plugins.ml2.plugin.SecurityGroupServerNotifierRpcMixin._notify_sg_on_port_change-756476', 'neutron.plugins.ml2.ovo_rpc._ObjectChangeHandler.handle_event-80973', 'neutron.api.rpc.agentnotifiers.dhcp_rpc_agent_api.DhcpAgentNotifyAPI._native_event_send_dhcp_notification-1656875', 'neutron.db.l3_db.L3RpcNotifierMixin._notify_gateway_port_ip_changed-8778559819915', 'neutron.db.l3_dvrscheduler_db._notify_l3_agent_port_update-8778559332792', 'neutron.db.l3_hascheduler_db._notify_l3_agent_ha_port_update-8778559332810'] for port, after_update {{(pid=108001) _notify_loop /usr/local/lib/python3.8/dist-packages/neutron_lib/callbacks/manager.py:175}}
Nov 03 16:51:36.746114 dv-neutron-815102-11-hyperv neutron-server[108000]: DEBUG neutron.api.rpc.handlers.resources_rpc [None req-eb423a07-f987-46cc-bde9-d2b4efc2e0f8 tempest-ServersTestJSON-93770727 tempest-ServersTestJSON-93770727-project] Pushing event updated for resources: {'SecurityGroup': ['ID=5a560e2c-13eb-4a27-9902-c69d14ae8231,revision_number=1']} {{(pid=108000) push /opt/stack/neutron/neutron/api/rpc/handlers/resources_rpc.py:237}}
Nov 03 16:51:36.762982 dv-neutron-815102-11-hyperv neutron-server[108000]: DEBUG neutron_lib.callbacks.manager [None req-33c64c39-84b0-4fe9-859c-95a11b92ffb1 tempest-DHCPAgentSchedulersTestJSON-1524415492 tempest-DHCPAgentSchedulersTestJSON-1524415492-project] Publish callbacks ['neutron.plugins.ml2.plugin.SecurityGroupServerNotifierRpcMixin._notify_sg_on_port_change-756476', 'neutron.plugins.ml2.ovo_rpc._ObjectChangeHandler.handle_event-80973', 'neutron.api.rpc.agentnotifiers.dhcp_rpc_agent_api.DhcpAgentNotifyAPI._native_event_send_dhcp_notification-1656875', 'neutron.db.l3_db.L3RpcNotifierMixin._notify_routers_callback-8778559819897', 'neutron.db.l3_dvrscheduler_db._notify_port_delete-8778559332783', 'neutron.services.segments.plugin.NovaSegmentNotifier._notify_port_created_or_deleted-2766261'] for port, after_delete {{(pid=108000) _notify_loop /usr/local/lib/python3.8/dist-packages/neutron_lib/callbacks/manager.py:175}}
Nov 03 16:51:36.795487 dv-neutron-815102-11-hyperv neutron-server[108000]: DEBUG neutron_lib.callbacks.manager [None req-eb423a07-f987-46cc-bde9-d2b4efc2e0f8 tempest-ServersTestJSON-93770727 tempest-ServersTestJSON-93770727-project] Publish callbacks [] for security_group, before_response {{(pid=108000) _notify_loop /usr/local/lib/python3.8/dist-packages/neutron_lib/callbacks/manager.py:175}}
Nov 03 16:51:36.797134 dv-neutron-815102-11-hyperv neutron-server[108000]: INFO neutron.wsgi [None req-eb423a07-f987-46cc-bde9-d2b4efc2e0f8 tempest-ServersTestJSON-93770727 tempest-ServersTestJSON-93770727-project] 10.222.0.74 "POST /v2.0/security-groups HTTP/1.1" status: 201 len: 1795 time: 0.7266939
Nov 03 16:51:36.804349 dv-neutron-815102-11-hyperv neutron-server[108000]: DEBUG neutron.api.rpc.handlers.resources_rpc [None req-33c64c39-84b0-4fe9-859c-95a11b92ffb1 tempest-DHCPAgentSchedulersTestJSON-1524415492 tempest-DHCPAgentSchedulersTestJSON-1524415492-project] Pushing event deleted for resources: {'Port': ['ID=39273369-01f4-46a5-b529-387e8db4c298,revision_number=None']} {{(pid=108000) push /opt/stack/neutron/neutron/api/rpc/handlers/resources_rpc.py:237}}
Nov 03 16:51:36.805858 dv-neutron-815102-11-hyperv neutron-server[108001]: DEBUG neutron.api.rpc.handlers.resources_rpc [None req-7544fdd1-a984-4841-bfd2-6f745ee7fcf3 None None] Pushing event updated for resources: {'Port': ['ID=7e41081d-ef3b-42e4-904b-5d089127a445,revision_number=5']} {{(pid=108001) push /opt/stack/neutron/neutron/api/rpc/handlers/resources_rpc.py:237}}
Nov 03 16:51:36.808427 dv-neutron-815102-11-hyperv neutron-server[108000]: DEBUG neutron.wsgi [-] (108000) accepted ('10.222.0.74', 48094) {{(pid=108000) server /usr/local/lib/python3.8/dist-packages/eventlet/wsgi.py:982}}
Nov 03 16:51:36.815476 dv-neutron-815102-11-hyperv neutron-server[108000]: DEBUG neutron.api.v2.base [None req-610691e4-fba4-47e3-93d4-a3a78895983f tempest-ServersTestJSON-93770727 tempest-ServersTestJSON-93770727-project] Request body: {'security_group_rule': {'security_group_id': '5a560e2c-13eb-4a27-9902-c69d14ae8231', 'protocol': 'tcp', 'ethertype': 'IPv4', 'port_range_min': 22, 'port_range_max': 22, 'direction': 'ingress'}} {{(pid=108000) prepare_request_body /opt/stack/neutron/neutron/api/v2/base.py:729}}
Nov 03 16:51:36.824301 dv-neutron-815102-11-hyperv neutron-server[108001]: DEBUG neutron.api.rpc.handlers.dhcp_rpc [None req-60a7e889-7f63-4ed2-9448-7e8fd4177e48 None None] DHCP port deletion for 1ff6f6e2-21ff-4b47-987b-264d5343fb58 request from dv-neutron-815102-11-hyperv {{(pid=108001) release_dhcp_port /opt/stack/neutron/neutron/api/rpc/handlers/dhcp_rpc.py:266}}
Nov 03 16:51:36.832907 dv-neutron-815102-11-hyperv neutron-server[108000]: DEBUG neutron.db.l3_dvrscheduler_db [None req-33c64c39-84b0-4fe9-859c-95a11b92ffb1 tempest-DHCPAgentSchedulersTestJSON-1524415492 tempest-DHCPAgentSchedulersTestJSON-1524415492-project] No DVR routers for this DVR port 39273369-01f4-46a5-b529-387e8db4c298 on host dv-neutron-815102-11-hyperv {{(pid=108000) get_dvr_routers_to_remove /opt/stack/neutron/neutron/db/l3_dvrscheduler_db.py:214}}
Nov 03 16:51:36.839894 dv-neutron-815102-11-hyperv neutron-server[107999]: DEBUG neutron_lib.callbacks.manager [None req-16698ec2-2706-4892-978b-2f81a56586f0 tempest-ExternalNetworksTestJSON-649372030 tempest-ExternalNetworksTestJSON-649372030-project-admin] Publish callbacks ['neutron.plugins.ml2.plugin.SecurityGroupDbMixin._ensure_default_security_group_handler-756287'] for port, before_update {{(pid=107999) _notify_loop /usr/local/lib/python3.8/dist-packages/neutron_lib/callbacks/manager.py:175}}
Nov 03 16:51:36.852150 dv-neutron-815102-11-hyperv neutron-server[107999]: DEBUG neutron_lib.callbacks.manager [None req-9565565c-51e2-42cc-9034-c426806242a0 tempest-ServersTestManualDisk-1096790915 tempest-ServersTestManualDisk-1096790915-project] Publish callbacks [] for security_group, before_response {{(pid=107999) _notify_loop /usr/local/lib/python3.8/dist-packages/neutron_lib/callbacks/manager.py:175}}
Nov 03 16:51:36.858330 dv-neutron-815102-11-hyperv neutron-server[107999]: INFO neutron.wsgi [None req-9565565c-51e2-42cc-9034-c426806242a0 tempest-ServersTestManualDisk-1096790915 tempest-ServersTestManualDisk-1096790915-project] 10.222.0.74 "POST /v2.0/security-groups HTTP/1.1" status: 201 len: 1797 time: 1.5956535
Nov 03 16:51:36.880911 dv-neutron-815102-11-hyperv neutron-server[108001]: DEBUG neutron.db.provisioning_blocks [None req-1ce4c81d-87d3-4cf5-86e0-9fd2c61f15a2 None None] Provisioning complete for port 395d5c06-ad9a-4d9d-a3ef-9a8c4320aa0b triggered by entity L2. {{(pid=108001) provisioning_complete /opt/stack/neutron/neutron/db/provisioning_blocks.py:139}}
Nov 03 16:51:36.881558 dv-neutron-815102-11-hyperv neutron-server[108001]: DEBUG neutron_lib.callbacks.manager [None req-1ce4c81d-87d3-4cf5-86e0-9fd2c61f15a2 None None] Publish callbacks ['neutron.plugins.ml2.plugin.Ml2Plugin._port_provisioned-1365170'] for port, provisioning_complete {{(pid=108001) _notify_loop /usr/local/lib/python3.8/dist-packages/neutron_lib/callbacks/manager.py:175}}
Nov 03 16:51:36.915609 dv-neutron-815102-11-hyperv neutron-server[107999]: DEBUG neutron.wsgi [-] (107999) accepted ('10.222.0.74', 48096) {{(pid=107999) server /usr/local/lib/python3.8/dist-packages/eventlet/wsgi.py:982}}
Nov 03 16:51:36.939601 dv-neutron-815102-11-hyperv neutron-server[107999]: DEBUG neutron.api.v2.base [None req-5c932dab-c8c3-43a7-8a20-bda2768ae9c5 tempest-ServersTestManualDisk-1096790915 tempest-ServersTestManualDisk-1096790915-project] Request body: {'security_group_rule': {'security_group_id': '9b772177-4d50-4eeb-a648-b25c6979ff6e', 'protocol': 'tcp', 'ethertype': 'IPv4', 'port_range_min': 22, 'port_range_max': 22, 'direction': 'ingress'}} {{(pid=107999) prepare_request_body /opt/stack/neutron/neutron/api/v2/base.py:729}}
Nov 03 16:51:36.959326 dv-neutron-815102-11-hyperv neutron-server[107999]: DEBUG neutron.api.rpc.handlers.resources_rpc [None req-9565565c-51e2-42cc-9034-c426806242a0 tempest-ServersTestManualDisk-1096790915 tempest-ServersTestManualDisk-1096790915-project] Pushing event updated for resources: {'SecurityGroup': ['ID=9b772177-4d50-4eeb-a648-b25c6979ff6e,revision_number=1']} {{(pid=107999) push /opt/stack/neutron/neutron/api/rpc/handlers/resources_rpc.py:237}}
Nov 03 16:51:36.986216 dv-neutron-815102-11-hyperv neutron-server[108000]: DEBUG neutron.wsgi [-] (108000) accepted ('10.222.0.74', 48098) {{(pid=108000) server /usr/local/lib/python3.8/dist-packages/eventlet/wsgi.py:982}}
Nov 03 16:51:36.994271 dv-neutron-815102-11-hyperv neutron-server[108000]: DEBUG neutron_lib.callbacks.manager [None req-33c64c39-84b0-4fe9-859c-95a11b92ffb1 tempest-DHCPAgentSchedulersTestJSON-1524415492 tempest-DHCPAgentSchedulersTestJSON-1524415492-project] Publish callbacks ['neutron.plugins.ml2.plugin.Ml2Plugin._network_delete_precommit_handler-662847', 'neutron.services.segments.db._delete_segments_for_network-8778559829279'] for network, precommit_delete {{(pid=108000) _notify_loop /usr/local/lib/python3.8/dist-packages/neutron_lib/callbacks/manager.py:175}}
Nov 03 16:51:37.050924 dv-neutron-815102-11-hyperv neutron-server[108000]: DEBUG neutron_lib.callbacks.manager [None req-610691e4-fba4-47e3-93d4-a3a78895983f tempest-ServersTestJSON-93770727 tempest-ServersTestJSON-93770727-project] Publish callbacks [] for security_group_rule, before_create {{(pid=108000) _notify_loop /usr/local/lib/python3.8/dist-packages/neutron_lib/callbacks/manager.py:175}}
Nov 03 16:51:37.095464 dv-neutron-815102-11-hyperv neutron-server[108000]: DEBUG neutron.services.segments.db [None req-33c64c39-84b0-4fe9-859c-95a11b92ffb1 tempest-DHCPAgentSchedulersTestJSON-1524415492 tempest-DHCPAgentSchedulersTestJSON-1524415492-project] neutron.services.segments.plugin.Plugin method get_segments called with arguments (,) {'filters': {'network_id': ['1ff6f6e2-21ff-4b47-987b-264d5343fb58']}} {{(pid=108000) wrapper /usr/local/lib/python3.8/dist-packages/oslo_log/helpers.py:65}}
Nov 03 16:51:37.099592 dv-neutron-815102-11-hyperv neutron-server[108001]: DEBUG neutron.db.provisioning_blocks [None req-7544fdd1-a984-4841-bfd2-6f745ee7fcf3 None None] Provisioning complete for port 929b08c1-d08e-4061-b7ba-2e50ac86a893 triggered by entity DHCP. {{(pid=108001) provisioning_complete /opt/stack/neutron/neutron/db/provisioning_blocks.py:139}}
Nov 03 16:51:37.100430 dv-neutron-815102-11-hyperv neutron-server[108001]: DEBUG neutron_lib.callbacks.manager [None req-7544fdd1-a984-4841-bfd2-6f745ee7fcf3 None None] Publish callbacks ['neutron.plugins.ml2.plugin.Ml2Plugin._port_provisioned-1365170'] for port, provisioning_complete {{(pid=108001) _notify_loop /usr/local/lib/python3.8/dist-packages/neutron_lib/callbacks/manager.py:175}}
Nov 03 16:51:37.114763 dv-neutron-815102-11-hyperv neutron-server[107999]: DEBUG neutron_lib.callbacks.manager [None req-5c932dab-c8c3-43a7-8a20-bda2768ae9c5 tempest-ServersTestManualDisk-1096790915 tempest-ServersTestManualDisk-1096790915-project] Publish callbacks [] for security_group_rule, before_create {{(pid=107999) _notify_loop /usr/local/lib/python3.8/dist-packages/neutron_lib/callbacks/manager.py:175}}
Nov 03 16:51:37.171352 dv-neutron-815102-11-hyperv neutron-server[108000]: DEBUG neutron_lib.callbacks.manager [None req-610691e4-fba4-47e3-93d4-a3a78895983f tempest-ServersTestJSON-93770727 tempest-ServersTestJSON-93770727-project] Publish callbacks [] for security_group_rule, precommit_create {{(pid=108000) _notify_loop /usr/local/lib/python3.8/dist-packages/neutron_lib/callbacks/manager.py:175}}
Nov 03 16:51:37.182408 dv-neutron-815102-11-hyperv neutron-server[108000]: DEBUG neutron.api.v2.base [None req-e019a62a-eefc-4776-bd57-06ee9bc7df8d tempest-NetworksTestDHCPv6-882908984 tempest-NetworksTestDHCPv6-882908984-project] Request body: {'network': {'name': 'tempest-NetworksTestDHCPv6-test-network-1797963307'}} {{(pid=108000) prepare_request_body /opt/stack/neutron/neutron/api/v2/base.py:729}}
Nov 03 16:51:37.189465 dv-neutron-815102-11-hyperv neutron-server[108000]: DEBUG neutron_lib.callbacks.manager [None req-610691e4-fba4-47e3-93d4-a3a78895983f tempest-ServersTestJSON-93770727 tempest-ServersTestJSON-93770727-project] Publish callbacks ['neutron.plugins.ml2.ovo_rpc._ObjectChangeHandler.handle_event-425675'] for security_group_rule, after_create {{(pid=108000) _notify_loop /usr/local/lib/python3.8/dist-packages/neutron_lib/callbacks/manager.py:175}}
Nov 03 16:51:37.194404 dv-neutron-815102-11-hyperv neutron-server[108000]: DEBUG neutron.services.segments.db [None req-33c64c39-84b0-4fe9-859c-95a11b92ffb1 tempest-DHCPAgentSchedulersTestJSON-1524415492 tempest-DHCPAgentSchedulersTestJSON-1524415492-project] neutron.services.segments.plugin.Plugin method delete_segment called with arguments (, '38c500ba-a130-4eed-9322-5e650591e271') {'for_net_delete': True} {{(pid=108000) wrapper /usr/local/lib/python3.8/dist-packages/oslo_log/helpers.py:65}}
Nov 03 16:51:37.194695 dv-neutron-815102-11-hyperv neutron-server[108000]: DEBUG neutron.services.segments.db [None req-33c64c39-84b0-4fe9-859c-95a11b92ffb1 tempest-DHCPAgentSchedulersTestJSON-1524415492 tempest-DHCPAgentSchedulersTestJSON-1524415492-project] neutron.services.segments.plugin.Plugin method get_segment called with arguments (, '38c500ba-a130-4eed-9322-5e650591e271') {} {{(pid=108000) wrapper /usr/local/lib/python3.8/dist-packages/oslo_log/helpers.py:65}}
Nov 03 16:51:37.235186 dv-neutron-815102-11-hyperv neutron-server[108000]: DEBUG neutron_lib.callbacks.manager [None req-33c64c39-84b0-4fe9-859c-95a11b92ffb1 tempest-DHCPAgentSchedulersTestJSON-1524415492 tempest-DHCPAgentSchedulersTestJSON-1524415492-project] Publish callbacks ['neutron.plugins.ml2.db._prevent_segment_delete_with_port_bound-8778559864814', 'neutron.services.segments.plugin.Plugin._prevent_segment_delete_with_subnet_associated-2938244'] for segment, before_delete {{(pid=108000) _notify_loop /usr/local/lib/python3.8/dist-packages/neutron_lib/callbacks/manager.py:175}}
Nov 03 16:51:37.241131 dv-neutron-815102-11-hyperv neutron-server[108001]: DEBUG neutron_lib.callbacks.manager [None req-1c3b0d94-ad16-4957-8cf9-9fd03ead85ef None None] Publish callbacks [] for port, precommit_update {{(pid=108001) _notify_loop /usr/local/lib/python3.8/dist-packages/neutron_lib/callbacks/manager.py:175}}
Nov 03 16:51:37.258013 dv-neutron-815102-11-hyperv neutron-server[108001]: DEBUG neutron_lib.callbacks.manager [None req-1c3b0d94-ad16-4957-8cf9-9fd03ead85ef None None] Publish callbacks ['neutron.plugins.ml2.plugin.SecurityGroupServerNotifierRpcMixin._notify_sg_on_port_change-756476', 'neutron.plugins.ml2.ovo_rpc._ObjectChangeHandler.handle_event-80973', 'neutron.api.rpc.agentnotifiers.dhcp_rpc_agent_api.DhcpAgentNotifyAPI._native_event_send_dhcp_notification-1656875', 'neutron.db.l3_db.L3RpcNotifierMixin._notify_gateway_port_ip_changed-8778559819915', 'neutron.db.l3_dvrscheduler_db._notify_l3_agent_port_update-8778559332792', 'neutron.db.l3_hascheduler_db._notify_l3_agent_ha_port_update-8778559332810'] for port, after_update {{(pid=108001) _notify_loop /usr/local/lib/python3.8/dist-packages/neutron_lib/callbacks/manager.py:175}}
Nov 03 16:51:37.262713 dv-neutron-815102-11-hyperv neutron-server[108000]: DEBUG neutron.api.rpc.handlers.resources_rpc [None req-610691e4-fba4-47e3-93d4-a3a78895983f tempest-ServersTestJSON-93770727 tempest-ServersTestJSON-93770727-project] Pushing event updated for resources: {'SecurityGroupRule': ['ID=5f990e51-6237-48f6-8c9d-7dd79daefff4,revision_number=0']} {{(pid=108000) push /opt/stack/neutron/neutron/api/rpc/handlers/resources_rpc.py:237}}
Nov 03 16:51:37.269281 dv-neutron-815102-11-hyperv neutron-server[108000]: DEBUG neutron_lib.callbacks.manager [None req-33c64c39-84b0-4fe9-859c-95a11b92ffb1 tempest-DHCPAgentSchedulersTestJSON-1524415492 tempest-DHCPAgentSchedulersTestJSON-1524415492-project] Publish callbacks ['neutron.plugins.ml2.plugin.Ml2Plugin._handle_segment_change-667500'] for segment, precommit_delete {{(pid=108000) _notify_loop /usr/local/lib/python3.8/dist-packages/neutron_lib/callbacks/manager.py:175}}
Nov 03 16:51:37.292151 dv-neutron-815102-11-hyperv neutron-server[108000]: DEBUG neutron.plugins.ml2.drivers.type_vlan [None req-33c64c39-84b0-4fe9-859c-95a11b92ffb1 tempest-DHCPAgentSchedulersTestJSON-1524415492 tempest-DHCPAgentSchedulersTestJSON-1524415492-project] Releasing vlan 715 on physical network physnet1 to pool {{(pid=108000) release_segment /opt/stack/neutron/neutron/plugins/ml2/drivers/type_vlan.py:304}}
Nov 03 16:51:37.293638 dv-neutron-815102-11-hyperv neutron-server[108000]: DEBUG neutron_lib.callbacks.manager [None req-33c64c39-84b0-4fe9-859c-95a11b92ffb1 tempest-DHCPAgentSchedulersTestJSON-1524415492 tempest-DHCPAgentSchedulersTestJSON-1524415492-project] Publish callbacks ['neutron.plugins.ml2.plugin.Ml2Plugin._handle_segment_change-667500', 'neutron.services.segments.plugin.NovaSegmentNotifier._notify_segment_deleted-2765892'] for segment, after_delete {{(pid=108000) _notify_loop /usr/local/lib/python3.8/dist-packages/neutron_lib/callbacks/manager.py:175}}
Nov 03 16:51:37.301901 dv-neutron-815102-11-hyperv neutron-server[108000]: Traceback (most recent call last):
Nov 03 16:51:37.301901 dv-neutron-815102-11-hyperv neutron-server[108000]: File "/usr/local/lib/python3.8/dist-packages/eventlet/hubs/hub.py", line 476, in fire_timers
Nov 03 16:51:37.301901 dv-neutron-815102-11-hyperv neutron-server[108000]: timer()
Nov 03 16:51:37.301901 dv-neutron-815102-11-hyperv neutron-server[108000]: File "/usr/local/lib/python3.8/dist-packages/eventlet/hubs/timer.py", line 59, in __call__
Nov 03 16:51:37.301901 dv-neutron-815102-11-hyperv neutron-server[108000]: cb(*args, **kw)
Nov 03 16:51:37.301901 dv-neutron-815102-11-hyperv neutron-server[108000]: File "/opt/stack/neutron/neutron/common/utils.py", line 914, in wrapper
Nov 03 16:51:37.301901 dv-neutron-815102-11-hyperv neutron-server[108000]: return func(*args, **kwargs)
Nov 03 16:51:37.301901 dv-neutron-815102-11-hyperv neutron-server[108000]: File "/opt/stack/neutron/neutron/notifiers/batch_notifier.py", line 58, in synced_send
Nov 03 16:51:37.301901 dv-neutron-815102-11-hyperv neutron-server[108000]: self._notify()
Nov 03 16:51:37.301901 dv-neutron-815102-11-hyperv neutron-server[108000]: File "/opt/stack/neutron/neutron/notifiers/batch_notifier.py", line 69, in _notify
Nov 03 16:51:37.301901 dv-neutron-815102-11-hyperv neutron-server[108000]: self.callback(batched_events)
Nov 03 16:51:37.301901 dv-neutron-815102-11-hyperv neutron-server[108000]: File "/opt/stack/neutron/neutron/services/segments/plugin.py", line 211, in _send_notifications
Nov 03 16:51:37.301901 dv-neutron-815102-11-hyperv neutron-server[108000]: event.method(event)
Nov 03 16:51:37.301901 dv-neutron-815102-11-hyperv neutron-server[108000]: File "/opt/stack/neutron/neutron/services/segments/plugin.py", line 383, in _delete_nova_inventory
Nov 03 16:51:37.301901 dv-neutron-815102-11-hyperv neutron-server[108000]: aggregate_id = self._get_aggregate_id(event.segment_id)
Nov 03 16:51:37.301901 dv-neutron-815102-11-hyperv neutron-server[108000]: File "/opt/stack/neutron/neutron/services/segments/plugin.py", line 370, in _get_aggregate_id
Nov 03 16:51:37.301901 dv-neutron-815102-11-hyperv neutron-server[108000]: aggregate_uuid = self.p_client.list_aggregates(
Nov 03 16:51:37.301901 dv-neutron-815102-11-hyperv neutron-server[108000]: File "/usr/local/lib/python3.8/dist-packages/neutron_lib/placement/client.py", line 58, in wrapper
Nov 03 16:51:37.301901 dv-neutron-815102-11-hyperv neutron-server[108000]: return f(self, *a, **k)
Nov 03 16:51:37.301901 dv-neutron-815102-11-hyperv neutron-server[108000]: File "/usr/local/lib/python3.8/dist-packages/neutron_lib/placement/client.py", line 554, in list_aggregates
Nov 03 16:51:37.301901 dv-neutron-815102-11-hyperv neutron-server[108000]: return self._get(url).json()
Nov 03 16:51:37.301901 dv-neutron-815102-11-hyperv neutron-server[108000]: File "/usr/local/lib/python3.8/dist-packages/neutron_lib/placement/client.py", line 190, in _get
Nov 03 16:51:37.301901 dv-neutron-815102-11-hyperv neutron-server[108000]: return self._client.get(url, endpoint_filter=self._ks_filter,
Nov 03 16:51:37.301901 dv-neutron-815102-11-hyperv neutron-server[108000]: File "/usr/local/lib/python3.8/dist-packages/keystoneauth1/session.py", line 1141, in get
Nov 03 16:51:37.301901 dv-neutron-815102-11-hyperv neutron-server[108000]: return self.request(url, 'GET', **kwargs)
Nov 03 16:51:37.301901 dv-neutron-815102-11-hyperv neutron-server[108000]: File "/usr/local/lib/python3.8/dist-packages/keystoneauth1/session.py", line 811, in request
Nov 03 16:51:37.301901 dv-neutron-815102-11-hyperv neutron-server[108000]: base_url = self.get_endpoint(auth, allow=allow,
Nov 03 16:51:37.301901 dv-neutron-815102-11-hyperv neutron-server[108000]: File "/usr/local/lib/python3.8/dist-packages/keystoneauth1/session.py", line 1241, in get_endpoint
Nov 03 16:51:37.301901 dv-neutron-815102-11-hyperv neutron-server[108000]: auth = self._auth_required(auth, 'determine endpoint URL')
Nov 03 16:51:37.301901 dv-neutron-815102-11-hyperv neutron-server[108000]: File "/usr/local/lib/python3.8/dist-packages/keystoneauth1/session.py", line 1181, in _auth_required
Nov 03 16:51:37.301901 dv-neutron-815102-11-hyperv neutron-server[108000]: raise exceptions.MissingAuthPlugin(msg_fmt % msg)
Nov 03 16:51:37.301901 dv-neutron-815102-11-hyperv neutron-server[108000]: keystoneauth1.exceptions.auth_plugins.MissingAuthPlugin: An auth plugin is required to determine endpoint URL
Nov 03 16:51:37.316353 dv-neutron-815102-11-hyperv neutron-server[108000]: DEBUG neutron.pecan_wsgi.hooks.quota_enforcement [None req-e019a62a-eefc-4776-bd57-06ee9bc7df8d tempest-NetworksTestDHCPv6-882908984 tempest-NetworksTestDHCPv6-882908984-project] Made reservation on behalf of df0d761ca80d4aa7b8ea2b378b980fbd for: {'network': 1} {{(pid=108000) before /opt/stack/neutron/neutron/pecan_wsgi/hooks/quota_enforcement.py:53}}
Nov 03 16:51:37.320638 dv-neutron-815102-11-hyperv neutron-server[108000]: DEBUG neutron_lib.callbacks.manager [None req-e019a62a-eefc-4776-bd57-06ee9bc7df8d tempest-NetworksTestDHCPv6-882908984 tempest-NetworksTestDHCPv6-882908984-project] Publish callbacks ['neutron.plugins.ml2.plugin.SecurityGroupDbMixin._ensure_default_security_group_handler-756287'] for network, before_create {{(pid=108000) _notify_loop /usr/local/lib/python3.8/dist-packages/neutron_lib/callbacks/manager.py:175}}
Nov 03 16:51:37.383359 dv-neutron-815102-11-hyperv neutron-server[108000]: DEBUG neutron_lib.callbacks.manager [None req-610691e4-fba4-47e3-93d4-a3a78895983f tempest-ServersTestJSON-93770727 tempest-ServersTestJSON-93770727-project] Publish callbacks [] for security_group_rule, before_response {{(pid=108000) _notify_loop /usr/local/lib/python3.8/dist-packages/neutron_lib/callbacks/manager.py:175}}
Nov 03 16:51:37.387458 dv-neutron-815102-11-hyperv neutron-server[108000]: INFO neutron.wsgi [None req-610691e4-fba4-47e3-93d4-a3a78895983f tempest-ServersTestJSON-93770727 tempest-ServersTestJSON-93770727-project] 10.222.0.74 "POST /v2.0/security-group-rules HTTP/1.1" status: 201 len: 764 time: 0.5755293
Nov 03 16:51:37.398135 dv-neutron-815102-11-hyperv neutron-server[108000]: DEBUG neutron.wsgi [-] (108000) accepted ('10.222.0.74', 48102) {{(pid=108000) server /usr/local/lib/python3.8/dist-packages/eventlet/wsgi.py:982}}
Nov 03 16:51:37.399127 dv-neutron-815102-11-hyperv neutron-server[108001]: DEBUG neutron.api.rpc.handlers.resources_rpc [None req-0cc15f8b-32ec-467c-9ef3-fc96c023d59f None None] Pushing event updated for resources: {'Port': ['ID=96a694eb-3796-4a46-8f12-cc490bd7c95c,revision_number=3']} {{(pid=108001) push /opt/stack/neutron/neutron/api/rpc/handlers/resources_rpc.py:237}}
Nov 03 16:51:37.399408 dv-neutron-815102-11-hyperv neutron-server[107999]: DEBUG neutron.db.db_base_plugin_common [None req-0cabaa17-d488-408f-ad3a-ab9e940e60ef tempest-RoutersAdminTest-1133596498 tempest-RoutersAdminTest-1133596498-project-admin] Allocated IP 172.20.0.6 (301dd29b-1b2f-4efc-ae32-e87d72ab07fe/5a458bd5-759a-411b-8799-6b8a87b0fb9e/8ad047ed-bfae-4248-a574-3d40c993e362) {{(pid=107999) _store_ip_allocation /opt/stack/neutron/neutron/db/db_base_plugin_common.py:131}}
Nov 03 16:51:37.412278 dv-neutron-815102-11-hyperv neutron-server[108001]: DEBUG neutron.plugins.ml2.managers [None req-1c3b0d94-ad16-4957-8cf9-9fd03ead85ef None None] Attempting to bind port 96a694eb-3796-4a46-8f12-cc490bd7c95c on host dv-neutron-815102-11-hyperv for vnic_type normal with profile {{(pid=108001) bind_port /opt/stack/neutron/neutron/plugins/ml2/managers.py:795}}
Nov 03 16:51:37.412760 dv-neutron-815102-11-hyperv neutron-server[108001]: DEBUG neutron.plugins.ml2.managers [None req-1c3b0d94-ad16-4957-8cf9-9fd03ead85ef None None] Attempting to bind port 96a694eb-3796-4a46-8f12-cc490bd7c95c by drivers openvswitch,hyperv on host dv-neutron-815102-11-hyperv at level 0 using segments [{'id': 'cf35496d-bad8-4b0d-947a-f3a29dfdeddf', 'network_type': 'vlan', 'physical_network': 'physnet1', 'segmentation_id': 723, 'network_id': '3245537c-2f80-4961-bcb2-fac00b609587'}] {{(pid=108001) _bind_port_level /opt/stack/neutron/neutron/plugins/ml2/managers.py:820}}
Nov 03 16:51:37.413152 dv-neutron-815102-11-hyperv neutron-server[108001]: DEBUG neutron.plugins.ml2.drivers.mech_agent [None req-1c3b0d94-ad16-4957-8cf9-9fd03ead85ef None None] Attempting to bind port 96a694eb-3796-4a46-8f12-cc490bd7c95c on network 3245537c-2f80-4961-bcb2-fac00b609587 {{(pid=108001) bind_port /opt/stack/neutron/neutron/plugins/ml2/drivers/mech_agent.py:91}}
Nov 03 16:51:37.419716 dv-neutron-815102-11-hyperv neutron-server[108001]: DEBUG neutron.plugins.ml2.drivers.mech_agent [None req-1c3b0d94-ad16-4957-8cf9-9fd03ead85ef None None] Checking agent: {'id': '7c56d2e8-b6f4-407a-9f39-6ce7620d5167', 'agent_type': 'Open vSwitch agent', 'binary': 'neutron-openvswitch-agent', 'topic': 'N/A', 'host': 'dv-neutron-815102-11-hyperv', 'admin_state_up': True, 'created_at': datetime.datetime(2021, 11, 3, 16, 43, 30), 'started_at': datetime.datetime(2021, 11, 3, 16, 44), 'heartbeat_timestamp': datetime.datetime(2021, 11, 3, 16, 51, 30), 'description': None, 'resources_synced': None, 'availability_zone': None, 'alive': True, 'configurations': {'arp_responder_enabled': False, 'baremetal_smartnic': False, 'bridge_mappings': {'physnet1': 'br-data'}, 'datapath_type': 'system', 'devices': 0, 'enable_distributed_routing': False, 'extensions': [], 'in_distributed_mode': False, 'integration_bridge': 'br-int', 'l2_population': False, 'log_agent_heartbeats': False, 'ovs_capabilities': {'datapath_types': ['netdev', 'system'], 'iface_types': ['erspan', 'geneve', 'gre', 'internal', 'ip6erspan', 'ip6gre', 'lisp', 'patch', 'stt', 'system', 'tap', 'vxlan']}, 'ovs_hybrid_plug': False, 'resource_provider_bandwidths': {}, 'resource_provider_hypervisors': {'br-data': 'dv-neutron-815102-11-hyperv'}, 'resource_provider_inventory_defaults': {'allocation_ratio': 1.0, 'min_unit': 1, 'step_size': 1, 'reserved': 0}, 'resource_provider_packet_processing_inventory_defaults': {'allocation_ratio': 1.0, 'min_unit': 1, 'step_size': 1, 'reserved': 0}, 'resource_provider_packet_processing_with_direction': {}, 'resource_provider_packet_processing_without_direction': {}, 'tunnel_types': [], 'tunneling_ip': None, 'vhostuser_socket_dir': '/var/run/openvswitch'}, 'resource_versions': {'AddressGroup': '1.2', 'ConntrackHelper': '1.0', 'LocalIPAssociation': '1.0', 'Log': '1.0', 'Network': '1.1', 'Port': '1.7', 'PortForwarding': '1.2', 'QosPolicy': '1.10', 'SecurityGroup': '1.5', 'SecurityGroupRule': '1.2', 'SubPort': '1.0', 'Subnet': '1.1', 'Trunk': '1.1'}} {{(pid=108001) bind_port /opt/stack/neutron/neutron/plugins/ml2/drivers/mech_agent.py:110}}
Nov 03 16:51:37.420203 dv-neutron-815102-11-hyperv neutron-server[108001]: DEBUG neutron.plugins.ml2.drivers.mech_agent [None req-1c3b0d94-ad16-4957-8cf9-9fd03ead85ef None None] Checking segment: {'id': 'cf35496d-bad8-4b0d-947a-f3a29dfdeddf', 'network_type': 'vlan', 'physical_network': 'physnet1', 'segmentation_id': 723, 'network_id': '3245537c-2f80-4961-bcb2-fac00b609587'} for mappings: {'physnet1': 'br-data'} with network types: ['local', 'flat', 'vlan'] {{(pid=108001) check_segment_for_agent /opt/stack/neutron/neutron/plugins/ml2/drivers/mech_agent.py:371}}
Nov 03 16:51:37.420672 dv-neutron-815102-11-hyperv neutron-server[108001]: DEBUG neutron_lib.callbacks.manager [None req-1c3b0d94-ad16-4957-8cf9-9fd03ead85ef None None] Publish callbacks [] for ovs_bridge_name, before_read {{(pid=108001) _notify_loop /usr/local/lib/python3.8/dist-packages/neutron_lib/callbacks/manager.py:175}}
Nov 03 16:51:37.421227 dv-neutron-815102-11-hyperv neutron-server[108001]: DEBUG neutron.plugins.ml2.drivers.mech_agent [None req-1c3b0d94-ad16-4957-8cf9-9fd03ead85ef None None] Bound using segment: {'id': 'cf35496d-bad8-4b0d-947a-f3a29dfdeddf', 'network_type': 'vlan', 'physical_network': 'physnet1', 'segmentation_id': 723, 'network_id': '3245537c-2f80-4961-bcb2-fac00b609587'} {{(pid=108001) bind_port /opt/stack/neutron/neutron/plugins/ml2/drivers/mech_agent.py:120}}
Nov 03 16:51:37.421933 dv-neutron-815102-11-hyperv neutron-server[108001]: DEBUG neutron.plugins.ml2.managers [None req-1c3b0d94-ad16-4957-8cf9-9fd03ead85ef None None] Bound port: 96a694eb-3796-4a46-8f12-cc490bd7c95c, host: dv-neutron-815102-11-hyperv, vif_type: ovs, vif_details: {"connectivity": "l2", "port_filter": true, "ovs_hybrid_plug": false, "datapath_type": "system", "bridge_name": "br-int"}, binding_levels: [{'bound_driver': 'openvswitch', 'bound_segment': {'id': 'cf35496d-bad8-4b0d-947a-f3a29dfdeddf', 'network_type': 'vlan', 'physical_network': 'physnet1', 'segmentation_id': 723, 'network_id': '3245537c-2f80-4961-bcb2-fac00b609587'}}] {{(pid=108001) _bind_port_level /opt/stack/neutron/neutron/plugins/ml2/managers.py:932}}
Nov 03 16:51:37.423232 dv-neutron-815102-11-hyperv neutron-server[108001]: DEBUG neutron_lib.callbacks.manager [None req-1c3b0d94-ad16-4957-8cf9-9fd03ead85ef None None] Publish callbacks ['neutron.plugins.ml2.plugin.SecurityGroupDbMixin._ensure_default_security_group_handler-756287'] for port, before_update {{(pid=108001) _notify_loop /usr/local/lib/python3.8/dist-packages/neutron_lib/callbacks/manager.py:175}}
Nov 03 16:51:37.469569 dv-neutron-815102-11-hyperv neutron-server[108000]: DEBUG neutron.api.v2.base [None req-153e9a8a-1c86-44f2-9d70-85c888961c30 tempest-ServersTestJSON-93770727 tempest-ServersTestJSON-93770727-project] Request body: {'security_group_rule': {'security_group_id': '5a560e2c-13eb-4a27-9902-c69d14ae8231', 'protocol': 'icmp', 'ethertype': 'IPv4', 'direction': 'ingress'}} {{(pid=108000) prepare_request_body /opt/stack/neutron/neutron/api/v2/base.py:729}}
Nov 03 16:51:37.486213 dv-neutron-815102-11-hyperv neutron-server[108000]: DEBUG neutron_lib.callbacks.manager [None req-e019a62a-eefc-4776-bd57-06ee9bc7df8d tempest-NetworksTestDHCPv6-882908984 tempest-NetworksTestDHCPv6-882908984-project] Publish callbacks [] for security_group, before_create {{(pid=108000) _notify_loop /usr/local/lib/python3.8/dist-packages/neutron_lib/callbacks/manager.py:175}}
Nov 03 16:51:37.496889 dv-neutron-815102-11-hyperv neutron-server[108001]: DEBUG neutron.plugins.ml2.db [None req-1c3b0d94-ad16-4957-8cf9-9fd03ead85ef None None] For port 96a694eb-3796-4a46-8f12-cc490bd7c95c, host dv-neutron-815102-11-hyperv, cleared binding levels {{(pid=108001) clear_binding_levels /opt/stack/neutron/neutron/plugins/ml2/db.py:87}}
Nov 03 16:51:37.502788 dv-neutron-815102-11-hyperv neutron-server[108001]: DEBUG neutron.plugins.ml2.db [None req-1c3b0d94-ad16-4957-8cf9-9fd03ead85ef None None] For port 96a694eb-3796-4a46-8f12-cc490bd7c95c, host dv-neutron-815102-11-hyperv, set binding levels [PortBindingLevel(driver='openvswitch',host='dv-neutron-815102-11-hyperv',level=0,port_id=96a694eb-3796-4a46-8f12-cc490bd7c95c,segment=NetworkSegment(cf35496d-bad8-4b0d-947a-f3a29dfdeddf),segment_id=cf35496d-bad8-4b0d-947a-f3a29dfdeddf)] {{(pid=108001) set_binding_levels /opt/stack/neutron/neutron/plugins/ml2/db.py:59}}
Nov 03 16:51:37.510823 dv-neutron-815102-11-hyperv neutron-server[108001]: DEBUG neutron_lib.callbacks.manager [None req-1c3b0d94-ad16-4957-8cf9-9fd03ead85ef None None] Publish callbacks ['neutron.plugins.ml2.plugin.SecurityGroupServerNotifierRpcMixin._notify_sg_on_port_change-756476', 'neutron.plugins.ml2.ovo_rpc._ObjectChangeHandler.handle_event-80973', 'neutron.api.rpc.agentnotifiers.dhcp_rpc_agent_api.DhcpAgentNotifyAPI._native_event_send_dhcp_notification-1656875', 'neutron.db.l3_db.L3RpcNotifierMixin._notify_gateway_port_ip_changed-8778559819915', 'neutron.db.l3_dvrscheduler_db._notify_l3_agent_port_update-8778559332792', 'neutron.db.l3_hascheduler_db._notify_l3_agent_ha_port_update-8778559332810'] for port, after_update {{(pid=108001) _notify_loop /usr/local/lib/python3.8/dist-packages/neutron_lib/callbacks/manager.py:175}}
Nov 03 16:51:37.537450 dv-neutron-815102-11-hyperv neutron-server[108000]: DEBUG neutron_lib.callbacks.manager [None req-33c64c39-84b0-4fe9-859c-95a11b92ffb1 tempest-DHCPAgentSchedulersTestJSON-1524415492 tempest-DHCPAgentSchedulersTestJSON-1524415492-project] Publish callbacks ['neutron.plugins.ml2.plugin.Ml2Plugin._network_delete_after_delete_handler-662790', 'neutron.plugins.ml2.ovo_rpc._ObjectChangeHandler.handle_event-425577', 'neutron.api.rpc.agentnotifiers.dhcp_rpc_agent_api.DhcpAgentNotifyAPI._native_event_send_dhcp_notification-1656875', 'neutron.services.l3_router.l3_router_plugin.DVRResourceOperationHandler.delete_fip_namespaces_for_ext_net-1582095'] for network, after_delete {{(pid=108000) _notify_loop /usr/local/lib/python3.8/dist-packages/neutron_lib/callbacks/manager.py:175}}
Nov 03 16:51:37.554165 dv-neutron-815102-11-hyperv neutron-server[108000]: DEBUG neutron_lib.callbacks.manager [None req-33c64c39-84b0-4fe9-859c-95a11b92ffb1 tempest-DHCPAgentSchedulersTestJSON-1524415492 tempest-DHCPAgentSchedulersTestJSON-1524415492-project] Publish callbacks ['neutron.api.rpc.agentnotifiers.dhcp_rpc_agent_api.DhcpAgentNotifyAPI._send_dhcp_notification-1656857'] for network, before_response {{(pid=108000) _notify_loop /usr/local/lib/python3.8/dist-packages/neutron_lib/callbacks/manager.py:175}}
Nov 03 16:51:37.559795 dv-neutron-815102-11-hyperv neutron-server[108000]: INFO neutron.wsgi [None req-33c64c39-84b0-4fe9-859c-95a11b92ffb1 tempest-DHCPAgentSchedulersTestJSON-1524415492 tempest-DHCPAgentSchedulersTestJSON-1524415492-project] 10.222.0.74 "DELETE /v2.0/networks/1ff6f6e2-21ff-4b47-987b-264d5343fb58 HTTP/1.1" status: 204 len: 168 time: 1.4090302
Nov 03 16:51:37.572459 dv-neutron-815102-11-hyperv neutron-server[107999]: DEBUG neutron_lib.callbacks.manager [None req-6e111ba0-349a-431b-b906-6a0777207605 tempest-ExtraDHCPOptionsTestJSON-1251858397 tempest-ExtraDHCPOptionsTestJSON-1251858397-project] Publish callbacks [] for security_group, precommit_create {{(pid=107999) _notify_loop /usr/local/lib/python3.8/dist-packages/neutron_lib/callbacks/manager.py:175}}
Nov 03 16:51:37.573577 dv-neutron-815102-11-hyperv neutron-server[107999]: DEBUG neutron.scheduler.l3_agent_scheduler [None req-1c0942e3-b8e5-4660-8ce4-cd0b7e15e7d6 tempest-FloatingIPAdminTestJSON-639890061 tempest-FloatingIPAdminTestJSON-639890061-project] Router ef2d2f0f-50e2-4857-8918-9495871052be is scheduled to L3 agent 2a26ede6-7177-41ca-8c4b-3cb7f0c43286 with binding_index 1 {{(pid=107999) bind_router /opt/stack/neutron/neutron/scheduler/l3_agent_scheduler.py:209}}
Nov 03 16:51:37.587429 dv-neutron-815102-11-hyperv neutron-server[108001]: DEBUG neutron.db.l3_dvrscheduler_db [None req-1c3b0d94-ad16-4957-8cf9-9fd03ead85ef None None] Routers {'c9da9c00-766e-43dc-a6e4-3a9e291c8ef7'} bound to L3 agent in host dv-neutron-815102-11-hyperv {{(pid=108001) _get_router_ids_for_agent /opt/stack/neutron/neutron/db/l3_dvrscheduler_db.py:420}}
Nov 03 16:51:37.587429 dv-neutron-815102-11-hyperv neutron-server[108001]: DEBUG neutron.db.l3_hamode_db [None req-1c3b0d94-ad16-4957-8cf9-9fd03ead85ef None None] neutron.services.l3_router.l3_router_plugin.L3RouterPlugin method get_ha_sync_data_for_host called with arguments (, 'dv-neutron-815102-11-hyperv', Agent(admin_state_up=True,agent_type='L3 agent',availability_zone='nova',binary='neutron-l3-agent',configurations={"agent_mode": "legacy", "ex_gw_ports": 1, "extensions": [], "floating_ips": 0, "handle_internal_only_routers": true, "interface_driver": "openvswitch", "interfaces": 1, "log_agent_heartbeats": false, "routers": 1},created_at=2021-11-03T16:43:27Z,description=,heartbeat_timestamp=2021-11-03T16:51:27Z,host='dv-neutron-815102-11-hyperv',id=2a26ede6-7177-41ca-8c4b-3cb7f0c43286,load=0,resource_versions=,resources_synced=,started_at=2021-11-03T16:43:27Z,topic='l3_agent')) {'router_ids': ['c9da9c00-766e-43dc-a6e4-3a9e291c8ef7'], 'active': True} {{(pid=108001) wrapper /usr/local/lib/python3.8/dist-packages/oslo_log/helpers.py:65}}
Nov 03 16:51:37.616886 dv-neutron-815102-11-hyperv neutron-server[108000]: DEBUG neutron.api.rpc.handlers.resources_rpc [None req-33c64c39-84b0-4fe9-859c-95a11b92ffb1 tempest-DHCPAgentSchedulersTestJSON-1524415492 tempest-DHCPAgentSchedulersTestJSON-1524415492-project] Pushing event deleted for resources: {'Network': ['ID=1ff6f6e2-21ff-4b47-987b-264d5343fb58,revision_number=None']} {{(pid=108000) push /opt/stack/neutron/neutron/api/rpc/handlers/resources_rpc.py:237}}
