Oct 18 11:40:11.362188 dv-neutron-813977-2-hyperv devstack@n-api.service[126972]: DEBUG oslo_concurrency.lockutils [None req-0f9d5d97-50e4-43a1-a8fb-caab23d72216 tempest-ServerActionsTestJSON-1743131964 tempest-ServerActionsTestJSON-1743131964-project] Lock "ac0f792b-2f87-4acf-af9a-b8aa13724e37" acquired by "nova.context.set_target_cell..get_or_set_cached_cell_and_set_connections" :: waited 0.000s {{(pid=126972) inner /usr/local/lib/python3.8/dist-packages/oslo_concurrency/lockutils.py:355}}
Oct 18 11:40:11.362921 dv-neutron-813977-2-hyperv devstack@n-api.service[126972]: DEBUG oslo_concurrency.lockutils [None req-0f9d5d97-50e4-43a1-a8fb-caab23d72216 tempest-ServerActionsTestJSON-1743131964 tempest-ServerActionsTestJSON-1743131964-project] Lock "ac0f792b-2f87-4acf-af9a-b8aa13724e37" released by "nova.context.set_target_cell..get_or_set_cached_cell_and_set_connections" :: held 0.001s {{(pid=126972) inner /usr/local/lib/python3.8/dist-packages/oslo_concurrency/lockutils.py:367}}
Oct 18 11:40:11.364102 dv-neutron-813977-2-hyperv devstack@n-api.service[126972]: DEBUG oslo_concurrency.lockutils [None req-0f9d5d97-50e4-43a1-a8fb-caab23d72216 tempest-ServerActionsTestJSON-1743131964 tempest-ServerActionsTestJSON-1743131964-project] Lock "ac0f792b-2f87-4acf-af9a-b8aa13724e37" acquired by "nova.context.set_target_cell..get_or_set_cached_cell_and_set_connections" :: waited 0.000s {{(pid=126972) inner /usr/local/lib/python3.8/dist-packages/oslo_concurrency/lockutils.py:355}}
Oct 18 11:40:11.364729 dv-neutron-813977-2-hyperv devstack@n-api.service[126972]: DEBUG oslo_concurrency.lockutils [None req-0f9d5d97-50e4-43a1-a8fb-caab23d72216 tempest-ServerActionsTestJSON-1743131964 tempest-ServerActionsTestJSON-1743131964-project] Lock "ac0f792b-2f87-4acf-af9a-b8aa13724e37" released by "nova.context.set_target_cell..get_or_set_cached_cell_and_set_connections" :: held 0.001s {{(pid=126972) inner /usr/local/lib/python3.8/dist-packages/oslo_concurrency/lockutils.py:367}}
Oct 18 11:40:11.998022 dv-neutron-813977-2-hyperv devstack@n-api.service[126972]: DEBUG nova.policy [None req-0f9d5d97-50e4-43a1-a8fb-caab23d72216 tempest-ServerActionsTestJSON-1743131964 tempest-ServerActionsTestJSON-1743131964-project] Policy check for os_compute_api:os-extended-server-attributes failed with credentials {'is_admin': False, 'user_id': '72cffb537b694f118ef6397efb6f6455', 'user_domain_id': 'default', 'system_scope': None, 'domain_id': None, 'project_id': 'a95618ae2bbb464ca05ad2dcf9a618c3', 'project_domain_id': 'default', 'roles': ['member', 'reader'], 'is_admin_project': True, 'service_user_id': None, 'service_user_domain_id': None, 'service_project_id': None, 'service_project_domain_id': None, 'service_roles': []} {{(pid=126972) authorize /opt/stack/nova/nova/policy.py:199}}
Oct 18 11:40:12.003484 dv-neutron-813977-2-hyperv devstack@n-api.service[126973]: DEBUG nova.api.openstack.wsgi [None req-d579e075-82ef-4e77-ac36-99d93e5eb3d4 tempest-TestNetworkAdvancedServerOps-663320420 tempest-TestNetworkAdvancedServerOps-663320420-project] Calling method '>' {{(pid=126973) _process_stack /opt/stack/nova/nova/api/openstack/wsgi.py:513}}
Oct 18 11:40:12.004175 dv-neutron-813977-2-hyperv devstack@n-api.service[126973]: DEBUG nova.compute.api [None req-d579e075-82ef-4e77-ac36-99d93e5eb3d4 tempest-TestNetworkAdvancedServerOps-663320420 tempest-TestNetworkAdvancedServerOps-663320420-project] [instance: 4de554ce-6bfa-4802-8b36-cc8d10141a20] Fetching instance by UUID {{(pid=126973) get /opt/stack/nova/nova/compute/api.py:2863}}
Oct 18 11:40:12.028577 dv-neutron-813977-2-hyperv devstack@n-api.service[126972]: INFO nova.api.openstack.requestlog [None req-0f9d5d97-50e4-43a1-a8fb-caab23d72216 tempest-ServerActionsTestJSON-1743131964 tempest-ServerActionsTestJSON-1743131964-project] 10.222.0.13 "GET /compute/v2.1/servers/89ac25e3-493e-422a-bc98-625cf0358529" status: 200 len: 1674 microversion: 2.1 time: 0.680752
Oct 18 11:40:12.031454 dv-neutron-813977-2-hyperv devstack@n-api.service[126972]: [pid: 126972|app: 0|req: 138/275] 10.222.0.13 () {58 vars in 1235 bytes} [Mon Oct 18 11:40:11 2021] GET /compute/v2.1/servers/89ac25e3-493e-422a-bc98-625cf0358529 => generated 1674 bytes in 685 msecs (HTTP/1.1 200) 9 headers in 358 bytes (1 switches on core 0)
Oct 18 11:40:12.032175 dv-neutron-813977-2-hyperv devstack@n-api.service[126973]: DEBUG oslo_concurrency.lockutils [None req-d579e075-82ef-4e77-ac36-99d93e5eb3d4 tempest-TestNetworkAdvancedServerOps-663320420 tempest-TestNetworkAdvancedServerOps-663320420-project] Lock "ac0f792b-2f87-4acf-af9a-b8aa13724e37" acquired by "nova.context.set_target_cell..get_or_set_cached_cell_and_set_connections" :: waited 0.001s {{(pid=126973) inner /usr/local/lib/python3.8/dist-packages/oslo_concurrency/lockutils.py:355}}
Oct 18 11:40:12.032812 dv-neutron-813977-2-hyperv devstack@n-api.service[126973]: DEBUG oslo_concurrency.lockutils [None req-d579e075-82ef-4e77-ac36-99d93e5eb3d4 tempest-TestNetworkAdvancedServerOps-663320420 tempest-TestNetworkAdvancedServerOps-663320420-project] Lock "ac0f792b-2f87-4acf-af9a-b8aa13724e37" released by "nova.context.set_target_cell..get_or_set_cached_cell_and_set_connections" :: held 0.001s {{(pid=126973) inner /usr/local/lib/python3.8/dist-packages/oslo_concurrency/lockutils.py:367}}
Oct 18 11:40:12.033758 dv-neutron-813977-2-hyperv devstack@n-api.service[126973]: DEBUG oslo_concurrency.lockutils [None req-d579e075-82ef-4e77-ac36-99d93e5eb3d4 tempest-TestNetworkAdvancedServerOps-663320420 tempest-TestNetworkAdvancedServerOps-663320420-project] Lock "ac0f792b-2f87-4acf-af9a-b8aa13724e37" acquired by "nova.context.set_target_cell..get_or_set_cached_cell_and_set_connections" :: waited 0.000s {{(pid=126973) inner /usr/local/lib/python3.8/dist-packages/oslo_concurrency/lockutils.py:355}}
Oct 18 11:40:12.034342 dv-neutron-813977-2-hyperv devstack@n-api.service[126973]: DEBUG oslo_concurrency.lockutils [None req-d579e075-82ef-4e77-ac36-99d93e5eb3d4 tempest-TestNetworkAdvancedServerOps-663320420 tempest-TestNetworkAdvancedServerOps-663320420-project] Lock "ac0f792b-2f87-4acf-af9a-b8aa13724e37" released by "nova.context.set_target_cell..get_or_set_cached_cell_and_set_connections" :: held 0.001s {{(pid=126973) inner /usr/local/lib/python3.8/dist-packages/oslo_concurrency/lockutils.py:367}}
Oct 18 11:40:12.449730 dv-neutron-813977-2-hyperv devstack@n-api.service[126973]: DEBUG nova.policy [None req-d579e075-82ef-4e77-ac36-99d93e5eb3d4 tempest-TestNetworkAdvancedServerOps-663320420 tempest-TestNetworkAdvancedServerOps-663320420-project] Policy check for os_compute_api:os-extended-server-attributes failed with credentials {'is_admin': False, 'user_id': 'ca80e2817bda4e3c81d05bbad78c70e8', 'user_domain_id': 'default', 'system_scope': None, 'domain_id': None, 'project_id': '962b436aead74d13accbd1f2857b69db', 'project_domain_id': 'default', 'roles': ['member', 'reader'], 'is_admin_project': True, 'service_user_id': None, 'service_user_domain_id': None, 'service_project_id': None, 'service_project_domain_id': None, 'service_roles': []} {{(pid=126973) authorize /opt/stack/nova/nova/policy.py:199}}
Oct 18 11:40:12.460028 dv-neutron-813977-2-hyperv devstack@n-api.service[126973]: INFO nova.api.openstack.requestlog [None req-d579e075-82ef-4e77-ac36-99d93e5eb3d4 tempest-TestNetworkAdvancedServerOps-663320420 tempest-TestNetworkAdvancedServerOps-663320420-project] 10.222.0.13 "GET /compute/v2.1/servers/4de554ce-6bfa-4802-8b36-cc8d10141a20" status: 200 len: 1566 microversion: 2.1 time: 0.467797
Oct 18 11:40:12.465501 dv-neutron-813977-2-hyperv devstack@n-api.service[126973]: [pid: 126973|app: 0|req: 138/276] 10.222.0.13 () {58 vars in 1235 bytes} [Mon Oct 18 11:40:11 2021] GET /compute/v2.1/servers/4de554ce-6bfa-4802-8b36-cc8d10141a20 => generated 1566 bytes in 472 msecs (HTTP/1.1 200) 9 headers in 358 bytes (1 switches on core 0)
Oct 18 11:40:12.480105 dv-neutron-813977-2-hyperv devstack@n-api.service[126972]: DEBUG nova.api.openstack.wsgi [None req-6444410f-aec7-4825-b3be-7ed7333fe44d tempest-TestNetworkAdvancedServerOps-663320420 tempest-TestNetworkAdvancedServerOps-663320420-project] Calling method '>' {{(pid=126972) _process_stack /opt/stack/nova/nova/api/openstack/wsgi.py:513}}
Oct 18 11:40:12.486188 dv-neutron-813977-2-hyperv devstack@n-api.service[126972]: DEBUG nova.compute.api [None req-6444410f-aec7-4825-b3be-7ed7333fe44d tempest-TestNetworkAdvancedServerOps-663320420 tempest-TestNetworkAdvancedServerOps-663320420-project] [instance: 4de554ce-6bfa-4802-8b36-cc8d10141a20] Fetching instance by UUID {{(pid=126972) get /opt/stack/nova/nova/compute/api.py:2863}}
Oct 18 11:40:12.505862 dv-neutron-813977-2-hyperv devstack@n-api.service[126972]: DEBUG oslo_concurrency.lockutils [None req-6444410f-aec7-4825-b3be-7ed7333fe44d tempest-TestNetworkAdvancedServerOps-663320420 tempest-TestNetworkAdvancedServerOps-663320420-project] Lock "ac0f792b-2f87-4acf-af9a-b8aa13724e37" acquired by "nova.context.set_target_cell..get_or_set_cached_cell_and_set_connections" :: waited 0.000s {{(pid=126972) inner /usr/local/lib/python3.8/dist-packages/oslo_concurrency/lockutils.py:355}}
Oct 18 11:40:12.507314 dv-neutron-813977-2-hyperv devstack@n-api.service[126972]: DEBUG oslo_concurrency.lockutils [None req-6444410f-aec7-4825-b3be-7ed7333fe44d tempest-TestNetworkAdvancedServerOps-663320420 tempest-TestNetworkAdvancedServerOps-663320420-project] Lock "ac0f792b-2f87-4acf-af9a-b8aa13724e37" released by "nova.context.set_target_cell..get_or_set_cached_cell_and_set_connections" :: held 0.002s {{(pid=126972) inner /usr/local/lib/python3.8/dist-packages/oslo_concurrency/lockutils.py:367}}
Oct 18 11:40:12.511391 dv-neutron-813977-2-hyperv devstack@n-api.service[126972]: DEBUG oslo_concurrency.lockutils [None req-6444410f-aec7-4825-b3be-7ed7333fe44d tempest-TestNetworkAdvancedServerOps-663320420 tempest-TestNetworkAdvancedServerOps-663320420-project] Lock "ac0f792b-2f87-4acf-af9a-b8aa13724e37" acquired by "nova.context.set_target_cell..get_or_set_cached_cell_and_set_connections" :: waited 0.001s {{(pid=126972) inner /usr/local/lib/python3.8/dist-packages/oslo_concurrency/lockutils.py:355}}
Oct 18 11:40:12.513373 dv-neutron-813977-2-hyperv devstack@n-api.service[126972]: DEBUG oslo_concurrency.lockutils [None req-6444410f-aec7-4825-b3be-7ed7333fe44d tempest-TestNetworkAdvancedServerOps-663320420 tempest-TestNetworkAdvancedServerOps-663320420-project] Lock "ac0f792b-2f87-4acf-af9a-b8aa13724e37" released by "nova.context.set_target_cell..get_or_set_cached_cell_and_set_connections" :: held 0.003s {{(pid=126972) inner /usr/local/lib/python3.8/dist-packages/oslo_concurrency/lockutils.py:367}}
Oct 18 11:40:12.855818 dv-neutron-813977-2-hyperv devstack@n-api.service[126972]: DEBUG nova.policy [None req-6444410f-aec7-4825-b3be-7ed7333fe44d tempest-TestNetworkAdvancedServerOps-663320420 tempest-TestNetworkAdvancedServerOps-663320420-project] Policy check for os_compute_api:os-extended-server-attributes failed with credentials {'is_admin': False, 'user_id': 'ca80e2817bda4e3c81d05bbad78c70e8', 'user_domain_id': 'default', 'system_scope': None, 'domain_id': None, 'project_id': '962b436aead74d13accbd1f2857b69db', 'project_domain_id': 'default', 'roles': ['member', 'reader'], 'is_admin_project': True, 'service_user_id': None, 'service_user_domain_id': None, 'service_project_id': None, 'service_project_domain_id': None, 'service_roles': []} {{(pid=126972) authorize /opt/stack/nova/nova/policy.py:199}}
Oct 18 11:40:12.863127 dv-neutron-813977-2-hyperv devstack@n-api.service[126972]: INFO nova.api.openstack.requestlog [None req-6444410f-aec7-4825-b3be-7ed7333fe44d tempest-TestNetworkAdvancedServerOps-663320420 tempest-TestNetworkAdvancedServerOps-663320420-project] 10.222.0.13 "GET /compute/v2.1/servers/4de554ce-6bfa-4802-8b36-cc8d10141a20" status: 200 len: 1566 microversion: 2.1 time: 0.390330
Oct 18 11:40:12.867444 dv-neutron-813977-2-hyperv devstack@n-api.service[126972]: [pid: 126972|app: 0|req: 139/277] 10.222.0.13 () {58 vars in 1235 bytes} [Mon Oct 18 11:40:12 2021] GET /compute/v2.1/servers/4de554ce-6bfa-4802-8b36-cc8d10141a20 => generated 1566 bytes in 395 msecs (HTTP/1.1 200) 9 headers in 358 bytes (1 switches on core 0)
Oct 18 11:40:13.047568 dv-neutron-813977-2-hyperv devstack@n-api.service[126973]: DEBUG nova.api.openstack.wsgi [None req-4bb1ce34-1c4b-454e-a6c4-6311946ffcdd tempest-ServerActionsTestJSON-1743131964 tempest-ServerActionsTestJSON-1743131964-project] Calling method '>' {{(pid=126973) _process_stack /opt/stack/nova/nova/api/openstack/wsgi.py:513}}
Oct 18 11:40:13.048794 dv-neutron-813977-2-hyperv devstack@n-api.service[126973]: DEBUG nova.compute.api [None req-4bb1ce34-1c4b-454e-a6c4-6311946ffcdd tempest-ServerActionsTestJSON-1743131964 tempest-ServerActionsTestJSON-1743131964-project] [instance: 89ac25e3-493e-422a-bc98-625cf0358529] Fetching instance by UUID {{(pid=126973) get /opt/stack/nova/nova/compute/api.py:2863}}
Oct 18 11:40:13.055612 dv-neutron-813977-2-hyperv devstack@n-api.service[126973]: DEBUG oslo_concurrency.lockutils [None req-4bb1ce34-1c4b-454e-a6c4-6311946ffcdd tempest-ServerActionsTestJSON-1743131964 tempest-ServerActionsTestJSON-1743131964-project] Lock "ac0f792b-2f87-4acf-af9a-b8aa13724e37" acquired by "nova.context.set_target_cell..get_or_set_cached_cell_and_set_connections" :: waited 0.000s {{(pid=126973) inner /usr/local/lib/python3.8/dist-packages/oslo_concurrency/lockutils.py:355}}
Oct 18 11:40:13.056308 dv-neutron-813977-2-hyperv devstack@n-api.service[126973]: DEBUG oslo_concurrency.lockutils [None req-4bb1ce34-1c4b-454e-a6c4-6311946ffcdd tempest-ServerActionsTestJSON-1743131964 tempest-ServerActionsTestJSON-1743131964-project] Lock "ac0f792b-2f87-4acf-af9a-b8aa13724e37" released by "nova.context.set_target_cell..get_or_set_cached_cell_and_set_connections" :: held 0.001s {{(pid=126973) inner /usr/local/lib/python3.8/dist-packages/oslo_concurrency/lockutils.py:367}}
Oct 18 11:40:13.057310 dv-neutron-813977-2-hyperv devstack@n-api.service[126973]: DEBUG oslo_concurrency.lockutils [None req-4bb1ce34-1c4b-454e-a6c4-6311946ffcdd tempest-ServerActionsTestJSON-1743131964 tempest-ServerActionsTestJSON-1743131964-project] Lock "ac0f792b-2f87-4acf-af9a-b8aa13724e37" acquired by "nova.context.set_target_cell..get_or_set_cached_cell_and_set_connections" :: waited 0.000s {{(pid=126973) inner /usr/local/lib/python3.8/dist-packages/oslo_concurrency/lockutils.py:355}}
Oct 18 11:40:13.057895 dv-neutron-813977-2-hyperv devstack@n-api.service[126973]: DEBUG oslo_concurrency.lockutils [None req-4bb1ce34-1c4b-454e-a6c4-6311946ffcdd tempest-ServerActionsTestJSON-1743131964 tempest-ServerActionsTestJSON-1743131964-project] Lock "ac0f792b-2f87-4acf-af9a-b8aa13724e37" released by "nova.context.set_target_cell..get_or_set_cached_cell_and_set_connections" :: held 0.001s {{(pid=126973) inner /usr/local/lib/python3.8/dist-packages/oslo_concurrency/lockutils.py:367}}
Oct 18 11:40:13.140841 dv-neutron-813977-2-hyperv devstack@n-api.service[126973]: DEBUG nova.policy [None req-4bb1ce34-1c4b-454e-a6c4-6311946ffcdd tempest-ServerActionsTestJSON-1743131964 tempest-ServerActionsTestJSON-1743131964-project] Policy check for os_compute_api:os-extended-server-attributes failed with credentials {'is_admin': False, 'user_id': '72cffb537b694f118ef6397efb6f6455', 'user_domain_id': 'default', 'system_scope': None, 'domain_id': None, 'project_id': 'a95618ae2bbb464ca05ad2dcf9a618c3', 'project_domain_id': 'default', 'roles': ['member', 'reader'], 'is_admin_project': True, 'service_user_id': None, 'service_user_domain_id': None, 'service_project_id': None, 'service_project_domain_id': None, 'service_roles': []} {{(pid=126973) authorize /opt/stack/nova/nova/policy.py:199}}
Oct 18 11:40:13.150483 dv-neutron-813977-2-hyperv devstack@n-api.service[126973]: INFO nova.api.openstack.requestlog [None req-4bb1ce34-1c4b-454e-a6c4-6311946ffcdd tempest-ServerActionsTestJSON-1743131964 tempest-ServerActionsTestJSON-1743131964-project] 10.222.0.13 "GET /compute/v2.1/servers/89ac25e3-493e-422a-bc98-625cf0358529" status: 200 len: 1606 microversion: 2.1 time: 0.106768
Oct 18 11:40:13.157238 dv-neutron-813977-2-hyperv devstack@n-api.service[126973]: [pid: 126973|app: 0|req: 139/278] 10.222.0.13 () {58 vars in 1235 bytes} [Mon Oct 18 11:40:13 2021] GET /compute/v2.1/servers/89ac25e3-493e-422a-bc98-625cf0358529 => generated 1606 bytes in 114 msecs (HTTP/1.1 200) 9 headers in 358 bytes (1 switches on core 0)
Oct 18 11:40:14.055483 dv-neutron-813977-2-hyperv devstack@n-api.service[126972]: DEBUG nova.api.openstack.wsgi [req-14cf16f9-d82f-46ab-ab5d-13f07ba37185 req-296c97a8-7819-4401-a6f8-7df215b95bf8 service nova] Action: 'create', calling method: >, body: {"events": [{"server_uuid": "89ac25e3-493e-422a-bc98-625cf0358529", "name": "network-vif-deleted", "tag": "4af03073-5569-4709-9949-720d879b36c8"}]} {{(pid=126972) _process_stack /opt/stack/nova/nova/api/openstack/wsgi.py:511}}
Oct 18 11:40:14.058202 dv-neutron-813977-2-hyperv devstack@n-api.service[126972]: /usr/local/lib/python3.8/dist-packages/oslo_policy/policy.py:1064: UserWarning: Policy os_compute_api:os-server-external-events:create failed scope check. The token used to make the request was project scoped but the policy requires ['system'] scope. This behavior may change in the future where using the intended scope is required
Oct 18 11:40:14.058202 dv-neutron-813977-2-hyperv devstack@n-api.service[126972]: warnings.warn(msg)
Oct 18 11:40:14.068327 dv-neutron-813977-2-hyperv devstack@n-api.service[126972]: DEBUG oslo_concurrency.lockutils [req-14cf16f9-d82f-46ab-ab5d-13f07ba37185 req-296c97a8-7819-4401-a6f8-7df215b95bf8 service nova] Lock "ac0f792b-2f87-4acf-af9a-b8aa13724e37" acquired by "nova.context.set_target_cell..get_or_set_cached_cell_and_set_connections" :: waited 0.000s {{(pid=126972) inner /usr/local/lib/python3.8/dist-packages/oslo_concurrency/lockutils.py:355}}
Oct 18 11:40:14.072776 dv-neutron-813977-2-hyperv devstack@n-api.service[126972]: DEBUG oslo_concurrency.lockutils [req-14cf16f9-d82f-46ab-ab5d-13f07ba37185 req-296c97a8-7819-4401-a6f8-7df215b95bf8 service nova] Lock "ac0f792b-2f87-4acf-af9a-b8aa13724e37" released by "nova.context.set_target_cell..get_or_set_cached_cell_and_set_connections" :: held 0.001s {{(pid=126972) inner /usr/local/lib/python3.8/dist-packages/oslo_concurrency/lockutils.py:367}}
Oct 18 11:40:14.088617 dv-neutron-813977-2-hyperv devstack@n-api.service[126972]: INFO nova.api.openstack.compute.server_external_events [req-14cf16f9-d82f-46ab-ab5d-13f07ba37185 req-296c97a8-7819-4401-a6f8-7df215b95bf8 service nova] Creating event network-vif-deleted:4af03073-5569-4709-9949-720d879b36c8 for instance 89ac25e3-493e-422a-bc98-625cf0358529 on hv-neutron-8139
Oct 18 11:40:14.095332 dv-neutron-813977-2-hyperv devstack@n-api.service[126972]: INFO nova.api.openstack.requestlog [req-14cf16f9-d82f-46ab-ab5d-13f07ba37185 req-296c97a8-7819-4401-a6f8-7df215b95bf8 service nova] 10.222.0.13 "POST /compute/v2.1/os-server-external-events" status: 200 len: 183 microversion: 2.1 time: 0.048566
Oct 18 11:40:14.097422 dv-neutron-813977-2-hyperv devstack@n-api.service[126972]: [pid: 126972|app: 0|req: 140/279] 10.222.0.13 () {64 vars in 1317 bytes} [Mon Oct 18 11:40:14 2021] POST /compute/v2.1/os-server-external-events => generated 183 bytes in 52 msecs (HTTP/1.1 200) 9 headers in 357 bytes (1 switches on core 0)
Oct 18 11:40:14.180274 dv-neutron-813977-2-hyperv devstack@n-api.service[126973]: DEBUG nova.api.openstack.wsgi [None req-56063fc5-d931-4312-a6cc-5c510c8f0372 tempest-ServerActionsTestJSON-1743131964 tempest-ServerActionsTestJSON-1743131964-project] Calling method '>' {{(pid=126973) _process_stack /opt/stack/nova/nova/api/openstack/wsgi.py:513}}
Oct 18 11:40:14.181643 dv-neutron-813977-2-hyperv devstack@n-api.service[126973]: DEBUG nova.compute.api [None req-56063fc5-d931-4312-a6cc-5c510c8f0372 tempest-ServerActionsTestJSON-1743131964 tempest-ServerActionsTestJSON-1743131964-project] [instance: 89ac25e3-493e-422a-bc98-625cf0358529] Fetching instance by UUID {{(pid=126973) get /opt/stack/nova/nova/compute/api.py:2863}}
Oct 18 11:40:14.196232 dv-neutron-813977-2-hyperv devstack@n-api.service[126973]: DEBUG oslo_concurrency.lockutils [None req-56063fc5-d931-4312-a6cc-5c510c8f0372 tempest-ServerActionsTestJSON-1743131964 tempest-ServerActionsTestJSON-1743131964-project] Lock "ac0f792b-2f87-4acf-af9a-b8aa13724e37" acquired by "nova.context.set_target_cell..get_or_set_cached_cell_and_set_connections" :: waited 0.000s {{(pid=126973) inner /usr/local/lib/python3.8/dist-packages/oslo_concurrency/lockutils.py:355}}
Oct 18 11:40:14.197472 dv-neutron-813977-2-hyperv devstack@n-api.service[126973]: DEBUG oslo_concurrency.lockutils [None req-56063fc5-d931-4312-a6cc-5c510c8f0372 tempest-ServerActionsTestJSON-1743131964 tempest-ServerActionsTestJSON-1743131964-project] Lock "ac0f792b-2f87-4acf-af9a-b8aa13724e37" released by "nova.context.set_target_cell..get_or_set_cached_cell_and_set_connections" :: held 0.001s {{(pid=126973) inner /usr/local/lib/python3.8/dist-packages/oslo_concurrency/lockutils.py:367}}
Oct 18 11:40:14.200180 dv-neutron-813977-2-hyperv devstack@n-api.service[126973]: DEBUG oslo_concurrency.lockutils [None req-56063fc5-d931-4312-a6cc-5c510c8f0372 tempest-ServerActionsTestJSON-1743131964 tempest-ServerActionsTestJSON-1743131964-project] Lock "ac0f792b-2f87-4acf-af9a-b8aa13724e37" acquired by "nova.context.set_target_cell..get_or_set_cached_cell_and_set_connections" :: waited 0.000s {{(pid=126973) inner /usr/local/lib/python3.8/dist-packages/oslo_concurrency/lockutils.py:355}}
Oct 18 11:40:14.202365 dv-neutron-813977-2-hyperv devstack@n-api.service[126973]: DEBUG oslo_concurrency.lockutils [None req-56063fc5-d931-4312-a6cc-5c510c8f0372 tempest-ServerActionsTestJSON-1743131964 tempest-ServerActionsTestJSON-1743131964-project] Lock "ac0f792b-2f87-4acf-af9a-b8aa13724e37" released by "nova.context.set_target_cell..get_or_set_cached_cell_and_set_connections" :: held 0.002s {{(pid=126973) inner /usr/local/lib/python3.8/dist-packages/oslo_concurrency/lockutils.py:367}}
Oct 18 11:40:14.312627 dv-neutron-813977-2-hyperv devstack@n-api.service[126973]: DEBUG oslo_concurrency.lockutils [None req-56063fc5-d931-4312-a6cc-5c510c8f0372 tempest-ServerActionsTestJSON-1743131964 tempest-ServerActionsTestJSON-1743131964-project] Lock "ac0f792b-2f87-4acf-af9a-b8aa13724e37" acquired by "nova.context.set_target_cell..get_or_set_cached_cell_and_set_connections" :: waited 0.000s {{(pid=126973) inner /usr/local/lib/python3.8/dist-packages/oslo_concurrency/lockutils.py:355}}
Oct 18 11:40:14.313061 dv-neutron-813977-2-hyperv devstack@n-api.service[126973]: DEBUG oslo_concurrency.lockutils [None req-56063fc5-d931-4312-a6cc-5c510c8f0372 tempest-ServerActionsTestJSON-1743131964 tempest-ServerActionsTestJSON-1743131964-project] Lock "ac0f792b-2f87-4acf-af9a-b8aa13724e37" released by "nova.context.set_target_cell..get_or_set_cached_cell_and_set_connections" :: held 0.001s {{(pid=126973) inner /usr/local/lib/python3.8/dist-packages/oslo_concurrency/lockutils.py:367}}
Oct 18 11:40:14.313736 dv-neutron-813977-2-hyperv devstack@n-api.service[126973]: DEBUG nova.objects.instance [None req-56063fc5-d931-4312-a6cc-5c510c8f0372 tempest-ServerActionsTestJSON-1743131964 tempest-ServerActionsTestJSON-1743131964-project] Lazy-loading 'fault' on Instance uuid 89ac25e3-493e-422a-bc98-625cf0358529 {{(pid=126973) obj_load_attr /opt/stack/nova/nova/objects/instance.py:1098}}
Oct 18 11:40:14.392793 dv-neutron-813977-2-hyperv devstack@n-api.service[126973]: DEBUG nova.policy [None req-56063fc5-d931-4312-a6cc-5c510c8f0372 tempest-ServerActionsTestJSON-1743131964 tempest-ServerActionsTestJSON-1743131964-project] Policy check for os_compute_api:os-extended-server-attributes failed with credentials {'is_admin': False, 'user_id': '72cffb537b694f118ef6397efb6f6455', 'user_domain_id': 'default', 'system_scope': None, 'domain_id': None, 'project_id': 'a95618ae2bbb464ca05ad2dcf9a618c3', 'project_domain_id': 'default', 'roles': ['member', 'reader'], 'is_admin_project': True, 'service_user_id': None, 'service_user_domain_id': None, 'service_project_id': None, 'service_project_domain_id': None, 'service_roles': []} {{(pid=126973) authorize /opt/stack/nova/nova/policy.py:199}}
Oct 18 11:40:14.405211 dv-neutron-813977-2-hyperv devstack@n-api.service[126973]: INFO nova.api.openstack.requestlog [None req-56063fc5-d931-4312-a6cc-5c510c8f0372 tempest-ServerActionsTestJSON-1743131964 tempest-ServerActionsTestJSON-1743131964-project] 10.222.0.13 "GET /compute/v2.1/servers/89ac25e3-493e-422a-bc98-625cf0358529" status: 200 len: 1327 microversion: 2.1 time: 0.233188
Oct 18 11:40:14.407905 dv-neutron-813977-2-hyperv devstack@n-api.service[126973]: [pid: 126973|app: 0|req: 140/280] 10.222.0.13 () {58 vars in 1235 bytes} [Mon Oct 18 11:40:14 2021] GET /compute/v2.1/servers/89ac25e3-493e-422a-bc98-625cf0358529 => generated 1327 bytes in 238 msecs (HTTP/1.1 200) 9 headers in 358 bytes (1 switches on core 0)
Oct 18 11:40:15.423764 dv-neutron-813977-2-hyperv devstack@n-api.service[126972]: DEBUG nova.api.openstack.wsgi [None req-4a363539-6828-43e0-b33d-1a0b7e111939 tempest-ServerActionsTestJSON-1743131964 tempest-ServerActionsTestJSON-1743131964-project] Calling method '>' {{(pid=126972) _process_stack /opt/stack/nova/nova/api/openstack/wsgi.py:513}}
Oct 18 11:40:15.424453 dv-neutron-813977-2-hyperv devstack@n-api.service[126972]: DEBUG nova.compute.api [None req-4a363539-6828-43e0-b33d-1a0b7e111939 tempest-ServerActionsTestJSON-1743131964 tempest-ServerActionsTestJSON-1743131964-project] [instance: 89ac25e3-493e-422a-bc98-625cf0358529] Fetching instance by UUID {{(pid=126972) get /opt/stack/nova/nova/compute/api.py:2863}}
Oct 18 11:40:15.438789 dv-neutron-813977-2-hyperv devstack@n-api.service[126972]: DEBUG oslo_concurrency.lockutils [None req-4a363539-6828-43e0-b33d-1a0b7e111939 tempest-ServerActionsTestJSON-1743131964 tempest-ServerActionsTestJSON-1743131964-project] Lock "ac0f792b-2f87-4acf-af9a-b8aa13724e37" acquired by "nova.context.set_target_cell..get_or_set_cached_cell_and_set_connections" :: waited 0.000s {{(pid=126972) inner /usr/local/lib/python3.8/dist-packages/oslo_concurrency/lockutils.py:355}}
Oct 18 11:40:15.439536 dv-neutron-813977-2-hyperv devstack@n-api.service[126972]: DEBUG oslo_concurrency.lockutils [None req-4a363539-6828-43e0-b33d-1a0b7e111939 tempest-ServerActionsTestJSON-1743131964 tempest-ServerActionsTestJSON-1743131964-project] Lock "ac0f792b-2f87-4acf-af9a-b8aa13724e37" released by "nova.context.set_target_cell..get_or_set_cached_cell_and_set_connections" :: held 0.001s {{(pid=126972) inner /usr/local/lib/python3.8/dist-packages/oslo_concurrency/lockutils.py:367}}
Oct 18 11:40:15.441317 dv-neutron-813977-2-hyperv devstack@n-api.service[126972]: DEBUG oslo_concurrency.lockutils [None req-4a363539-6828-43e0-b33d-1a0b7e111939 tempest-ServerActionsTestJSON-1743131964 tempest-ServerActionsTestJSON-1743131964-project] Lock "ac0f792b-2f87-4acf-af9a-b8aa13724e37" acquired by "nova.context.set_target_cell..get_or_set_cached_cell_and_set_connections" :: waited 0.000s {{(pid=126972) inner /usr/local/lib/python3.8/dist-packages/oslo_concurrency/lockutils.py:355}}
Oct 18 11:40:15.442218 dv-neutron-813977-2-hyperv devstack@n-api.service[126972]: DEBUG oslo_concurrency.lockutils [None req-4a363539-6828-43e0-b33d-1a0b7e111939 tempest-ServerActionsTestJSON-1743131964 tempest-ServerActionsTestJSON-1743131964-project] Lock "ac0f792b-2f87-4acf-af9a-b8aa13724e37" released by "nova.context.set_target_cell..get_or_set_cached_cell_and_set_connections" :: held 0.001s {{(pid=126972) inner /usr/local/lib/python3.8/dist-packages/oslo_concurrency/lockutils.py:367}}
Oct 18 11:40:15.483178 dv-neutron-813977-2-hyperv devstack@n-api.service[126972]: INFO nova.api.openstack.wsgi [None req-4a363539-6828-43e0-b33d-1a0b7e111939 tempest-ServerActionsTestJSON-1743131964 tempest-ServerActionsTestJSON-1743131964-project] HTTP exception thrown: Instance 89ac25e3-493e-422a-bc98-625cf0358529 could not be found.
Oct 18 11:40:15.484108 dv-neutron-813977-2-hyperv devstack@n-api.service[126972]: DEBUG nova.api.openstack.wsgi [None req-4a363539-6828-43e0-b33d-1a0b7e111939 tempest-ServerActionsTestJSON-1743131964 tempest-ServerActionsTestJSON-1743131964-project] Returning 404 to user: Instance 89ac25e3-493e-422a-bc98-625cf0358529 could not be found. {{(pid=126972) __call__ /opt/stack/nova/nova/api/openstack/wsgi.py:936}}
Oct 18 11:40:15.485507 dv-neutron-813977-2-hyperv devstack@n-api.service[126972]: INFO nova.api.openstack.requestlog [None req-4a363539-6828-43e0-b33d-1a0b7e111939 tempest-ServerActionsTestJSON-1743131964 tempest-ServerActionsTestJSON-1743131964-project] 10.222.0.13 "GET /compute/v2.1/servers/89ac25e3-493e-422a-bc98-625cf0358529" status: 404 len: 111 microversion: 2.1 time: 0.065776
Oct 18 11:40:15.495335 dv-neutron-813977-2-hyperv devstack@n-api.service[126973]: DEBUG nova.api.openstack.wsgi [None req-f96729ee-5b6a-4954-b7cc-9ab63a710c60 tempest-ServerActionsTestJSON-1743131964 tempest-ServerActionsTestJSON-1743131964-project] Calling method '.version_select at 0x7eff52115040>' {{(pid=126973) _process_stack /opt/stack/nova/nova/api/openstack/wsgi.py:513}}
Oct 18 11:40:15.496213 dv-neutron-813977-2-hyperv devstack@n-api.service[126972]: [pid: 126972|app: 0|req: 141/281] 10.222.0.13 () {58 vars in 1235 bytes} [Mon Oct 18 11:40:15 2021] GET /compute/v2.1/servers/89ac25e3-493e-422a-bc98-625cf0358529 => generated 111 bytes in 77 msecs (HTTP/1.1 404) 9 headers in 379 bytes (1 switches on core 0)
Oct 18 11:40:15.550086 dv-neutron-813977-2-hyperv devstack@n-api.service[126973]: INFO nova.api.openstack.requestlog [None req-f96729ee-5b6a-4954-b7cc-9ab63a710c60 tempest-ServerActionsTestJSON-1743131964 tempest-ServerActionsTestJSON-1743131964-project] 10.222.0.13 "DELETE /compute/v2.1/os-keypairs/tempest-keypair-518282680" status: 202 len: 0 microversion: 2.1 time: 0.058886
Oct 18 11:40:15.551510 dv-neutron-813977-2-hyperv devstack@n-api.service[126973]: [pid: 126973|app: 0|req: 141/282] 10.222.0.13 () {58 vars in 1217 bytes} [Mon Oct 18 11:40:15 2021] DELETE /compute/v2.1/os-keypairs/tempest-keypair-518282680 => generated 0 bytes in 61 msecs (HTTP/1.1 202) 9 headers in 361 bytes (1 switches on core 0)
Oct 18 11:40:18.335513 dv-neutron-813977-2-hyperv devstack@n-api.service[126972]: INFO oslo.messaging._drivers.impl_rabbit [-] A recoverable connection/channel error occurred, trying to reconnect: [Errno 104] Connection reset by peer
Oct 18 11:40:18.336241 dv-neutron-813977-2-hyperv devstack@n-api.service[126972]: Mon Oct 18 11:40:18 2021 - SIGPIPE: writing to a closed pipe/socket/fd (probably the client disconnected) !!!
Oct 18 11:40:22.512090 dv-neutron-813977-2-hyperv devstack@n-api.service[126972]: DEBUG nova.api.openstack.wsgi [None req-c80a9980-26c7-4048-94e2-a5696cb944d0 tempest-TestNetworkAdvancedServerOps-663320420 tempest-TestNetworkAdvancedServerOps-663320420-project] Calling method '>' {{(pid=126972) _process_stack /opt/stack/nova/nova/api/openstack/wsgi.py:513}}
Oct 18 11:40:22.513959 dv-neutron-813977-2-hyperv devstack@n-api.service[126972]: DEBUG nova.compute.api [None req-c80a9980-26c7-4048-94e2-a5696cb944d0 tempest-TestNetworkAdvancedServerOps-663320420 tempest-TestNetworkAdvancedServerOps-663320420-project] [instance: 4de554ce-6bfa-4802-8b36-cc8d10141a20] Fetching instance by UUID {{(pid=126972) get /opt/stack/nova/nova/compute/api.py:2863}}
Oct 18 11:40:22.525103 dv-neutron-813977-2-hyperv devstack@n-api.service[126972]: DEBUG oslo_concurrency.lockutils [None req-c80a9980-26c7-4048-94e2-a5696cb944d0 tempest-TestNetworkAdvancedServerOps-663320420 tempest-TestNetworkAdvancedServerOps-663320420-project] Lock "ac0f792b-2f87-4acf-af9a-b8aa13724e37" acquired by "nova.context.set_target_cell..get_or_set_cached_cell_and_set_connections" :: waited 0.000s {{(pid=126972) inner /usr/local/lib/python3.8/dist-packages/oslo_concurrency/lockutils.py:355}}
Oct 18 11:40:22.525604 dv-neutron-813977-2-hyperv devstack@n-api.service[126973]: DEBUG nova.api.openstack.wsgi [req-e2a4d3aa-06d9-4714-89a7-8bc2fd70a767 req-1b61b61d-f15c-48ed-9a3d-35372e65c805 service nova] Action: 'create', calling method: >, body: {"events": [{"name": "network-changed", "server_uuid": "4de554ce-6bfa-4802-8b36-cc8d10141a20", "tag": "b86b99b5-b036-4345-bb07-8263ee268506"}]} {{(pid=126973) _process_stack /opt/stack/nova/nova/api/openstack/wsgi.py:511}}
Oct 18 11:40:22.526073 dv-neutron-813977-2-hyperv devstack@n-api.service[126972]: DEBUG oslo_concurrency.lockutils [None req-c80a9980-26c7-4048-94e2-a5696cb944d0 tempest-TestNetworkAdvancedServerOps-663320420 tempest-TestNetworkAdvancedServerOps-663320420-project] Lock "ac0f792b-2f87-4acf-af9a-b8aa13724e37" released by "nova.context.set_target_cell..get_or_set_cached_cell_and_set_connections" :: held 0.001s {{(pid=126972) inner /usr/local/lib/python3.8/dist-packages/oslo_concurrency/lockutils.py:367}}
Oct 18 11:40:22.527368 dv-neutron-813977-2-hyperv devstack@n-api.service[126972]: DEBUG oslo_concurrency.lockutils [None req-c80a9980-26c7-4048-94e2-a5696cb944d0 tempest-TestNetworkAdvancedServerOps-663320420 tempest-TestNetworkAdvancedServerOps-663320420-project] Lock "ac0f792b-2f87-4acf-af9a-b8aa13724e37" acquired by "nova.context.set_target_cell..get_or_set_cached_cell_and_set_connections" :: waited 0.001s {{(pid=126972) inner /usr/local/lib/python3.8/dist-packages/oslo_concurrency/lockutils.py:355}}
Oct 18 11:40:22.530234 dv-neutron-813977-2-hyperv devstack@n-api.service[126973]: /usr/local/lib/python3.8/dist-packages/oslo_policy/policy.py:1064: UserWarning: Policy os_compute_api:os-server-external-events:create failed scope check. The token used to make the request was project scoped but the policy requires ['system'] scope. This behavior may change in the future where using the intended scope is required
Oct 18 11:40:22.530234 dv-neutron-813977-2-hyperv devstack@n-api.service[126973]: warnings.warn(msg)
Oct 18 11:40:22.540943 dv-neutron-813977-2-hyperv devstack@n-api.service[126973]: DEBUG oslo_concurrency.lockutils [req-e2a4d3aa-06d9-4714-89a7-8bc2fd70a767 req-1b61b61d-f15c-48ed-9a3d-35372e65c805 service nova] Lock "ac0f792b-2f87-4acf-af9a-b8aa13724e37" acquired by "nova.context.set_target_cell..get_or_set_cached_cell_and_set_connections" :: waited 0.000s {{(pid=126973) inner /usr/local/lib/python3.8/dist-packages/oslo_concurrency/lockutils.py:355}}
Oct 18 11:40:22.541466 dv-neutron-813977-2-hyperv devstack@n-api.service[126973]: DEBUG oslo_concurrency.lockutils [req-e2a4d3aa-06d9-4714-89a7-8bc2fd70a767 req-1b61b61d-f15c-48ed-9a3d-35372e65c805 service nova] Lock "ac0f792b-2f87-4acf-af9a-b8aa13724e37" released by "nova.context.set_target_cell..get_or_set_cached_cell_and_set_connections" :: held 0.001s {{(pid=126973) inner /usr/local/lib/python3.8/dist-packages/oslo_concurrency/lockutils.py:367}}
Oct 18 11:40:22.544097 dv-neutron-813977-2-hyperv devstack@n-api.service[126972]: DEBUG oslo_concurrency.lockutils [None req-c80a9980-26c7-4048-94e2-a5696cb944d0 tempest-TestNetworkAdvancedServerOps-663320420 tempest-TestNetworkAdvancedServerOps-663320420-project] Lock "ac0f792b-2f87-4acf-af9a-b8aa13724e37" released by "nova.context.set_target_cell..get_or_set_cached_cell_and_set_connections" :: held 0.001s {{(pid=126972) inner /usr/local/lib/python3.8/dist-packages/oslo_concurrency/lockutils.py:367}}
Oct 18 11:40:22.554700 dv-neutron-813977-2-hyperv devstack@n-api.service[126973]: INFO nova.api.openstack.compute.server_external_events [req-e2a4d3aa-06d9-4714-89a7-8bc2fd70a767 req-1b61b61d-f15c-48ed-9a3d-35372e65c805 service nova] Creating event network-changed:b86b99b5-b036-4345-bb07-8263ee268506 for instance 4de554ce-6bfa-4802-8b36-cc8d10141a20 on hv-neutron-8139
Oct 18 11:40:22.561477 dv-neutron-813977-2-hyperv devstack@n-api.service[126973]: INFO nova.api.openstack.requestlog [req-e2a4d3aa-06d9-4714-89a7-8bc2fd70a767 req-1b61b61d-f15c-48ed-9a3d-35372e65c805 service nova] 10.222.0.13 "POST /compute/v2.1/os-server-external-events" status: 200 len: 179 microversion: 2.1 time: 0.052113
Oct 18 11:40:22.562572 dv-neutron-813977-2-hyperv devstack@n-api.service[126973]: [pid: 126973|app: 0|req: 142/283] 10.222.0.13 () {64 vars in 1317 bytes} [Mon Oct 18 11:40:22 2021] POST /compute/v2.1/os-server-external-events => generated 179 bytes in 54 msecs (HTTP/1.1 200) 9 headers in 357 bytes (2 switches on core 0)
Oct 18 11:40:23.201913 dv-neutron-813977-2-hyperv devstack@n-api.service[126972]: DEBUG nova.policy [None req-c80a9980-26c7-4048-94e2-a5696cb944d0 tempest-TestNetworkAdvancedServerOps-663320420 tempest-TestNetworkAdvancedServerOps-663320420-project] Policy check for os_compute_api:os-extended-server-attributes failed with credentials {'is_admin': False, 'user_id': 'ca80e2817bda4e3c81d05bbad78c70e8', 'user_domain_id': 'default', 'system_scope': None, 'domain_id': None, 'project_id': '962b436aead74d13accbd1f2857b69db', 'project_domain_id': 'default', 'roles': ['member', 'reader'], 'is_admin_project': True, 'service_user_id': None, 'service_user_domain_id': None, 'service_project_id': None, 'service_project_domain_id': None, 'service_roles': []} {{(pid=126972) authorize /opt/stack/nova/nova/policy.py:199}}
Oct 18 11:40:23.214720 dv-neutron-813977-2-hyperv devstack@n-api.service[126972]: INFO nova.api.openstack.requestlog [None req-c80a9980-26c7-4048-94e2-a5696cb944d0 tempest-TestNetworkAdvancedServerOps-663320420 tempest-TestNetworkAdvancedServerOps-663320420-project] 10.222.0.13 "GET /compute/v2.1/servers/4de554ce-6bfa-4802-8b36-cc8d10141a20" status: 200 len: 1566 microversion: 2.1 time: 0.714578
Oct 18 11:40:23.215305 dv-neutron-813977-2-hyperv devstack@n-api.service[126972]: [pid: 126972|app: 0|req: 142/284] 10.222.0.13 () {58 vars in 1235 bytes} [Mon Oct 18 11:40:22 2021] GET /compute/v2.1/servers/4de554ce-6bfa-4802-8b36-cc8d10141a20 => generated 1566 bytes in 718 msecs (HTTP/1.1 200) 9 headers in 358 bytes (1 switches on core 0)
Oct 18 11:40:36.919584 dv-neutron-813977-2-hyperv devstack@n-api.service[126973]: DEBUG nova.api.openstack.wsgi [None req-eaba0609-9090-48c3-9c6f-2c2b078b33c9 tempest-TestNetworkAdvancedServerOps-663320420 tempest-TestNetworkAdvancedServerOps-663320420-project] Action: 'action', calling method: >, body: {"os-getConsoleOutput": {}} {{(pid=126973) _process_stack /opt/stack/nova/nova/api/openstack/wsgi.py:511}}
Oct 18 11:40:36.921962 dv-neutron-813977-2-hyperv devstack@n-api.service[126973]: DEBUG nova.compute.api [None req-eaba0609-9090-48c3-9c6f-2c2b078b33c9 tempest-TestNetworkAdvancedServerOps-663320420 tempest-TestNetworkAdvancedServerOps-663320420-project] [instance: 4de554ce-6bfa-4802-8b36-cc8d10141a20] Fetching instance by UUID {{(pid=126973) get /opt/stack/nova/nova/compute/api.py:2863}}
Oct 18 11:40:36.944880 dv-neutron-813977-2-hyperv devstack@n-api.service[126973]: DEBUG oslo_concurrency.lockutils [None req-eaba0609-9090-48c3-9c6f-2c2b078b33c9 tempest-TestNetworkAdvancedServerOps-663320420 tempest-TestNetworkAdvancedServerOps-663320420-project] Lock "ac0f792b-2f87-4acf-af9a-b8aa13724e37" acquired by "nova.context.set_target_cell..get_or_set_cached_cell_and_set_connections" :: waited 0.000s {{(pid=126973) inner /usr/local/lib/python3.8/dist-packages/oslo_concurrency/lockutils.py:355}}
Oct 18 11:40:36.946336 dv-neutron-813977-2-hyperv devstack@n-api.service[126973]: DEBUG oslo_concurrency.lockutils [None req-eaba0609-9090-48c3-9c6f-2c2b078b33c9 tempest-TestNetworkAdvancedServerOps-663320420 tempest-TestNetworkAdvancedServerOps-663320420-project] Lock "ac0f792b-2f87-4acf-af9a-b8aa13724e37" released by "nova.context.set_target_cell..get_or_set_cached_cell_and_set_connections" :: held 0.012s {{(pid=126973) inner /usr/local/lib/python3.8/dist-packages/oslo_concurrency/lockutils.py:367}}
Oct 18 11:40:36.947671 dv-neutron-813977-2-hyperv devstack@n-api.service[126973]: DEBUG oslo_concurrency.lockutils [None req-eaba0609-9090-48c3-9c6f-2c2b078b33c9 tempest-TestNetworkAdvancedServerOps-663320420 tempest-TestNetworkAdvancedServerOps-663320420-project] Lock "ac0f792b-2f87-4acf-af9a-b8aa13724e37" acquired by "nova.context.set_target_cell..get_or_set_cached_cell_and_set_connections" :: waited 0.000s {{(pid=126973) inner /usr/local/lib/python3.8/dist-packages/oslo_concurrency/lockutils.py:355}}
Oct 18 11:40:36.948390 dv-neutron-813977-2-hyperv devstack@n-api.service[126973]: DEBUG oslo_concurrency.lockutils [None req-eaba0609-9090-48c3-9c6f-2c2b078b33c9 tempest-TestNetworkAdvancedServerOps-663320420 tempest-TestNetworkAdvancedServerOps-663320420-project] Lock "ac0f792b-2f87-4acf-af9a-b8aa13724e37" released by "nova.context.set_target_cell..get_or_set_cached_cell_and_set_connections" :: held 0.001s {{(pid=126973) inner /usr/local/lib/python3.8/dist-packages/oslo_concurrency/lockutils.py:367}}
Oct 18 11:40:37.043428 dv-neutron-813977-2-hyperv devstack@n-api.service[126973]: INFO nova.api.openstack.requestlog [None req-eaba0609-9090-48c3-9c6f-2c2b078b33c9 tempest-TestNetworkAdvancedServerOps-663320420 tempest-TestNetworkAdvancedServerOps-663320420-project] 10.222.0.13 "POST /compute/v2.1/servers/4de554ce-6bfa-4802-8b36-cc8d10141a20/action" status: 200 len: 28665 microversion: 2.1 time: 0.131589
Oct 18 11:40:37.044235 dv-neutron-813977-2-hyperv devstack@n-api.service[126973]: [pid: 126973|app: 0|req: 143/285] 10.222.0.13 () {60 vars in 1277 bytes} [Mon Oct 18 11:40:36 2021] POST /compute/v2.1/servers/4de554ce-6bfa-4802-8b36-cc8d10141a20/action => generated 28665 bytes in 134 msecs (HTTP/1.1 200) 9 headers in 359 bytes (1 switches on core 0)
Oct 18 11:40:43.463205 dv-neutron-813977-2-hyperv devstack@n-api.service[126972]: DEBUG nova.api.openstack.wsgi [None req-a76821a3-91d0-494f-bcf6-ace7280146ba tempest-TestNetworkAdvancedServerOps-663320420 tempest-TestNetworkAdvancedServerOps-663320420-project] Action: 'action', calling method: >, body: {"rebuild": {"imageRef": "daeee1b6-e3f4-42d7-a55e-93673efeab90"}} {{(pid=126972) _process_stack /opt/stack/nova/nova/api/openstack/wsgi.py:511}}
Oct 18 11:40:43.465067 dv-neutron-813977-2-hyperv devstack@n-api.service[126972]: DEBUG nova.compute.api [None req-a76821a3-91d0-494f-bcf6-ace7280146ba tempest-TestNetworkAdvancedServerOps-663320420 tempest-TestNetworkAdvancedServerOps-663320420-project] [instance: 4de554ce-6bfa-4802-8b36-cc8d10141a20] Fetching instance by UUID {{(pid=126972) get /opt/stack/nova/nova/compute/api.py:2863}}
Oct 18 11:40:43.478367 dv-neutron-813977-2-hyperv devstack@n-api.service[126972]: DEBUG oslo_concurrency.lockutils [None req-a76821a3-91d0-494f-bcf6-ace7280146ba tempest-TestNetworkAdvancedServerOps-663320420 tempest-TestNetworkAdvancedServerOps-663320420-project] Lock "ac0f792b-2f87-4acf-af9a-b8aa13724e37" acquired by "nova.context.set_target_cell..get_or_set_cached_cell_and_set_connections" :: waited 0.000s {{(pid=126972) inner /usr/local/lib/python3.8/dist-packages/oslo_concurrency/lockutils.py:355}}
Oct 18 11:40:43.480736 dv-neutron-813977-2-hyperv devstack@n-api.service[126972]: DEBUG oslo_concurrency.lockutils [None req-a76821a3-91d0-494f-bcf6-ace7280146ba tempest-TestNetworkAdvancedServerOps-663320420 tempest-TestNetworkAdvancedServerOps-663320420-project] Lock "ac0f792b-2f87-4acf-af9a-b8aa13724e37" released by "nova.context.set_target_cell..get_or_set_cached_cell_and_set_connections" :: held 0.001s {{(pid=126972) inner /usr/local/lib/python3.8/dist-packages/oslo_concurrency/lockutils.py:367}}
Oct 18 11:40:43.487278 dv-neutron-813977-2-hyperv devstack@n-api.service[126972]: DEBUG oslo_concurrency.lockutils [None req-a76821a3-91d0-494f-bcf6-ace7280146ba tempest-TestNetworkAdvancedServerOps-663320420 tempest-TestNetworkAdvancedServerOps-663320420-project] Lock "ac0f792b-2f87-4acf-af9a-b8aa13724e37" acquired by "nova.context.set_target_cell..get_or_set_cached_cell_and_set_connections" :: waited 0.000s {{(pid=126972) inner /usr/local/lib/python3.8/dist-packages/oslo_concurrency/lockutils.py:355}}
Oct 18 11:40:43.489366 dv-neutron-813977-2-hyperv devstack@n-api.service[126972]: DEBUG oslo_concurrency.lockutils [None req-a76821a3-91d0-494f-bcf6-ace7280146ba tempest-TestNetworkAdvancedServerOps-663320420 tempest-TestNetworkAdvancedServerOps-663320420-project] Lock "ac0f792b-2f87-4acf-af9a-b8aa13724e37" released by "nova.context.set_target_cell..get_or_set_cached_cell_and_set_connections" :: held 0.006s {{(pid=126972) inner /usr/local/lib/python3.8/dist-packages/oslo_concurrency/lockutils.py:367}}
Oct 18 11:40:43.715512 dv-neutron-813977-2-hyperv devstack@n-api.service[126972]: DEBUG nova.virt.hardware [None req-a76821a3-91d0-494f-bcf6-ace7280146ba tempest-TestNetworkAdvancedServerOps-663320420 tempest-TestNetworkAdvancedServerOps-663320420-project] Flavor limits 0:0:0 {{(pid=126972) get_cpu_topology_constraints /opt/stack/nova/nova/virt/hardware.py:343}}
Oct 18 11:40:43.717369 dv-neutron-813977-2-hyperv devstack@n-api.service[126972]: DEBUG nova.virt.hardware [None req-a76821a3-91d0-494f-bcf6-ace7280146ba tempest-TestNetworkAdvancedServerOps-663320420 tempest-TestNetworkAdvancedServerOps-663320420-project] Image limits 0:0:0 {{(pid=126972) get_cpu_topology_constraints /opt/stack/nova/nova/virt/hardware.py:347}}
Oct 18 11:40:43.717860 dv-neutron-813977-2-hyperv devstack@n-api.service[126972]: DEBUG nova.virt.hardware [None req-a76821a3-91d0-494f-bcf6-ace7280146ba tempest-TestNetworkAdvancedServerOps-663320420 tempest-TestNetworkAdvancedServerOps-663320420-project] Flavor pref 0:0:0 {{(pid=126972) get_cpu_topology_constraints /opt/stack/nova/nova/virt/hardware.py:383}}
Oct 18 11:40:43.718277 dv-neutron-813977-2-hyperv devstack@n-api.service[126972]: DEBUG nova.virt.hardware [None req-a76821a3-91d0-494f-bcf6-ace7280146ba tempest-TestNetworkAdvancedServerOps-663320420 tempest-TestNetworkAdvancedServerOps-663320420-project] Image pref 0:0:0 {{(pid=126972) get_cpu_topology_constraints /opt/stack/nova/nova/virt/hardware.py:387}}
Oct 18 11:40:43.718693 dv-neutron-813977-2-hyperv devstack@n-api.service[126972]: DEBUG nova.virt.hardware [None req-a76821a3-91d0-494f-bcf6-ace7280146ba tempest-TestNetworkAdvancedServerOps-663320420 tempest-TestNetworkAdvancedServerOps-663320420-project] Chose sockets=0, cores=0, threads=0; limits were sockets=65536, cores=65536, threads=65536 {{(pid=126972) get_cpu_topology_constraints /opt/stack/nova/nova/virt/hardware.py:425}}
Oct 18 11:40:43.865627 dv-neutron-813977-2-hyperv devstack@n-api.service[126972]: DEBUG nova.compute.api [None req-a76821a3-91d0-494f-bcf6-ace7280146ba tempest-TestNetworkAdvancedServerOps-663320420 tempest-TestNetworkAdvancedServerOps-663320420-project] [instance: 4de554ce-6bfa-4802-8b36-cc8d10141a20] Fetching instance by UUID {{(pid=126972) get /opt/stack/nova/nova/compute/api.py:2863}}
Oct 18 11:40:43.878277 dv-neutron-813977-2-hyperv devstack@n-api.service[126972]: DEBUG oslo_concurrency.lockutils [None req-a76821a3-91d0-494f-bcf6-ace7280146ba tempest-TestNetworkAdvancedServerOps-663320420 tempest-TestNetworkAdvancedServerOps-663320420-project] Lock "ac0f792b-2f87-4acf-af9a-b8aa13724e37" acquired by "nova.context.set_target_cell..get_or_set_cached_cell_and_set_connections" :: waited 0.000s {{(pid=126972) inner /usr/local/lib/python3.8/dist-packages/oslo_concurrency/lockutils.py:355}}
Oct 18 11:40:43.880767 dv-neutron-813977-2-hyperv devstack@n-api.service[126972]: DEBUG oslo_concurrency.lockutils [None req-a76821a3-91d0-494f-bcf6-ace7280146ba tempest-TestNetworkAdvancedServerOps-663320420 tempest-TestNetworkAdvancedServerOps-663320420-project] Lock "ac0f792b-2f87-4acf-af9a-b8aa13724e37" released by "nova.context.set_target_cell..get_or_set_cached_cell_and_set_connections" :: held 0.003s {{(pid=126972) inner /usr/local/lib/python3.8/dist-packages/oslo_concurrency/lockutils.py:367}}
Oct 18 11:40:43.884493 dv-neutron-813977-2-hyperv devstack@n-api.service[126972]: DEBUG oslo_concurrency.lockutils [None req-a76821a3-91d0-494f-bcf6-ace7280146ba tempest-TestNetworkAdvancedServerOps-663320420 tempest-TestNetworkAdvancedServerOps-663320420-project] Lock "ac0f792b-2f87-4acf-af9a-b8aa13724e37" acquired by "nova.context.set_target_cell..get_or_set_cached_cell_and_set_connections" :: waited 0.001s {{(pid=126972) inner /usr/local/lib/python3.8/dist-packages/oslo_concurrency/lockutils.py:355}}
Oct 18 11:40:43.886472 dv-neutron-813977-2-hyperv devstack@n-api.service[126972]: DEBUG oslo_concurrency.lockutils [None req-a76821a3-91d0-494f-bcf6-ace7280146ba tempest-TestNetworkAdvancedServerOps-663320420 tempest-TestNetworkAdvancedServerOps-663320420-project] Lock "ac0f792b-2f87-4acf-af9a-b8aa13724e37" released by "nova.context.set_target_cell..get_or_set_cached_cell_and_set_connections" :: held 0.002s {{(pid=126972) inner /usr/local/lib/python3.8/dist-packages/oslo_concurrency/lockutils.py:367}}
Oct 18 11:40:43.944332 dv-neutron-813977-2-hyperv devstack@n-api.service[126972]: INFO nova.api.openstack.requestlog [None req-a76821a3-91d0-494f-bcf6-ace7280146ba tempest-TestNetworkAdvancedServerOps-663320420 tempest-TestNetworkAdvancedServerOps-663320420-project] 10.222.0.13 "POST /compute/v2.1/servers/4de554ce-6bfa-4802-8b36-cc8d10141a20/action" status: 202 len: 1139 microversion: 2.1 time: 0.486700
Oct 18 11:40:43.945720 dv-neutron-813977-2-hyperv devstack@n-api.service[126972]: [pid: 126972|app: 0|req: 143/286] 10.222.0.13 () {60 vars in 1277 bytes} [Mon Oct 18 11:40:43 2021] POST /compute/v2.1/servers/4de554ce-6bfa-4802-8b36-cc8d10141a20/action => generated 1139 bytes in 489 msecs (HTTP/1.1 202) 10 headers in 452 bytes (1 switches on core 0)
Oct 18 11:40:43.961041 dv-neutron-813977-2-hyperv devstack@n-api.service[126973]: DEBUG nova.api.openstack.wsgi [None req-960d4605-4ac2-4743-86d6-96a8a1398eb0 tempest-TestNetworkAdvancedServerOps-663320420 tempest-TestNetworkAdvancedServerOps-663320420-project] Calling method '>' {{(pid=126973) _process_stack /opt/stack/nova/nova/api/openstack/wsgi.py:513}}
