Feb 17 14:39:16.235464 dv-neutron-813052-16-hyperv neutron-server[105387]: DEBUG neutron.pecan_wsgi.hooks.policy_enforcement [req-82bcf0a7-a3eb-418d-9b03-53a248c51fd2 req-8103ac65-357c-4244-9730-ba34d0d2a2db tempest-ServerActionsTestJSON-111328124 tempest-ServerActionsTestJSON-111328124-project] Attributes excluded by policy engine: ['standard_attr_id', 'binding:profile', 'binding:host_id', 'binding:vif_type', 'binding:vif_details', 'network'] {{(pid=105387) _exclude_attributes_by_policy /opt/stack/neutron/neutron/pecan_wsgi/hooks/policy_enforcement.py:255}}
Feb 17 14:39:16.236291 dv-neutron-813052-16-hyperv neutron-server[105387]: DEBUG neutron_lib.callbacks.manager [req-82bcf0a7-a3eb-418d-9b03-53a248c51fd2 req-8103ac65-357c-4244-9730-ba34d0d2a2db tempest-ServerActionsTestJSON-111328124 tempest-ServerActionsTestJSON-111328124-project] Publish callbacks ['neutron.notifiers.nova.Notifier._send_nova_notification-1008785'] for port (None), before_response {{(pid=105387) _notify_loop /usr/local/lib/python3.8/dist-packages/neutron_lib/callbacks/manager.py:176}}
Feb 17 14:39:16.271946 dv-neutron-813052-16-hyperv neutron-server[105388]: DEBUG neutron.api.rpc.handlers.resources_rpc [None req-933c3c3b-39a4-4fd2-b86c-c5f6d8152638 None None] Pushing event updated for resources: {'Port': ['ID=52da4f6d-ecf7-4941-9dce-5fd6bedd5ac2,revision_number=2']} {{(pid=105388) push /opt/stack/neutron/neutron/api/rpc/handlers/resources_rpc.py:237}}
Feb 17 14:39:16.330433 dv-neutron-813052-16-hyperv neutron-server[105386]: DEBUG neutron.notifiers.nova [req-7fac3fa6-2a59-4685-a135-522071ce92f4 req-a9c9bafa-12ea-4df8-bc45-ecf430b0b803 service neutron] Ignoring state change previous_port_status: DOWN current_port_status: DOWN port_id 24f14df7-e92c-4cd5-bf54-394165f51ac4 {{(pid=105386) record_port_status_changed /opt/stack/neutron/neutron/notifiers/nova.py:233}}
Feb 17 14:39:16.346200 dv-neutron-813052-16-hyperv neutron-server[105386]: DEBUG neutron_lib.callbacks.manager [req-7fac3fa6-2a59-4685-a135-522071ce92f4 req-a9c9bafa-12ea-4df8-bc45-ecf430b0b803 service neutron] Publish callbacks [] for port (24f14df7-e92c-4cd5-bf54-394165f51ac4), precommit_update {{(pid=105386) _notify_loop /usr/local/lib/python3.8/dist-packages/neutron_lib/callbacks/manager.py:176}}
Feb 17 14:39:16.366006 dv-neutron-813052-16-hyperv neutron-server[105387]: DEBUG neutron.plugins.ml2.plugin [None req-063984d0-998b-4607-8d0f-8454eab4b0f4 tempest-PortsAdminExtendedAttrsTestJSON-232041244 tempest-PortsAdminExtendedAttrsTestJSON-232041244-project-admin] Deleting port 572da53c-0e04-4084-bee1-cf7e5c0212fc {{(pid=105387) _pre_delete_port /opt/stack/neutron/neutron/plugins/ml2/plugin.py:1978}}
Feb 17 14:39:16.366452 dv-neutron-813052-16-hyperv neutron-server[105387]: DEBUG neutron_lib.callbacks.manager [None req-063984d0-998b-4607-8d0f-8454eab4b0f4 tempest-PortsAdminExtendedAttrsTestJSON-232041244 tempest-PortsAdminExtendedAttrsTestJSON-232041244-project-admin] Publish callbacks ['neutron.db.l3_db.L3_NAT_dbonly_mixin._prevent_l3_port_delete_callback-8788811107319'] for port (572da53c-0e04-4084-bee1-cf7e5c0212fc), before_delete {{(pid=105387) _notify_loop /usr/local/lib/python3.8/dist-packages/neutron_lib/callbacks/manager.py:176}}
Feb 17 14:39:16.435988 dv-neutron-813052-16-hyperv neutron-server[105386]: DEBUG neutron.db.provisioning_blocks [req-7fac3fa6-2a59-4685-a135-522071ce92f4 req-a9c9bafa-12ea-4df8-bc45-ecf430b0b803 service neutron] Transition to ACTIVE for port object 24f14df7-e92c-4cd5-bf54-394165f51ac4 will not be triggered until provisioned by entity L2. {{(pid=105386) add_provisioning_component /opt/stack/neutron/neutron/db/provisioning_blocks.py:73}}
Feb 17 14:39:16.502572 dv-neutron-813052-16-hyperv neutron-server[105387]: DEBUG neutron.pecan_wsgi.hooks.quota_enforcement [None req-db9bbc5d-573d-41ec-87da-d437c004d2f4 tempest-ExternalNetworksTestJSON-1759698391 tempest-ExternalNetworksTestJSON-1759698391-project-admin] Made reservation on behalf of 1dfbba632f9b4f298147eb27b3973238 for: {'subnet': 1} {{(pid=105387) before /opt/stack/neutron/neutron/pecan_wsgi/hooks/quota_enforcement.py:53}}
Feb 17 14:39:16.505322 dv-neutron-813052-16-hyperv neutron-server[105387]: DEBUG neutron_lib.callbacks.manager [None req-db9bbc5d-573d-41ec-87da-d437c004d2f4 tempest-ExternalNetworksTestJSON-1759698391 tempest-ExternalNetworksTestJSON-1759698391-project-admin] Publish callbacks ['neutron.services.segments.plugin.SegmentHostRoutes.host_routes_before_create-3591760'] for subnet (None), before_create {{(pid=105387) _notify_loop /usr/local/lib/python3.8/dist-packages/neutron_lib/callbacks/manager.py:176}}
Feb 17 14:39:16.525071 dv-neutron-813052-16-hyperv neutron-server[105386]: DEBUG neutron.pecan_wsgi.hooks.policy_enforcement [req-978f628f-c81c-4c64-85a8-c4c283e49ad8 req-9c8a2e6f-5977-4098-b703-7874eb1c5ae4 tempest-ServersTestJSON-1494519197 tempest-ServersTestJSON-1494519197-project] Attributes excluded by policy engine: ['standard_attr_id', 'binding:profile', 'binding:host_id', 'binding:vif_type', 'binding:vif_details'] {{(pid=105386) _exclude_attributes_by_policy /opt/stack/neutron/neutron/pecan_wsgi/hooks/policy_enforcement.py:255}}
Feb 17 14:39:16.526960 dv-neutron-813052-16-hyperv neutron-server[105386]: INFO neutron.wsgi [req-978f628f-c81c-4c64-85a8-c4c283e49ad8 req-9c8a2e6f-5977-4098-b703-7874eb1c5ae4 tempest-ServersTestJSON-1494519197 tempest-ServersTestJSON-1494519197-project] 10.222.0.65 "GET /v2.0/ports?device_id=fe1b4ba9-0f09-433a-bad2-4de668577f5d HTTP/1.1" status: 200 len: 931 time: 0.4348047
Feb 17 14:39:16.561516 dv-neutron-813052-16-hyperv neutron-server[105386]: DEBUG neutron_lib.callbacks.manager [req-7fac3fa6-2a59-4685-a135-522071ce92f4 req-a9c9bafa-12ea-4df8-bc45-ecf430b0b803 service neutron] Publish callbacks ['neutron.plugins.ml2.plugin.SecurityGroupServerNotifierRpcMixin._notify_sg_on_port_change-66553744', 'neutron.plugins.ml2.ovo_rpc._ObjectChangeHandler.handle_event-941479', 'neutron.api.rpc.agentnotifiers.dhcp_rpc_agent_api.DhcpAgentNotifyAPI._native_event_send_dhcp_notification-599043', 'neutron.db.l3_db.L3RpcNotifierMixin._notify_gateway_port_ip_changed-8788811246448', 'neutron.db.l3_dvrscheduler_db._notify_l3_agent_port_update-8788810673183', 'neutron.db.l3_hascheduler_db._notify_l3_agent_ha_port_update-8788810673201', 'neutron.services.segments.plugin.NovaSegmentNotifier._notify_port_updated-3499697'] for port (24f14df7-e92c-4cd5-bf54-394165f51ac4), after_update {{(pid=105386) _notify_loop /usr/local/lib/python3.8/dist-packages/neutron_lib/callbacks/manager.py:176}}
Feb 17 14:39:16.590128 dv-neutron-813052-16-hyperv neutron-server[105386]: DEBUG neutron.pecan_wsgi.hooks.quota_enforcement [None req-721526ae-f54a-4c30-8a48-ea550bf78efa tempest-AllowedAddressPairIpV6TestJSON-1658636759 tempest-AllowedAddressPairIpV6TestJSON-1658636759-project] Made reservation on behalf of 8cd44788a57a4fd9ac5bff1168ed5041 for: {'port': 1} {{(pid=105386) before /opt/stack/neutron/neutron/pecan_wsgi/hooks/quota_enforcement.py:53}}
Feb 17 14:39:16.595014 dv-neutron-813052-16-hyperv neutron-server[105386]: DEBUG neutron_lib.callbacks.manager [None req-721526ae-f54a-4c30-8a48-ea550bf78efa tempest-AllowedAddressPairIpV6TestJSON-1658636759 tempest-AllowedAddressPairIpV6TestJSON-1658636759-project] Publish callbacks ['neutron.plugins.ml2.plugin.SecurityGroupDbMixin._ensure_default_security_group_handler-66554197'] for port (None), before_create {{(pid=105386) _notify_loop /usr/local/lib/python3.8/dist-packages/neutron_lib/callbacks/manager.py:176}}
Feb 17 14:39:16.612275 dv-neutron-813052-16-hyperv neutron-server[105386]: DEBUG neutron.pecan_wsgi.hooks.policy_enforcement [req-6871ffbc-742d-43cf-821c-95163d4fc298 req-338b0155-fe65-4ed0-8647-97c6936fa6fd tempest-ServersTestManualDisk-1169466996 tempest-ServersTestManualDisk-1169466996-project] Attributes excluded by policy engine: ['standard_attr_id', 'binding:profile', 'binding:host_id', 'binding:vif_type', 'binding:vif_details'] {{(pid=105386) _exclude_attributes_by_policy /opt/stack/neutron/neutron/pecan_wsgi/hooks/policy_enforcement.py:255}}
Feb 17 14:39:16.640928 dv-neutron-813052-16-hyperv neutron-server[105386]: INFO neutron.wsgi [req-6871ffbc-742d-43cf-821c-95163d4fc298 req-338b0155-fe65-4ed0-8647-97c6936fa6fd tempest-ServersTestManualDisk-1169466996 tempest-ServersTestManualDisk-1169466996-project] 10.222.0.65 "GET /v2.0/ports?device_id=fafd7b74-a252-4b38-8c33-2d7d5fd178c4 HTTP/1.1" status: 200 len: 931 time: 0.2449453
Feb 17 14:39:16.758811 dv-neutron-813052-16-hyperv neutron-server[105386]: DEBUG neutron.notifiers.nova [None req-721526ae-f54a-4c30-8a48-ea550bf78efa tempest-AllowedAddressPairIpV6TestJSON-1658636759 tempest-AllowedAddressPairIpV6TestJSON-1658636759-project] device_id is not set on port b98fd1c2-7ed9-4426-990b-212b7d099bfb yet. {{(pid=105386) _can_notify /opt/stack/neutron/neutron/notifiers/nova.py:199}}
Feb 17 14:39:16.806409 dv-neutron-813052-16-hyperv neutron-server[105387]: DEBUG neutron_lib.callbacks.manager [None req-063984d0-998b-4607-8d0f-8454eab4b0f4 tempest-PortsAdminExtendedAttrsTestJSON-232041244 tempest-PortsAdminExtendedAttrsTestJSON-232041244-project-admin] Publish callbacks ['neutron.services.l3_router.l3_router_plugin.L3_NAT_dbonly_mixin._precommit_delete_port_callback-560843'] for port (572da53c-0e04-4084-bee1-cf7e5c0212fc), precommit_delete {{(pid=105387) _notify_loop /usr/local/lib/python3.8/dist-packages/neutron_lib/callbacks/manager.py:176}}
Feb 17 14:39:16.827739 dv-neutron-813052-16-hyperv neutron-server[105387]: DEBUG neutron.plugins.ml2.plugin [None req-063984d0-998b-4607-8d0f-8454eab4b0f4 tempest-PortsAdminExtendedAttrsTestJSON-232041244 tempest-PortsAdminExtendedAttrsTestJSON-232041244-project-admin] Calling delete_port for 572da53c-0e04-4084-bee1-cf7e5c0212fc owned by {{(pid=105387) delete_port /opt/stack/neutron/neutron/plugins/ml2/plugin.py:2056}}
Feb 17 14:39:16.837479 dv-neutron-813052-16-hyperv neutron-server[105387]: INFO neutron.wsgi [req-82bcf0a7-a3eb-418d-9b03-53a248c51fd2 req-8103ac65-357c-4244-9730-ba34d0d2a2db tempest-ServerActionsTestJSON-111328124 tempest-ServerActionsTestJSON-111328124-project] 10.222.0.30 "POST /v2.0/ports HTTP/1.1" status: 201 len: 933 time: 4.8875690
Feb 17 14:39:16.876368 dv-neutron-813052-16-hyperv neutron-server[105388]: DEBUG neutron_lib.callbacks.manager [None req-78c6b264-b382-488d-876f-96d24adb1e2b None None] Publish callbacks ['neutron.services.segments.db._update_segment_host_mapping_for_agent-8788811039097', 'neutron.plugins.ml2.plugin.Ml2Plugin._retry_binding_revived_agents-66491876'] for agent (9e1db7cd-4fda-4758-8a77-2760019aab73), after_update {{(pid=105388) _notify_loop /usr/local/lib/python3.8/dist-packages/neutron_lib/callbacks/manager.py:176}}
Feb 17 14:39:16.972016 dv-neutron-813052-16-hyperv neutron-server[105386]: INFO neutron.wsgi [req-978f628f-c81c-4c64-85a8-c4c283e49ad8 req-660963ac-ba5f-411f-8138-9426a4c5e500 tempest-ServersTestJSON-1494519197 tempest-ServersTestJSON-1494519197-project] 10.222.0.65 "GET /v2.0/security-groups?id=666efaa0-b9bd-4a0d-96af-d93c3c908c30&fields=id&fields=name HTTP/1.1" status: 200 len: 312 time: 0.4337039
Feb 17 14:39:16.972677 dv-neutron-813052-16-hyperv neutron-server[105386]: DEBUG neutron.api.rpc.handlers.resources_rpc [None req-a9c9bafa-12ea-4df8-bc45-ecf430b0b803 service neutron] Pushing event updated for resources: {'Port': ['ID=24f14df7-e92c-4cd5-bf54-394165f51ac4,revision_number=2']} {{(pid=105386) push /opt/stack/neutron/neutron/api/rpc/handlers/resources_rpc.py:237}}
Feb 17 14:39:17.025878 dv-neutron-813052-16-hyperv neutron-server[105387]: DEBUG neutron.db.db_base_plugin_common [None req-68e25917-83cb-4b27-b86b-5361da2fb449 tempest-AllowedAddressPairTestJSON-715135455 tempest-AllowedAddressPairTestJSON-715135455-project] Allocated IP 172.20.0.8 (db21fe12-d946-4bd7-8d50-02aec61081cf/8cf60b9a-719a-49ff-9c15-2eacc0f282cb/4470b629-8a28-4580-a5b6-ffd5b4f9f853) {{(pid=105387) _store_ip_allocation /opt/stack/neutron/neutron/db/db_base_plugin_common.py:131}}
Feb 17 14:39:17.035944 dv-neutron-813052-16-hyperv neutron-server[105387]: DEBUG neutron.api.v2.base [req-82bcf0a7-a3eb-418d-9b03-53a248c51fd2 req-429368ea-2ecd-4998-aba4-0417b11f67e1 service neutron] Request body: {'port': {'device_id': '181628e7-e2f4-4f2f-bd2a-f25f82185884', 'device_owner': 'compute:nova', 'binding:host_id': 'hv-neutron-8130'}} {{(pid=105387) prepare_request_body /opt/stack/neutron/neutron/api/v2/base.py:729}}
Feb 17 14:39:17.101564 dv-neutron-813052-16-hyperv neutron-server[105386]: INFO neutron.wsgi [req-6871ffbc-742d-43cf-821c-95163d4fc298 req-3d5507c0-a858-42b0-b2e4-7a035c74e98c tempest-ServersTestManualDisk-1169466996 tempest-ServersTestManualDisk-1169466996-project] 10.222.0.65 "GET /v2.0/security-groups?id=35802c52-b3f1-45ec-ad8e-3fe94d9d0a16&fields=id&fields=name HTTP/1.1" status: 200 len: 312 time: 0.4319394
Feb 17 14:39:17.145678 dv-neutron-813052-16-hyperv neutron-server[105386]: DEBUG neutron.db.db_base_plugin_common [None req-721526ae-f54a-4c30-8a48-ea550bf78efa tempest-AllowedAddressPairIpV6TestJSON-1658636759 tempest-AllowedAddressPairIpV6TestJSON-1658636759-project] Allocated IP 2001:db8::288 (a71c239d-c31f-4550-a7f5-40ef61740ce0/84773611-d80b-435b-a74d-9e7b8e8cfa0c/b98fd1c2-7ed9-4426-990b-212b7d099bfb) {{(pid=105386) _store_ip_allocation /opt/stack/neutron/neutron/db/db_base_plugin_common.py:131}}
Feb 17 14:39:17.219235 dv-neutron-813052-16-hyperv neutron-server[105387]: DEBUG neutron_lib.callbacks.manager [None req-f6aaf008-f1cb-4f47-b456-4603533b6d16 tempest-RoutersAdminTest-986809310 tempest-RoutersAdminTest-986809310-project-admin] Publish callbacks [] for router_gateway (79b635cf-4dbb-4804-bf04-e89caeaa6cc3), before_create {{(pid=105387) _notify_loop /usr/local/lib/python3.8/dist-packages/neutron_lib/callbacks/manager.py:176}}
Feb 17 14:39:17.282294 dv-neutron-813052-16-hyperv neutron-server[105387]: DEBUG neutron_lib.callbacks.manager [None req-f6aaf008-f1cb-4f47-b456-4603533b6d16 tempest-RoutersAdminTest-986809310 tempest-RoutersAdminTest-986809310-project-admin] Publish callbacks ['neutron.plugins.ml2.plugin.SecurityGroupDbMixin._ensure_default_security_group_handler-66554197'] for port (None), before_create {{(pid=105387) _notify_loop /usr/local/lib/python3.8/dist-packages/neutron_lib/callbacks/manager.py:176}}
Feb 17 14:39:17.282786 dv-neutron-813052-16-hyperv neutron-server[105386]: DEBUG neutron.plugins.ml2.managers [req-7fac3fa6-2a59-4685-a135-522071ce92f4 req-a9c9bafa-12ea-4df8-bc45-ecf430b0b803 service neutron] Attempting to bind port 24f14df7-e92c-4cd5-bf54-394165f51ac4 on host hv-neutron-8130 for vnic_type normal with profile {{(pid=105386) bind_port /opt/stack/neutron/neutron/plugins/ml2/managers.py:795}}
Feb 17 14:39:17.283231 dv-neutron-813052-16-hyperv neutron-server[105386]: DEBUG neutron.plugins.ml2.managers [req-7fac3fa6-2a59-4685-a135-522071ce92f4 req-a9c9bafa-12ea-4df8-bc45-ecf430b0b803 service neutron] Attempting to bind port 24f14df7-e92c-4cd5-bf54-394165f51ac4 by drivers openvswitch,hyperv on host hv-neutron-8130 at level 0 using segments [{'id': '6d72e7dc-8c96-4e88-9cee-14eb2ba7d570', 'network_type': 'vlan', 'physical_network': 'physnet1', 'segmentation_id': 175, 'network_id': 'ffedf8b8-c77d-488c-81bd-a05824dc7382'}] {{(pid=105386) _bind_port_level /opt/stack/neutron/neutron/plugins/ml2/managers.py:820}}
Feb 17 14:39:17.283788 dv-neutron-813052-16-hyperv neutron-server[105386]: DEBUG neutron.plugins.ml2.drivers.mech_agent [req-7fac3fa6-2a59-4685-a135-522071ce92f4 req-a9c9bafa-12ea-4df8-bc45-ecf430b0b803 service neutron] Attempting to bind port 24f14df7-e92c-4cd5-bf54-394165f51ac4 on network ffedf8b8-c77d-488c-81bd-a05824dc7382 {{(pid=105386) bind_port /opt/stack/neutron/neutron/plugins/ml2/drivers/mech_agent.py:91}}
Feb 17 14:39:17.313916 dv-neutron-813052-16-hyperv neutron-server[105386]: DEBUG neutron.plugins.ml2.drivers.mech_agent [req-7fac3fa6-2a59-4685-a135-522071ce92f4 req-a9c9bafa-12ea-4df8-bc45-ecf430b0b803 service neutron] Port 24f14df7-e92c-4cd5-bf54-394165f51ac4 on network ffedf8b8-c77d-488c-81bd-a05824dc7382 not bound, no agent of type Open vSwitch agent registered on host hv-neutron-8130 {{(pid=105386) bind_port /opt/stack/neutron/neutron/plugins/ml2/drivers/mech_agent.py:103}}
Feb 17 14:39:17.314145 dv-neutron-813052-16-hyperv neutron-server[105386]: DEBUG neutron.plugins.ml2.drivers.mech_agent [req-7fac3fa6-2a59-4685-a135-522071ce92f4 req-a9c9bafa-12ea-4df8-bc45-ecf430b0b803 service neutron] Attempting to bind port 24f14df7-e92c-4cd5-bf54-394165f51ac4 on network ffedf8b8-c77d-488c-81bd-a05824dc7382 {{(pid=105386) bind_port /opt/stack/neutron/neutron/plugins/ml2/drivers/mech_agent.py:91}}
Feb 17 14:39:17.323220 dv-neutron-813052-16-hyperv neutron-server[105387]: DEBUG neutron_lib.callbacks.manager [req-82bcf0a7-a3eb-418d-9b03-53a248c51fd2 req-429368ea-2ecd-4998-aba4-0417b11f67e1 service neutron] Publish callbacks ['neutron.plugins.ml2.plugin.SecurityGroupDbMixin._ensure_default_security_group_handler-66554197'] for port (bc60bb7d-ab45-4c44-a84c-b9d2447d416f), before_update {{(pid=105387) _notify_loop /usr/local/lib/python3.8/dist-packages/neutron_lib/callbacks/manager.py:176}}
Feb 17 14:39:17.363276 dv-neutron-813052-16-hyperv neutron-server[105386]: DEBUG neutron.pecan_wsgi.hooks.policy_enforcement [req-28c6a018-0306-471d-a86f-f91579098989 req-50cad986-e02c-4c19-b51f-e6aa260269b2 tempest-ServerActionsTestJSON-111328124 tempest-ServerActionsTestJSON-111328124-project] Attributes excluded by policy engine: ['standard_attr_id', 'binding:profile', 'binding:host_id', 'binding:vif_type', 'binding:vif_details'] {{(pid=105386) _exclude_attributes_by_policy /opt/stack/neutron/neutron/pecan_wsgi/hooks/policy_enforcement.py:255}}
Feb 17 14:39:17.367689 dv-neutron-813052-16-hyperv neutron-server[105386]: INFO neutron.wsgi [req-28c6a018-0306-471d-a86f-f91579098989 req-50cad986-e02c-4c19-b51f-e6aa260269b2 tempest-ServerActionsTestJSON-111328124 tempest-ServerActionsTestJSON-111328124-project] 10.222.0.65 "GET /v2.0/ports?device_id=181628e7-e2f4-4f2f-bd2a-f25f82185884 HTTP/1.1" status: 200 len: 931 time: 0.2564633
Feb 17 14:39:17.393631 dv-neutron-813052-16-hyperv neutron-server[105386]: DEBUG neutron.plugins.ml2.drivers.mech_agent [req-7fac3fa6-2a59-4685-a135-522071ce92f4 req-a9c9bafa-12ea-4df8-bc45-ecf430b0b803 service neutron] Checking agent: {'id': '7e1ca6ce-c37f-4de8-993f-15b1be83366b', 'agent_type': 'HyperV agent', 'binary': 'neutron-hyperv-agent', 'topic': 'N/A', 'host': 'hv-neutron-8130', 'admin_state_up': True, 'created_at': datetime.datetime(2022, 2, 17, 14, 37), 'started_at': datetime.datetime(2022, 2, 17, 14, 37), 'heartbeat_timestamp': datetime.datetime(2022, 2, 17, 14, 39), 'description': None, 'resources_synced': None, 'availability_zone': None, 'alive': True, 'configurations': {'vswitch_mappings': {'physnet1$': 'br-data'}}, 'resource_versions': {}} {{(pid=105386) bind_port /opt/stack/neutron/neutron/plugins/ml2/drivers/mech_agent.py:110}}
Feb 17 14:39:17.394268 dv-neutron-813052-16-hyperv neutron-server[105386]: DEBUG neutron.plugins.ml2.drivers.mech_agent [req-7fac3fa6-2a59-4685-a135-522071ce92f4 req-a9c9bafa-12ea-4df8-bc45-ecf430b0b803 service neutron] Checking segment: {'id': '6d72e7dc-8c96-4e88-9cee-14eb2ba7d570', 'network_type': 'vlan', 'physical_network': 'physnet1', 'segmentation_id': 175, 'network_id': 'ffedf8b8-c77d-488c-81bd-a05824dc7382'} for mappings: {'physnet1$': 'br-data'} with network types: ['local', 'flat', 'vlan'] {{(pid=105386) check_segment_for_agent /opt/stack/neutron/neutron/plugins/ml2/drivers/mech_agent.py:373}}
Feb 17 14:39:17.395120 dv-neutron-813052-16-hyperv neutron-server[105386]: DEBUG neutron.plugins.ml2.drivers.mech_agent [req-7fac3fa6-2a59-4685-a135-522071ce92f4 req-a9c9bafa-12ea-4df8-bc45-ecf430b0b803 service neutron] Bound using segment: {'id': '6d72e7dc-8c96-4e88-9cee-14eb2ba7d570', 'network_type': 'vlan', 'physical_network': 'physnet1', 'segmentation_id': 175, 'network_id': 'ffedf8b8-c77d-488c-81bd-a05824dc7382'} {{(pid=105386) bind_port /opt/stack/neutron/neutron/plugins/ml2/drivers/mech_agent.py:120}}
Feb 17 14:39:17.395626 dv-neutron-813052-16-hyperv neutron-server[105386]: DEBUG neutron.plugins.ml2.managers [req-7fac3fa6-2a59-4685-a135-522071ce92f4 req-a9c9bafa-12ea-4df8-bc45-ecf430b0b803 service neutron] Bound port: 24f14df7-e92c-4cd5-bf54-394165f51ac4, host: hv-neutron-8130, vif_type: hyperv, vif_details: {"connectivity": "legacy", "port_filter": false}, binding_levels: [{'bound_driver': 'hyperv', 'bound_segment': {'id': '6d72e7dc-8c96-4e88-9cee-14eb2ba7d570', 'network_type': 'vlan', 'physical_network': 'physnet1', 'segmentation_id': 175, 'network_id': 'ffedf8b8-c77d-488c-81bd-a05824dc7382'}}] {{(pid=105386) _bind_port_level /opt/stack/neutron/neutron/plugins/ml2/managers.py:932}}
Feb 17 14:39:17.396090 dv-neutron-813052-16-hyperv neutron-server[105386]: DEBUG neutron_lib.callbacks.manager [req-7fac3fa6-2a59-4685-a135-522071ce92f4 req-a9c9bafa-12ea-4df8-bc45-ecf430b0b803 service neutron] Publish callbacks ['neutron.plugins.ml2.plugin.SecurityGroupDbMixin._ensure_default_security_group_handler-66554197'] for port (24f14df7-e92c-4cd5-bf54-394165f51ac4), before_update {{(pid=105386) _notify_loop /usr/local/lib/python3.8/dist-packages/neutron_lib/callbacks/manager.py:176}}
Feb 17 14:39:17.440062 dv-neutron-813052-16-hyperv neutron-server[105387]: DEBUG neutron.notifiers.nova [req-5ab9a04b-d822-4830-b009-f50defd8b6df req-e1a8c6fe-9458-45e8-8610-375ff2d9ee99 service neutron] Ignoring state change previous_port_status: DOWN current_port_status: DOWN port_id b88ce577-44bc-4935-b00c-ddbab3ed9343 {{(pid=105387) record_port_status_changed /opt/stack/neutron/neutron/notifiers/nova.py:233}}
Feb 17 14:39:17.488537 dv-neutron-813052-16-hyperv neutron-server[105387]: DEBUG neutron_lib.callbacks.manager [None req-063984d0-998b-4607-8d0f-8454eab4b0f4 tempest-PortsAdminExtendedAttrsTestJSON-232041244 tempest-PortsAdminExtendedAttrsTestJSON-232041244-project-admin] Publish callbacks ['neutron.plugins.ml2.plugin.SecurityGroupServerNotifierRpcMixin._notify_sg_on_port_change-66553744', 'neutron.plugins.ml2.ovo_rpc._ObjectChangeHandler.handle_event-941479', 'neutron.api.rpc.agentnotifiers.dhcp_rpc_agent_api.DhcpAgentNotifyAPI._native_event_send_dhcp_notification-599043', 'neutron.db.l3_db.L3RpcNotifierMixin._notify_routers_callback-8788811246430', 'neutron.db.l3_dvrscheduler_db._notify_port_delete-8788810673174', 'neutron.services.segments.plugin.NovaSegmentNotifier._notify_port_created_or_deleted-3836959'] for port (572da53c-0e04-4084-bee1-cf7e5c0212fc), after_delete {{(pid=105387) _notify_loop /usr/local/lib/python3.8/dist-packages/neutron_lib/callbacks/manager.py:176}}
Feb 17 14:39:17.547390 dv-neutron-813052-16-hyperv neutron-server[105387]: DEBUG neutron_lib.callbacks.manager [req-5ab9a04b-d822-4830-b009-f50defd8b6df req-e1a8c6fe-9458-45e8-8610-375ff2d9ee99 service neutron] Publish callbacks [] for port (b88ce577-44bc-4935-b00c-ddbab3ed9343), precommit_update {{(pid=105387) _notify_loop /usr/local/lib/python3.8/dist-packages/neutron_lib/callbacks/manager.py:176}}
Feb 17 14:39:17.560417 dv-neutron-813052-16-hyperv neutron-server[105387]: DEBUG neutron_lib.callbacks.manager [None req-063984d0-998b-4607-8d0f-8454eab4b0f4 tempest-PortsAdminExtendedAttrsTestJSON-232041244 tempest-PortsAdminExtendedAttrsTestJSON-232041244-project-admin] Publish callbacks ['neutron.notifiers.nova.Notifier._send_nova_notification-1008785'] for port (None), before_response {{(pid=105387) _notify_loop /usr/local/lib/python3.8/dist-packages/neutron_lib/callbacks/manager.py:176}}
Feb 17 14:39:17.569064 dv-neutron-813052-16-hyperv neutron-server[105387]: INFO neutron.wsgi [None req-063984d0-998b-4607-8d0f-8454eab4b0f4 tempest-PortsAdminExtendedAttrsTestJSON-232041244 tempest-PortsAdminExtendedAttrsTestJSON-232041244-project-admin] 10.222.0.65 "DELETE /v2.0/ports/572da53c-0e04-4084-bee1-cf7e5c0212fc HTTP/1.1" status: 204 len: 168 time: 2.3922865
Feb 17 14:39:17.574064 dv-neutron-813052-16-hyperv neutron-server[105386]: DEBUG neutron.wsgi [-] (105386) accepted ('10.222.0.65', 46836) {{(pid=105386) server /usr/local/lib/python3.8/dist-packages/eventlet/wsgi.py:1004}}
Feb 17 14:39:17.632127 dv-neutron-813052-16-hyperv neutron-server[105387]: DEBUG neutron.api.rpc.handlers.resources_rpc [None req-063984d0-998b-4607-8d0f-8454eab4b0f4 tempest-PortsAdminExtendedAttrsTestJSON-232041244 tempest-PortsAdminExtendedAttrsTestJSON-232041244-project-admin] Pushing event deleted for resources: {'Port': ['ID=572da53c-0e04-4084-bee1-cf7e5c0212fc,revision_number=None']} {{(pid=105387) push /opt/stack/neutron/neutron/api/rpc/handlers/resources_rpc.py:237}}
Feb 17 14:39:17.679087 dv-neutron-813052-16-hyperv neutron-server[105386]: INFO neutron.pecan_wsgi.hooks.translation [None req-49d4a255-dbc9-406a-be54-0d79d608a21a tempest-PortsAdminExtendedAttrsTestJSON-232041244 tempest-PortsAdminExtendedAttrsTestJSON-232041244-project-admin] GET failed (client error): The resource could not be found.
Feb 17 14:39:17.684100 dv-neutron-813052-16-hyperv neutron-server[105386]: INFO neutron.wsgi [None req-49d4a255-dbc9-406a-be54-0d79d608a21a tempest-PortsAdminExtendedAttrsTestJSON-232041244 tempest-PortsAdminExtendedAttrsTestJSON-232041244-project-admin] 10.222.0.65 "GET /v2.0/ports/572da53c-0e04-4084-bee1-cf7e5c0212fc HTTP/1.1" status: 404 len: 333 time: 0.0984914
Feb 17 14:39:17.711718 dv-neutron-813052-16-hyperv neutron-server[105386]: DEBUG neutron.wsgi [-] (105386) accepted ('10.222.0.65', 46838) {{(pid=105386) server /usr/local/lib/python3.8/dist-packages/eventlet/wsgi.py:1004}}
Feb 17 14:39:17.717405 dv-neutron-813052-16-hyperv neutron-server[105387]: DEBUG neutron.db.provisioning_blocks [req-5ab9a04b-d822-4830-b009-f50defd8b6df req-e1a8c6fe-9458-45e8-8610-375ff2d9ee99 service neutron] Transition to ACTIVE for port object b88ce577-44bc-4935-b00c-ddbab3ed9343 will not be triggered until provisioned by entity L2. {{(pid=105387) add_provisioning_component /opt/stack/neutron/neutron/db/provisioning_blocks.py:73}}
Feb 17 14:39:17.717953 dv-neutron-813052-16-hyperv neutron-server[105386]: DEBUG neutron.api.v2.base [None req-c722ee71-70d5-499d-88c8-bf4b80aeb5c4 tempest-PortsAdminExtendedAttrsTestJSON-232041244 tempest-PortsAdminExtendedAttrsTestJSON-232041244-project-admin] Request body: {'port': {'network_id': '835cfec9-f764-419f-947a-84bbd5e130f2', 'name': 'tempest-PortsAdminExtendedAttrsTestJSON-701550684'}} {{(pid=105386) prepare_request_body /opt/stack/neutron/neutron/api/v2/base.py:729}}
Feb 17 14:39:17.740666 dv-neutron-813052-16-hyperv neutron-server[105386]: INFO neutron.wsgi [req-28c6a018-0306-471d-a86f-f91579098989 req-eac1a300-4bd2-42f5-bb63-98dc0e8a9cf4 tempest-ServerActionsTestJSON-111328124 tempest-ServerActionsTestJSON-111328124-project] 10.222.0.65 "GET /v2.0/security-groups?id=40d346e7-e602-4cae-9fc0-56228915f4f8&fields=id&fields=name HTTP/1.1" status: 200 len: 312 time: 0.3510828
Feb 17 14:39:17.746315 dv-neutron-813052-16-hyperv neutron-server[105386]: DEBUG neutron.plugins.ml2.db [req-7fac3fa6-2a59-4685-a135-522071ce92f4 req-a9c9bafa-12ea-4df8-bc45-ecf430b0b803 service neutron] For port 24f14df7-e92c-4cd5-bf54-394165f51ac4, host hv-neutron-8130, cleared binding levels {{(pid=105386) clear_binding_levels /opt/stack/neutron/neutron/plugins/ml2/db.py:87}}
Feb 17 14:39:17.790191 dv-neutron-813052-16-hyperv neutron-server[105386]: DEBUG neutron_lib.callbacks.manager [None req-721526ae-f54a-4c30-8a48-ea550bf78efa tempest-AllowedAddressPairIpV6TestJSON-1658636759 tempest-AllowedAddressPairIpV6TestJSON-1658636759-project] Publish callbacks [] for port (b98fd1c2-7ed9-4426-990b-212b7d099bfb), precommit_create {{(pid=105386) _notify_loop /usr/local/lib/python3.8/dist-packages/neutron_lib/callbacks/manager.py:176}}
Feb 17 14:39:17.799506 dv-neutron-813052-16-hyperv neutron-server[105386]: DEBUG neutron.plugins.ml2.db [req-7fac3fa6-2a59-4685-a135-522071ce92f4 req-a9c9bafa-12ea-4df8-bc45-ecf430b0b803 service neutron] For port 24f14df7-e92c-4cd5-bf54-394165f51ac4, host hv-neutron-8130, set binding levels [PortBindingLevel(driver='hyperv',host='hv-neutron-8130',level=0,port_id=24f14df7-e92c-4cd5-bf54-394165f51ac4,segment=NetworkSegment(6d72e7dc-8c96-4e88-9cee-14eb2ba7d570),segment_id=6d72e7dc-8c96-4e88-9cee-14eb2ba7d570)] {{(pid=105386) set_binding_levels /opt/stack/neutron/neutron/plugins/ml2/db.py:59}}
Feb 17 14:39:17.813000 dv-neutron-813052-16-hyperv neutron-server[105387]: DEBUG neutron_lib.callbacks.manager [req-5ab9a04b-d822-4830-b009-f50defd8b6df req-e1a8c6fe-9458-45e8-8610-375ff2d9ee99 service neutron] Publish callbacks ['neutron.plugins.ml2.plugin.SecurityGroupServerNotifierRpcMixin._notify_sg_on_port_change-66553744', 'neutron.plugins.ml2.ovo_rpc._ObjectChangeHandler.handle_event-941479', 'neutron.api.rpc.agentnotifiers.dhcp_rpc_agent_api.DhcpAgentNotifyAPI._native_event_send_dhcp_notification-599043', 'neutron.db.l3_db.L3RpcNotifierMixin._notify_gateway_port_ip_changed-8788811246448', 'neutron.db.l3_dvrscheduler_db._notify_l3_agent_port_update-8788810673183', 'neutron.db.l3_hascheduler_db._notify_l3_agent_ha_port_update-8788810673201', 'neutron.services.segments.plugin.NovaSegmentNotifier._notify_port_updated-3836948'] for port (b88ce577-44bc-4935-b00c-ddbab3ed9343), after_update {{(pid=105387) _notify_loop /usr/local/lib/python3.8/dist-packages/neutron_lib/callbacks/manager.py:176}}
Feb 17 14:39:17.853042 dv-neutron-813052-16-hyperv neutron-server[105388]: DEBUG neutron.api.rpc.handlers.dhcp_rpc [None req-daa8fcb3-bb34-4999-86dc-420bedb5438f None None] Network db21fe12-d946-4bd7-8d50-02aec61081cf requested from dv-neutron-813052-16-hyperv {{(pid=105388) get_network_info /opt/stack/neutron/neutron/api/rpc/handlers/dhcp_rpc.py:191}}
Feb 17 14:39:17.911284 dv-neutron-813052-16-hyperv neutron-server[105386]: DEBUG neutron_lib.callbacks.manager [req-7fac3fa6-2a59-4685-a135-522071ce92f4 req-a9c9bafa-12ea-4df8-bc45-ecf430b0b803 service neutron] Publish callbacks ['neutron.plugins.ml2.plugin.SecurityGroupServerNotifierRpcMixin._notify_sg_on_port_change-66553744', 'neutron.plugins.ml2.ovo_rpc._ObjectChangeHandler.handle_event-941479', 'neutron.api.rpc.agentnotifiers.dhcp_rpc_agent_api.DhcpAgentNotifyAPI._native_event_send_dhcp_notification-599043', 'neutron.db.l3_db.L3RpcNotifierMixin._notify_gateway_port_ip_changed-8788811246448', 'neutron.db.l3_dvrscheduler_db._notify_l3_agent_port_update-8788810673183', 'neutron.db.l3_hascheduler_db._notify_l3_agent_ha_port_update-8788810673201', 'neutron.services.segments.plugin.NovaSegmentNotifier._notify_port_updated-3499697'] for port (24f14df7-e92c-4cd5-bf54-394165f51ac4), after_update {{(pid=105386) _notify_loop /usr/local/lib/python3.8/dist-packages/neutron_lib/callbacks/manager.py:176}}
Feb 17 14:39:17.920343 dv-neutron-813052-16-hyperv neutron-server[105386]: DEBUG neutron.pecan_wsgi.hooks.quota_enforcement [None req-c722ee71-70d5-499d-88c8-bf4b80aeb5c4 tempest-PortsAdminExtendedAttrsTestJSON-232041244 tempest-PortsAdminExtendedAttrsTestJSON-232041244-project-admin] Made reservation on behalf of 7103fee311af4b49b97008f520c1bebb for: {'port': 1} {{(pid=105386) before /opt/stack/neutron/neutron/pecan_wsgi/hooks/quota_enforcement.py:53}}
Feb 17 14:39:17.921052 dv-neutron-813052-16-hyperv neutron-server[105388]: DEBUG neutron.db.provisioning_blocks [None req-fa6230af-a1e7-4487-af4a-daba1871572d None None] Provisioning complete for port 52da4f6d-ecf7-4941-9dce-5fd6bedd5ac2 triggered by entity DHCP. {{(pid=105388) provisioning_complete /opt/stack/neutron/neutron/db/provisioning_blocks.py:139}}
Feb 17 14:39:17.921424 dv-neutron-813052-16-hyperv neutron-server[105388]: DEBUG neutron_lib.callbacks.manager [None req-fa6230af-a1e7-4487-af4a-daba1871572d None None] Publish callbacks ['neutron.plugins.ml2.plugin.Ml2Plugin._port_provisioned-66491778'] for port (52da4f6d-ecf7-4941-9dce-5fd6bedd5ac2), provisioning_complete {{(pid=105388) _notify_loop /usr/local/lib/python3.8/dist-packages/neutron_lib/callbacks/manager.py:176}}
Feb 17 14:39:17.923237 dv-neutron-813052-16-hyperv neutron-server[105386]: DEBUG neutron_lib.callbacks.manager [None req-c722ee71-70d5-499d-88c8-bf4b80aeb5c4 tempest-PortsAdminExtendedAttrsTestJSON-232041244 tempest-PortsAdminExtendedAttrsTestJSON-232041244-project-admin] Publish callbacks ['neutron.plugins.ml2.plugin.SecurityGroupDbMixin._ensure_default_security_group_handler-66554197'] for port (None), before_create {{(pid=105386) _notify_loop /usr/local/lib/python3.8/dist-packages/neutron_lib/callbacks/manager.py:176}}
Feb 17 14:39:17.928360 dv-neutron-813052-16-hyperv neutron-server[105386]: DEBUG neutron_lib.callbacks.manager [None req-721526ae-f54a-4c30-8a48-ea550bf78efa tempest-AllowedAddressPairIpV6TestJSON-1658636759 tempest-AllowedAddressPairIpV6TestJSON-1658636759-project] Publish callbacks ['neutron.plugins.ml2.plugin.SecurityGroupServerNotifierRpcMixin._notify_sg_on_port_change-66553744', 'neutron.plugins.ml2.ovo_rpc._ObjectChangeHandler.handle_event-941479', 'neutron.api.rpc.agentnotifiers.dhcp_rpc_agent_api.DhcpAgentNotifyAPI._native_event_send_dhcp_notification-599043', 'neutron.db.l3_dvrscheduler_db._notify_l3_agent_new_port-8788810673165', 'neutron.services.segments.plugin.NovaSegmentNotifier._notify_port_created_or_deleted-3499706'] for port (b98fd1c2-7ed9-4426-990b-212b7d099bfb), after_create {{(pid=105386) _notify_loop /usr/local/lib/python3.8/dist-packages/neutron_lib/callbacks/manager.py:176}}
Feb 17 14:39:17.967778 dv-neutron-813052-16-hyperv neutron-server[105387]: DEBUG neutron_lib.callbacks.manager [None req-68e25917-83cb-4b27-b86b-5361da2fb449 tempest-AllowedAddressPairTestJSON-715135455 tempest-AllowedAddressPairTestJSON-715135455-project] Publish callbacks [] for port (4470b629-8a28-4580-a5b6-ffd5b4f9f853), precommit_create {{(pid=105387) _notify_loop /usr/local/lib/python3.8/dist-packages/neutron_lib/callbacks/manager.py:176}}
Feb 17 14:39:18.055122 dv-neutron-813052-16-hyperv neutron-server[105386]: DEBUG neutron.scheduler.dhcp_agent_scheduler [None req-721526ae-f54a-4c30-8a48-ea550bf78efa tempest-AllowedAddressPairIpV6TestJSON-1658636759 tempest-AllowedAddressPairIpV6TestJSON-1658636759-project] Network a71c239d-c31f-4550-a7f5-40ef61740ce0 is already hosted by enough agents. {{(pid=105386) _get_dhcp_agents_hosting_network /opt/stack/neutron/neutron/scheduler/dhcp_agent_scheduler.py:275}}
Feb 17 14:39:18.065607 dv-neutron-813052-16-hyperv neutron-server[105386]: DEBUG neutron.notifiers.nova [None req-c722ee71-70d5-499d-88c8-bf4b80aeb5c4 tempest-PortsAdminExtendedAttrsTestJSON-232041244 tempest-PortsAdminExtendedAttrsTestJSON-232041244-project-admin] device_id is not set on port c1ceaff7-b6fd-43fa-969e-5670037f6bd8 yet. {{(pid=105386) _can_notify /opt/stack/neutron/neutron/notifiers/nova.py:199}}
Feb 17 14:39:18.079669 dv-neutron-813052-16-hyperv neutron-server[105387]: DEBUG neutron.db.db_base_plugin_common [None req-f6aaf008-f1cb-4f47-b456-4603533b6d16 tempest-RoutersAdminTest-986809310 tempest-RoutersAdminTest-986809310-project-admin] Allocated IP 172.26.7.190 (2bd07f28-a922-489d-acb0-f1af5f4c2a58/86c5e1bb-9980-4e55-8c37-22d5889fab53/8597f6da-a836-4156-84a7-1c0d1266cca5) {{(pid=105387) _store_ip_allocation /opt/stack/neutron/neutron/db/db_base_plugin_common.py:131}}
Feb 17 14:39:18.087049 dv-neutron-813052-16-hyperv neutron-server[105386]: DEBUG neutron.scheduler.base_scheduler [None req-721526ae-f54a-4c30-8a48-ea550bf78efa tempest-AllowedAddressPairIpV6TestJSON-1658636759 tempest-AllowedAddressPairIpV6TestJSON-1658636759-project] Resources bound (agent type, host, resource id): {{(pid=105386) schedule /opt/stack/neutron/neutron/scheduler/base_scheduler.py:57}}
Feb 17 14:39:18.097757 dv-neutron-813052-16-hyperv neutron-server[105386]: DEBUG neutron.pecan_wsgi.hooks.policy_enforcement [req-7fac3fa6-2a59-4685-a135-522071ce92f4 req-a9c9bafa-12ea-4df8-bc45-ecf430b0b803 service neutron] Attributes excluded by policy engine: ['standard_attr_id'] {{(pid=105386) _exclude_attributes_by_policy /opt/stack/neutron/neutron/pecan_wsgi/hooks/policy_enforcement.py:255}}
Feb 17 14:39:18.098532 dv-neutron-813052-16-hyperv neutron-server[105386]: DEBUG neutron_lib.callbacks.manager [req-7fac3fa6-2a59-4685-a135-522071ce92f4 req-a9c9bafa-12ea-4df8-bc45-ecf430b0b803 service neutron] Publish callbacks ['neutron.notifiers.nova.Notifier._send_nova_notification-1008785'] for port (None), before_response {{(pid=105386) _notify_loop /usr/local/lib/python3.8/dist-packages/neutron_lib/callbacks/manager.py:176}}
Feb 17 14:39:18.100315 dv-neutron-813052-16-hyperv neutron-server[105386]: INFO neutron.wsgi [req-7fac3fa6-2a59-4685-a135-522071ce92f4 req-a9c9bafa-12ea-4df8-bc45-ecf430b0b803 service neutron] 10.222.0.30 "PUT /v2.0/ports/24f14df7-e92c-4cd5-bf54-394165f51ac4 HTTP/1.1" status: 200 len: 1093 time: 3.3543017
Feb 17 14:39:18.108456 dv-neutron-813052-16-hyperv neutron-server[105386]: DEBUG neutron.notifiers.nova [-] Sending events: [{'name': 'network-changed', 'server_uuid': 'fe1b4ba9-0f09-433a-bad2-4de668577f5d', 'tag': '24f14df7-e92c-4cd5-bf54-394165f51ac4'}] {{(pid=105386) send_events /opt/stack/neutron/neutron/notifiers/nova.py:271}}
Feb 17 14:39:18.131193 dv-neutron-813052-16-hyperv neutron-server[105386]: DEBUG neutron.db.l3_dvrscheduler_db [None req-721526ae-f54a-4c30-8a48-ea550bf78efa tempest-AllowedAddressPairIpV6TestJSON-1658636759 tempest-AllowedAddressPairIpV6TestJSON-1658636759-project] Received port after_create {{(pid=105386) _notify_l3_agent_new_port /opt/stack/neutron/neutron/db/l3_dvrscheduler_db.py:536}}
Feb 17 14:39:18.154393 dv-neutron-813052-16-hyperv neutron-server[105386]: DEBUG neutron.pecan_wsgi.hooks.policy_enforcement [None req-721526ae-f54a-4c30-8a48-ea550bf78efa tempest-AllowedAddressPairIpV6TestJSON-1658636759 tempest-AllowedAddressPairIpV6TestJSON-1658636759-project] Attributes excluded by policy engine: ['standard_attr_id', 'binding:profile', 'binding:host_id', 'binding:vif_type', 'binding:vif_details', 'network'] {{(pid=105386) _exclude_attributes_by_policy /opt/stack/neutron/neutron/pecan_wsgi/hooks/policy_enforcement.py:255}}
Feb 17 14:39:18.181205 dv-neutron-813052-16-hyperv neutron-server[105386]: DEBUG neutron_lib.callbacks.manager [None req-721526ae-f54a-4c30-8a48-ea550bf78efa tempest-AllowedAddressPairIpV6TestJSON-1658636759 tempest-AllowedAddressPairIpV6TestJSON-1658636759-project] Publish callbacks ['neutron.notifiers.nova.Notifier._send_nova_notification-1008785'] for port (None), before_response {{(pid=105386) _notify_loop /usr/local/lib/python3.8/dist-packages/neutron_lib/callbacks/manager.py:176}}
Feb 17 14:39:18.507134 dv-neutron-813052-16-hyperv neutron-server[105388]: DEBUG neutron.plugins.ml2.plugin [None req-fa6230af-a1e7-4487-af4a-daba1871572d None None] Current status of the port 52da4f6d-ecf7-4941-9dce-5fd6bedd5ac2 is: DOWN; New status is: ACTIVE {{(pid=105388) _update_individual_port_db_status /opt/stack/neutron/neutron/plugins/ml2/plugin.py:2232}}
Feb 17 14:39:18.507530 dv-neutron-813052-16-hyperv neutron-server[105388]: DEBUG neutron_lib.callbacks.manager [None req-fa6230af-a1e7-4487-af4a-daba1871572d None None] Publish callbacks ['neutron.plugins.ml2.plugin.SecurityGroupDbMixin._ensure_default_security_group_handler-66554197'] for port (52da4f6d-ecf7-4941-9dce-5fd6bedd5ac2), before_update {{(pid=105388) _notify_loop /usr/local/lib/python3.8/dist-packages/neutron_lib/callbacks/manager.py:176}}
Feb 17 14:39:18.652776 dv-neutron-813052-16-hyperv neutron-server[105388]: DEBUG neutron.plugins.ml2.rpc [None req-78c6b264-b382-488d-876f-96d24adb1e2b None None] Device 52da4f6d-ecf7-4941-9dce-5fd6bedd5ac2 up at agent ovs-agent-dv-neutron-813052-16-hyperv {{(pid=105388) update_device_up /opt/stack/neutron/neutron/plugins/ml2/rpc.py:296}}
Feb 17 14:39:18.663610 dv-neutron-813052-16-hyperv neutron-server[105387]: DEBUG neutron.api.rpc.handlers.resources_rpc [None req-e1a8c6fe-9458-45e8-8610-375ff2d9ee99 service neutron] Pushing event updated for resources: {'Port': ['ID=b88ce577-44bc-4935-b00c-ddbab3ed9343,revision_number=2']} {{(pid=105387) push /opt/stack/neutron/neutron/api/rpc/handlers/resources_rpc.py:237}}
Feb 17 14:39:18.719028 dv-neutron-813052-16-hyperv neutron-server[105386]: DEBUG novaclient.v2.client [-] REQ: curl -g -i --cacert "/opt/stack/data/ca-bundle.pem" -X POST http://10.222.0.65/compute/v2.1/os-server-external-events -H "Accept: application/json" -H "Content-Type: application/json" -H "User-Agent: python-novaclient" -H "X-Auth-Token: {SHA256}cf4c688e5a456b9b7d25ea68b4b09c712d49e9b4939a492f1b7529a51858d044" -H "X-OpenStack-Nova-API-Version: 2.1" -H "X-OpenStack-Request-ID: req-a89aa212-d39c-40cb-b72d-5602c5b30398" -d '{"events": [{"name": "network-changed", "server_uuid": "fe1b4ba9-0f09-433a-bad2-4de668577f5d", "tag": "24f14df7-e92c-4cd5-bf54-394165f51ac4"}]}' {{(pid=105386) _http_log_request /usr/local/lib/python3.8/dist-packages/keystoneauth1/session.py:519}}
Feb 17 14:39:18.746561 dv-neutron-813052-16-hyperv neutron-server[105388]: DEBUG neutron.plugins.ml2.db [None req-fa6230af-a1e7-4487-af4a-daba1871572d None None] For port 52da4f6d-ecf7-4941-9dce-5fd6bedd5ac2, host dv-neutron-813052-16-hyperv, got binding levels [PortBindingLevel(driver='openvswitch',host='dv-neutron-813052-16-hyperv',level=0,port_id=52da4f6d-ecf7-4941-9dce-5fd6bedd5ac2,segment=NetworkSegment(2bd0538c-6e32-4033-b701-6052acb9913b),segment_id=2bd0538c-6e32-4033-b701-6052acb9913b)] {{(pid=105388) get_binding_level_objs /opt/stack/neutron/neutron/plugins/ml2/db.py:74}}
Feb 17 14:39:18.751581 dv-neutron-813052-16-hyperv neutron-server[105386]: DEBUG neutron.api.rpc.handlers.resources_rpc [None req-a9c9bafa-12ea-4df8-bc45-ecf430b0b803 service neutron] Pushing event updated for resources: {'Port': ['ID=24f14df7-e92c-4cd5-bf54-394165f51ac4,revision_number=3']} {{(pid=105386) push /opt/stack/neutron/neutron/api/rpc/handlers/resources_rpc.py:237}}
Feb 17 14:39:18.795891 dv-neutron-813052-16-hyperv neutron-server[105386]: INFO neutron.wsgi [None req-721526ae-f54a-4c30-8a48-ea550bf78efa tempest-AllowedAddressPairIpV6TestJSON-1658636759 tempest-AllowedAddressPairIpV6TestJSON-1658636759-project] 10.222.0.65 "POST /v2.0/ports HTTP/1.1" status: 201 len: 944 time: 2.7735457
Feb 17 14:39:18.844573 dv-neutron-813052-16-hyperv neutron-server[105387]: DEBUG neutron.wsgi [-] (105387) accepted ('10.222.0.65', 46852) {{(pid=105387) server /usr/local/lib/python3.8/dist-packages/eventlet/wsgi.py:1004}}
Feb 17 14:39:18.844841 dv-neutron-813052-16-hyperv neutron-server[105388]: DEBUG neutron.db.provisioning_blocks [None req-78c6b264-b382-488d-876f-96d24adb1e2b None None] Provisioning complete for port 52da4f6d-ecf7-4941-9dce-5fd6bedd5ac2 triggered by entity L2. {{(pid=105388) provisioning_complete /opt/stack/neutron/neutron/db/provisioning_blocks.py:139}}
Feb 17 14:39:18.845501 dv-neutron-813052-16-hyperv neutron-server[105388]: DEBUG neutron_lib.callbacks.manager [None req-78c6b264-b382-488d-876f-96d24adb1e2b None None] Publish callbacks ['neutron.plugins.ml2.plugin.Ml2Plugin._port_provisioned-66491778'] for port (52da4f6d-ecf7-4941-9dce-5fd6bedd5ac2), provisioning_complete {{(pid=105388) _notify_loop /usr/local/lib/python3.8/dist-packages/neutron_lib/callbacks/manager.py:176}}
Feb 17 14:39:18.868179 dv-neutron-813052-16-hyperv neutron-server[105387]: DEBUG neutron.api.v2.base [None req-9e95b74f-9d37-4c5d-bd44-a11a2a1ddfdb tempest-AllowedAddressPairIpV6TestJSON-1658636759 tempest-AllowedAddressPairIpV6TestJSON-1658636759-project] Request body: {'port': {'allowed_address_pairs': [{'ip_address': '2001:db8::/48', 'mac_address': 'fa:16:3e:20:91:7e'}]}} {{(pid=105387) prepare_request_body /opt/stack/neutron/neutron/api/v2/base.py:729}}
Feb 17 14:39:18.876915 dv-neutron-813052-16-hyperv neutron-server[105388]: DEBUG neutron_lib.callbacks.manager [None req-fa6230af-a1e7-4487-af4a-daba1871572d None None] Publish callbacks ['neutron.plugins.ml2.plugin.SecurityGroupServerNotifierRpcMixin._notify_sg_on_port_change-66553744', 'neutron.plugins.ml2.ovo_rpc._ObjectChangeHandler.handle_event-941479', 'neutron.api.rpc.agentnotifiers.dhcp_rpc_agent_api.DhcpAgentNotifyAPI._native_event_send_dhcp_notification-599043', 'neutron.db.l3_db.L3RpcNotifierMixin._notify_gateway_port_ip_changed-8788811246448', 'neutron.db.l3_dvrscheduler_db._notify_l3_agent_port_update-8788810673183', 'neutron.db.l3_hascheduler_db._notify_l3_agent_ha_port_update-8788810673201'] for port (52da4f6d-ecf7-4941-9dce-5fd6bedd5ac2), after_update {{(pid=105388) _notify_loop /usr/local/lib/python3.8/dist-packages/neutron_lib/callbacks/manager.py:176}}
Feb 17 14:39:18.949634 dv-neutron-813052-16-hyperv neutron-server[105388]: DEBUG neutron.api.rpc.handlers.resources_rpc [None req-fa6230af-a1e7-4487-af4a-daba1871572d None None] Pushing event updated for resources: {'Port': ['ID=52da4f6d-ecf7-4941-9dce-5fd6bedd5ac2,revision_number=3']} {{(pid=105388) push /opt/stack/neutron/neutron/api/rpc/handlers/resources_rpc.py:237}}
Feb 17 14:39:19.054509 dv-neutron-813052-16-hyperv neutron-server[105388]: DEBUG neutron.db.provisioning_blocks [None req-d02f07e8-d345-4225-9eb9-422dc1830f42 None None] Provisioning complete for port 52da4f6d-ecf7-4941-9dce-5fd6bedd5ac2 triggered by entity DHCP. {{(pid=105388) provisioning_complete /opt/stack/neutron/neutron/db/provisioning_blocks.py:139}}
Feb 17 14:39:19.055408 dv-neutron-813052-16-hyperv neutron-server[105388]: DEBUG neutron_lib.callbacks.manager [None req-d02f07e8-d345-4225-9eb9-422dc1830f42 None None] Publish callbacks ['neutron.plugins.ml2.plugin.Ml2Plugin._port_provisioned-66491778'] for port (52da4f6d-ecf7-4941-9dce-5fd6bedd5ac2), provisioning_complete {{(pid=105388) _notify_loop /usr/local/lib/python3.8/dist-packages/neutron_lib/callbacks/manager.py:176}}
Feb 17 14:39:19.136831 dv-neutron-813052-16-hyperv neutron-server[105388]: DEBUG neutron.plugins.ml2.plugin [None req-78c6b264-b382-488d-876f-96d24adb1e2b None None] Current status of the port 52da4f6d-ecf7-4941-9dce-5fd6bedd5ac2 is: ACTIVE; New status is: ACTIVE {{(pid=105388) _update_individual_port_db_status /opt/stack/neutron/neutron/plugins/ml2/plugin.py:2232}}
Feb 17 14:39:19.212153 dv-neutron-813052-16-hyperv neutron-server[105386]: DEBUG neutron.pecan_wsgi.hooks.policy_enforcement [req-cd9e107c-76e1-410b-a52d-2fc39b96031c req-565c002f-237a-4c5d-ac1b-9efdda6bb053 tempest-ServersTestJSON-1494519197 tempest-ServersTestJSON-1494519197-project] Attributes excluded by policy engine: ['standard_attr_id', 'binding:profile', 'binding:host_id', 'binding:vif_type', 'binding:vif_details'] {{(pid=105386) _exclude_attributes_by_policy /opt/stack/neutron/neutron/pecan_wsgi/hooks/policy_enforcement.py:255}}
Feb 17 14:39:19.213966 dv-neutron-813052-16-hyperv neutron-server[105386]: INFO neutron.wsgi [req-cd9e107c-76e1-410b-a52d-2fc39b96031c req-565c002f-237a-4c5d-ac1b-9efdda6bb053 tempest-ServersTestJSON-1494519197 tempest-ServersTestJSON-1494519197-project] 10.222.0.65 "GET /v2.0/ports?device_id=fe1b4ba9-0f09-433a-bad2-4de668577f5d HTTP/1.1" status: 200 len: 943 time: 0.9926999
Feb 17 14:39:19.229337 dv-neutron-813052-16-hyperv neutron-server[105386]: DEBUG neutron.pecan_wsgi.hooks.policy_enforcement [req-31c7769b-a7ab-464a-80d4-5e415de06d22 req-302c9988-302e-4edc-a626-19e2666b0da7 tempest-ServersTestManualDisk-1169466996 tempest-ServersTestManualDisk-1169466996-project] Attributes excluded by policy engine: ['standard_attr_id', 'binding:profile', 'binding:host_id', 'binding:vif_type', 'binding:vif_details'] {{(pid=105386) _exclude_attributes_by_policy /opt/stack/neutron/neutron/pecan_wsgi/hooks/policy_enforcement.py:255}}
Feb 17 14:39:19.236897 dv-neutron-813052-16-hyperv neutron-server[105386]: INFO neutron.wsgi [req-31c7769b-a7ab-464a-80d4-5e415de06d22 req-302c9988-302e-4edc-a626-19e2666b0da7 tempest-ServersTestManualDisk-1169466996 tempest-ServersTestManualDisk-1169466996-project] 10.222.0.65 "GET /v2.0/ports?device_id=fafd7b74-a252-4b38-8c33-2d7d5fd178c4 HTTP/1.1" status: 200 len: 943 time: 0.8564641
Feb 17 14:39:19.238744 dv-neutron-813052-16-hyperv neutron-server[105386]: DEBUG neutron.api.rpc.handlers.resources_rpc [None req-721526ae-f54a-4c30-8a48-ea550bf78efa tempest-AllowedAddressPairIpV6TestJSON-1658636759 tempest-AllowedAddressPairIpV6TestJSON-1658636759-project] Pushing event updated for resources: {'Port': ['ID=b98fd1c2-7ed9-4426-990b-212b7d099bfb,revision_number=1']} {{(pid=105386) push /opt/stack/neutron/neutron/api/rpc/handlers/resources_rpc.py:237}}
Feb 17 14:39:19.253236 dv-neutron-813052-16-hyperv neutron-server[105388]: DEBUG neutron.plugins.ml2.plugin [None req-d02f07e8-d345-4225-9eb9-422dc1830f42 None None] Current status of the port 52da4f6d-ecf7-4941-9dce-5fd6bedd5ac2 is: ACTIVE; New status is: ACTIVE {{(pid=105388) _update_individual_port_db_status /opt/stack/neutron/neutron/plugins/ml2/plugin.py:2232}}
Feb 17 14:39:19.261273 dv-neutron-813052-16-hyperv neutron-server[105387]: DEBUG neutron.plugins.ml2.managers [req-5ab9a04b-d822-4830-b009-f50defd8b6df req-e1a8c6fe-9458-45e8-8610-375ff2d9ee99 service neutron] Attempting to bind port b88ce577-44bc-4935-b00c-ddbab3ed9343 on host hv-neutron-8130 for vnic_type normal with profile {{(pid=105387) bind_port /opt/stack/neutron/neutron/plugins/ml2/managers.py:795}}
Feb 17 14:39:19.261603 dv-neutron-813052-16-hyperv neutron-server[105387]: DEBUG neutron.plugins.ml2.managers [req-5ab9a04b-d822-4830-b009-f50defd8b6df req-e1a8c6fe-9458-45e8-8610-375ff2d9ee99 service neutron] Attempting to bind port b88ce577-44bc-4935-b00c-ddbab3ed9343 by drivers openvswitch,hyperv on host hv-neutron-8130 at level 0 using segments [{'id': 'dea34acc-365e-4306-8483-22e14d3e8cfe', 'network_type': 'vlan', 'physical_network': 'physnet1', 'segmentation_id': 152, 'network_id': '94423a36-f8fb-4c74-b356-87e535166004'}] {{(pid=105387) _bind_port_level /opt/stack/neutron/neutron/plugins/ml2/managers.py:820}}
