Aug 10 09:30:05.838475 dv-neutron-810704-6-hyperv neutron-server[104660]: DEBUG neutron.db.provisioning_blocks [None req-2a89344e-4793-4e59-a716-1ed0e9a0c768 None None] Provisioning complete for port 33e50658-169a-491d-b51b-50a269e2e9f5 triggered by entity DHCP. {{(pid=104660) provisioning_complete /opt/stack/neutron/neutron/db/provisioning_blocks.py:145}}
Aug 10 09:30:05.839683 dv-neutron-810704-6-hyperv neutron-server[104660]: DEBUG neutron_lib.callbacks.manager [None req-2a89344e-4793-4e59-a716-1ed0e9a0c768 None None] Publish callbacks ['neutron.plugins.ml2.plugin.Ml2Plugin._port_provisioned-989789'] for port (33e50658-169a-491d-b51b-50a269e2e9f5), provisioning_complete {{(pid=104660) _notify_loop /usr/local/lib/python3.8/dist-packages/neutron_lib/callbacks/manager.py:176}}
Aug 10 09:30:05.848883 dv-neutron-810704-6-hyperv neutron-server[104658]: DEBUG neutron_lib.callbacks.manager [None req-1af8de5d-85fb-46a9-8584-e353947f4ad8 tempest-ServersTestJSON-1104361905 tempest-ServersTestJSON-1104361905-project] Publish callbacks [] for floatingip (None), before_create {{(pid=104658) _notify_loop /usr/local/lib/python3.8/dist-packages/neutron_lib/callbacks/manager.py:176}}
Aug 10 09:30:05.887417 dv-neutron-810704-6-hyperv neutron-server[104660]: DEBUG dbcounter [-] [104660] Writing DB stats neutron:SELECT=99,neutron:UPDATE=1 {{(pid=104660) stat_writer /usr/local/lib/python3.8/dist-packages/dbcounter.py:114}}
Aug 10 09:30:05.888884 dv-neutron-810704-6-hyperv neutron-server[104660]: DEBUG neutron.plugins.ml2.plugin [None req-2a89344e-4793-4e59-a716-1ed0e9a0c768 None None] Port 33e50658-169a-491d-b51b-50a269e2e9f5 cannot update to ACTIVE because it is not bound. {{(pid=104660) _port_provisioned /opt/stack/neutron/neutron/plugins/ml2/plugin.py:348}}
Aug 10 09:30:05.891873 dv-neutron-810704-6-hyperv neutron-server[104660]: DEBUG neutron.api.rpc.handlers.resources_rpc [None req-11d733a1-f6a6-4835-ba46-6fcf562925e6 None None] Pushing event updated for resources: {'Port': ['ID=7f09f698-4615-4c1a-801b-cb57edd35827,revision_number=5']} {{(pid=104660) push /opt/stack/neutron/neutron/api/rpc/handlers/resources_rpc.py:237}}
Aug 10 09:30:05.896366 dv-neutron-810704-6-hyperv neutron-server[104659]: DEBUG neutron.pecan_wsgi.hooks.policy_enforcement [None req-37af9c23-931c-4584-9552-90dabc9f35a3 tempest-ExternalNetworksTestJSON-155452951 tempest-ExternalNetworksTestJSON-155452951-project-admin] Attributes excluded by policy engine: ['standard_attr_id', 'shared'] {{(pid=104659) _exclude_attributes_by_policy /opt/stack/neutron/neutron/pecan_wsgi/hooks/policy_enforcement.py:259}}
Aug 10 09:30:05.896824 dv-neutron-810704-6-hyperv neutron-server[104659]: DEBUG neutron.pecan_wsgi.hooks.policy_enforcement [None req-37af9c23-931c-4584-9552-90dabc9f35a3 tempest-ExternalNetworksTestJSON-155452951 tempest-ExternalNetworksTestJSON-155452951-project-admin] Attributes excluded by policy engine: ['standard_attr_id', 'shared'] {{(pid=104659) _exclude_attributes_by_policy /opt/stack/neutron/neutron/pecan_wsgi/hooks/policy_enforcement.py:259}}
Aug 10 09:30:05.897326 dv-neutron-810704-6-hyperv neutron-server[104659]: DEBUG neutron.pecan_wsgi.hooks.policy_enforcement [None req-37af9c23-931c-4584-9552-90dabc9f35a3 tempest-ExternalNetworksTestJSON-155452951 tempest-ExternalNetworksTestJSON-155452951-project-admin] Attributes excluded by policy engine: ['standard_attr_id', 'shared'] {{(pid=104659) _exclude_attributes_by_policy /opt/stack/neutron/neutron/pecan_wsgi/hooks/policy_enforcement.py:259}}
Aug 10 09:30:05.897714 dv-neutron-810704-6-hyperv neutron-server[104659]: DEBUG neutron.pecan_wsgi.hooks.policy_enforcement [None req-37af9c23-931c-4584-9552-90dabc9f35a3 tempest-ExternalNetworksTestJSON-155452951 tempest-ExternalNetworksTestJSON-155452951-project-admin] Attributes excluded by policy engine: ['standard_attr_id', 'shared'] {{(pid=104659) _exclude_attributes_by_policy /opt/stack/neutron/neutron/pecan_wsgi/hooks/policy_enforcement.py:259}}
Aug 10 09:30:05.898156 dv-neutron-810704-6-hyperv neutron-server[104659]: DEBUG neutron.pecan_wsgi.hooks.policy_enforcement [None req-37af9c23-931c-4584-9552-90dabc9f35a3 tempest-ExternalNetworksTestJSON-155452951 tempest-ExternalNetworksTestJSON-155452951-project-admin] Attributes excluded by policy engine: ['standard_attr_id', 'shared'] {{(pid=104659) _exclude_attributes_by_policy /opt/stack/neutron/neutron/pecan_wsgi/hooks/policy_enforcement.py:259}}
Aug 10 09:30:05.898599 dv-neutron-810704-6-hyperv neutron-server[104659]: DEBUG neutron.pecan_wsgi.hooks.policy_enforcement [None req-37af9c23-931c-4584-9552-90dabc9f35a3 tempest-ExternalNetworksTestJSON-155452951 tempest-ExternalNetworksTestJSON-155452951-project-admin] Attributes excluded by policy engine: ['standard_attr_id', 'shared'] {{(pid=104659) _exclude_attributes_by_policy /opt/stack/neutron/neutron/pecan_wsgi/hooks/policy_enforcement.py:259}}
Aug 10 09:30:05.899033 dv-neutron-810704-6-hyperv neutron-server[104659]: DEBUG neutron.pecan_wsgi.hooks.policy_enforcement [None req-37af9c23-931c-4584-9552-90dabc9f35a3 tempest-ExternalNetworksTestJSON-155452951 tempest-ExternalNetworksTestJSON-155452951-project-admin] Attributes excluded by policy engine: ['standard_attr_id', 'shared'] {{(pid=104659) _exclude_attributes_by_policy /opt/stack/neutron/neutron/pecan_wsgi/hooks/policy_enforcement.py:259}}
Aug 10 09:30:05.899494 dv-neutron-810704-6-hyperv neutron-server[104659]: DEBUG neutron.pecan_wsgi.hooks.policy_enforcement [None req-37af9c23-931c-4584-9552-90dabc9f35a3 tempest-ExternalNetworksTestJSON-155452951 tempest-ExternalNetworksTestJSON-155452951-project-admin] Attributes excluded by policy engine: ['standard_attr_id', 'shared'] {{(pid=104659) _exclude_attributes_by_policy /opt/stack/neutron/neutron/pecan_wsgi/hooks/policy_enforcement.py:259}}
Aug 10 09:30:05.900284 dv-neutron-810704-6-hyperv neutron-server[104660]: DEBUG neutron.db.provisioning_blocks [None req-11d733a1-f6a6-4835-ba46-6fcf562925e6 None None] Provisioning complete for port faa3dc77-8a7b-44c0-8579-2c83a5f5ca20 triggered by entity L2. {{(pid=104660) provisioning_complete /opt/stack/neutron/neutron/db/provisioning_blocks.py:145}}
Aug 10 09:30:05.900507 dv-neutron-810704-6-hyperv neutron-server[104659]: DEBUG neutron.pecan_wsgi.hooks.policy_enforcement [None req-37af9c23-931c-4584-9552-90dabc9f35a3 tempest-ExternalNetworksTestJSON-155452951 tempest-ExternalNetworksTestJSON-155452951-project-admin] Attributes excluded by policy engine: ['standard_attr_id', 'shared'] {{(pid=104659) _exclude_attributes_by_policy /opt/stack/neutron/neutron/pecan_wsgi/hooks/policy_enforcement.py:259}}
Aug 10 09:30:05.901174 dv-neutron-810704-6-hyperv neutron-server[104660]: DEBUG neutron_lib.callbacks.manager [None req-11d733a1-f6a6-4835-ba46-6fcf562925e6 None None] Publish callbacks ['neutron.plugins.ml2.plugin.Ml2Plugin._port_provisioned-989789'] for port (faa3dc77-8a7b-44c0-8579-2c83a5f5ca20), provisioning_complete {{(pid=104660) _notify_loop /usr/local/lib/python3.8/dist-packages/neutron_lib/callbacks/manager.py:176}}
Aug 10 09:30:05.902397 dv-neutron-810704-6-hyperv neutron-server[104659]: INFO neutron.wsgi [None req-37af9c23-931c-4584-9552-90dabc9f35a3 tempest-ExternalNetworksTestJSON-155452951 tempest-ExternalNetworksTestJSON-155452951-project-admin] 10.222.0.16 "GET /networking/v2.0/subnets HTTP/1.1" status: 200 len: 5793 time: 0.2662923
Aug 10 09:30:05.917964 dv-neutron-810704-6-hyperv neutron-server[104659]: DEBUG neutron.wsgi [-] (104659) accepted ('10.222.0.16', 46318) {{(pid=104659) server /usr/local/lib/python3.8/dist-packages/eventlet/wsgi.py:1004}}
Aug 10 09:30:05.928801 dv-neutron-810704-6-hyperv neutron-server[104659]: DEBUG neutron_lib.callbacks.manager [None req-b4637f01-904c-4eb2-abbe-a907fdbc85d3 tempest-RoutersAdminTest-607470013 tempest-RoutersAdminTest-607470013-project-admin] Publish callbacks ['neutron.services.l3_router.l3_router_plugin.L3_HA_NAT_db_mixin._release_router_vr_id-1976262', 'neutron.services.l3_router.service_providers.driver_controller.DriverController._clear_router_provider-35624'] for router (bc1b5301-c2d1-4656-8335-a70206f265fb), precommit_delete {{(pid=104659) _notify_loop /usr/local/lib/python3.8/dist-packages/neutron_lib/callbacks/manager.py:176}}
Aug 10 09:30:05.954659 dv-neutron-810704-6-hyperv neutron-server[104659]: DEBUG neutron_lib.callbacks.manager [None req-b4637f01-904c-4eb2-abbe-a907fdbc85d3 tempest-RoutersAdminTest-607470013 tempest-RoutersAdminTest-607470013-project-admin] Publish callbacks [] for router_controller (bc1b5301-c2d1-4656-8335-a70206f265fb), precommit_delete_associations {{(pid=104659) _notify_loop /usr/local/lib/python3.8/dist-packages/neutron_lib/callbacks/manager.py:176}}
Aug 10 09:30:05.956864 dv-neutron-810704-6-hyperv neutron-server[104659]: INFO neutron.api.v2.resource [None req-0a5c72e0-b129-42ff-ad82-7ac022a77fc3 tempest-ExternalNetworksTestJSON-155452951 tempest-ExternalNetworksTestJSON-155452951-project-admin] delete failed (client error): The resource could not be found.
Aug 10 09:30:05.957899 dv-neutron-810704-6-hyperv neutron-server[104659]: INFO neutron.wsgi [None req-0a5c72e0-b129-42ff-ad82-7ac022a77fc3 tempest-ExternalNetworksTestJSON-155452951 tempest-ExternalNetworksTestJSON-155452951-project-admin] 10.222.0.16 "DELETE /networking/v2.0/floatingips/fb0cb1cc-2d32-4781-ba48-7addcee60cbb HTTP/1.1" status: 404 len: 345 time: 0.0389421
Aug 10 09:30:05.963518 dv-neutron-810704-6-hyperv neutron-server[104659]: DEBUG neutron.wsgi [-] (104659) accepted ('10.222.0.16', 46322) {{(pid=104659) server /usr/local/lib/python3.8/dist-packages/eventlet/wsgi.py:1004}}
Aug 10 09:30:05.989030 dv-neutron-810704-6-hyperv neutron-server[104660]: DEBUG neutron.plugins.ml2.plugin [None req-11d733a1-f6a6-4835-ba46-6fcf562925e6 None None] Current status of the port faa3dc77-8a7b-44c0-8579-2c83a5f5ca20 is: ACTIVE; New status is: ACTIVE {{(pid=104660) _update_individual_port_db_status /opt/stack/neutron/neutron/plugins/ml2/plugin.py:2302}}
Aug 10 09:30:05.989359 dv-neutron-810704-6-hyperv neutron-server[104660]: DEBUG neutron.plugins.ml2.rpc [None req-11d733a1-f6a6-4835-ba46-6fcf562925e6 None None] Device 748d43a7-728a-4c7e-95d9-7620a330b421 up at agent ovs-agent-dv-neutron-810704-6-hyperv {{(pid=104660) update_device_up /opt/stack/neutron/neutron/plugins/ml2/rpc.py:296}}
Aug 10 09:30:06.033362 dv-neutron-810704-6-hyperv neutron-server[104659]: INFO neutron.pecan_wsgi.hooks.translation [None req-8d079fd9-10ad-4152-aa89-31de4de7c529 tempest-ExternalNetworksTestJSON-155452951 tempest-ExternalNetworksTestJSON-155452951-project-admin] DELETE failed (client error): The resource could not be found.
Aug 10 09:30:06.033831 dv-neutron-810704-6-hyperv neutron-server[104659]: DEBUG neutron.pecan_wsgi.hooks.notifier [None req-8d079fd9-10ad-4152-aa89-31de4de7c529 tempest-ExternalNetworksTestJSON-155452951 tempest-ExternalNetworksTestJSON-155452951-project-admin] No notification will be sent due to unsuccessful status code: 404 {{(pid=104659) after /opt/stack/neutron/neutron/pecan_wsgi/hooks/notifier.py:78}}
Aug 10 09:30:06.036960 dv-neutron-810704-6-hyperv neutron-server[104659]: INFO neutron.wsgi [None req-8d079fd9-10ad-4152-aa89-31de4de7c529 tempest-ExternalNetworksTestJSON-155452951 tempest-ExternalNetworksTestJSON-155452951-project-admin] 10.222.0.16 "DELETE /networking/v2.0/networks/66d8dfae-4d07-42ec-a5a4-92d92a7fb47e HTTP/1.1" status: 404 len: 339 time: 0.0725307
Aug 10 09:30:06.041517 dv-neutron-810704-6-hyperv neutron-server[104659]: DEBUG neutron.wsgi [-] (104659) accepted ('10.222.0.16', 46326) {{(pid=104659) server /usr/local/lib/python3.8/dist-packages/eventlet/wsgi.py:1004}}
Aug 10 09:30:06.046207 dv-neutron-810704-6-hyperv neutron-server[104659]: DEBUG neutron.api.v2.base [None req-33987cd5-a490-440f-a5e1-c86fb88246c4 tempest-ExternalNetworksTestJSON-155452951 tempest-ExternalNetworksTestJSON-155452951-project-admin] Request body: {'network': {'name': 'tempest-network--1627602700', 'router:external': True}} {{(pid=104659) prepare_request_body /opt/stack/neutron/neutron/api/v2/base.py:730}}
Aug 10 09:30:06.053090 dv-neutron-810704-6-hyperv neutron-server[104659]: DEBUG neutron_lib.callbacks.manager [None req-b4637f01-904c-4eb2-abbe-a907fdbc85d3 tempest-RoutersAdminTest-607470013 tempest-RoutersAdminTest-607470013-project-admin] Publish callbacks ['neutron.services.l3_router.l3_router_plugin.L3_HA_NAT_db_mixin._cleanup_ha_network_handler-1976132'] for router (bc1b5301-c2d1-4656-8335-a70206f265fb), after_delete {{(pid=104659) _notify_loop /usr/local/lib/python3.8/dist-packages/neutron_lib/callbacks/manager.py:176}}
Aug 10 09:30:06.053647 dv-neutron-810704-6-hyperv neutron-server[104659]: DEBUG neutron.api.rpc.agentnotifiers.l3_rpc_agent_api [None req-b4637f01-904c-4eb2-abbe-a907fdbc85d3 tempest-RoutersAdminTest-607470013 tempest-RoutersAdminTest-607470013-project-admin] Fanout notify agent at l3_agent the message router_deleted on router bc1b5301-c2d1-4656-8335-a70206f265fb {{(pid=104659) _notification_fanout /opt/stack/neutron/neutron/api/rpc/agentnotifiers/l3_rpc_agent_api.py:114}}
Aug 10 09:30:06.062214 dv-neutron-810704-6-hyperv neutron-server[104659]: DEBUG neutron_lib.callbacks.manager [None req-b4637f01-904c-4eb2-abbe-a907fdbc85d3 tempest-RoutersAdminTest-607470013 tempest-RoutersAdminTest-607470013-project-admin] Publish callbacks [] for router (None), before_response {{(pid=104659) _notify_loop /usr/local/lib/python3.8/dist-packages/neutron_lib/callbacks/manager.py:176}}
Aug 10 09:30:06.066443 dv-neutron-810704-6-hyperv neutron-server[104659]: INFO neutron.wsgi [None req-b4637f01-904c-4eb2-abbe-a907fdbc85d3 tempest-RoutersAdminTest-607470013 tempest-RoutersAdminTest-607470013-project-admin] 10.222.0.16 "DELETE /networking/v2.0/routers/bc1b5301-c2d1-4656-8335-a70206f265fb HTTP/1.1" status: 204 len: 168 time: 2.7050762
Aug 10 09:30:06.069912 dv-neutron-810704-6-hyperv neutron-server[104658]: DEBUG neutron.wsgi [-] (104658) accepted ('10.222.0.16', 46328) {{(pid=104658) server /usr/local/lib/python3.8/dist-packages/eventlet/wsgi.py:1004}}
Aug 10 09:30:06.080665 dv-neutron-810704-6-hyperv neutron-server[104659]: DEBUG neutron.pecan_wsgi.hooks.quota_enforcement [None req-33987cd5-a490-440f-a5e1-c86fb88246c4 tempest-ExternalNetworksTestJSON-155452951 tempest-ExternalNetworksTestJSON-155452951-project-admin] Made reservation on behalf of 7410b54a74f94c23a0257bf50312f52f for: {'network': 1} {{(pid=104659) before /opt/stack/neutron/neutron/pecan_wsgi/hooks/quota_enforcement.py:53}}
Aug 10 09:30:06.082864 dv-neutron-810704-6-hyperv neutron-server[104660]: DEBUG neutron.db.provisioning_blocks [None req-11d733a1-f6a6-4835-ba46-6fcf562925e6 None None] Provisioning complete for port 748d43a7-728a-4c7e-95d9-7620a330b421 triggered by entity L2. {{(pid=104660) provisioning_complete /opt/stack/neutron/neutron/db/provisioning_blocks.py:145}}
Aug 10 09:30:06.082979 dv-neutron-810704-6-hyperv neutron-server[104660]: DEBUG neutron_lib.callbacks.manager [None req-11d733a1-f6a6-4835-ba46-6fcf562925e6 None None] Publish callbacks ['neutron.plugins.ml2.plugin.Ml2Plugin._port_provisioned-989789'] for port (748d43a7-728a-4c7e-95d9-7620a330b421), provisioning_complete {{(pid=104660) _notify_loop /usr/local/lib/python3.8/dist-packages/neutron_lib/callbacks/manager.py:176}}
Aug 10 09:30:06.085737 dv-neutron-810704-6-hyperv neutron-server[104659]: DEBUG neutron_lib.callbacks.manager [None req-33987cd5-a490-440f-a5e1-c86fb88246c4 tempest-ExternalNetworksTestJSON-155452951 tempest-ExternalNetworksTestJSON-155452951-project-admin] Publish callbacks ['neutron.plugins.ml2.plugin.SecurityGroupDbMixin._ensure_default_security_group_handler-571898'] for network (None), before_create {{(pid=104659) _notify_loop /usr/local/lib/python3.8/dist-packages/neutron_lib/callbacks/manager.py:176}}
Aug 10 09:30:06.112481 dv-neutron-810704-6-hyperv neutron-server[104658]: DEBUG dbcounter [-] [104658] Writing DB stats neutron:SELECT=95,neutron:DELETE=3,neutron:INSERT=2 {{(pid=104658) stat_writer /usr/local/lib/python3.8/dist-packages/dbcounter.py:114}}
Aug 10 09:30:06.118374 dv-neutron-810704-6-hyperv neutron-server[104659]: DEBUG neutron.plugins.ml2.drivers.helpers [None req-33987cd5-a490-440f-a5e1-c86fb88246c4 tempest-ExternalNetworksTestJSON-155452951 tempest-ExternalNetworksTestJSON-155452951-project-admin] vlan segment allocate from pool success with {'vlan_id': 116, 'physical_network': 'physnet1'} {{(pid=104659) allocate_partially_specified_segment /opt/stack/neutron/neutron/plugins/ml2/drivers/helpers.py:153}}
Aug 10 09:30:06.131537 dv-neutron-810704-6-hyperv neutron-server[104659]: DEBUG neutron_lib.callbacks.manager [None req-33987cd5-a490-440f-a5e1-c86fb88246c4 tempest-ExternalNetworksTestJSON-155452951 tempest-ExternalNetworksTestJSON-155452951-project-admin] Publish callbacks ['neutron.plugins.ml2.plugin.Ml2Plugin._handle_segment_change-986148'] for segment (2d90c149-cfae-4396-9d58-81481021fc7a), precommit_create {{(pid=104659) _notify_loop /usr/local/lib/python3.8/dist-packages/neutron_lib/callbacks/manager.py:176}}
Aug 10 09:30:06.132855 dv-neutron-810704-6-hyperv neutron-server[104659]: INFO neutron.db.segments_db [None req-33987cd5-a490-440f-a5e1-c86fb88246c4 tempest-ExternalNetworksTestJSON-155452951 tempest-ExternalNetworksTestJSON-155452951-project-admin] Added segment 2d90c149-cfae-4396-9d58-81481021fc7a of type vlan for network 7d070794-fa3e-4862-9c9a-08490c9b59f1
Aug 10 09:30:06.213641 dv-neutron-810704-6-hyperv neutron-server[104659]: DEBUG neutron_lib.callbacks.manager [None req-33987cd5-a490-440f-a5e1-c86fb88246c4 tempest-ExternalNetworksTestJSON-155452951 tempest-ExternalNetworksTestJSON-155452951-project-admin] Publish callbacks ['neutron.services.auto_allocate.db._ensure_external_network_default_value_callback-8737753156801'] for network (7d070794-fa3e-4862-9c9a-08490c9b59f1), precommit_create {{(pid=104659) _notify_loop /usr/local/lib/python3.8/dist-packages/neutron_lib/callbacks/manager.py:176}}
Aug 10 09:30:06.237523 dv-neutron-810704-6-hyperv neutron-server[104660]: DEBUG neutron.plugins.ml2.plugin [None req-11d733a1-f6a6-4835-ba46-6fcf562925e6 None None] Current status of the port 748d43a7-728a-4c7e-95d9-7620a330b421 is: ACTIVE; New status is: ACTIVE {{(pid=104660) _update_individual_port_db_status /opt/stack/neutron/neutron/plugins/ml2/plugin.py:2302}}
Aug 10 09:30:06.266710 dv-neutron-810704-6-hyperv neutron-server[104659]: DEBUG neutron_lib.callbacks.manager [None req-33987cd5-a490-440f-a5e1-c86fb88246c4 tempest-ExternalNetworksTestJSON-155452951 tempest-ExternalNetworksTestJSON-155452951-project-admin] Publish callbacks ['neutron.plugins.ml2.ovo_rpc._ObjectChangeHandler.handle_event-1964563', 'neutron.api.rpc.agentnotifiers.dhcp_rpc_agent_api.DhcpAgentNotifyAPI._native_event_send_dhcp_notification-1579893'] for network (7d070794-fa3e-4862-9c9a-08490c9b59f1), after_create {{(pid=104659) _notify_loop /usr/local/lib/python3.8/dist-packages/neutron_lib/callbacks/manager.py:176}}
Aug 10 09:30:06.267817 dv-neutron-810704-6-hyperv neutron-server[104659]: DEBUG neutron.pecan_wsgi.hooks.policy_enforcement [None req-33987cd5-a490-440f-a5e1-c86fb88246c4 tempest-ExternalNetworksTestJSON-155452951 tempest-ExternalNetworksTestJSON-155452951-project-admin] Attributes excluded by policy engine: ['standard_attr_id', 'vlan_transparent'] {{(pid=104659) _exclude_attributes_by_policy /opt/stack/neutron/neutron/pecan_wsgi/hooks/policy_enforcement.py:259}}
Aug 10 09:30:06.268698 dv-neutron-810704-6-hyperv neutron-server[104659]: DEBUG neutron_lib.callbacks.manager [None req-33987cd5-a490-440f-a5e1-c86fb88246c4 tempest-ExternalNetworksTestJSON-155452951 tempest-ExternalNetworksTestJSON-155452951-project-admin] Publish callbacks ['neutron.api.rpc.agentnotifiers.dhcp_rpc_agent_api.DhcpAgentNotifyAPI._send_dhcp_notification-1579875'] for network (None), before_response {{(pid=104659) _notify_loop /usr/local/lib/python3.8/dist-packages/neutron_lib/callbacks/manager.py:176}}
Aug 10 09:30:06.340473 dv-neutron-810704-6-hyperv neutron-server[104660]: DEBUG neutron_lib.callbacks.manager [None req-86065b39-89d9-4e2c-b5e8-00018d24f530 None None] Publish callbacks ['neutron.services.segments.db._update_segment_host_mapping_for_agent-8737753474780', 'neutron.plugins.ml2.plugin.Ml2Plugin._retry_binding_revived_agents-990195'] for agent (330382be-d5c1-40c6-8dab-06a7932d6e3f), after_update {{(pid=104660) _notify_loop /usr/local/lib/python3.8/dist-packages/neutron_lib/callbacks/manager.py:176}}
Aug 10 09:30:06.355276 dv-neutron-810704-6-hyperv neutron-server[104658]: DEBUG neutron.db.db_base_plugin_common [None req-e969bc7c-bec2-415f-bd56-2bd3bf467514 admin admin] Allocated IP 172.20.0.1 (a236d186-2247-4847-9760-a1da039f529f/3a30adf4-b0de-410b-a42d-943fd2abb48b/20325195-ad5c-485a-8ac0-93f25ba32653) {{(pid=104658) _store_ip_allocation /opt/stack/neutron/neutron/db/db_base_plugin_common.py:131}}
Aug 10 09:30:06.395241 dv-neutron-810704-6-hyperv neutron-server[104658]: INFO neutron.wsgi [None req-29d3ec5a-f329-4a2f-a32b-d57989169d4d tempest-DHCPAgentSchedulersTestJSON-1848792513 tempest-DHCPAgentSchedulersTestJSON-1848792513-project-admin] 10.222.0.16 "GET /networking/v2.0/agents/42e6f113-748c-4a7c-8d87-111e2ce9bd29/dhcp-networks HTTP/1.1" status: 200 len: 7283 time: 0.9541013
Aug 10 09:30:06.401360 dv-neutron-810704-6-hyperv neutron-server[104659]: DEBUG neutron.wsgi [-] (104659) accepted ('10.222.0.16', 46336) {{(pid=104659) server /usr/local/lib/python3.8/dist-packages/eventlet/wsgi.py:1004}}
Aug 10 09:30:06.419481 dv-neutron-810704-6-hyperv neutron-server[104659]: INFO neutron.wsgi [None req-33987cd5-a490-440f-a5e1-c86fb88246c4 tempest-ExternalNetworksTestJSON-155452951 tempest-ExternalNetworksTestJSON-155452951-project-admin] 10.222.0.16 "POST /networking/v2.0/networks HTTP/1.1" status: 201 len: 863 time: 0.3711562
Aug 10 09:30:06.419481 dv-neutron-810704-6-hyperv neutron-server[104659]: DEBUG neutron.wsgi [-] (104659) accepted ('10.222.0.16', 46338) {{(pid=104659) server /usr/local/lib/python3.8/dist-packages/eventlet/wsgi.py:1004}}
Aug 10 09:30:06.432066 dv-neutron-810704-6-hyperv neutron-server[104658]: DEBUG neutron.scheduler.l3_agent_scheduler [None req-8a1e1be9-be86-439d-84b4-9509030403ba admin admin] Router 87659f43-e0d7-4e63-8d4c-33d5cc254396 has already been hosted by L3 agent 330382be-d5c1-40c6-8dab-06a7932d6e3f {{(pid=104658) _get_candidates /opt/stack/neutron/neutron/scheduler/l3_agent_scheduler.py:126}}
Aug 10 09:30:06.434717 dv-neutron-810704-6-hyperv neutron-server[104659]: DEBUG neutron.api.rpc.handlers.resources_rpc [None req-33987cd5-a490-440f-a5e1-c86fb88246c4 tempest-ExternalNetworksTestJSON-155452951 tempest-ExternalNetworksTestJSON-155452951-project-admin] Pushing event updated for resources: {'Network': ['ID=7d070794-fa3e-4862-9c9a-08490c9b59f1,revision_number=1']} {{(pid=104659) push /opt/stack/neutron/neutron/api/rpc/handlers/resources_rpc.py:237}}
Aug 10 09:30:06.440320 dv-neutron-810704-6-hyperv neutron-server[104658]: DEBUG neutron.db.db_base_plugin_v2 [None req-9fb90362-1ff4-4f81-9d8c-0c08d5e7b29e tempest-RoutersAdminTest-607470013 tempest-RoutersAdminTest-607470013-project-admin] Deleting subnet 8a360e37-1e03-4e61-ac05-52e65a03c772 {{(pid=104658) delete_subnet /opt/stack/neutron/neutron/db/db_base_plugin_v2.py:1067}}
Aug 10 09:30:06.449901 dv-neutron-810704-6-hyperv neutron-server[104658]: DEBUG neutron_lib.callbacks.manager [None req-9fb90362-1ff4-4f81-9d8c-0c08d5e7b29e tempest-RoutersAdminTest-607470013 tempest-RoutersAdminTest-607470013-project-admin] Publish callbacks [] for subnet (8a360e37-1e03-4e61-ac05-52e65a03c772), before_delete {{(pid=104658) _notify_loop /usr/local/lib/python3.8/dist-packages/neutron_lib/callbacks/manager.py:176}}
Aug 10 09:30:06.456767 dv-neutron-810704-6-hyperv neutron-server[104660]: DEBUG neutron.plugins.ml2.rpc [None req-11d733a1-f6a6-4835-ba46-6fcf562925e6 None None] Network 7d070794-fa3e-4862-9c9a-08490c9b59f1 details requested by agent ovs-agent-dv-neutron-810704-6-hyperv with host dv-neutron-810704-6-hyperv {{(pid=104660) get_network_details /opt/stack/neutron/neutron/plugins/ml2/rpc.py:248}}
Aug 10 09:30:06.519267 dv-neutron-810704-6-hyperv neutron-server[104658]: DEBUG neutron_lib.callbacks.manager [None req-1af8de5d-85fb-46a9-8584-e353947f4ad8 tempest-ServersTestJSON-1104361905 tempest-ServersTestJSON-1104361905-project] Publish callbacks ['neutron.plugins.ml2.plugin.SecurityGroupDbMixin._ensure_default_security_group_handler-571898'] for port (None), before_create {{(pid=104658) _notify_loop /usr/local/lib/python3.8/dist-packages/neutron_lib/callbacks/manager.py:176}}
Aug 10 09:30:06.675852 dv-neutron-810704-6-hyperv neutron-server[104658]: DEBUG neutron_lib.callbacks.manager [None req-9fb90362-1ff4-4f81-9d8c-0c08d5e7b29e tempest-RoutersAdminTest-607470013 tempest-RoutersAdminTest-607470013-project-admin] Publish callbacks ['neutron.services.segments.plugin.Plugin._validate_auto_address_subnet_delete-3917124'] for subnet (8a360e37-1e03-4e61-ac05-52e65a03c772), precommit_delete_associations {{(pid=104658) _notify_loop /usr/local/lib/python3.8/dist-packages/neutron_lib/callbacks/manager.py:176}}
Aug 10 09:30:06.732549 dv-neutron-810704-6-hyperv neutron-server[104659]: DEBUG neutron.scheduler.dhcp_agent_scheduler [None req-8f520769-b09d-4b1d-939c-55aab58b0278 tempest-DHCPAgentSchedulersTestJSON-1848792513 tempest-DHCPAgentSchedulersTestJSON-1848792513-project-admin] Network 9b38cd66-1a56-4070-8e6c-68f421031760 is scheduled to be hosted by DHCP agent 42e6f113-748c-4a7c-8d87-111e2ce9bd29 with binding_index 1 {{(pid=104659) bind /opt/stack/neutron/neutron/scheduler/dhcp_agent_scheduler.py:227}}
Aug 10 09:30:06.777362 dv-neutron-810704-6-hyperv neutron-server[104659]: INFO neutron.wsgi [None req-8f520769-b09d-4b1d-939c-55aab58b0278 tempest-DHCPAgentSchedulersTestJSON-1848792513 tempest-DHCPAgentSchedulersTestJSON-1848792513-project-admin] 10.222.0.16 "POST /networking/v2.0/agents/42e6f113-748c-4a7c-8d87-111e2ce9bd29/dhcp-networks HTTP/1.1" status: 201 len: 201 time: 0.3746092
Aug 10 09:30:06.782015 dv-neutron-810704-6-hyperv neutron-server[104660]: DEBUG neutron.api.rpc.handlers.dhcp_rpc [None req-1ec6b2a3-04d0-40e4-9ad4-3e9cb72e3580 None None] Network 9b38cd66-1a56-4070-8e6c-68f421031760 requested from dv-neutron-810704-6-hyperv {{(pid=104660) get_network_info /opt/stack/neutron/neutron/api/rpc/handlers/dhcp_rpc.py:191}}
Aug 10 09:30:06.783686 dv-neutron-810704-6-hyperv neutron-server[104659]: DEBUG neutron.wsgi [-] (104659) accepted ('10.222.0.16', 46344) {{(pid=104659) server /usr/local/lib/python3.8/dist-packages/eventlet/wsgi.py:1004}}
Aug 10 09:30:06.815515 dv-neutron-810704-6-hyperv neutron-server[104659]: DEBUG neutron.pecan_wsgi.hooks.policy_enforcement [None req-27a3ced3-d3ab-4747-892d-3d556f71160d tempest-ExternalNetworksTestJSON-3053006 tempest-ExternalNetworksTestJSON-3053006-project] Attributes excluded by policy engine: ['standard_attr_id', 'vlan_transparent', 'provider:network_type', 'provider:physical_network', 'provider:segmentation_id'] {{(pid=104659) _exclude_attributes_by_policy /opt/stack/neutron/neutron/pecan_wsgi/hooks/policy_enforcement.py:259}}
Aug 10 09:30:06.821035 dv-neutron-810704-6-hyperv neutron-server[104659]: DEBUG neutron.pecan_wsgi.hooks.policy_enforcement [None req-27a3ced3-d3ab-4747-892d-3d556f71160d tempest-ExternalNetworksTestJSON-3053006 tempest-ExternalNetworksTestJSON-3053006-project] Attributes excluded by policy engine: ['standard_attr_id', 'vlan_transparent', 'provider:network_type', 'provider:physical_network', 'provider:segmentation_id'] {{(pid=104659) _exclude_attributes_by_policy /opt/stack/neutron/neutron/pecan_wsgi/hooks/policy_enforcement.py:259}}
Aug 10 09:30:06.831561 dv-neutron-810704-6-hyperv neutron-server[104659]: DEBUG neutron.pecan_wsgi.hooks.policy_enforcement [None req-27a3ced3-d3ab-4747-892d-3d556f71160d tempest-ExternalNetworksTestJSON-3053006 tempest-ExternalNetworksTestJSON-3053006-project] Attributes excluded by policy engine: ['standard_attr_id', 'vlan_transparent', 'provider:network_type', 'provider:physical_network', 'provider:segmentation_id'] {{(pid=104659) _exclude_attributes_by_policy /opt/stack/neutron/neutron/pecan_wsgi/hooks/policy_enforcement.py:259}}
Aug 10 09:30:06.837324 dv-neutron-810704-6-hyperv neutron-server[104659]: DEBUG neutron.pecan_wsgi.hooks.policy_enforcement [None req-27a3ced3-d3ab-4747-892d-3d556f71160d tempest-ExternalNetworksTestJSON-3053006 tempest-ExternalNetworksTestJSON-3053006-project] Attributes excluded by policy engine: ['standard_attr_id', 'vlan_transparent', 'provider:network_type', 'provider:physical_network', 'provider:segmentation_id'] {{(pid=104659) _exclude_attributes_by_policy /opt/stack/neutron/neutron/pecan_wsgi/hooks/policy_enforcement.py:259}}
Aug 10 09:30:06.845631 dv-neutron-810704-6-hyperv neutron-server[104659]: DEBUG neutron.pecan_wsgi.hooks.policy_enforcement [None req-27a3ced3-d3ab-4747-892d-3d556f71160d tempest-ExternalNetworksTestJSON-3053006 tempest-ExternalNetworksTestJSON-3053006-project] Attributes excluded by policy engine: ['standard_attr_id', 'vlan_transparent', 'provider:network_type', 'provider:physical_network', 'provider:segmentation_id'] {{(pid=104659) _exclude_attributes_by_policy /opt/stack/neutron/neutron/pecan_wsgi/hooks/policy_enforcement.py:259}}
Aug 10 09:30:06.857649 dv-neutron-810704-6-hyperv neutron-server[104659]: INFO neutron.wsgi [None req-27a3ced3-d3ab-4747-892d-3d556f71160d tempest-ExternalNetworksTestJSON-3053006 tempest-ExternalNetworksTestJSON-3053006-project] 10.222.0.16 "GET /networking/v2.0/networks HTTP/1.1" status: 200 len: 3056 time: 0.4275577
Aug 10 09:30:06.859080 dv-neutron-810704-6-hyperv neutron-server[104659]: DEBUG neutron.wsgi [-] (104659) accepted ('10.222.0.16', 46348) {{(pid=104659) server /usr/local/lib/python3.8/dist-packages/eventlet/wsgi.py:1004}}
Aug 10 09:30:07.006740 dv-neutron-810704-6-hyperv neutron-server[104658]: DEBUG dbcounter [-] [104658] Writing DB stats neutron:SELECT=94,neutron:UPDATE=3,neutron:INSERT=3 {{(pid=104658) stat_writer /usr/local/lib/python3.8/dist-packages/dbcounter.py:114}}
Aug 10 09:30:07.111274 dv-neutron-810704-6-hyperv neutron-server[104660]: DEBUG neutron.plugins.ml2.rpc [None req-11d733a1-f6a6-4835-ba46-6fcf562925e6 None None] Device 7f09f698-4615-4c1a-801b-cb57edd35827 up at agent ovs-agent-dv-neutron-810704-6-hyperv {{(pid=104660) update_device_up /opt/stack/neutron/neutron/plugins/ml2/rpc.py:296}}
Aug 10 09:30:07.234413 dv-neutron-810704-6-hyperv neutron-server[104660]: DEBUG neutron.db.provisioning_blocks [None req-11d733a1-f6a6-4835-ba46-6fcf562925e6 None None] Provisioning complete for port 7f09f698-4615-4c1a-801b-cb57edd35827 triggered by entity L2. {{(pid=104660) provisioning_complete /opt/stack/neutron/neutron/db/provisioning_blocks.py:145}}
Aug 10 09:30:07.235357 dv-neutron-810704-6-hyperv neutron-server[104660]: DEBUG neutron_lib.callbacks.manager [None req-11d733a1-f6a6-4835-ba46-6fcf562925e6 None None] Publish callbacks ['neutron.plugins.ml2.plugin.Ml2Plugin._port_provisioned-989789'] for port (7f09f698-4615-4c1a-801b-cb57edd35827), provisioning_complete {{(pid=104660) _notify_loop /usr/local/lib/python3.8/dist-packages/neutron_lib/callbacks/manager.py:176}}
Aug 10 09:30:07.309808 dv-neutron-810704-6-hyperv neutron-server[104658]: DEBUG neutron_lib.callbacks.manager [None req-9fb90362-1ff4-4f81-9d8c-0c08d5e7b29e tempest-RoutersAdminTest-607470013 tempest-RoutersAdminTest-607470013-project-admin] Publish callbacks ['neutron.plugins.ml2.plugin.Ml2Plugin._subnet_delete_precommit_handler-989231'] for subnet (8a360e37-1e03-4e61-ac05-52e65a03c772), precommit_delete {{(pid=104658) _notify_loop /usr/local/lib/python3.8/dist-packages/neutron_lib/callbacks/manager.py:176}}
Aug 10 09:30:07.325833 dv-neutron-810704-6-hyperv neutron-server[104659]: DEBUG neutron_lib.callbacks.manager [None req-1c0cd7ce-0290-44e2-9837-2e316a91aabf tempest-ExternalNetworksTestJSON-155452951 tempest-ExternalNetworksTestJSON-155452951-project-admin] Publish callbacks ['neutron.plugins.ml2.plugin.External_net_db_mixin._before_network_delete_handler-1037891'] for network (7d070794-fa3e-4862-9c9a-08490c9b59f1), before_delete {{(pid=104659) _notify_loop /usr/local/lib/python3.8/dist-packages/neutron_lib/callbacks/manager.py:176}}
Aug 10 09:30:07.357732 dv-neutron-810704-6-hyperv neutron-server[104660]: DEBUG neutron.plugins.ml2.plugin [None req-11d733a1-f6a6-4835-ba46-6fcf562925e6 None None] Current status of the port 7f09f698-4615-4c1a-801b-cb57edd35827 is: ACTIVE; New status is: ACTIVE {{(pid=104660) _update_individual_port_db_status /opt/stack/neutron/neutron/plugins/ml2/plugin.py:2302}}
Aug 10 09:30:07.360095 dv-neutron-810704-6-hyperv neutron-server[104660]: DEBUG neutron.plugins.ml2.rpc [None req-11d733a1-f6a6-4835-ba46-6fcf562925e6 None None] Device cee73c61-e876-4b65-bc81-305f07eb5b39 up at agent ovs-agent-dv-neutron-810704-6-hyperv {{(pid=104660) update_device_up /opt/stack/neutron/neutron/plugins/ml2/rpc.py:296}}
Aug 10 09:30:07.380310 dv-neutron-810704-6-hyperv neutron-server[104659]: DEBUG dbcounter [-] [104659] Writing DB stats neutron:SELECT=89,neutron:DELETE=6,neutron:INSERT=3,neutron:UPDATE=2 {{(pid=104659) stat_writer /usr/local/lib/python3.8/dist-packages/dbcounter.py:114}}
Aug 10 09:30:07.426533 dv-neutron-810704-6-hyperv neutron-server[104658]: DEBUG neutron_lib.callbacks.manager [None req-9fb90362-1ff4-4f81-9d8c-0c08d5e7b29e tempest-RoutersAdminTest-607470013 tempest-RoutersAdminTest-607470013-project-admin] Publish callbacks ['neutron.plugins.ml2.plugin.Ml2Plugin._subnet_delete_after_delete_handler-989220', 'neutron.plugins.ml2.ovo_rpc._ObjectChangeHandler.handle_event-1859297', 'neutron.api.rpc.agentnotifiers.dhcp_rpc_agent_api.DhcpAgentNotifyAPI._native_event_send_dhcp_notification-1579893', 'neutron.services.segments.plugin.NovaSegmentNotifier._notify_subnet_deleted-3149915', 'neutron.services.segments.plugin.SegmentHostRoutes.host_routes_after_delete-9205728'] for subnet (8a360e37-1e03-4e61-ac05-52e65a03c772), after_delete {{(pid=104658) _notify_loop /usr/local/lib/python3.8/dist-packages/neutron_lib/callbacks/manager.py:176}}
Aug 10 09:30:07.445497 dv-neutron-810704-6-hyperv neutron-server[104659]: INFO neutron.wsgi [None req-e46f2e16-2a49-4eb0-a786-fd74fb08ac82 tempest-DHCPAgentSchedulersTestJSON-1848792513 tempest-DHCPAgentSchedulersTestJSON-1848792513-project-admin] 10.222.0.16 "GET /networking/v2.0/agents/42e6f113-748c-4a7c-8d87-111e2ce9bd29/dhcp-networks HTTP/1.1" status: 200 len: 8053 time: 0.6607256
Aug 10 09:30:07.449257 dv-neutron-810704-6-hyperv neutron-server[104658]: DEBUG neutron_lib.callbacks.manager [None req-b798a6a1-605a-4b4d-aa7b-2f90e005d33c tempest-FloatingIPAdminTestJSON-279819423 tempest-FloatingIPAdminTestJSON-279819423-project] Publish callbacks ['neutron.plugins.ml2.plugin.SecurityGroupDbMixin._ensure_default_security_group_handler-571898'] for port (None), before_create {{(pid=104658) _notify_loop /usr/local/lib/python3.8/dist-packages/neutron_lib/callbacks/manager.py:176}}
Aug 10 09:30:07.449541 dv-neutron-810704-6-hyperv neutron-server[104659]: DEBUG neutron.wsgi [-] (104659) accepted ('10.222.0.16', 46358) {{(pid=104659) server /usr/local/lib/python3.8/dist-packages/eventlet/wsgi.py:1004}}
Aug 10 09:30:07.471084 dv-neutron-810704-6-hyperv neutron-server[104658]: DEBUG neutron_lib.callbacks.manager [None req-9fb90362-1ff4-4f81-9d8c-0c08d5e7b29e tempest-RoutersAdminTest-607470013 tempest-RoutersAdminTest-607470013-project-admin] Publish callbacks ['neutron.api.rpc.agentnotifiers.dhcp_rpc_agent_api.DhcpAgentNotifyAPI._send_dhcp_notification-1579875'] for subnet (None), before_response {{(pid=104658) _notify_loop /usr/local/lib/python3.8/dist-packages/neutron_lib/callbacks/manager.py:176}}
Aug 10 09:30:07.477418 dv-neutron-810704-6-hyperv neutron-server[104658]: INFO neutron.wsgi [None req-9fb90362-1ff4-4f81-9d8c-0c08d5e7b29e tempest-RoutersAdminTest-607470013 tempest-RoutersAdminTest-607470013-project-admin] 10.222.0.16 "DELETE /networking/v2.0/subnets/8a360e37-1e03-4e61-ac05-52e65a03c772 HTTP/1.1" status: 204 len: 168 time: 1.3896339
Aug 10 09:30:07.489325 dv-neutron-810704-6-hyperv neutron-server[104659]: DEBUG neutron.wsgi [-] (104659) accepted ('10.222.0.16', 46360) {{(pid=104659) server /usr/local/lib/python3.8/dist-packages/eventlet/wsgi.py:1004}}
Aug 10 09:30:07.504998 dv-neutron-810704-6-hyperv neutron-server[104660]: DEBUG neutron_lib.callbacks.manager [None req-9a59d679-7d18-47aa-8b78-3dc797369e12 None None] Publish callbacks ['neutron.services.segments.db._update_segment_host_mapping_for_agent-8737753474780', 'neutron.plugins.ml2.plugin.Ml2Plugin._retry_binding_revived_agents-990195'] for agent (83b3cdc9-778f-4052-83b5-95847fd885fa), after_update {{(pid=104660) _notify_loop /usr/local/lib/python3.8/dist-packages/neutron_lib/callbacks/manager.py:176}}
Aug 10 09:30:07.522577 dv-neutron-810704-6-hyperv neutron-server[104660]: DEBUG neutron.db.provisioning_blocks [None req-11d733a1-f6a6-4835-ba46-6fcf562925e6 None None] Provisioning complete for port cee73c61-e876-4b65-bc81-305f07eb5b39 triggered by entity L2. {{(pid=104660) provisioning_complete /opt/stack/neutron/neutron/db/provisioning_blocks.py:145}}
Aug 10 09:30:07.522779 dv-neutron-810704-6-hyperv neutron-server[104660]: DEBUG neutron_lib.callbacks.manager [None req-11d733a1-f6a6-4835-ba46-6fcf562925e6 None None] Publish callbacks ['neutron.plugins.ml2.plugin.Ml2Plugin._port_provisioned-989789'] for port (cee73c61-e876-4b65-bc81-305f07eb5b39), provisioning_complete {{(pid=104660) _notify_loop /usr/local/lib/python3.8/dist-packages/neutron_lib/callbacks/manager.py:176}}
Aug 10 09:30:07.558321 dv-neutron-810704-6-hyperv neutron-server[104658]: DEBUG dbcounter [-] [104658] Writing DB stats neutron:SELECT=89,neutron:INSERT=2,neutron:UPDATE=4,neutron:DELETE=5 {{(pid=104658) stat_writer /usr/local/lib/python3.8/dist-packages/dbcounter.py:114}}
Aug 10 09:30:07.597048 dv-neutron-810704-6-hyperv neutron-server[104658]: DEBUG neutron_lib.callbacks.manager [None req-e969bc7c-bec2-415f-bd56-2bd3bf467514 admin admin] Publish callbacks [] for port (20325195-ad5c-485a-8ac0-93f25ba32653), precommit_create {{(pid=104658) _notify_loop /usr/local/lib/python3.8/dist-packages/neutron_lib/callbacks/manager.py:176}}
Aug 10 09:30:07.631722 dv-neutron-810704-6-hyperv neutron-server[104659]: DEBUG neutron_lib.callbacks.manager [None req-439fc3cb-fb90-432f-a916-8e90213166c9 tempest-RoutersAdminTest-607470013 tempest-RoutersAdminTest-607470013-project-admin] Publish callbacks ['neutron.plugins.ml2.plugin.External_net_db_mixin._before_network_delete_handler-1037891'] for network (e8c814c3-7fcf-45a6-9b72-a06ba82bd202), before_delete {{(pid=104659) _notify_loop /usr/local/lib/python3.8/dist-packages/neutron_lib/callbacks/manager.py:176}}
Aug 10 09:30:07.638046 dv-neutron-810704-6-hyperv neutron-server[104658]: DEBUG neutron.api.rpc.handlers.resources_rpc [None req-9fb90362-1ff4-4f81-9d8c-0c08d5e7b29e tempest-RoutersAdminTest-607470013 tempest-RoutersAdminTest-607470013-project-admin] Pushing event deleted for resources: {'Subnet': ['ID=8a360e37-1e03-4e61-ac05-52e65a03c772,revision_number=None']} {{(pid=104658) push /opt/stack/neutron/neutron/api/rpc/handlers/resources_rpc.py:237}}
Aug 10 09:30:07.657919 dv-neutron-810704-6-hyperv neutron-server[104658]: DEBUG neutron.api.rpc.agentnotifiers.l3_rpc_agent_api [None req-8a1e1be9-be86-439d-84b4-9509030403ba admin admin] Notify agent at l3_agent.dv-neutron-810704-6-hyperv the message routers_updated {{(pid=104658) _agent_notification /opt/stack/neutron/neutron/api/rpc/agentnotifiers/l3_rpc_agent_api.py:65}}
Aug 10 09:30:07.676340 dv-neutron-810704-6-hyperv neutron-server[104661]: DEBUG neutron.api.rpc.handlers.l3_rpc [None req-6a3531a2-f6ee-476e-97e0-b7aa769ca8e2 None None] Sync routers for ids ['87659f43-e0d7-4e63-8d4c-33d5cc254396'] in dv-neutron-810704-6-hyperv {{(pid=104661) sync_routers /opt/stack/neutron/neutron/api/rpc/handlers/l3_rpc.py:125}}
Aug 10 09:30:07.678319 dv-neutron-810704-6-hyperv neutron-server[104659]: DEBUG dbcounter [-] [104659] Writing DB stats neutron:SELECT=89,neutron:UPDATE=3,neutron:DELETE=1,neutron:INSERT=7 {{(pid=104659) stat_writer /usr/local/lib/python3.8/dist-packages/dbcounter.py:114}}
Aug 10 09:30:07.696967 dv-neutron-810704-6-hyperv neutron-server[104660]: DEBUG neutron.plugins.ml2.plugin [None req-11d733a1-f6a6-4835-ba46-6fcf562925e6 None None] Current status of the port cee73c61-e876-4b65-bc81-305f07eb5b39 is: DOWN; New status is: ACTIVE {{(pid=104660) _update_individual_port_db_status /opt/stack/neutron/neutron/plugins/ml2/plugin.py:2302}}
Aug 10 09:30:07.697701 dv-neutron-810704-6-hyperv neutron-server[104660]: DEBUG neutron_lib.callbacks.manager [None req-11d733a1-f6a6-4835-ba46-6fcf562925e6 None None] Publish callbacks ['neutron.plugins.ml2.plugin.SecurityGroupDbMixin._ensure_default_security_group_handler-571898'] for port (cee73c61-e876-4b65-bc81-305f07eb5b39), before_update {{(pid=104660) _notify_loop /usr/local/lib/python3.8/dist-packages/neutron_lib/callbacks/manager.py:176}}
Aug 10 09:30:07.713190 dv-neutron-810704-6-hyperv neutron-server[104660]: DEBUG dbcounter [-] [104660] Writing DB stats neutron:SELECT=97,neutron:UPDATE=3 {{(pid=104660) stat_writer /usr/local/lib/python3.8/dist-packages/dbcounter.py:114}}
Aug 10 09:30:07.732353 dv-neutron-810704-6-hyperv neutron-server[104660]: DEBUG neutron.plugins.ml2.db [None req-11d733a1-f6a6-4835-ba46-6fcf562925e6 None None] For port cee73c61-e876-4b65-bc81-305f07eb5b39, host dv-neutron-810704-6-hyperv, got binding levels [PortBindingLevel(driver='openvswitch',host='dv-neutron-810704-6-hyperv',level=0,port_id=cee73c61-e876-4b65-bc81-305f07eb5b39,segment=NetworkSegment(1acf6721-b50e-411a-a777-b9bde7ba2d90),segment_id=1acf6721-b50e-411a-a777-b9bde7ba2d90)] {{(pid=104660) get_binding_level_objs /opt/stack/neutron/neutron/plugins/ml2/db.py:74}}
Aug 10 09:30:07.736773 dv-neutron-810704-6-hyperv neutron-server[104660]: DEBUG neutron_lib.callbacks.manager [None req-11d733a1-f6a6-4835-ba46-6fcf562925e6 None None] Publish callbacks ['neutron.plugins.ml2.plugin.SecurityGroupServerNotifierRpcMixin._notify_sg_on_port_change-571835', 'neutron.plugins.ml2.ovo_rpc._ObjectChangeHandler.handle_event-47677', 'neutron.api.rpc.agentnotifiers.dhcp_rpc_agent_api.DhcpAgentNotifyAPI._native_event_send_dhcp_notification-1579893', 'neutron.db.l3_db.L3RpcNotifierMixin._notify_gateway_port_ip_changed-8737753517541', 'neutron.db.l3_dvrscheduler_db._notify_l3_agent_port_update-8737753162909', 'neutron.db.l3_hascheduler_db._notify_l3_agent_ha_port_update-8737753162927'] for port (cee73c61-e876-4b65-bc81-305f07eb5b39), after_update {{(pid=104660) _notify_loop /usr/local/lib/python3.8/dist-packages/neutron_lib/callbacks/manager.py:176}}
Aug 10 09:30:07.737999 dv-neutron-810704-6-hyperv neutron-server[104658]: DEBUG neutron.wsgi [-] (104658) accepted ('10.222.0.16', 46364) {{(pid=104658) server /usr/local/lib/python3.8/dist-packages/eventlet/wsgi.py:1004}}
Aug 10 09:30:07.751333 dv-neutron-810704-6-hyperv neutron-server[104659]: DEBUG neutron_lib.callbacks.manager [None req-1c0cd7ce-0290-44e2-9837-2e316a91aabf tempest-ExternalNetworksTestJSON-155452951 tempest-ExternalNetworksTestJSON-155452951-project-admin] Publish callbacks ['neutron.plugins.ml2.plugin.Ml2Plugin._network_delete_precommit_handler-988336', 'neutron.services.segments.db._delete_segments_for_network-8737753474798'] for network (7d070794-fa3e-4862-9c9a-08490c9b59f1), precommit_delete {{(pid=104659) _notify_loop /usr/local/lib/python3.8/dist-packages/neutron_lib/callbacks/manager.py:176}}
Aug 10 09:30:07.754242 dv-neutron-810704-6-hyperv neutron-server[104658]: INFO neutron.wsgi [None req-8a1e1be9-be86-439d-84b4-9509030403ba admin admin] 10.222.0.16 "PUT /networking/v2.0/routers/87659f43-e0d7-4e63-8d4c-33d5cc254396/add_router_interface HTTP/1.1" status: 200 len: 503 time: 11.9287305
Aug 10 09:30:07.766187 dv-neutron-810704-6-hyperv neutron-server[104658]: DEBUG neutron_lib.callbacks.manager [None req-e969bc7c-bec2-415f-bd56-2bd3bf467514 admin admin] Publish callbacks ['neutron.plugins.ml2.plugin.SecurityGroupServerNotifierRpcMixin._notify_sg_on_port_change-571835', 'neutron.plugins.ml2.ovo_rpc._ObjectChangeHandler.handle_event-47677', 'neutron.api.rpc.agentnotifiers.dhcp_rpc_agent_api.DhcpAgentNotifyAPI._native_event_send_dhcp_notification-1579893', 'neutron.db.l3_dvrscheduler_db._notify_l3_agent_new_port-8737753162891', 'neutron.services.segments.plugin.NovaSegmentNotifier._notify_port_created_or_deleted-3149870'] for port (20325195-ad5c-485a-8ac0-93f25ba32653), after_create {{(pid=104658) _notify_loop /usr/local/lib/python3.8/dist-packages/neutron_lib/callbacks/manager.py:176}}
Aug 10 09:30:07.783406 dv-neutron-810704-6-hyperv neutron-server[104659]: INFO neutron.wsgi [None req-964aaf71-280b-4ffb-a019-3a4ddceaa30c tempest-DHCPAgentSchedulersTestJSON-1848792513 tempest-DHCPAgentSchedulersTestJSON-1848792513-project-admin] 10.222.0.16 "DELETE /networking/v2.0/agents/42e6f113-748c-4a7c-8d87-111e2ce9bd29/dhcp-networks/9b38cd66-1a56-4070-8e6c-68f421031760 HTTP/1.1" status: 204 len: 168 time: 0.3284957
Aug 10 09:30:07.821550 dv-neutron-810704-6-hyperv neutron-server[104659]: DEBUG neutron.wsgi [-] (104659) accepted ('10.222.0.16', 46368) {{(pid=104659) server /usr/local/lib/python3.8/dist-packages/eventlet/wsgi.py:1004}}
Aug 10 09:30:07.850131 dv-neutron-810704-6-hyperv neutron-server[104659]: DEBUG neutron_lib.callbacks.manager [None req-1c0cd7ce-0290-44e2-9837-2e316a91aabf tempest-ExternalNetworksTestJSON-155452951 tempest-ExternalNetworksTestJSON-155452951-project-admin] Subscribe: > segment before_delete 55550000 {{(pid=104659) subscribe /usr/local/lib/python3.8/dist-packages/neutron_lib/callbacks/manager.py:45}}
Aug 10 09:30:07.854790 dv-neutron-810704-6-hyperv neutron-server[104659]: DEBUG neutron_lib.callbacks.manager [None req-1c0cd7ce-0290-44e2-9837-2e316a91aabf tempest-ExternalNetworksTestJSON-155452951 tempest-ExternalNetworksTestJSON-155452951-project-admin] Subscribe: > subnet precommit_delete_associations 55550000 {{(pid=104659) subscribe /usr/local/lib/python3.8/dist-packages/neutron_lib/callbacks/manager.py:45}}
Aug 10 09:30:07.855704 dv-neutron-810704-6-hyperv neutron-server[104659]: DEBUG neutron_lib.callbacks.manager [None req-1c0cd7ce-0290-44e2-9837-2e316a91aabf tempest-ExternalNetworksTestJSON-155452951 tempest-ExternalNetworksTestJSON-155452951-project-admin] Subscribe: > segment_host_mapping after_create 55550000 {{(pid=104659) subscribe /usr/local/lib/python3.8/dist-packages/neutron_lib/callbacks/manager.py:45}}
Aug 10 09:30:07.856041 dv-neutron-810704-6-hyperv neutron-server[104659]: DEBUG neutron_lib.callbacks.manager [None req-1c0cd7ce-0290-44e2-9837-2e316a91aabf tempest-ExternalNetworksTestJSON-155452951 tempest-ExternalNetworksTestJSON-155452951-project-admin] Subscribe: > port after_create 55550000 {{(pid=104659) subscribe /usr/local/lib/python3.8/dist-packages/neutron_lib/callbacks/manager.py:45}}
Aug 10 09:30:07.856370 dv-neutron-810704-6-hyperv neutron-server[104659]: DEBUG neutron_lib.callbacks.manager [None req-1c0cd7ce-0290-44e2-9837-2e316a91aabf tempest-ExternalNetworksTestJSON-155452951 tempest-ExternalNetworksTestJSON-155452951-project-admin] Subscribe: > port after_delete 55550000 {{(pid=104659) subscribe /usr/local/lib/python3.8/dist-packages/neutron_lib/callbacks/manager.py:45}}
Aug 10 09:30:07.856692 dv-neutron-810704-6-hyperv neutron-server[104659]: DEBUG neutron_lib.callbacks.manager [None req-1c0cd7ce-0290-44e2-9837-2e316a91aabf tempest-ExternalNetworksTestJSON-155452951 tempest-ExternalNetworksTestJSON-155452951-project-admin] Subscribe: > port after_update 55550000 {{(pid=104659) subscribe /usr/local/lib/python3.8/dist-packages/neutron_lib/callbacks/manager.py:45}}
Aug 10 09:30:07.857019 dv-neutron-810704-6-hyperv neutron-server[104659]: DEBUG neutron_lib.callbacks.manager [None req-1c0cd7ce-0290-44e2-9837-2e316a91aabf tempest-ExternalNetworksTestJSON-155452951 tempest-ExternalNetworksTestJSON-155452951-project-admin] Subscribe: > segment after_delete 55550000 {{(pid=104659) subscribe /usr/local/lib/python3.8/dist-packages/neutron_lib/callbacks/manager.py:45}}
Aug 10 09:30:07.857368 dv-neutron-810704-6-hyperv neutron-server[104659]: DEBUG neutron_lib.callbacks.manager [None req-1c0cd7ce-0290-44e2-9837-2e316a91aabf tempest-ExternalNetworksTestJSON-155452951 tempest-ExternalNetworksTestJSON-155452951-project-admin] Subscribe: > subnet after_create 55550000 {{(pid=104659) subscribe /usr/local/lib/python3.8/dist-packages/neutron_lib/callbacks/manager.py:45}}
Aug 10 09:30:07.857678 dv-neutron-810704-6-hyperv neutron-server[104659]: DEBUG neutron_lib.callbacks.manager [None req-1c0cd7ce-0290-44e2-9837-2e316a91aabf tempest-ExternalNetworksTestJSON-155452951 tempest-ExternalNetworksTestJSON-155452951-project-admin] Subscribe: > subnet after_delete 55550000 {{(pid=104659) subscribe /usr/local/lib/python3.8/dist-packages/neutron_lib/callbacks/manager.py:45}}
Aug 10 09:30:07.858002 dv-neutron-810704-6-hyperv neutron-server[104659]: DEBUG neutron_lib.callbacks.manager [None req-1c0cd7ce-0290-44e2-9837-2e316a91aabf tempest-ExternalNetworksTestJSON-155452951 tempest-ExternalNetworksTestJSON-155452951-project-admin] Subscribe: > subnet after_update 55550000 {{(pid=104659) subscribe /usr/local/lib/python3.8/dist-packages/neutron_lib/callbacks/manager.py:45}}
Aug 10 09:30:07.865801 dv-neutron-810704-6-hyperv neutron-server[104660]: DEBUG neutron.api.rpc.handlers.resources_rpc [None req-11d733a1-f6a6-4835-ba46-6fcf562925e6 None None] Pushing event updated for resources: {'Port': ['ID=cee73c61-e876-4b65-bc81-305f07eb5b39,revision_number=4']} {{(pid=104660) push /opt/stack/neutron/neutron/api/rpc/handlers/resources_rpc.py:237}}
