Aug 10 09:30:09.767338 dv-neutron-810704-6-hyperv neutron-server[104661]: DEBUG neutron.plugins.ml2.managers [None req-6a3531a2-f6ee-476e-97e0-b7aa769ca8e2 None None] Bound port: 33e50658-169a-491d-b51b-50a269e2e9f5, host: dv-neutron-810704-6-hyperv, vif_type: ovs, vif_details: {"connectivity": "l2", "port_filter": true, "ovs_hybrid_plug": false, "datapath_type": "system", "bridge_name": "br-int"}, binding_levels: [{'bound_driver': 'openvswitch', 'bound_segment': {'id': 'f43b9b4a-e543-40d2-ab61-18f8711f14c5', 'network_type': 'vlan', 'physical_network': 'physnet1', 'segmentation_id': 108, 'network_id': '657defb4-3583-47cf-864f-735a4e049355'}}] {{(pid=104661) _bind_port_level /opt/stack/neutron/neutron/plugins/ml2/managers.py:947}}
Aug 10 09:30:09.768320 dv-neutron-810704-6-hyperv neutron-server[104661]: DEBUG neutron_lib.callbacks.manager [None req-6a3531a2-f6ee-476e-97e0-b7aa769ca8e2 None None] Publish callbacks ['neutron.plugins.ml2.plugin.SecurityGroupDbMixin._ensure_default_security_group_handler-571898'] for port (33e50658-169a-491d-b51b-50a269e2e9f5), before_update {{(pid=104661) _notify_loop /usr/local/lib/python3.8/dist-packages/neutron_lib/callbacks/manager.py:176}}
Aug 10 09:30:09.871027 dv-neutron-810704-6-hyperv neutron-server[104659]: DEBUG neutron.api.rpc.handlers.resources_rpc [None req-96128a45-963f-4a2e-b7c3-97dfbe815b52 tempest-ExternalNetworksTestJSON-155452951 tempest-ExternalNetworksTestJSON-155452951-project-admin] Pushing event updated for resources: {'Network': ['ID=9ac80765-d8cd-4560-8314-1127c52da094,revision_number=1']} {{(pid=104659) push /opt/stack/neutron/neutron/api/rpc/handlers/resources_rpc.py:237}}
Aug 10 09:30:09.891818 dv-neutron-810704-6-hyperv neutron-server[104660]: DEBUG neutron.plugins.ml2.rpc [None req-11d733a1-f6a6-4835-ba46-6fcf562925e6 None None] Network 9ac80765-d8cd-4560-8314-1127c52da094 details requested by agent ovs-agent-dv-neutron-810704-6-hyperv with host dv-neutron-810704-6-hyperv {{(pid=104660) get_network_details /opt/stack/neutron/neutron/plugins/ml2/rpc.py:248}}
Aug 10 09:30:09.894362 dv-neutron-810704-6-hyperv neutron-server[104659]: DEBUG neutron.wsgi [-] (104659) accepted ('10.222.0.16', 46418) {{(pid=104659) server /usr/local/lib/python3.8/dist-packages/eventlet/wsgi.py:1004}}
Aug 10 09:30:09.903481 dv-neutron-810704-6-hyperv neutron-server[104661]: DEBUG neutron.plugins.ml2.db [None req-6a3531a2-f6ee-476e-97e0-b7aa769ca8e2 None None] For port 33e50658-169a-491d-b51b-50a269e2e9f5, host dv-neutron-810704-6-hyperv, cleared binding levels {{(pid=104661) clear_binding_levels /opt/stack/neutron/neutron/plugins/ml2/db.py:87}}
Aug 10 09:30:09.906963 dv-neutron-810704-6-hyperv neutron-server[104661]: DEBUG neutron.plugins.ml2.db [None req-6a3531a2-f6ee-476e-97e0-b7aa769ca8e2 None None] For port 33e50658-169a-491d-b51b-50a269e2e9f5, host dv-neutron-810704-6-hyperv, set binding levels [PortBindingLevel(driver='openvswitch',host='dv-neutron-810704-6-hyperv',level=0,port_id=33e50658-169a-491d-b51b-50a269e2e9f5,segment=NetworkSegment(f43b9b4a-e543-40d2-ab61-18f8711f14c5),segment_id=f43b9b4a-e543-40d2-ab61-18f8711f14c5)] {{(pid=104661) set_binding_levels /opt/stack/neutron/neutron/plugins/ml2/db.py:59}}
Aug 10 09:30:09.908265 dv-neutron-810704-6-hyperv neutron-server[104659]: DEBUG neutron.api.v2.base [None req-bbf46e3f-a0e4-4e1e-a448-211f436cab14 tempest-RoutersAdminTest-607470013 tempest-RoutersAdminTest-607470013-project-admin] Request body: {'router': {'name': 'tempest-router--1338313218', 'project_id': 'dc8384b601ac4a3a90ec39bd4bc25b48'}} {{(pid=104659) prepare_request_body /opt/stack/neutron/neutron/api/v2/base.py:730}}
Aug 10 09:30:09.916116 dv-neutron-810704-6-hyperv neutron-server[104661]: DEBUG neutron_lib.callbacks.manager [None req-6a3531a2-f6ee-476e-97e0-b7aa769ca8e2 None None] Publish callbacks ['neutron.plugins.ml2.plugin.SecurityGroupServerNotifierRpcMixin._notify_sg_on_port_change-571835', 'neutron.plugins.ml2.ovo_rpc._ObjectChangeHandler.handle_event-47677', 'neutron.api.rpc.agentnotifiers.dhcp_rpc_agent_api.DhcpAgentNotifyAPI._native_event_send_dhcp_notification-1579893', 'neutron.db.l3_db.L3RpcNotifierMixin._notify_gateway_port_ip_changed-8737753517541', 'neutron.db.l3_dvrscheduler_db._notify_l3_agent_port_update-8737753162909', 'neutron.db.l3_hascheduler_db._notify_l3_agent_ha_port_update-8737753162927'] for port (33e50658-169a-491d-b51b-50a269e2e9f5), after_update {{(pid=104661) _notify_loop /usr/local/lib/python3.8/dist-packages/neutron_lib/callbacks/manager.py:176}}
Aug 10 09:30:09.929390 dv-neutron-810704-6-hyperv neutron-server[104661]: DEBUG dbcounter [-] [104661] Writing DB stats neutron:SELECT=94,neutron:UPDATE=5,neutron:INSERT=1 {{(pid=104661) stat_writer /usr/local/lib/python3.8/dist-packages/dbcounter.py:114}}
Aug 10 09:30:09.938374 dv-neutron-810704-6-hyperv neutron-server[104661]: DEBUG neutron.db.l3_dvrscheduler_db [None req-6a3531a2-f6ee-476e-97e0-b7aa769ca8e2 None None] Routers {'87659f43-e0d7-4e63-8d4c-33d5cc254396'} bound to L3 agent in host dv-neutron-810704-6-hyperv {{(pid=104661) _get_router_ids_for_agent /opt/stack/neutron/neutron/db/l3_dvrscheduler_db.py:426}}
Aug 10 09:30:09.938659 dv-neutron-810704-6-hyperv neutron-server[104661]: DEBUG neutron.db.l3_hamode_db [None req-6a3531a2-f6ee-476e-97e0-b7aa769ca8e2 None None] neutron.services.l3_router.l3_router_plugin.L3RouterPlugin method get_ha_sync_data_for_host called with arguments (, 'dv-neutron-810704-6-hyperv', Agent(admin_state_up=True,agent_type='L3 agent',availability_zone='nova',binary='neutron-l3-agent',configurations={"agent_mode": "legacy", "ex_gw_ports": 4, "extensions": [], "floating_ips": 0, "handle_internal_only_routers": true, "interface_driver": "openvswitch", "interfaces": 2, "log_agent_heartbeats": false, "routers": 5},created_at=2022-08-10T09:22:36Z,description=,heartbeat_timestamp=2022-08-10T09:30:06Z,host='dv-neutron-810704-6-hyperv',id=330382be-d5c1-40c6-8dab-06a7932d6e3f,load=0,resource_versions=,resources_synced=,started_at=2022-08-10T09:22:36Z,topic='l3_agent')) {'router_ids': ['87659f43-e0d7-4e63-8d4c-33d5cc254396'], 'active': True} {{(pid=104661) wrapper /usr/local/lib/python3.8/dist-packages/oslo_log/helpers.py:65}}
Aug 10 09:30:09.957781 dv-neutron-810704-6-hyperv neutron-server[104658]: DEBUG neutron.wsgi [-] (104658) accepted ('10.222.0.16', 46420) {{(pid=104658) server /usr/local/lib/python3.8/dist-packages/eventlet/wsgi.py:1004}}
Aug 10 09:30:09.958542 dv-neutron-810704-6-hyperv neutron-server[104659]: INFO neutron.wsgi [None req-96128a45-963f-4a2e-b7c3-97dfbe815b52 tempest-ExternalNetworksTestJSON-155452951 tempest-ExternalNetworksTestJSON-155452951-project-admin] 10.222.0.16 "POST /networking/v2.0/networks HTTP/1.1" status: 201 len: 863 time: 1.0803971
Aug 10 09:30:09.975156 dv-neutron-810704-6-hyperv neutron-server[104658]: DEBUG neutron_lib.callbacks.manager [None req-251372da-46bc-42b3-bafa-60dd1e1322c9 tempest-PortsAdminExtendedAttrsIpV6TestJSON-1279170904 tempest-PortsAdminExtendedAttrsIpV6TestJSON-1279170904-project] Publish callbacks [] for security_group (a9ef5df4-2f08-4106-820d-3526781c4034), precommit_create {{(pid=104658) _notify_loop /usr/local/lib/python3.8/dist-packages/neutron_lib/callbacks/manager.py:176}}
Aug 10 09:30:09.982847 dv-neutron-810704-6-hyperv neutron-server[104658]: INFO neutron.wsgi [None req-6c2fe494-ee33-4e2d-9642-a9f9f5e85d75 tempest-DHCPAgentSchedulersTestJSON-1848792513 tempest-DHCPAgentSchedulersTestJSON-1848792513-project-admin] 10.222.0.16 "GET /networking/v2.0/agents/42e6f113-748c-4a7c-8d87-111e2ce9bd29/dhcp-networks HTTP/1.1" status: 200 len: 6481 time: 0.5565448
Aug 10 09:30:09.986595 dv-neutron-810704-6-hyperv neutron-server[104659]: DEBUG neutron.wsgi [-] (104659) accepted ('10.222.0.16', 46422) {{(pid=104659) server /usr/local/lib/python3.8/dist-packages/eventlet/wsgi.py:1004}}
Aug 10 09:30:10.021099 dv-neutron-810704-6-hyperv neutron-server[104658]: DEBUG dbcounter [-] [104658] Writing DB stats neutron:SELECT=84,neutron:INSERT=11,neutron:UPDATE=5 {{(pid=104658) stat_writer /usr/local/lib/python3.8/dist-packages/dbcounter.py:114}}
Aug 10 09:30:10.076543 dv-neutron-810704-6-hyperv neutron-server[104658]: DEBUG neutron_lib.callbacks.manager [None req-251372da-46bc-42b3-bafa-60dd1e1322c9 tempest-PortsAdminExtendedAttrsIpV6TestJSON-1279170904 tempest-PortsAdminExtendedAttrsIpV6TestJSON-1279170904-project] Publish callbacks ['neutron.plugins.ml2.ovo_rpc._ObjectChangeHandler.handle_event-1964610'] for security_group (a9ef5df4-2f08-4106-820d-3526781c4034), after_create {{(pid=104658) _notify_loop /usr/local/lib/python3.8/dist-packages/neutron_lib/callbacks/manager.py:176}}
Aug 10 09:30:10.081069 dv-neutron-810704-6-hyperv neutron-server[104661]: DEBUG neutron.db.l3_dvr_db [None req-6a3531a2-f6ee-476e-97e0-b7aa769ca8e2 None None] Set router 87659f43-e0d7-4e63-8d4c-33d5cc254396 gateway port host: dv-neutron-810704-6-hyperv {{(pid=104661) _build_routers_list /opt/stack/neutron/neutron/db/l3_dvr_db.py:907}}
Aug 10 09:30:10.112929 dv-neutron-810704-6-hyperv neutron-server[104658]: DEBUG neutron.plugins.ml2.drivers.helpers [None req-251372da-46bc-42b3-bafa-60dd1e1322c9 tempest-PortsAdminExtendedAttrsIpV6TestJSON-1279170904 tempest-PortsAdminExtendedAttrsIpV6TestJSON-1279170904-project] vlan segment allocate from pool success with {'vlan_id': 120, 'physical_network': 'physnet1'} {{(pid=104658) allocate_partially_specified_segment /opt/stack/neutron/neutron/plugins/ml2/drivers/helpers.py:153}}
Aug 10 09:30:10.164137 dv-neutron-810704-6-hyperv neutron-server[104659]: DEBUG neutron_lib.callbacks.manager [None req-b9ea1a58-a16f-4a3c-96ed-c9ed216e0210 tempest-DHCPAgentSchedulersTestJSON-614776289 tempest-DHCPAgentSchedulersTestJSON-614776289-project] Publish callbacks ['neutron.plugins.ml2.plugin.External_net_db_mixin._before_network_delete_handler-1037891'] for network (9b38cd66-1a56-4070-8e6c-68f421031760), before_delete {{(pid=104659) _notify_loop /usr/local/lib/python3.8/dist-packages/neutron_lib/callbacks/manager.py:176}}
Aug 10 09:30:10.173984 dv-neutron-810704-6-hyperv neutron-server[104659]: DEBUG neutron_lib.callbacks.manager [None req-bbf46e3f-a0e4-4e1e-a448-211f436cab14 tempest-RoutersAdminTest-607470013 tempest-RoutersAdminTest-607470013-project-admin] Publish callbacks ['neutron.services.l3_router.l3_router_plugin.L3_HA_NAT_db_mixin._before_router_create_handler-1972548', 'neutron.services.l3_router.service_providers.driver_controller.DriverController._check_router_request-35674'] for router (4ad40b4e-8bff-429a-8dc8-2d3b7f5ca592), before_create {{(pid=104659) _notify_loop /usr/local/lib/python3.8/dist-packages/neutron_lib/callbacks/manager.py:176}}
Aug 10 09:30:10.175525 dv-neutron-810704-6-hyperv neutron-server[104659]: DEBUG neutron_lib.callbacks.manager [None req-bbf46e3f-a0e4-4e1e-a448-211f436cab14 tempest-RoutersAdminTest-607470013 tempest-RoutersAdminTest-607470013-project-admin] Publish callbacks ['neutron.services.l3_router.l3_router_plugin.L3_HA_NAT_db_mixin._precommit_router_create-1975599', 'neutron.services.l3_router.l3_router_plugin.DVRResourceOperationHandler._set_distributed_flag-1930182', 'neutron.services.l3_router.l3_router_plugin.RouterAvailabilityZoneMixin._process_az_request-1605779', 'neutron.services.l3_router.service_providers.driver_controller.DriverController._set_router_provider-35619'] for router (4ad40b4e-8bff-429a-8dc8-2d3b7f5ca592), precommit_create {{(pid=104659) _notify_loop /usr/local/lib/python3.8/dist-packages/neutron_lib/callbacks/manager.py:176}}
Aug 10 09:30:10.185577 dv-neutron-810704-6-hyperv neutron-server[104661]: DEBUG dbcounter [-] [104661] Writing DB stats neutron:SELECT=100 {{(pid=104661) stat_writer /usr/local/lib/python3.8/dist-packages/dbcounter.py:114}}
Aug 10 09:30:10.234552 dv-neutron-810704-6-hyperv neutron-server[104659]: DEBUG neutron_lib.callbacks.manager [None req-bbf46e3f-a0e4-4e1e-a448-211f436cab14 tempest-RoutersAdminTest-607470013 tempest-RoutersAdminTest-607470013-project-admin] Publish callbacks [] for router_controller (4ad40b4e-8bff-429a-8dc8-2d3b7f5ca592), precommit_add_association {{(pid=104659) _notify_loop /usr/local/lib/python3.8/dist-packages/neutron_lib/callbacks/manager.py:176}}
Aug 10 09:30:10.248365 dv-neutron-810704-6-hyperv neutron-server[104659]: DEBUG neutron_lib.callbacks.manager [None req-bbf46e3f-a0e4-4e1e-a448-211f436cab14 tempest-RoutersAdminTest-607470013 tempest-RoutersAdminTest-607470013-project-admin] Publish callbacks ['neutron.services.l3_router.l3_router_plugin.L3_HA_NAT_db_mixin._after_router_create-1976290', 'neutron.services.l3_router.l3_router_plugin.DVRResourceOperationHandler._create_snat_interfaces_after_change-1901899'] for router (4ad40b4e-8bff-429a-8dc8-2d3b7f5ca592), after_create {{(pid=104659) _notify_loop /usr/local/lib/python3.8/dist-packages/neutron_lib/callbacks/manager.py:176}}
Aug 10 09:30:10.256668 dv-neutron-810704-6-hyperv neutron-server[104658]: DEBUG neutron_lib.callbacks.manager [None req-b798a6a1-605a-4b4d-aa7b-2f90e005d33c tempest-FloatingIPAdminTestJSON-279819423 tempest-FloatingIPAdminTestJSON-279819423-project] Publish callbacks [] for port (facd48d1-df92-4830-9908-672d233cdefd), precommit_create {{(pid=104658) _notify_loop /usr/local/lib/python3.8/dist-packages/neutron_lib/callbacks/manager.py:176}}
Aug 10 09:30:10.274082 dv-neutron-810704-6-hyperv neutron-server[104659]: DEBUG neutron_lib.callbacks.manager [None req-bbf46e3f-a0e4-4e1e-a448-211f436cab14 tempest-RoutersAdminTest-607470013 tempest-RoutersAdminTest-607470013-project-admin] Publish callbacks [] for router (None), before_response {{(pid=104659) _notify_loop /usr/local/lib/python3.8/dist-packages/neutron_lib/callbacks/manager.py:176}}
Aug 10 09:30:10.276235 dv-neutron-810704-6-hyperv neutron-server[104659]: INFO neutron.wsgi [None req-bbf46e3f-a0e4-4e1e-a448-211f436cab14 tempest-RoutersAdminTest-607470013 tempest-RoutersAdminTest-607470013-project-admin] 10.222.0.16 "POST /networking/v2.0/routers HTTP/1.1" status: 201 len: 723 time: 0.3776736
Aug 10 09:30:10.298570 dv-neutron-810704-6-hyperv neutron-server[104659]: DEBUG neutron.wsgi [-] (104659) accepted ('10.222.0.16', 46424) {{(pid=104659) server /usr/local/lib/python3.8/dist-packages/eventlet/wsgi.py:1004}}
Aug 10 09:30:10.336007 dv-neutron-810704-6-hyperv neutron-server[104658]: DEBUG neutron_lib.callbacks.manager [None req-e969bc7c-bec2-415f-bd56-2bd3bf467514 admin admin] Publish callbacks [] for port (20325195-ad5c-485a-8ac0-93f25ba32653), precommit_update {{(pid=104658) _notify_loop /usr/local/lib/python3.8/dist-packages/neutron_lib/callbacks/manager.py:176}}
Aug 10 09:30:10.342051 dv-neutron-810704-6-hyperv neutron-server[104658]: DEBUG dbcounter [-] [104658] Writing DB stats neutron:SELECT=91,neutron:INSERT=8,neutron:UPDATE=1 {{(pid=104658) stat_writer /usr/local/lib/python3.8/dist-packages/dbcounter.py:114}}
Aug 10 09:30:10.350643 dv-neutron-810704-6-hyperv neutron-server[104658]: DEBUG neutron.pecan_wsgi.hooks.policy_enforcement [None req-82899267-1cc5-4851-97c0-f4da1438d558 tempest-ExternalNetworksTestJSON-3053006 tempest-ExternalNetworksTestJSON-3053006-project] Attributes excluded by policy engine: ['standard_attr_id', 'vlan_transparent', 'provider:network_type', 'provider:physical_network', 'provider:segmentation_id'] {{(pid=104658) _exclude_attributes_by_policy /opt/stack/neutron/neutron/pecan_wsgi/hooks/policy_enforcement.py:259}}
Aug 10 09:30:10.352390 dv-neutron-810704-6-hyperv neutron-server[104658]: INFO neutron.wsgi [None req-82899267-1cc5-4851-97c0-f4da1438d558 tempest-ExternalNetworksTestJSON-3053006 tempest-ExternalNetworksTestJSON-3053006-project] 10.222.0.16 "GET /networking/v2.0/networks/9ac80765-d8cd-4560-8314-1127c52da094 HTTP/1.1" status: 200 len: 757 time: 0.3683069
Aug 10 09:30:10.358781 dv-neutron-810704-6-hyperv neutron-server[104658]: DEBUG neutron.wsgi [-] (104658) accepted ('10.222.0.16', 46426) {{(pid=104658) server /usr/local/lib/python3.8/dist-packages/eventlet/wsgi.py:1004}}
Aug 10 09:30:10.362863 dv-neutron-810704-6-hyperv neutron-server[104658]: DEBUG neutron_lib.callbacks.manager [None req-b798a6a1-605a-4b4d-aa7b-2f90e005d33c tempest-FloatingIPAdminTestJSON-279819423 tempest-FloatingIPAdminTestJSON-279819423-project] Publish callbacks ['neutron.plugins.ml2.plugin.SecurityGroupServerNotifierRpcMixin._notify_sg_on_port_change-571835', 'neutron.plugins.ml2.ovo_rpc._ObjectChangeHandler.handle_event-47677', 'neutron.api.rpc.agentnotifiers.dhcp_rpc_agent_api.DhcpAgentNotifyAPI._native_event_send_dhcp_notification-1579893', 'neutron.db.l3_dvrscheduler_db._notify_l3_agent_new_port-8737753162891', 'neutron.services.segments.plugin.NovaSegmentNotifier._notify_port_created_or_deleted-3149870'] for port (facd48d1-df92-4830-9908-672d233cdefd), after_create {{(pid=104658) _notify_loop /usr/local/lib/python3.8/dist-packages/neutron_lib/callbacks/manager.py:176}}
Aug 10 09:30:10.373353 dv-neutron-810704-6-hyperv neutron-server[104661]: DEBUG neutron.db.l3_hamode_db [None req-6a3531a2-f6ee-476e-97e0-b7aa769ca8e2 None None] neutron.services.l3_router.l3_router_plugin.L3RouterPlugin method _process_sync_ha_data called with arguments (, [{'id': '87659f43-e0d7-4e63-8d4c-33d5cc254396', 'name': 'tempest-ServersTestManualDisk-1350373294-router', 'tenant_id': 'cbb4f6c8a62843be84d1e0fcbb52f2a9', 'admin_state_up': True, 'status': 'ACTIVE', 'external_gateway_info': {'network_id': '58075356-97ea-422e-8f12-b0aed5ddd5e7', 'external_fixed_ips': [{'subnet_id': 'f1a6790b-6ffe-413c-9bd5-25b36d26c798', 'ip_address': '172.26.2.79'}], 'enable_snat': True}, 'gw_port_id': 'faa3dc77-8a7b-44c0-8579-2c83a5f5ca20', 'description': '', 'availability_zones': ['nova'], 'distributed': False, 'ha': False, 'ha_vr_id': 0, 'availability_zone_hints': [], 'routes': [], 'flavor_id': None, 'tags': [], 'created_at': '2022-08-10T09:29:49Z', 'updated_at': '2022-08-10T09:30:02Z', 'revision_number': 4, 'project_id': 'cbb4f6c8a62843be84d1e0fcbb52f2a9', 'gw_port': {'id': 'faa3dc77-8a7b-44c0-8579-2c83a5f5ca20', 'name': '', 'network_id': '58075356-97ea-422e-8f12-b0aed5ddd5e7', 'tenant_id': '', 'mac_address': 'fa:16:3e:ea:8e:80', 'admin_state_up': True, 'status': 'ACTIVE', 'device_id': '87659f43-e0d7-4e63-8d4c-33d5cc254396', 'device_owner': 'network:router_gateway', 'standard_attr_id': 82, 'fixed_ips': [{'subnet_id': 'f1a6790b-6ffe-413c-9bd5-25b36d26c798', 'ip_address': '172.26.2.79', 'prefixlen': 24}], 'allowed_address_pairs': [], 'extra_dhcp_opts': [], 'security_groups': [], 'description': '', 'binding:vnic_type': 'normal', 'binding:profile': {}, 'binding:host_id': 'dv-neutron-810704-6-hyperv', 'binding:vif_type': 'ovs', 'binding:vif_details': {'connectivity': 'l2', 'port_filter': True, 'ovs_hybrid_plug': False, 'datapath_type': 'system', 'bridge_name': 'br-int', 'bound_drivers': {'0': 'openvswitch'}}, 'port_security_enabled': False, 'tags': [], 'created_at': '2022-08-10T09:29:50Z', 'updated_at': '2022-08-10T09:30:02Z', 'revision_number': 4, 'project_id': '', 'subnets': [{'id': 'f1a6790b-6ffe-413c-9bd5-25b36d26c798', 'cidr': '172.26.2.0/24', 'gateway_ip': '172.26.2.1', 'dns_nameservers': [], 'ipv6_ra_mode': None, 'subnetpool_id': None}], 'extra_subnets': [], 'address_scopes': {4: None, 6: None}, 'mtu': 1500}, 'enable_snat': True, 'gw_port_host': 'dv-neutron-810704-6-hyperv', '_interfaces': [{'id': '33e50658-169a-491d-b51b-50a269e2e9f5', 'name': '', 'network_id': '657defb4-3583-47cf-864f-735a4e049355', 'tenant_id': 'cbb4f6c8a62843be84d1e0fcbb52f2a9', 'mac_address': 'fa:16:3e:8f:ff:9c', 'admin_state_up': True, 'status': 'DOWN', 'device_id': '87659f43-e0d7-4e63-8d4c-33d5cc254396', 'device_owner': 'network:router_interface', 'standard_attr_id': 125, 'fixed_ips': [{'subnet_id': '650c0325-dff4-4c07-8149-123afc98bb69', 'ip_address': '172.20.0.1', 'prefixlen': 28}], 'allowed_address_pairs': [], 'extra_dhcp_opts': [], 'security_groups': [], 'description': '', 'binding:vnic_type': 'normal', 'binding:profile': {}, 'binding:host_id': 'dv-neutron-810704-6-hyperv', 'binding:vif_type': 'ovs', 'binding:vif_details': {'connectivity': 'l2', 'port_filter': True, 'ovs_hybrid_plug': False, 'datapath_type': 'system', 'bridge_name': 'br-int', 'bound_drivers': {'0': 'openvswitch'}}, 'port_security_enabled': False, 'tags': [], 'created_at': '2022-08-10T09:29:58Z', 'updated_at': '2022-08-10T09:30:09Z', 'revision_number': 4, 'project_id': 'cbb4f6c8a62843be84d1e0fcbb52f2a9', 'subnets': [{'id': '650c0325-dff4-4c07-8149-123afc98bb69', 'cidr': '172.20.0.0/28', 'gateway_ip': '172.20.0.1', 'dns_nameservers': [], 'ipv6_ra_mode': None, 'subnetpool_id': None}], 'extra_subnets': [], 'address_scopes': {4: None, 6: None}, 'mtu': 1500}]}], 'dv-neutron-810704-6-hyperv', False) {} {{(pid=104661) wrapper /usr/local/lib/python3.8/dist-packages/oslo_log/helpers.py:65}}
Aug 10 09:30:10.374490 dv-neutron-810704-6-hyperv neutron-server[104658]: DEBUG neutron_lib.callbacks.manager [None req-e969bc7c-bec2-415f-bd56-2bd3bf467514 admin admin] Publish callbacks ['neutron.plugins.ml2.plugin.SecurityGroupServerNotifierRpcMixin._notify_sg_on_port_change-571835', 'neutron.plugins.ml2.ovo_rpc._ObjectChangeHandler.handle_event-47677', 'neutron.api.rpc.agentnotifiers.dhcp_rpc_agent_api.DhcpAgentNotifyAPI._native_event_send_dhcp_notification-1579893', 'neutron.db.l3_db.L3RpcNotifierMixin._notify_gateway_port_ip_changed-8737753517541', 'neutron.db.l3_dvrscheduler_db._notify_l3_agent_port_update-8737753162909', 'neutron.db.l3_hascheduler_db._notify_l3_agent_ha_port_update-8737753162927', 'neutron.services.segments.plugin.NovaSegmentNotifier._notify_port_updated-3149857'] for port (20325195-ad5c-485a-8ac0-93f25ba32653), after_update {{(pid=104658) _notify_loop /usr/local/lib/python3.8/dist-packages/neutron_lib/callbacks/manager.py:176}}
Aug 10 09:30:10.407274 dv-neutron-810704-6-hyperv neutron-server[104661]: DEBUG neutron.api.rpc.handlers.l3_rpc [None req-6a3531a2-f6ee-476e-97e0-b7aa769ca8e2 None None] The sync data for ids ['87659f43-e0d7-4e63-8d4c-33d5cc254396'] in dv-neutron-810704-6-hyperv is: [{'id': '87659f43-e0d7-4e63-8d4c-33d5cc254396', 'name': 'tempest-ServersTestManualDisk-1350373294-router', 'tenant_id': 'cbb4f6c8a62843be84d1e0fcbb52f2a9', 'admin_state_up': True, 'status': 'ACTIVE', 'external_gateway_info': {'network_id': '58075356-97ea-422e-8f12-b0aed5ddd5e7', 'external_fixed_ips': [{'subnet_id': 'f1a6790b-6ffe-413c-9bd5-25b36d26c798', 'ip_address': '172.26.2.79'}], 'enable_snat': True}, 'gw_port_id': 'faa3dc77-8a7b-44c0-8579-2c83a5f5ca20', 'description': '', 'availability_zones': ['nova'], 'distributed': False, 'ha': False, 'ha_vr_id': 0, 'availability_zone_hints': [], 'routes': [], 'flavor_id': None, 'tags': [], 'created_at': '2022-08-10T09:29:49Z', 'updated_at': '2022-08-10T09:30:02Z', 'revision_number': 4, 'project_id': 'cbb4f6c8a62843be84d1e0fcbb52f2a9', 'gw_port': {'id': 'faa3dc77-8a7b-44c0-8579-2c83a5f5ca20', 'name': '', 'network_id': '58075356-97ea-422e-8f12-b0aed5ddd5e7', 'tenant_id': '', 'mac_address': 'fa:16:3e:ea:8e:80', 'admin_state_up': True, 'status': 'ACTIVE', 'device_id': '87659f43-e0d7-4e63-8d4c-33d5cc254396', 'device_owner': 'network:router_gateway', 'standard_attr_id': 82, 'fixed_ips': [{'subnet_id': 'f1a6790b-6ffe-413c-9bd5-25b36d26c798', 'ip_address': '172.26.2.79', 'prefixlen': 24}], 'allowed_address_pairs': [], 'extra_dhcp_opts': [], 'security_groups': [], 'description': '', 'binding:vnic_type': 'normal', 'binding:profile': {}, 'binding:host_id': 'dv-neutron-810704-6-hyperv', 'binding:vif_type': 'ovs', 'binding:vif_details': {'connectivity': 'l2', 'port_filter': True, 'ovs_hybrid_plug': False, 'datapath_type': 'system', 'bridge_name': 'br-int', 'bound_drivers': {'0': 'openvswitch'}}, 'port_security_enabled': False, 'tags': [], 'created_at': '2022-08-10T09:29:50Z', 'updated_at': '2022-08-10T09:30:02Z', 'revision_number': 4, 'project_id': '', 'subnets': [{'id': 'f1a6790b-6ffe-413c-9bd5-25b36d26c798', 'cidr': '172.26.2.0/24', 'gateway_ip': '172.26.2.1', 'dns_nameservers': [], 'ipv6_ra_mode': None, 'subnetpool_id': None}], 'extra_subnets': [], 'address_scopes': {4: None, 6: None}, 'mtu': 1500}, 'enable_snat': True, 'gw_port_host': 'dv-neutron-810704-6-hyperv', '_interfaces': [{'id': '33e50658-169a-491d-b51b-50a269e2e9f5', 'name': '', 'network_id': '657defb4-3583-47cf-864f-735a4e049355', 'tenant_id': 'cbb4f6c8a62843be84d1e0fcbb52f2a9', 'mac_address': 'fa:16:3e:8f:ff:9c', 'admin_state_up': True, 'status': 'DOWN', 'device_id': '87659f43-e0d7-4e63-8d4c-33d5cc254396', 'device_owner': 'network:router_interface', 'standard_attr_id': 125, 'fixed_ips': [{'subnet_id': '650c0325-dff4-4c07-8149-123afc98bb69', 'ip_address': '172.20.0.1', 'prefixlen': 28}], 'allowed_address_pairs': [], 'extra_dhcp_opts': [], 'security_groups': [], 'description': '', 'binding:vnic_type': 'normal', 'binding:profile': {}, 'binding:host_id': 'dv-neutron-810704-6-hyperv', 'binding:vif_type': 'ovs', 'binding:vif_details': {'connectivity': 'l2', 'port_filter': True, 'ovs_hybrid_plug': False, 'datapath_type': 'system', 'bridge_name': 'br-int', 'bound_drivers': {'0': 'openvswitch'}}, 'port_security_enabled': False, 'tags': [], 'created_at': '2022-08-10T09:29:58Z', 'updated_at': '2022-08-10T09:30:09Z', 'revision_number': 4, 'project_id': 'cbb4f6c8a62843be84d1e0fcbb52f2a9', 'subnets': [{'id': '650c0325-dff4-4c07-8149-123afc98bb69', 'cidr': '172.20.0.0/28', 'gateway_ip': '172.20.0.1', 'dns_nameservers': [], 'ipv6_ra_mode': None, 'subnetpool_id': None}], 'extra_subnets': [], 'address_scopes': {4: None, 6: None}, 'mtu': 1500}]}] {{(pid=104661) sync_routers /opt/stack/neutron/neutron/api/rpc/handlers/l3_rpc.py:137}}
Aug 10 09:30:10.431156 dv-neutron-810704-6-hyperv neutron-server[104661]: DEBUG neutron.api.rpc.handlers.resources_rpc [None req-93e1984a-8a0c-4ff2-8ae5-4017d5ee7f6a None None] Pushing event updated for resources: {'Port': ['ID=33e50658-169a-491d-b51b-50a269e2e9f5,revision_number=4']} {{(pid=104661) push /opt/stack/neutron/neutron/api/rpc/handlers/resources_rpc.py:237}}
Aug 10 09:30:10.453967 dv-neutron-810704-6-hyperv neutron-server[104659]: DEBUG neutron_lib.callbacks.manager [None req-b9ea1a58-a16f-4a3c-96ed-c9ed216e0210 tempest-DHCPAgentSchedulersTestJSON-614776289 tempest-DHCPAgentSchedulersTestJSON-614776289-project] Publish callbacks ['neutron.plugins.ml2.plugin.Ml2Plugin._network_delete_precommit_handler-988336', 'neutron.services.segments.db._delete_segments_for_network-8737753474798'] for network (9b38cd66-1a56-4070-8e6c-68f421031760), precommit_delete {{(pid=104659) _notify_loop /usr/local/lib/python3.8/dist-packages/neutron_lib/callbacks/manager.py:176}}
Aug 10 09:30:10.479905 dv-neutron-810704-6-hyperv neutron-server[104659]: DEBUG neutron.services.segments.db [None req-b9ea1a58-a16f-4a3c-96ed-c9ed216e0210 tempest-DHCPAgentSchedulersTestJSON-614776289 tempest-DHCPAgentSchedulersTestJSON-614776289-project] neutron.services.segments.plugin.Plugin method get_segments called with arguments (,) {'filters': {'network_id': ['9b38cd66-1a56-4070-8e6c-68f421031760']}} {{(pid=104659) wrapper /usr/local/lib/python3.8/dist-packages/oslo_log/helpers.py:65}}
Aug 10 09:30:10.483220 dv-neutron-810704-6-hyperv neutron-server[104659]: DEBUG neutron_lib.callbacks.manager [None req-3272229f-c352-42e5-ad2b-a7f4fe9c1313 tempest-RoutersAdminTest-607470013 tempest-RoutersAdminTest-607470013-project-admin] Publish callbacks [] for router (4ad40b4e-8bff-429a-8dc8-2d3b7f5ca592), before_delete {{(pid=104659) _notify_loop /usr/local/lib/python3.8/dist-packages/neutron_lib/callbacks/manager.py:176}}
Aug 10 09:30:10.547221 dv-neutron-810704-6-hyperv neutron-server[104659]: DEBUG neutron.services.segments.db [None req-b9ea1a58-a16f-4a3c-96ed-c9ed216e0210 tempest-DHCPAgentSchedulersTestJSON-614776289 tempest-DHCPAgentSchedulersTestJSON-614776289-project] neutron.services.segments.plugin.Plugin method delete_segment called with arguments (, 'edc9cedb-ac65-4b46-a0ce-f7af80dc9800') {'for_net_delete': True} {{(pid=104659) wrapper /usr/local/lib/python3.8/dist-packages/oslo_log/helpers.py:65}}
Aug 10 09:30:10.547577 dv-neutron-810704-6-hyperv neutron-server[104659]: DEBUG neutron.services.segments.db [None req-b9ea1a58-a16f-4a3c-96ed-c9ed216e0210 tempest-DHCPAgentSchedulersTestJSON-614776289 tempest-DHCPAgentSchedulersTestJSON-614776289-project] neutron.services.segments.plugin.Plugin method get_segment called with arguments (, 'edc9cedb-ac65-4b46-a0ce-f7af80dc9800') {} {{(pid=104659) wrapper /usr/local/lib/python3.8/dist-packages/oslo_log/helpers.py:65}}
Aug 10 09:30:10.559110 dv-neutron-810704-6-hyperv neutron-server[104659]: DEBUG dbcounter [-] [104659] Writing DB stats neutron:SELECT=89,neutron:UPDATE=2,neutron:DELETE=5,neutron:INSERT=4 {{(pid=104659) stat_writer /usr/local/lib/python3.8/dist-packages/dbcounter.py:114}}
Aug 10 09:30:10.562494 dv-neutron-810704-6-hyperv neutron-server[104659]: DEBUG neutron_lib.callbacks.manager [None req-b9ea1a58-a16f-4a3c-96ed-c9ed216e0210 tempest-DHCPAgentSchedulersTestJSON-614776289 tempest-DHCPAgentSchedulersTestJSON-614776289-project] Publish callbacks ['neutron.plugins.ml2.db._prevent_segment_delete_with_port_bound-8737753474699', 'neutron.services.segments.plugin.Plugin._prevent_segment_delete_with_subnet_associated-1101532'] for segment (edc9cedb-ac65-4b46-a0ce-f7af80dc9800), before_delete {{(pid=104659) _notify_loop /usr/local/lib/python3.8/dist-packages/neutron_lib/callbacks/manager.py:176}}
Aug 10 09:30:10.615209 dv-neutron-810704-6-hyperv neutron-server[104659]: DEBUG neutron_lib.callbacks.manager [None req-b9ea1a58-a16f-4a3c-96ed-c9ed216e0210 tempest-DHCPAgentSchedulersTestJSON-614776289 tempest-DHCPAgentSchedulersTestJSON-614776289-project] Publish callbacks ['neutron.plugins.ml2.plugin.Ml2Plugin._handle_segment_change-986148'] for segment (edc9cedb-ac65-4b46-a0ce-f7af80dc9800), precommit_delete {{(pid=104659) _notify_loop /usr/local/lib/python3.8/dist-packages/neutron_lib/callbacks/manager.py:176}}
Aug 10 09:30:10.736092 dv-neutron-810704-6-hyperv neutron-server[104658]: DEBUG neutron_lib.callbacks.manager [None req-251372da-46bc-42b3-bafa-60dd1e1322c9 tempest-PortsAdminExtendedAttrsIpV6TestJSON-1279170904 tempest-PortsAdminExtendedAttrsIpV6TestJSON-1279170904-project] Publish callbacks ['neutron.plugins.ml2.plugin.Ml2Plugin._handle_segment_change-986148'] for segment (773c52fe-2fb9-4978-b98b-e69cc52e1365), precommit_create {{(pid=104658) _notify_loop /usr/local/lib/python3.8/dist-packages/neutron_lib/callbacks/manager.py:176}}
Aug 10 09:30:10.736713 dv-neutron-810704-6-hyperv neutron-server[104658]: INFO neutron.db.segments_db [None req-251372da-46bc-42b3-bafa-60dd1e1322c9 tempest-PortsAdminExtendedAttrsIpV6TestJSON-1279170904 tempest-PortsAdminExtendedAttrsIpV6TestJSON-1279170904-project] Added segment 773c52fe-2fb9-4978-b98b-e69cc52e1365 of type vlan for network f61f4ead-4fc5-43d7-8078-dc571b2d3094
Aug 10 09:30:10.750859 dv-neutron-810704-6-hyperv neutron-server[104658]: DEBUG neutron.scheduler.dhcp_agent_scheduler [None req-b798a6a1-605a-4b4d-aa7b-2f90e005d33c tempest-FloatingIPAdminTestJSON-279819423 tempest-FloatingIPAdminTestJSON-279819423-project] Network 6404f06a-1d30-4519-8553-dab1de80d0b3 is already hosted by enough agents. {{(pid=104658) _get_dhcp_agents_hosting_network /opt/stack/neutron/neutron/scheduler/dhcp_agent_scheduler.py:275}}
Aug 10 09:30:10.820892 dv-neutron-810704-6-hyperv neutron-server[104658]: DEBUG neutron.scheduler.base_scheduler [None req-b798a6a1-605a-4b4d-aa7b-2f90e005d33c tempest-FloatingIPAdminTestJSON-279819423 tempest-FloatingIPAdminTestJSON-279819423-project] Resources bound (agent type, host, resource id): {{(pid=104658) schedule /opt/stack/neutron/neutron/scheduler/base_scheduler.py:57}}
Aug 10 09:30:10.856246 dv-neutron-810704-6-hyperv neutron-server[104658]: DEBUG neutron.db.l3_dvrscheduler_db [None req-b798a6a1-605a-4b4d-aa7b-2f90e005d33c tempest-FloatingIPAdminTestJSON-279819423 tempest-FloatingIPAdminTestJSON-279819423-project] Received port after_create {{(pid=104658) _notify_l3_agent_new_port /opt/stack/neutron/neutron/db/l3_dvrscheduler_db.py:542}}
Aug 10 09:30:10.867078 dv-neutron-810704-6-hyperv neutron-server[104659]: DEBUG neutron.plugins.ml2.drivers.type_vlan [None req-b9ea1a58-a16f-4a3c-96ed-c9ed216e0210 tempest-DHCPAgentSchedulersTestJSON-614776289 tempest-DHCPAgentSchedulersTestJSON-614776289-project] Releasing vlan 126 on physical network physnet1 to pool {{(pid=104659) release_segment /opt/stack/neutron/neutron/plugins/ml2/drivers/type_vlan.py:304}}
Aug 10 09:30:10.867531 dv-neutron-810704-6-hyperv neutron-server[104659]: DEBUG neutron_lib.callbacks.manager [None req-b9ea1a58-a16f-4a3c-96ed-c9ed216e0210 tempest-DHCPAgentSchedulersTestJSON-614776289 tempest-DHCPAgentSchedulersTestJSON-614776289-project] Publish callbacks ['neutron.plugins.ml2.plugin.Ml2Plugin._handle_segment_change-986148', 'neutron.services.segments.plugin.NovaSegmentNotifier._notify_segment_deleted-9311849'] for segment (edc9cedb-ac65-4b46-a0ce-f7af80dc9800), after_delete {{(pid=104659) _notify_loop /usr/local/lib/python3.8/dist-packages/neutron_lib/callbacks/manager.py:176}}
Aug 10 09:30:10.867672 dv-neutron-810704-6-hyperv neutron-server[104658]: DEBUG neutron.api.rpc.handlers.resources_rpc [None req-251372da-46bc-42b3-bafa-60dd1e1322c9 tempest-PortsAdminExtendedAttrsIpV6TestJSON-1279170904 tempest-PortsAdminExtendedAttrsIpV6TestJSON-1279170904-project] Pushing event updated for resources: {'SecurityGroup': ['ID=a9ef5df4-2f08-4106-820d-3526781c4034,revision_number=1']} {{(pid=104658) push /opt/stack/neutron/neutron/api/rpc/handlers/resources_rpc.py:237}}
Aug 10 09:30:10.927133 dv-neutron-810704-6-hyperv neutron-server[104658]: DEBUG neutron.api.rpc.handlers.resources_rpc [None req-b798a6a1-605a-4b4d-aa7b-2f90e005d33c tempest-FloatingIPAdminTestJSON-279819423 tempest-FloatingIPAdminTestJSON-279819423-project] Pushing event updated for resources: {'Port': ['ID=facd48d1-df92-4830-9908-672d233cdefd,revision_number=1']} {{(pid=104658) push /opt/stack/neutron/neutron/api/rpc/handlers/resources_rpc.py:237}}
Aug 10 09:30:10.951394 dv-neutron-810704-6-hyperv neutron-server[104659]: DEBUG neutron_lib.callbacks.manager [None req-3272229f-c352-42e5-ad2b-a7f4fe9c1313 tempest-RoutersAdminTest-607470013 tempest-RoutersAdminTest-607470013-project-admin] Publish callbacks ['neutron.services.l3_router.l3_router_plugin.L3_HA_NAT_db_mixin._release_router_vr_id-1976262', 'neutron.services.l3_router.service_providers.driver_controller.DriverController._clear_router_provider-35624'] for router (4ad40b4e-8bff-429a-8dc8-2d3b7f5ca592), precommit_delete {{(pid=104659) _notify_loop /usr/local/lib/python3.8/dist-packages/neutron_lib/callbacks/manager.py:176}}
Aug 10 09:30:10.955786 dv-neutron-810704-6-hyperv neutron-server[104659]: DEBUG neutron_lib.callbacks.manager [None req-3272229f-c352-42e5-ad2b-a7f4fe9c1313 tempest-RoutersAdminTest-607470013 tempest-RoutersAdminTest-607470013-project-admin] Publish callbacks [] for router_controller (4ad40b4e-8bff-429a-8dc8-2d3b7f5ca592), precommit_delete_associations {{(pid=104659) _notify_loop /usr/local/lib/python3.8/dist-packages/neutron_lib/callbacks/manager.py:176}}
Aug 10 09:30:10.957221 dv-neutron-810704-6-hyperv neutron-server[104658]: DEBUG neutron.pecan_wsgi.hooks.policy_enforcement [None req-76519025-4f3b-47f8-8931-86668eb068de tempest-ExternalNetworksTestJSON-3053006 tempest-ExternalNetworksTestJSON-3053006-project] Attributes excluded by policy engine: ['standard_attr_id', 'vlan_transparent', 'provider:network_type', 'provider:physical_network', 'provider:segmentation_id'] {{(pid=104658) _exclude_attributes_by_policy /opt/stack/neutron/neutron/pecan_wsgi/hooks/policy_enforcement.py:259}}
Aug 10 09:30:10.961126 dv-neutron-810704-6-hyperv neutron-server[104658]: INFO neutron.wsgi [None req-76519025-4f3b-47f8-8931-86668eb068de tempest-ExternalNetworksTestJSON-3053006 tempest-ExternalNetworksTestJSON-3053006-project] 10.222.0.16 "GET /networking/v2.0/networks/aa58117b-7a1b-4406-96d1-f89a1045e1c7 HTTP/1.1" status: 200 len: 767 time: 0.5812142
Aug 10 09:30:10.961126 dv-neutron-810704-6-hyperv neutron-server[104658]: DEBUG neutron_lib.callbacks.manager [None req-e969bc7c-bec2-415f-bd56-2bd3bf467514 admin admin] Publish callbacks ['neutron.api.rpc.agentnotifiers.dhcp_rpc_agent_api.DhcpAgentNotifyAPI._after_router_interface_created-1579911', 'neutron.services.l3_router.l3_router_plugin.DVRResourceOperationHandler._update_snat_v6_addrs_after_intf_update-1978136'] for router_interface (031791bb-3a2c-417a-8070-f736d410f57d), after_create {{(pid=104658) _notify_loop /usr/local/lib/python3.8/dist-packages/neutron_lib/callbacks/manager.py:176}}
Aug 10 09:30:10.965596 dv-neutron-810704-6-hyperv neutron-server[104658]: DEBUG neutron_lib.callbacks.manager [None req-251372da-46bc-42b3-bafa-60dd1e1322c9 tempest-PortsAdminExtendedAttrsIpV6TestJSON-1279170904 tempest-PortsAdminExtendedAttrsIpV6TestJSON-1279170904-project] Publish callbacks ['neutron.services.auto_allocate.db._ensure_external_network_default_value_callback-8737753156801'] for network (f61f4ead-4fc5-43d7-8078-dc571b2d3094), precommit_create {{(pid=104658) _notify_loop /usr/local/lib/python3.8/dist-packages/neutron_lib/callbacks/manager.py:176}}
Aug 10 09:30:10.971591 dv-neutron-810704-6-hyperv neutron-server[104659]: DEBUG dbcounter [-] [104659] Writing DB stats neutron:SELECT=85,neutron:DELETE=7,neutron:INSERT=6,neutron:UPDATE=2 {{(pid=104659) stat_writer /usr/local/lib/python3.8/dist-packages/dbcounter.py:114}}
Aug 10 09:30:10.972472 dv-neutron-810704-6-hyperv neutron-server[104658]: DEBUG neutron.wsgi [-] (104658) accepted ('10.222.0.16', 46428) {{(pid=104658) server /usr/local/lib/python3.8/dist-packages/eventlet/wsgi.py:1004}}
Aug 10 09:30:11.024157 dv-neutron-810704-6-hyperv neutron-server[104658]: DEBUG neutron_lib.callbacks.manager [None req-1af8de5d-85fb-46a9-8584-e353947f4ad8 tempest-ServersTestJSON-1104361905 tempest-ServersTestJSON-1104361905-project] Publish callbacks [] for floatingip (aa167453-66cd-44ea-a228-e280d496bbd1), precommit_create {{(pid=104658) _notify_loop /usr/local/lib/python3.8/dist-packages/neutron_lib/callbacks/manager.py:176}}
Aug 10 09:30:11.064281 dv-neutron-810704-6-hyperv neutron-server[104658]: DEBUG dbcounter [-] [104658] Writing DB stats neutron:SELECT=92,neutron:INSERT=6,neutron:UPDATE=2 {{(pid=104658) stat_writer /usr/local/lib/python3.8/dist-packages/dbcounter.py:114}}
Aug 10 09:30:11.078947 dv-neutron-810704-6-hyperv neutron-server[104660]: DEBUG neutron.plugins.ml2.rpc [None req-11d733a1-f6a6-4835-ba46-6fcf562925e6 None None] Device 33e50658-169a-491d-b51b-50a269e2e9f5 up at agent ovs-agent-dv-neutron-810704-6-hyperv {{(pid=104660) update_device_up /opt/stack/neutron/neutron/plugins/ml2/rpc.py:296}}
Aug 10 09:30:11.079784 dv-neutron-810704-6-hyperv neutron-server[104659]: DEBUG neutron_lib.callbacks.manager [None req-b9ea1a58-a16f-4a3c-96ed-c9ed216e0210 tempest-DHCPAgentSchedulersTestJSON-614776289 tempest-DHCPAgentSchedulersTestJSON-614776289-project] Publish callbacks ['neutron.plugins.ml2.plugin.Ml2Plugin._network_delete_after_delete_handler-988347', 'neutron.plugins.ml2.ovo_rpc._ObjectChangeHandler.handle_event-1964563', 'neutron.api.rpc.agentnotifiers.dhcp_rpc_agent_api.DhcpAgentNotifyAPI._native_event_send_dhcp_notification-1579893', 'neutron.services.l3_router.l3_router_plugin.DVRResourceOperationHandler.delete_fip_namespaces_for_ext_net-1932079'] for network (9b38cd66-1a56-4070-8e6c-68f421031760), after_delete {{(pid=104659) _notify_loop /usr/local/lib/python3.8/dist-packages/neutron_lib/callbacks/manager.py:176}}
Aug 10 09:30:11.115637 dv-neutron-810704-6-hyperv neutron-server[104659]: DEBUG neutron_lib.callbacks.manager [None req-3272229f-c352-42e5-ad2b-a7f4fe9c1313 tempest-RoutersAdminTest-607470013 tempest-RoutersAdminTest-607470013-project-admin] Publish callbacks ['neutron.services.l3_router.l3_router_plugin.L3_HA_NAT_db_mixin._cleanup_ha_network_handler-1976132'] for router (4ad40b4e-8bff-429a-8dc8-2d3b7f5ca592), after_delete {{(pid=104659) _notify_loop /usr/local/lib/python3.8/dist-packages/neutron_lib/callbacks/manager.py:176}}
Aug 10 09:30:11.116611 dv-neutron-810704-6-hyperv neutron-server[104659]: DEBUG neutron.api.rpc.agentnotifiers.l3_rpc_agent_api [None req-3272229f-c352-42e5-ad2b-a7f4fe9c1313 tempest-RoutersAdminTest-607470013 tempest-RoutersAdminTest-607470013-project-admin] Fanout notify agent at l3_agent the message router_deleted on router 4ad40b4e-8bff-429a-8dc8-2d3b7f5ca592 {{(pid=104659) _notification_fanout /opt/stack/neutron/neutron/api/rpc/agentnotifiers/l3_rpc_agent_api.py:114}}
Aug 10 09:30:11.127008 dv-neutron-810704-6-hyperv neutron-server[104659]: DEBUG neutron_lib.callbacks.manager [None req-3272229f-c352-42e5-ad2b-a7f4fe9c1313 tempest-RoutersAdminTest-607470013 tempest-RoutersAdminTest-607470013-project-admin] Publish callbacks [] for router (None), before_response {{(pid=104659) _notify_loop /usr/local/lib/python3.8/dist-packages/neutron_lib/callbacks/manager.py:176}}
Aug 10 09:30:11.128392 dv-neutron-810704-6-hyperv neutron-server[104659]: INFO neutron.wsgi [None req-3272229f-c352-42e5-ad2b-a7f4fe9c1313 tempest-RoutersAdminTest-607470013 tempest-RoutersAdminTest-607470013-project-admin] 10.222.0.16 "DELETE /networking/v2.0/routers/4ad40b4e-8bff-429a-8dc8-2d3b7f5ca592 HTTP/1.1" status: 204 len: 168 time: 0.8281493
Aug 10 09:30:11.129947 dv-neutron-810704-6-hyperv neutron-server[104659]: DEBUG neutron_lib.callbacks.manager [None req-b9ea1a58-a16f-4a3c-96ed-c9ed216e0210 tempest-DHCPAgentSchedulersTestJSON-614776289 tempest-DHCPAgentSchedulersTestJSON-614776289-project] Publish callbacks ['neutron.api.rpc.agentnotifiers.dhcp_rpc_agent_api.DhcpAgentNotifyAPI._send_dhcp_notification-1579875'] for network (None), before_response {{(pid=104659) _notify_loop /usr/local/lib/python3.8/dist-packages/neutron_lib/callbacks/manager.py:176}}
Aug 10 09:30:11.139546 dv-neutron-810704-6-hyperv neutron-server[104659]: INFO neutron.wsgi [None req-b9ea1a58-a16f-4a3c-96ed-c9ed216e0210 tempest-DHCPAgentSchedulersTestJSON-614776289 tempest-DHCPAgentSchedulersTestJSON-614776289-project] 10.222.0.16 "DELETE /networking/v2.0/networks/9b38cd66-1a56-4070-8e6c-68f421031760 HTTP/1.1" status: 204 len: 168 time: 1.1515882
Aug 10 09:30:11.141772 dv-neutron-810704-6-hyperv neutron-server[104659]: DEBUG neutron.api.rpc.handlers.resources_rpc [None req-b9ea1a58-a16f-4a3c-96ed-c9ed216e0210 tempest-DHCPAgentSchedulersTestJSON-614776289 tempest-DHCPAgentSchedulersTestJSON-614776289-project] Pushing event deleted for resources: {'Network': ['ID=9b38cd66-1a56-4070-8e6c-68f421031760,revision_number=None']} {{(pid=104659) push /opt/stack/neutron/neutron/api/rpc/handlers/resources_rpc.py:237}}
Aug 10 09:30:11.149769 dv-neutron-810704-6-hyperv neutron-server[104659]: DEBUG neutron.wsgi [-] (104659) accepted ('10.222.0.16', 46432) {{(pid=104659) server /usr/local/lib/python3.8/dist-packages/eventlet/wsgi.py:1004}}
Aug 10 09:30:11.150054 dv-neutron-810704-6-hyperv neutron-server[104658]: DEBUG neutron_lib.db.resource_extend [None req-251372da-46bc-42b3-bafa-60dd1e1322c9 tempest-PortsAdminExtendedAttrsIpV6TestJSON-1279170904 tempest-PortsAdminExtendedAttrsIpV6TestJSON-1279170904-project] It took 0.13 seconds to run function 'neutron_lib.db.resource_extend.apply_funcs' {{(pid=104658) wrapper /usr/local/lib/python3.8/dist-packages/oslo_utils/timeutils.py:322}}
Aug 10 09:30:11.171865 dv-neutron-810704-6-hyperv neutron-server[104660]: DEBUG neutron.db.provisioning_blocks [None req-11d733a1-f6a6-4835-ba46-6fcf562925e6 None None] Provisioning complete for port 33e50658-169a-491d-b51b-50a269e2e9f5 triggered by entity L2. {{(pid=104660) provisioning_complete /opt/stack/neutron/neutron/db/provisioning_blocks.py:145}}
Aug 10 09:30:11.172391 dv-neutron-810704-6-hyperv neutron-server[104660]: DEBUG neutron_lib.callbacks.manager [None req-11d733a1-f6a6-4835-ba46-6fcf562925e6 None None] Publish callbacks ['neutron.plugins.ml2.plugin.Ml2Plugin._port_provisioned-989789'] for port (33e50658-169a-491d-b51b-50a269e2e9f5), provisioning_complete {{(pid=104660) _notify_loop /usr/local/lib/python3.8/dist-packages/neutron_lib/callbacks/manager.py:176}}
Aug 10 09:30:11.179051 dv-neutron-810704-6-hyperv neutron-server[104660]: DEBUG dbcounter [-] [104660] Writing DB stats neutron:SELECT=100 {{(pid=104660) stat_writer /usr/local/lib/python3.8/dist-packages/dbcounter.py:114}}
Aug 10 09:30:11.183526 dv-neutron-810704-6-hyperv neutron-server[104658]: DEBUG neutron_lib.callbacks.manager [None req-2b169d40-c5fe-4d1d-8681-8c99bed7b0c2 tempest-ServersTestManualDisk-1191977880 tempest-ServersTestManualDisk-1191977880-project] Publish callbacks [] for security_group (565cc7e4-be96-4106-8b14-b485cb4770db), precommit_create {{(pid=104658) _notify_loop /usr/local/lib/python3.8/dist-packages/neutron_lib/callbacks/manager.py:176}}
Aug 10 09:30:11.236437 dv-neutron-810704-6-hyperv neutron-server[104658]: DEBUG neutron_lib.callbacks.manager [None req-2b169d40-c5fe-4d1d-8681-8c99bed7b0c2 tempest-ServersTestManualDisk-1191977880 tempest-ServersTestManualDisk-1191977880-project] Publish callbacks ['neutron.plugins.ml2.ovo_rpc._ObjectChangeHandler.handle_event-1964610'] for security_group (565cc7e4-be96-4106-8b14-b485cb4770db), after_create {{(pid=104658) _notify_loop /usr/local/lib/python3.8/dist-packages/neutron_lib/callbacks/manager.py:176}}
Aug 10 09:30:11.274979 dv-neutron-810704-6-hyperv neutron-server[104658]: DEBUG neutron_lib.callbacks.manager [None req-b798a6a1-605a-4b4d-aa7b-2f90e005d33c tempest-FloatingIPAdminTestJSON-279819423 tempest-FloatingIPAdminTestJSON-279819423-project] Publish callbacks ['neutron.services.l3_router.l3_router_plugin.DVRResourceOperationHandler._add_csnat_on_interface_create-1977512'] for router_interface (fcdced9c-089a-41ab-bd52-da556f256d72), before_create {{(pid=104658) _notify_loop /usr/local/lib/python3.8/dist-packages/neutron_lib/callbacks/manager.py:176}}
Aug 10 09:30:11.275813 dv-neutron-810704-6-hyperv neutron-server[104659]: INFO neutron.services.segments.plugin [-] Segment ae7eb4b3-9528-41af-828e-674124fd3c4c resource provider aggregate not found
Aug 10 09:30:11.285387 dv-neutron-810704-6-hyperv neutron-server[104659]: INFO neutron.pecan_wsgi.hooks.translation [None req-a2e58cab-44f4-407d-bcec-37bc10193fbb tempest-DHCPAgentSchedulersTestJSON-614776289 tempest-DHCPAgentSchedulersTestJSON-614776289-project] DELETE failed (client error): The resource could not be found.
Aug 10 09:30:11.287799 dv-neutron-810704-6-hyperv neutron-server[104659]: DEBUG neutron.pecan_wsgi.hooks.notifier [None req-a2e58cab-44f4-407d-bcec-37bc10193fbb tempest-DHCPAgentSchedulersTestJSON-614776289 tempest-DHCPAgentSchedulersTestJSON-614776289-project] No notification will be sent due to unsuccessful status code: 404 {{(pid=104659) after /opt/stack/neutron/neutron/pecan_wsgi/hooks/notifier.py:78}}
Aug 10 09:30:11.294191 dv-neutron-810704-6-hyperv neutron-server[104658]: DEBUG neutron.api.rpc.handlers.resources_rpc [None req-e969bc7c-bec2-415f-bd56-2bd3bf467514 admin admin] Pushing event updated for resources: {'Port': ['ID=20325195-ad5c-485a-8ac0-93f25ba32653,revision_number=2']} {{(pid=104658) push /opt/stack/neutron/neutron/api/rpc/handlers/resources_rpc.py:237}}
Aug 10 09:30:11.295634 dv-neutron-810704-6-hyperv neutron-server[104659]: INFO neutron.wsgi [None req-a2e58cab-44f4-407d-bcec-37bc10193fbb tempest-DHCPAgentSchedulersTestJSON-614776289 tempest-DHCPAgentSchedulersTestJSON-614776289-project] 10.222.0.16 "DELETE /networking/v2.0/ports/8a67b3f1-4b4f-45ee-8c3a-4014b7afbed1 HTTP/1.1" status: 404 len: 333 time: 0.1440449
Aug 10 09:30:11.305183 dv-neutron-810704-6-hyperv neutron-server[104659]: DEBUG neutron.wsgi [-] (104659) accepted ('10.222.0.16', 46438) {{(pid=104659) server /usr/local/lib/python3.8/dist-packages/eventlet/wsgi.py:1004}}
Aug 10 09:30:11.314480 dv-neutron-810704-6-hyperv neutron-server[104660]: DEBUG neutron.db.provisioning_blocks [None req-b17171eb-5cb4-4501-94ce-fd3333cdb07a None None] Provisioning complete for port facd48d1-df92-4830-9908-672d233cdefd triggered by entity DHCP. {{(pid=104660) provisioning_complete /opt/stack/neutron/neutron/db/provisioning_blocks.py:145}}
Aug 10 09:30:11.316513 dv-neutron-810704-6-hyperv neutron-server[104660]: DEBUG neutron_lib.callbacks.manager [None req-b17171eb-5cb4-4501-94ce-fd3333cdb07a None None] Publish callbacks ['neutron.plugins.ml2.plugin.Ml2Plugin._port_provisioned-989789'] for port (facd48d1-df92-4830-9908-672d233cdefd), provisioning_complete {{(pid=104660) _notify_loop /usr/local/lib/python3.8/dist-packages/neutron_lib/callbacks/manager.py:176}}
Aug 10 09:30:11.321989 dv-neutron-810704-6-hyperv neutron-server[104659]: DEBUG neutron.wsgi [-] (104659) accepted ('10.222.0.16', 46440) {{(pid=104659) server /usr/local/lib/python3.8/dist-packages/eventlet/wsgi.py:1004}}
Aug 10 09:30:11.323479 dv-neutron-810704-6-hyperv neutron-server[104659]: INFO neutron.services.segments.plugin [-] Segment ae7eb4b3-9528-41af-828e-674124fd3c4c resource provider not found; error: Placement Client Error (4xx): {"errors": [{"status": 404, "title": "Not Found", "detail": "The resource could not be found.\n\n No resource provider with uuid ae7eb4b3-9528-41af-828e-674124fd3c4c found for delete ", "request_id": "req-fcaf0489-b33c-4e33-92bb-55d43ba521e6"}]}
Aug 10 09:30:11.369922 dv-neutron-810704-6-hyperv neutron-server[104660]: DEBUG dbcounter [-] [104660] Writing DB stats neutron:SELECT=98,neutron:UPDATE=2 {{(pid=104660) stat_writer /usr/local/lib/python3.8/dist-packages/dbcounter.py:114}}
Aug 10 09:30:11.379632 dv-neutron-810704-6-hyperv neutron-server[104659]: INFO neutron.services.segments.plugin [-] Segment edc9cedb-ac65-4b46-a0ce-f7af80dc9800 resource provider aggregate not found
