Jan 27 14:04:15.132583 dv-neutron-808961-8-hyperv neutron-server[103222]: DEBUG neutron_lib.callbacks.manager [None req-c03c9716-6ee1-4fc5-8e8d-525acf79d86d tempest-PortsAdminExtendedAttrsTestJSON-1241829115 tempest-PortsAdminExtendedAttrsTestJSON-1241829115-project-admin] Publish callbacks ['neutron.services.l3_router.l3_router_plugin.L3_NAT_dbonly_mixin._precommit_delete_port_callback-632163'] for port (fffe5e36-fcd9-4558-bdf3-a8747c6a3fdd), precommit_delete {{(pid=103222) _notify_loop /usr/local/lib/python3.8/dist-packages/neutron_lib/callbacks/manager.py:176}}
Jan 27 14:04:15.140513 dv-neutron-808961-8-hyperv neutron-server[103224]: DEBUG neutron_lib.callbacks.manager [None req-df3693dc-1961-4344-aff7-92592d3d9d5f None None] Publish callbacks ['neutron.plugins.ml2.plugin.SecurityGroupServerNotifierRpcMixin._notify_sg_on_port_change-3729755', 'neutron.plugins.ml2.ovo_rpc._ObjectChangeHandler.handle_event-131944', 'neutron.api.rpc.agentnotifiers.dhcp_rpc_agent_api.DhcpAgentNotifyAPI._native_event_send_dhcp_notification-1015851', 'neutron.db.l3_db.L3RpcNotifierMixin._notify_gateway_port_ip_changed-8731011729610', 'neutron.db.l3_dvrscheduler_db._notify_l3_agent_port_update-8731011283231', 'neutron.db.l3_hascheduler_db._notify_l3_agent_ha_port_update-8731011283249'] for port (88d4faf7-23b7-46fa-84cd-6ad73555a36a), after_update {{(pid=103224) _notify_loop /usr/local/lib/python3.8/dist-packages/neutron_lib/callbacks/manager.py:176}}
Jan 27 14:04:15.174818 dv-neutron-808961-8-hyperv neutron-server[103222]: DEBUG neutron.api.rpc.handlers.resources_rpc [None req-f858c5ed-eee7-4745-be43-2b1553ad56e6 admin admin] Pushing event deleted for resources: {'SecurityGroup': ['ID=d7ad5063-d515-4145-b913-5788a81d130f,revision_number=None']} {{(pid=103222) push /opt/stack/neutron/neutron/api/rpc/handlers/resources_rpc.py:237}}
Jan 27 14:04:15.183850 dv-neutron-808961-8-hyperv neutron-server[103222]: DEBUG neutron.plugins.ml2.plugin [None req-c03c9716-6ee1-4fc5-8e8d-525acf79d86d tempest-PortsAdminExtendedAttrsTestJSON-1241829115 tempest-PortsAdminExtendedAttrsTestJSON-1241829115-project-admin] Calling delete_port for fffe5e36-fcd9-4558-bdf3-a8747c6a3fdd owned by {{(pid=103222) delete_port /opt/stack/neutron/neutron/plugins/ml2/plugin.py:2049}}
Jan 27 14:04:15.198529 dv-neutron-808961-8-hyperv neutron-server[103222]: DEBUG neutron_lib.callbacks.manager [None req-c2b58a42-7c19-4ce9-a57f-b3c25ea676d2 admin admin] Publish callbacks [] for security_group (None), before_create {{(pid=103222) _notify_loop /usr/local/lib/python3.8/dist-packages/neutron_lib/callbacks/manager.py:176}}
Jan 27 14:04:15.206614 dv-neutron-808961-8-hyperv neutron-server[103222]: DEBUG neutron.plugins.ml2.drivers.mech_agent [None req-d1672829-a088-4e1b-bc09-a5e67d49c540 tempest-FloatingIPAdminTestJSON-2131937150 tempest-FloatingIPAdminTestJSON-2131937150-project] Checking segment: {'id': '38204f2a-bbaf-4905-92e0-54996dd0c9e8', 'network_type': 'vlan', 'physical_network': 'physnet1', 'segmentation_id': 71, 'network_id': '92ddfe88-a02d-47f6-8d51-d4616d98df1b'} for mappings: {'physnet1': 'br-data'} with network types: ['local', 'flat', 'vlan'] {{(pid=103222) check_segment_for_agent /opt/stack/neutron/neutron/plugins/ml2/drivers/mech_agent.py:373}}
Jan 27 14:04:15.208037 dv-neutron-808961-8-hyperv neutron-server[103222]: DEBUG neutron.scheduler.dhcp_agent_scheduler [None req-d1672829-a088-4e1b-bc09-a5e67d49c540 tempest-FloatingIPAdminTestJSON-2131937150 tempest-FloatingIPAdminTestJSON-2131937150-project] Network hostable DHCP agents. Network: 92ddfe88-a02d-47f6-8d51-d4616d98df1b, hostable agents: ['4498de11-8107-481a-bd79-19b571389a3e'], hosted agents: [] {{(pid=103222) _get_network_hostable_dhcp_agents /opt/stack/neutron/neutron/scheduler/dhcp_agent_scheduler.py:329}}
Jan 27 14:04:15.216852 dv-neutron-808961-8-hyperv neutron-server[103223]: DEBUG neutron.db.provisioning_blocks [None req-409d7a7b-c852-49ae-81d4-fa92c4878e3b None None] Provisioning complete for port 88d4faf7-23b7-46fa-84cd-6ad73555a36a triggered by entity DHCP. {{(pid=103223) provisioning_complete /opt/stack/neutron/neutron/db/provisioning_blocks.py:139}}
Jan 27 14:04:15.217237 dv-neutron-808961-8-hyperv neutron-server[103223]: DEBUG neutron_lib.callbacks.manager [None req-409d7a7b-c852-49ae-81d4-fa92c4878e3b None None] Publish callbacks ['neutron.plugins.ml2.plugin.Ml2Plugin._port_provisioned-4105400'] for port (88d4faf7-23b7-46fa-84cd-6ad73555a36a), provisioning_complete {{(pid=103223) _notify_loop /usr/local/lib/python3.8/dist-packages/neutron_lib/callbacks/manager.py:176}}
Jan 27 14:04:15.220276 dv-neutron-808961-8-hyperv neutron-server[103221]: DEBUG neutron_lib.callbacks.manager [None req-0a4ed675-ab8b-41b4-82f6-c3cbb19a26e8 tempest-ServerActionsTestJSON-2001872603 tempest-ServerActionsTestJSON-2001872603-project] Publish callbacks [] for security_group (None), before_create {{(pid=103221) _notify_loop /usr/local/lib/python3.8/dist-packages/neutron_lib/callbacks/manager.py:176}}
Jan 27 14:04:15.249448 dv-neutron-808961-8-hyperv neutron-server[103224]: DEBUG neutron.api.rpc.handlers.resources_rpc [None req-59b00341-eb59-4e60-aff0-1d398e63c7cd None None] Pushing event updated for resources: {'Port': ['ID=88d4faf7-23b7-46fa-84cd-6ad73555a36a,revision_number=4']} {{(pid=103224) push /opt/stack/neutron/neutron/api/rpc/handlers/resources_rpc.py:237}}
Jan 27 14:04:15.256903 dv-neutron-808961-8-hyperv neutron-server[103224]: DEBUG neutron.db.l3_dvrscheduler_db [None req-df3693dc-1961-4344-aff7-92592d3d9d5f None None] Routers {'d90970c1-22f9-4675-945f-e818ec88fd09'} bound to L3 agent in host dv-neutron-808961-8-hyperv {{(pid=103224) _get_router_ids_for_agent /opt/stack/neutron/neutron/db/l3_dvrscheduler_db.py:421}}
Jan 27 14:04:15.257838 dv-neutron-808961-8-hyperv neutron-server[103224]: DEBUG neutron.db.l3_hamode_db [None req-df3693dc-1961-4344-aff7-92592d3d9d5f None None] neutron.services.l3_router.l3_router_plugin.L3RouterPlugin method get_ha_sync_data_for_host called with arguments (, 'dv-neutron-808961-8-hyperv', Agent(admin_state_up=True,agent_type='L3 agent',availability_zone='nova',binary='neutron-l3-agent',configurations={"agent_mode": "legacy", "ex_gw_ports": 1, "extensions": [], "floating_ips": 0, "handle_internal_only_routers": true, "interface_driver": "openvswitch", "interfaces": 1, "log_agent_heartbeats": false, "routers": 1},created_at=2022-01-27T13:56:36Z,description=,heartbeat_timestamp=2022-01-27T14:04:07Z,host='dv-neutron-808961-8-hyperv',id=9bbdf288-eea4-47f9-8272-49951dfc9a16,load=0,resource_versions=,resources_synced=,started_at=2022-01-27T13:56:37Z,topic='l3_agent')) {'router_ids': ['d90970c1-22f9-4675-945f-e818ec88fd09'], 'active': True} {{(pid=103224) wrapper /usr/local/lib/python3.8/dist-packages/oslo_log/helpers.py:65}}
Jan 27 14:04:15.308685 dv-neutron-808961-8-hyperv neutron-server[103222]: DEBUG neutron.scheduler.dhcp_agent_scheduler [None req-d1672829-a088-4e1b-bc09-a5e67d49c540 tempest-FloatingIPAdminTestJSON-2131937150 tempest-FloatingIPAdminTestJSON-2131937150-project] Network 92ddfe88-a02d-47f6-8d51-d4616d98df1b is scheduled to be hosted by DHCP agent 4498de11-8107-481a-bd79-19b571389a3e with binding_index 1 {{(pid=103222) bind /opt/stack/neutron/neutron/scheduler/dhcp_agent_scheduler.py:227}}
Jan 27 14:04:15.336515 dv-neutron-808961-8-hyperv neutron-server[103222]: DEBUG neutron.scheduler.base_scheduler [None req-d1672829-a088-4e1b-bc09-a5e67d49c540 tempest-FloatingIPAdminTestJSON-2131937150 tempest-FloatingIPAdminTestJSON-2131937150-project] Resources bound (agent type, host, resource id): (DHCP agent, dv-neutron-808961-8-hyperv, 92ddfe88-a02d-47f6-8d51-d4616d98df1b) {{(pid=103222) schedule /opt/stack/neutron/neutron/scheduler/base_scheduler.py:57}}
Jan 27 14:04:15.342207 dv-neutron-808961-8-hyperv neutron-server[103222]: DEBUG neutron.pecan_wsgi.hooks.policy_enforcement [None req-d1672829-a088-4e1b-bc09-a5e67d49c540 tempest-FloatingIPAdminTestJSON-2131937150 tempest-FloatingIPAdminTestJSON-2131937150-project] Attributes excluded by policy engine: ['standard_attr_id', 'shared', 'network'] {{(pid=103222) _exclude_attributes_by_policy /opt/stack/neutron/neutron/pecan_wsgi/hooks/policy_enforcement.py:255}}
Jan 27 14:04:15.342886 dv-neutron-808961-8-hyperv neutron-server[103222]: DEBUG neutron_lib.callbacks.manager [None req-d1672829-a088-4e1b-bc09-a5e67d49c540 tempest-FloatingIPAdminTestJSON-2131937150 tempest-FloatingIPAdminTestJSON-2131937150-project] Publish callbacks ['neutron.api.rpc.agentnotifiers.dhcp_rpc_agent_api.DhcpAgentNotifyAPI._send_dhcp_notification-1016025'] for subnet (None), before_response {{(pid=103222) _notify_loop /usr/local/lib/python3.8/dist-packages/neutron_lib/callbacks/manager.py:176}}
Jan 27 14:04:15.380990 dv-neutron-808961-8-hyperv neutron-server[103222]: DEBUG neutron_lib.callbacks.manager [None req-c03c9716-6ee1-4fc5-8e8d-525acf79d86d tempest-PortsAdminExtendedAttrsTestJSON-1241829115 tempest-PortsAdminExtendedAttrsTestJSON-1241829115-project-admin] Publish callbacks ['neutron.plugins.ml2.plugin.SecurityGroupServerNotifierRpcMixin._notify_sg_on_port_change-3729755', 'neutron.plugins.ml2.ovo_rpc._ObjectChangeHandler.handle_event-131944', 'neutron.api.rpc.agentnotifiers.dhcp_rpc_agent_api.DhcpAgentNotifyAPI._native_event_send_dhcp_notification-1015851', 'neutron.db.l3_db.L3RpcNotifierMixin._notify_routers_callback-8731011729592', 'neutron.db.l3_dvrscheduler_db._notify_port_delete-8731011283222'] for port (fffe5e36-fcd9-4558-bdf3-a8747c6a3fdd), after_delete {{(pid=103222) _notify_loop /usr/local/lib/python3.8/dist-packages/neutron_lib/callbacks/manager.py:176}}
Jan 27 14:04:15.388753 dv-neutron-808961-8-hyperv neutron-server[103221]: INFO neutron.wsgi [None req-3053cd8f-c6d0-4a43-bff6-534faed8b451 tempest-DHCPAgentSchedulersTestJSON-1957382439 tempest-DHCPAgentSchedulersTestJSON-1957382439-project-admin] 10.222.0.24 "GET /v2.0/agents HTTP/1.1" status: 200 len: 4560 time: 0.7151210
Jan 27 14:04:15.389583 dv-neutron-808961-8-hyperv neutron-server[103223]: DEBUG neutron.api.rpc.handlers.dhcp_rpc [None req-49ce98e6-f2bc-469e-8b6a-be692425d05e None None] Network 92ddfe88-a02d-47f6-8d51-d4616d98df1b requested from dv-neutron-808961-8-hyperv {{(pid=103223) get_network_info /opt/stack/neutron/neutron/api/rpc/handlers/dhcp_rpc.py:191}}
Jan 27 14:04:15.404150 dv-neutron-808961-8-hyperv neutron-server[103222]: INFO neutron.wsgi [None req-d1672829-a088-4e1b-bc09-a5e67d49c540 tempest-FloatingIPAdminTestJSON-2131937150 tempest-FloatingIPAdminTestJSON-2131937150-project] 10.222.0.24 "POST /v2.0/subnets HTTP/1.1" status: 201 len: 801 time: 1.8284996
Jan 27 14:04:15.406583 dv-neutron-808961-8-hyperv neutron-server[103221]: DEBUG neutron.wsgi [-] (103221) accepted ('10.222.0.24', 60152) {{(pid=103221) server /usr/local/lib/python3.8/dist-packages/eventlet/wsgi.py:1004}}
Jan 27 14:04:15.406714 dv-neutron-808961-8-hyperv neutron-server[103222]: DEBUG neutron.wsgi [-] (103222) accepted ('10.222.0.24', 60156) {{(pid=103222) server /usr/local/lib/python3.8/dist-packages/eventlet/wsgi.py:1004}}
Jan 27 14:04:15.413491 dv-neutron-808961-8-hyperv neutron-server[103222]: DEBUG neutron.api.v2.base [None req-ef5fee18-b0ea-4321-84dc-b90286caeb0a tempest-FloatingIPAdminTestJSON-2131937150 tempest-FloatingIPAdminTestJSON-2131937150-project] Request body: {'router': {'name': 'tempest-FloatingIPAdminTestJSON-router-814715728', 'external_gateway_info': {'network_id': '59d50347-3dd1-470a-a58f-239455059ae2'}, 'admin_state_up': False}} {{(pid=103222) prepare_request_body /opt/stack/neutron/neutron/api/v2/base.py:729}}
Jan 27 14:04:15.429461 dv-neutron-808961-8-hyperv neutron-server[103221]: DEBUG neutron_lib.callbacks.manager [None req-e92a6804-ab40-4461-ba07-30b33db5e6e2 admin admin] Publish callbacks [] for security_group (568cd5c7-2b85-4a7f-a140-1f01ce782061), precommit_create {{(pid=103221) _notify_loop /usr/local/lib/python3.8/dist-packages/neutron_lib/callbacks/manager.py:176}}
Jan 27 14:04:15.432750 dv-neutron-808961-8-hyperv neutron-server[103221]: DEBUG neutron.api.v2.base [None req-5d668971-5377-44bb-9931-40eb8c1c4943 tempest-DHCPAgentSchedulersTestJSON-693332256 tempest-DHCPAgentSchedulersTestJSON-693332256-project] Request body: {'network': {'name': 'tempest-DHCPAgentSchedulersTestJSON-test-network-1931219551'}} {{(pid=103221) prepare_request_body /opt/stack/neutron/neutron/api/v2/base.py:729}}
Jan 27 14:04:15.461997 dv-neutron-808961-8-hyperv neutron-server[103222]: DEBUG neutron.api.rpc.handlers.resources_rpc [None req-c03c9716-6ee1-4fc5-8e8d-525acf79d86d tempest-PortsAdminExtendedAttrsTestJSON-1241829115 tempest-PortsAdminExtendedAttrsTestJSON-1241829115-project-admin] Pushing event deleted for resources: {'Port': ['ID=fffe5e36-fcd9-4558-bdf3-a8747c6a3fdd,revision_number=None']} {{(pid=103222) push /opt/stack/neutron/neutron/api/rpc/handlers/resources_rpc.py:237}}
Jan 27 14:04:15.475888 dv-neutron-808961-8-hyperv neutron-server[103222]: DEBUG neutron_lib.callbacks.manager [None req-c03c9716-6ee1-4fc5-8e8d-525acf79d86d tempest-PortsAdminExtendedAttrsTestJSON-1241829115 tempest-PortsAdminExtendedAttrsTestJSON-1241829115-project-admin] Publish callbacks ['neutron.notifiers.nova.Notifier._send_nova_notification-123193'] for port (None), before_response {{(pid=103222) _notify_loop /usr/local/lib/python3.8/dist-packages/neutron_lib/callbacks/manager.py:176}}
Jan 27 14:04:15.479818 dv-neutron-808961-8-hyperv neutron-server[103222]: INFO neutron.wsgi [None req-c03c9716-6ee1-4fc5-8e8d-525acf79d86d tempest-PortsAdminExtendedAttrsTestJSON-1241829115 tempest-PortsAdminExtendedAttrsTestJSON-1241829115-project-admin] 10.222.0.24 "DELETE /v2.0/ports/fffe5e36-fcd9-4558-bdf3-a8747c6a3fdd HTTP/1.1" status: 204 len: 168 time: 1.8194218
Jan 27 14:04:15.487424 dv-neutron-808961-8-hyperv neutron-server[103222]: DEBUG neutron.wsgi [-] (103222) accepted ('10.222.0.24', 60158) {{(pid=103222) server /usr/local/lib/python3.8/dist-packages/eventlet/wsgi.py:1004}}
Jan 27 14:04:15.498419 dv-neutron-808961-8-hyperv neutron-server[103222]: DEBUG neutron_lib.callbacks.manager [None req-c2b58a42-7c19-4ce9-a57f-b3c25ea676d2 admin admin] Publish callbacks [] for security_group (fcb1b640-159d-417f-b78f-7680f7aa4108), precommit_create {{(pid=103222) _notify_loop /usr/local/lib/python3.8/dist-packages/neutron_lib/callbacks/manager.py:176}}
Jan 27 14:04:15.516066 dv-neutron-808961-8-hyperv neutron-server[103221]: DEBUG neutron_lib.callbacks.manager [None req-e92a6804-ab40-4461-ba07-30b33db5e6e2 admin admin] Publish callbacks ['neutron.plugins.ml2.ovo_rpc._ObjectChangeHandler.handle_event-737178'] for security_group (568cd5c7-2b85-4a7f-a140-1f01ce782061), after_create {{(pid=103221) _notify_loop /usr/local/lib/python3.8/dist-packages/neutron_lib/callbacks/manager.py:176}}
Jan 27 14:04:15.521198 dv-neutron-808961-8-hyperv neutron-server[103223]: DEBUG neutron.plugins.ml2.plugin [None req-409d7a7b-c852-49ae-81d4-fa92c4878e3b None None] Current status of the port 88d4faf7-23b7-46fa-84cd-6ad73555a36a is: DOWN; New status is: ACTIVE {{(pid=103223) _update_individual_port_db_status /opt/stack/neutron/neutron/plugins/ml2/plugin.py:2225}}
Jan 27 14:04:15.521623 dv-neutron-808961-8-hyperv neutron-server[103223]: DEBUG neutron_lib.callbacks.manager [None req-409d7a7b-c852-49ae-81d4-fa92c4878e3b None None] Publish callbacks ['neutron.plugins.ml2.plugin.SecurityGroupDbMixin._ensure_default_security_group_handler-3731332'] for port (88d4faf7-23b7-46fa-84cd-6ad73555a36a), before_update {{(pid=103223) _notify_loop /usr/local/lib/python3.8/dist-packages/neutron_lib/callbacks/manager.py:176}}
Jan 27 14:04:15.546047 dv-neutron-808961-8-hyperv neutron-server[103222]: INFO neutron.pecan_wsgi.hooks.translation [None req-5cd7e6aa-3ff1-48ba-8800-39d62d896e1f tempest-PortsAdminExtendedAttrsTestJSON-1241829115 tempest-PortsAdminExtendedAttrsTestJSON-1241829115-project-admin] GET failed (client error): The resource could not be found.
Jan 27 14:04:15.548094 dv-neutron-808961-8-hyperv neutron-server[103224]: DEBUG neutron.db.l3_dvr_db [None req-df3693dc-1961-4344-aff7-92592d3d9d5f None None] Set router d90970c1-22f9-4675-945f-e818ec88fd09 gateway port host: dv-neutron-808961-8-hyperv {{(pid=103224) _build_routers_list /opt/stack/neutron/neutron/db/l3_dvr_db.py:906}}
Jan 27 14:04:15.549800 dv-neutron-808961-8-hyperv neutron-server[103222]: INFO neutron.wsgi [None req-5cd7e6aa-3ff1-48ba-8800-39d62d896e1f tempest-PortsAdminExtendedAttrsTestJSON-1241829115 tempest-PortsAdminExtendedAttrsTestJSON-1241829115-project-admin] 10.222.0.24 "GET /v2.0/ports/fffe5e36-fcd9-4558-bdf3-a8747c6a3fdd HTTP/1.1" status: 404 len: 333 time: 0.0605412
Jan 27 14:04:15.552417 dv-neutron-808961-8-hyperv neutron-server[103222]: DEBUG neutron_lib.callbacks.manager [None req-c2b58a42-7c19-4ce9-a57f-b3c25ea676d2 admin admin] Publish callbacks ['neutron.plugins.ml2.ovo_rpc._ObjectChangeHandler.handle_event-737178'] for security_group (fcb1b640-159d-417f-b78f-7680f7aa4108), after_create {{(pid=103222) _notify_loop /usr/local/lib/python3.8/dist-packages/neutron_lib/callbacks/manager.py:176}}
Jan 27 14:04:15.563728 dv-neutron-808961-8-hyperv neutron-server[103222]: DEBUG neutron.wsgi [-] (103222) accepted ('10.222.0.24', 60160) {{(pid=103222) server /usr/local/lib/python3.8/dist-packages/eventlet/wsgi.py:1004}}
Jan 27 14:04:15.568904 dv-neutron-808961-8-hyperv neutron-server[103222]: DEBUG neutron_lib.callbacks.manager [None req-ef5fee18-b0ea-4321-84dc-b90286caeb0a tempest-FloatingIPAdminTestJSON-2131937150 tempest-FloatingIPAdminTestJSON-2131937150-project] Publish callbacks ['neutron.services.l3_router.l3_router_plugin.L3_HA_NAT_db_mixin._before_router_create_handler-638125', 'neutron.services.l3_router.service_providers.driver_controller.DriverController._check_router_request-11776'] for router (396de852-08b5-4052-a662-fd97f373a10d), before_create {{(pid=103222) _notify_loop /usr/local/lib/python3.8/dist-packages/neutron_lib/callbacks/manager.py:176}}
Jan 27 14:04:15.574033 dv-neutron-808961-8-hyperv neutron-server[103222]: DEBUG neutron_lib.callbacks.manager [None req-ef5fee18-b0ea-4321-84dc-b90286caeb0a tempest-FloatingIPAdminTestJSON-2131937150 tempest-FloatingIPAdminTestJSON-2131937150-project] Publish callbacks ['neutron.services.l3_router.l3_router_plugin.L3_HA_NAT_db_mixin._precommit_router_create-636765', 'neutron.services.l3_router.l3_router_plugin.DVRResourceOperationHandler._set_distributed_flag-632563', 'neutron.services.l3_router.l3_router_plugin.RouterAvailabilityZoneMixin._process_az_request-744817', 'neutron.services.l3_router.service_providers.driver_controller.DriverController._set_router_provider-11801'] for router (396de852-08b5-4052-a662-fd97f373a10d), precommit_create {{(pid=103222) _notify_loop /usr/local/lib/python3.8/dist-packages/neutron_lib/callbacks/manager.py:176}}
Jan 27 14:04:15.592327 dv-neutron-808961-8-hyperv neutron-server[103222]: DEBUG neutron.api.v2.base [None req-a102008f-da0e-4380-a925-021a8b63e426 tempest-PortsAdminExtendedAttrsTestJSON-1241829115 tempest-PortsAdminExtendedAttrsTestJSON-1241829115-project-admin] Request body: {'port': {'network_id': '95368e90-d35e-463f-8b90-98f52e81c898', 'name': 'tempest-PortsAdminExtendedAttrsTestJSON-1458310786'}} {{(pid=103222) prepare_request_body /opt/stack/neutron/neutron/api/v2/base.py:729}}
Jan 27 14:04:15.671514 dv-neutron-808961-8-hyperv neutron-server[103221]: DEBUG neutron_lib.callbacks.manager [None req-0a4ed675-ab8b-41b4-82f6-c3cbb19a26e8 tempest-ServerActionsTestJSON-2001872603 tempest-ServerActionsTestJSON-2001872603-project] Publish callbacks [] for security_group (8410689a-19c0-4666-9059-e3cb5a83899b), precommit_create {{(pid=103221) _notify_loop /usr/local/lib/python3.8/dist-packages/neutron_lib/callbacks/manager.py:176}}
Jan 27 14:04:15.673578 dv-neutron-808961-8-hyperv neutron-server[103221]: DEBUG neutron.pecan_wsgi.hooks.quota_enforcement [None req-5d668971-5377-44bb-9931-40eb8c1c4943 tempest-DHCPAgentSchedulersTestJSON-693332256 tempest-DHCPAgentSchedulersTestJSON-693332256-project] Made reservation on behalf of a2d3f172a2d347868c431d775486e094 for: {'network': 1} {{(pid=103221) before /opt/stack/neutron/neutron/pecan_wsgi/hooks/quota_enforcement.py:53}}
Jan 27 14:04:15.677429 dv-neutron-808961-8-hyperv neutron-server[103221]: DEBUG neutron_lib.callbacks.manager [None req-5d668971-5377-44bb-9931-40eb8c1c4943 tempest-DHCPAgentSchedulersTestJSON-693332256 tempest-DHCPAgentSchedulersTestJSON-693332256-project] Publish callbacks ['neutron.plugins.ml2.plugin.SecurityGroupDbMixin._ensure_default_security_group_handler-3731332'] for network (None), before_create {{(pid=103221) _notify_loop /usr/local/lib/python3.8/dist-packages/neutron_lib/callbacks/manager.py:176}}
Jan 27 14:04:15.680187 dv-neutron-808961-8-hyperv neutron-server[103221]: DEBUG neutron.api.rpc.agentnotifiers.l3_rpc_agent_api [None req-5ea21563-5e28-4cbc-baa2-22266a7e184d admin admin] Notify agent at l3_agent.dv-neutron-808961-8-hyperv the message routers_updated {{(pid=103221) _agent_notification /opt/stack/neutron/neutron/api/rpc/agentnotifiers/l3_rpc_agent_api.py:65}}
Jan 27 14:04:15.694125 dv-neutron-808961-8-hyperv neutron-server[103221]: INFO neutron.wsgi [None req-5ea21563-5e28-4cbc-baa2-22266a7e184d admin admin] 10.222.0.24 "PUT /v2.0/routers/772a6e51-fb67-437c-8c0f-3ea837f9cbe7/add_router_interface HTTP/1.1" status: 200 len: 503 time: 7.0808842
Jan 27 14:04:15.695263 dv-neutron-808961-8-hyperv neutron-server[103221]: DEBUG neutron.api.rpc.handlers.resources_rpc [None req-e92a6804-ab40-4461-ba07-30b33db5e6e2 admin admin] Pushing event updated for resources: {'SecurityGroup': ['ID=568cd5c7-2b85-4a7f-a140-1f01ce782061,revision_number=1']} {{(pid=103221) push /opt/stack/neutron/neutron/api/rpc/handlers/resources_rpc.py:237}}
Jan 27 14:04:15.698149 dv-neutron-808961-8-hyperv neutron-server[103222]: DEBUG neutron.api.rpc.handlers.resources_rpc [None req-c2b58a42-7c19-4ce9-a57f-b3c25ea676d2 admin admin] Pushing event updated for resources: {'SecurityGroup': ['ID=fcb1b640-159d-417f-b78f-7680f7aa4108,revision_number=1']} {{(pid=103222) push /opt/stack/neutron/neutron/api/rpc/handlers/resources_rpc.py:237}}
Jan 27 14:04:15.703487 dv-neutron-808961-8-hyperv neutron-server[103221]: INFO neutron.wsgi [None req-e92a6804-ab40-4461-ba07-30b33db5e6e2 admin admin] 10.222.0.24 "GET /v2.0/security-groups?tenant_id=7b2476fef3c64fc1a8889bb03e27213d&name=default HTTP/1.1" status: 200 len: 2996 time: 0.9786580
Jan 27 14:04:15.705474 dv-neutron-808961-8-hyperv neutron-server[103222]: INFO neutron.wsgi [None req-c2b58a42-7c19-4ce9-a57f-b3c25ea676d2 admin admin] 10.222.0.24 "GET /v2.0/security-groups?tenant_id=21bd6e0004974c788fc4062bf52dd865&name=default HTTP/1.1" status: 200 len: 2996 time: 1.2288980
Jan 27 14:04:15.705710 dv-neutron-808961-8-hyperv neutron-server[103221]: DEBUG neutron.wsgi [-] (103221) accepted ('10.222.0.24', 60166) {{(pid=103221) server /usr/local/lib/python3.8/dist-packages/eventlet/wsgi.py:1004}}
Jan 27 14:04:15.708549 dv-neutron-808961-8-hyperv neutron-server[103222]: DEBUG neutron.wsgi [-] (103222) accepted ('10.222.0.24', 60168) {{(pid=103222) server /usr/local/lib/python3.8/dist-packages/eventlet/wsgi.py:1004}}
Jan 27 14:04:15.717131 dv-neutron-808961-8-hyperv neutron-server[103221]: DEBUG neutron_lib.callbacks.manager [None req-0a4ed675-ab8b-41b4-82f6-c3cbb19a26e8 tempest-ServerActionsTestJSON-2001872603 tempest-ServerActionsTestJSON-2001872603-project] Publish callbacks ['neutron.plugins.ml2.ovo_rpc._ObjectChangeHandler.handle_event-737178'] for security_group (8410689a-19c0-4666-9059-e3cb5a83899b), after_create {{(pid=103221) _notify_loop /usr/local/lib/python3.8/dist-packages/neutron_lib/callbacks/manager.py:176}}
Jan 27 14:04:15.724631 dv-neutron-808961-8-hyperv neutron-server[103222]: DEBUG neutron.pecan_wsgi.hooks.quota_enforcement [None req-a102008f-da0e-4380-a925-021a8b63e426 tempest-PortsAdminExtendedAttrsTestJSON-1241829115 tempest-PortsAdminExtendedAttrsTestJSON-1241829115-project-admin] Made reservation on behalf of dd440bc978e14316b51242889603d3aa for: {'port': 1} {{(pid=103222) before /opt/stack/neutron/neutron/pecan_wsgi/hooks/quota_enforcement.py:53}}
Jan 27 14:04:15.727290 dv-neutron-808961-8-hyperv neutron-server[103222]: DEBUG neutron_lib.callbacks.manager [None req-a102008f-da0e-4380-a925-021a8b63e426 tempest-PortsAdminExtendedAttrsTestJSON-1241829115 tempest-PortsAdminExtendedAttrsTestJSON-1241829115-project-admin] Publish callbacks ['neutron.plugins.ml2.plugin.SecurityGroupDbMixin._ensure_default_security_group_handler-3731332'] for port (None), before_create {{(pid=103222) _notify_loop /usr/local/lib/python3.8/dist-packages/neutron_lib/callbacks/manager.py:176}}
Jan 27 14:04:15.789210 dv-neutron-808961-8-hyperv neutron-server[103221]: DEBUG neutron_lib.callbacks.manager [None req-0a4ed675-ab8b-41b4-82f6-c3cbb19a26e8 tempest-ServerActionsTestJSON-2001872603 tempest-ServerActionsTestJSON-2001872603-project] Publish callbacks [] for security_group (None), before_response {{(pid=103221) _notify_loop /usr/local/lib/python3.8/dist-packages/neutron_lib/callbacks/manager.py:176}}
Jan 27 14:04:15.794157 dv-neutron-808961-8-hyperv neutron-server[103221]: INFO neutron.wsgi [None req-0a4ed675-ab8b-41b4-82f6-c3cbb19a26e8 tempest-ServerActionsTestJSON-2001872603 tempest-ServerActionsTestJSON-2001872603-project] 10.222.0.24 "POST /v2.0/security-groups HTTP/1.1" status: 201 len: 1795 time: 0.7489586
Jan 27 14:04:15.796183 dv-neutron-808961-8-hyperv neutron-server[103221]: DEBUG neutron.plugins.ml2.drivers.helpers [None req-5d668971-5377-44bb-9931-40eb8c1c4943 tempest-DHCPAgentSchedulersTestJSON-693332256 tempest-DHCPAgentSchedulersTestJSON-693332256-project] vlan segment allocate from pool success with {'vlan_id': 96, 'physical_network': 'physnet1'} {{(pid=103221) allocate_partially_specified_segment /opt/stack/neutron/neutron/plugins/ml2/drivers/helpers.py:153}}
Jan 27 14:04:15.798322 dv-neutron-808961-8-hyperv neutron-server[103221]: DEBUG neutron.wsgi [-] (103221) accepted ('10.222.0.24', 60172) {{(pid=103221) server /usr/local/lib/python3.8/dist-packages/eventlet/wsgi.py:1004}}
Jan 27 14:04:15.807504 dv-neutron-808961-8-hyperv neutron-server[103221]: DEBUG neutron.api.v2.base [None req-229482c3-53ee-433d-8900-01a3cda38f12 tempest-ServerActionsTestJSON-2001872603 tempest-ServerActionsTestJSON-2001872603-project] Request body: {'security_group_rule': {'security_group_id': '8410689a-19c0-4666-9059-e3cb5a83899b', 'protocol': 'tcp', 'ethertype': 'IPv4', 'port_range_min': 22, 'port_range_max': 22, 'direction': 'ingress'}} {{(pid=103221) prepare_request_body /opt/stack/neutron/neutron/api/v2/base.py:729}}
Jan 27 14:04:15.818034 dv-neutron-808961-8-hyperv neutron-server[103221]: DEBUG neutron.api.rpc.handlers.resources_rpc [None req-0a4ed675-ab8b-41b4-82f6-c3cbb19a26e8 tempest-ServerActionsTestJSON-2001872603 tempest-ServerActionsTestJSON-2001872603-project] Pushing event updated for resources: {'SecurityGroup': ['ID=8410689a-19c0-4666-9059-e3cb5a83899b,revision_number=1']} {{(pid=103221) push /opt/stack/neutron/neutron/api/rpc/handlers/resources_rpc.py:237}}
Jan 27 14:04:15.828442 dv-neutron-808961-8-hyperv neutron-server[103222]: DEBUG neutron_lib.callbacks.manager [None req-ef5fee18-b0ea-4321-84dc-b90286caeb0a tempest-FloatingIPAdminTestJSON-2131937150 tempest-FloatingIPAdminTestJSON-2131937150-project] Publish callbacks [] for router_controller (396de852-08b5-4052-a662-fd97f373a10d), precommit_add_association {{(pid=103222) _notify_loop /usr/local/lib/python3.8/dist-packages/neutron_lib/callbacks/manager.py:176}}
Jan 27 14:04:15.834021 dv-neutron-808961-8-hyperv neutron-server[103221]: DEBUG neutron_lib.callbacks.manager [None req-5d668971-5377-44bb-9931-40eb8c1c4943 tempest-DHCPAgentSchedulersTestJSON-693332256 tempest-DHCPAgentSchedulersTestJSON-693332256-project] Publish callbacks ['neutron.plugins.ml2.plugin.Ml2Plugin._handle_segment_change-4165182'] for segment (5d6c87b9-77d1-4210-84a9-11fba72e35df), precommit_create {{(pid=103221) _notify_loop /usr/local/lib/python3.8/dist-packages/neutron_lib/callbacks/manager.py:176}}
Jan 27 14:04:15.834572 dv-neutron-808961-8-hyperv neutron-server[103221]: INFO neutron.db.segments_db [None req-5d668971-5377-44bb-9931-40eb8c1c4943 tempest-DHCPAgentSchedulersTestJSON-693332256 tempest-DHCPAgentSchedulersTestJSON-693332256-project] Added segment 5d6c87b9-77d1-4210-84a9-11fba72e35df of type vlan for network 23d02fc5-4c8c-46fc-a3a2-7c605fb2aaf0
Jan 27 14:04:15.874354 dv-neutron-808961-8-hyperv neutron-server[103222]: DEBUG neutron.notifiers.nova [None req-a102008f-da0e-4380-a925-021a8b63e426 tempest-PortsAdminExtendedAttrsTestJSON-1241829115 tempest-PortsAdminExtendedAttrsTestJSON-1241829115-project-admin] device_id is not set on port d1fb77c7-6861-4c44-9ebd-b3d60c30c6b9 yet. {{(pid=103222) _can_notify /opt/stack/neutron/neutron/notifiers/nova.py:194}}
Jan 27 14:04:15.882735 dv-neutron-808961-8-hyperv neutron-server[103221]: DEBUG neutron_lib.callbacks.manager [None req-b2e6fc08-dd79-4782-b0d9-494bff4dbc81 admin admin] Publish callbacks [] for security_group (568cd5c7-2b85-4a7f-a140-1f01ce782061), before_delete {{(pid=103221) _notify_loop /usr/local/lib/python3.8/dist-packages/neutron_lib/callbacks/manager.py:176}}
Jan 27 14:04:15.903664 dv-neutron-808961-8-hyperv neutron-server[103223]: DEBUG neutron.plugins.ml2.rpc [None req-0d6d3926-fd62-4297-b0bd-9e05acb2a83e None None] Device 04adc7c0-5315-4e59-8b1f-63112cc9f028 up at agent ovs-agent-dv-neutron-808961-8-hyperv {{(pid=103223) update_device_up /opt/stack/neutron/neutron/plugins/ml2/rpc.py:296}}
Jan 27 14:04:15.913216 dv-neutron-808961-8-hyperv neutron-server[103221]: DEBUG neutron_lib.callbacks.manager [None req-229482c3-53ee-433d-8900-01a3cda38f12 tempest-ServerActionsTestJSON-2001872603 tempest-ServerActionsTestJSON-2001872603-project] Publish callbacks [] for security_group_rule (df7c211e-1266-4f5b-84eb-c8574bf28b4e), before_create {{(pid=103221) _notify_loop /usr/local/lib/python3.8/dist-packages/neutron_lib/callbacks/manager.py:176}}
Jan 27 14:04:15.917030 dv-neutron-808961-8-hyperv neutron-server[103221]: DEBUG neutron_lib.callbacks.manager [None req-5d668971-5377-44bb-9931-40eb8c1c4943 tempest-DHCPAgentSchedulersTestJSON-693332256 tempest-DHCPAgentSchedulersTestJSON-693332256-project] Publish callbacks ['neutron.services.auto_allocate.db._ensure_external_network_default_value_callback-8731011298142'] for network (23d02fc5-4c8c-46fc-a3a2-7c605fb2aaf0), precommit_create {{(pid=103221) _notify_loop /usr/local/lib/python3.8/dist-packages/neutron_lib/callbacks/manager.py:176}}
Jan 27 14:04:15.940439 dv-neutron-808961-8-hyperv neutron-server[103221]: DEBUG neutron_lib.callbacks.manager [None req-b2e6fc08-dd79-4782-b0d9-494bff4dbc81 admin admin] Publish callbacks [] for security_group (568cd5c7-2b85-4a7f-a140-1f01ce782061), precommit_delete {{(pid=103221) _notify_loop /usr/local/lib/python3.8/dist-packages/neutron_lib/callbacks/manager.py:176}}
Jan 27 14:04:15.949946 dv-neutron-808961-8-hyperv neutron-server[103223]: DEBUG neutron.api.rpc.handlers.l3_rpc [None req-5762fed7-a677-4254-9d65-a8a6b108663f None None] Sync routers for ids ['772a6e51-fb67-437c-8c0f-3ea837f9cbe7'] in dv-neutron-808961-8-hyperv {{(pid=103223) sync_routers /opt/stack/neutron/neutron/api/rpc/handlers/l3_rpc.py:125}}
Jan 27 14:04:16.008213 dv-neutron-808961-8-hyperv neutron-server[103221]: DEBUG neutron_lib.callbacks.manager [None req-5d668971-5377-44bb-9931-40eb8c1c4943 tempest-DHCPAgentSchedulersTestJSON-693332256 tempest-DHCPAgentSchedulersTestJSON-693332256-project] Publish callbacks ['neutron.plugins.ml2.ovo_rpc._ObjectChangeHandler.handle_event-737227', 'neutron.api.rpc.agentnotifiers.dhcp_rpc_agent_api.DhcpAgentNotifyAPI._native_event_send_dhcp_notification-1015851'] for network (23d02fc5-4c8c-46fc-a3a2-7c605fb2aaf0), after_create {{(pid=103221) _notify_loop /usr/local/lib/python3.8/dist-packages/neutron_lib/callbacks/manager.py:176}}
Jan 27 14:04:16.016397 dv-neutron-808961-8-hyperv neutron-server[103221]: DEBUG neutron.pecan_wsgi.hooks.policy_enforcement [None req-5d668971-5377-44bb-9931-40eb8c1c4943 tempest-DHCPAgentSchedulersTestJSON-693332256 tempest-DHCPAgentSchedulersTestJSON-693332256-project] Attributes excluded by policy engine: ['standard_attr_id', 'provider:network_type', 'provider:physical_network', 'provider:segmentation_id', 'vlan_transparent'] {{(pid=103221) _exclude_attributes_by_policy /opt/stack/neutron/neutron/pecan_wsgi/hooks/policy_enforcement.py:255}}
Jan 27 14:04:16.017324 dv-neutron-808961-8-hyperv neutron-server[103221]: DEBUG neutron_lib.callbacks.manager [None req-5d668971-5377-44bb-9931-40eb8c1c4943 tempest-DHCPAgentSchedulersTestJSON-693332256 tempest-DHCPAgentSchedulersTestJSON-693332256-project] Publish callbacks ['neutron.api.rpc.agentnotifiers.dhcp_rpc_agent_api.DhcpAgentNotifyAPI._send_dhcp_notification-1016025'] for network (None), before_response {{(pid=103221) _notify_loop /usr/local/lib/python3.8/dist-packages/neutron_lib/callbacks/manager.py:176}}
Jan 27 14:04:16.043451 dv-neutron-808961-8-hyperv neutron-server[103224]: DEBUG neutron.db.l3_hamode_db [None req-df3693dc-1961-4344-aff7-92592d3d9d5f None None] neutron.services.l3_router.l3_router_plugin.L3RouterPlugin method _process_sync_ha_data called with arguments (, [{'id': 'd90970c1-22f9-4675-945f-e818ec88fd09', 'name': 'tempest-ServerActionsTestJSON-1709835822-router', 'tenant_id': '3f799793201b4b47a90646bdd265f381', 'admin_state_up': True, 'status': 'ACTIVE', 'external_gateway_info': {'network_id': '59d50347-3dd1-470a-a58f-239455059ae2', 'external_fixed_ips': [{'subnet_id': '8f8b3c00-4fde-430d-ac0c-84a57e6031ea', 'ip_address': '172.26.3.61'}], 'enable_snat': True}, 'gw_port_id': '672660f8-cb0c-489d-b016-d42576767527', 'description': '', 'availability_zones': ['nova'], 'distributed': False, 'ha': False, 'ha_vr_id': 0, 'availability_zone_hints': [], 'routes': [], 'flavor_id': None, 'tags': [], 'created_at': '2022-01-27T14:04:02Z', 'updated_at': '2022-01-27T14:04:10Z', 'revision_number': 4, 'project_id': '3f799793201b4b47a90646bdd265f381', 'gw_port': {'id': '672660f8-cb0c-489d-b016-d42576767527', 'name': '', 'network_id': '59d50347-3dd1-470a-a58f-239455059ae2', 'tenant_id': '', 'mac_address': 'fa:16:3e:ec:98:ff', 'admin_state_up': True, 'status': 'ACTIVE', 'device_id': 'd90970c1-22f9-4675-945f-e818ec88fd09', 'device_owner': 'network:router_gateway', 'standard_attr_id': 51, 'fixed_ips': [{'subnet_id': '8f8b3c00-4fde-430d-ac0c-84a57e6031ea', 'ip_address': '172.26.3.61', 'prefixlen': 24}], 'allowed_address_pairs': [], 'extra_dhcp_opts': [], 'security_groups': [], 'description': '', 'binding:vnic_type': 'normal', 'binding:profile': {}, 'binding:host_id': 'dv-neutron-808961-8-hyperv', 'binding:vif_type': 'ovs', 'binding:vif_details': {'connectivity': 'l2', 'port_filter': True, 'ovs_hybrid_plug': False, 'datapath_type': 'system', 'bridge_name': 'br-int'}, 'port_security_enabled': False, 'tags': [], 'created_at': '2022-01-27T14:04:03Z', 'updated_at': '2022-01-27T14:04:10Z', 'revision_number': 4, 'project_id': '', 'subnets': [{'id': '8f8b3c00-4fde-430d-ac0c-84a57e6031ea', 'cidr': '172.26.3.0/24', 'gateway_ip': '172.26.3.1', 'dns_nameservers': [], 'ipv6_ra_mode': None, 'subnetpool_id': None}], 'extra_subnets': [], 'address_scopes': {4: None, 6: None}, 'mtu': 1500}, 'enable_snat': True, 'gw_port_host': 'dv-neutron-808961-8-hyperv', '_interfaces': [{'id': '88d4faf7-23b7-46fa-84cd-6ad73555a36a', 'name': '', 'network_id': '525dfcac-564a-464b-a7f5-7b88db2789a2', 'tenant_id': '3f799793201b4b47a90646bdd265f381', 'mac_address': 'fa:16:3e:53:18:2f', 'admin_state_up': True, 'status': 'DOWN', 'device_id': 'd90970c1-22f9-4675-945f-e818ec88fd09', 'device_owner': 'network:router_interface', 'standard_attr_id': 79, 'fixed_ips': [{'subnet_id': '188e7785-3bf2-4e8e-935b-8c32db8a3852', 'ip_address': '172.20.0.1', 'prefixlen': 28}], 'allowed_address_pairs': [], 'extra_dhcp_opts': [], 'security_groups': [], 'description': '', 'binding:vnic_type': 'normal', 'binding:profile': {}, 'binding:host_id': 'dv-neutron-808961-8-hyperv', 'binding:vif_type': 'ovs', 'binding:vif_details': {'connectivity': 'l2', 'port_filter': True, 'ovs_hybrid_plug': False, 'datapath_type': 'system', 'bridge_name': 'br-int'}, 'port_security_enabled': False, 'tags': [], 'created_at': '2022-01-27T14:04:09Z', 'updated_at': '2022-01-27T14:04:15Z', 'revision_number': 4, 'project_id': '3f799793201b4b47a90646bdd265f381', 'subnets': [{'id': '188e7785-3bf2-4e8e-935b-8c32db8a3852', 'cidr': '172.20.0.0/28', 'gateway_ip': '172.20.0.1', 'dns_nameservers': [], 'ipv6_ra_mode': None, 'subnetpool_id': None}], 'extra_subnets': [], 'address_scopes': {4: None, 6: None}, 'mtu': 1500}]}], 'dv-neutron-808961-8-hyperv', False) {} {{(pid=103224) wrapper /usr/local/lib/python3.8/dist-packages/oslo_log/helpers.py:65}}
Jan 27 14:04:16.053536 dv-neutron-808961-8-hyperv neutron-server[103223]: DEBUG neutron.plugins.ml2.db [None req-409d7a7b-c852-49ae-81d4-fa92c4878e3b None None] For port 88d4faf7-23b7-46fa-84cd-6ad73555a36a, host dv-neutron-808961-8-hyperv, got binding levels [PortBindingLevel(driver='openvswitch',host='dv-neutron-808961-8-hyperv',level=0,port_id=88d4faf7-23b7-46fa-84cd-6ad73555a36a,segment=NetworkSegment(c6362a4a-3a7d-4a45-97fb-27a485aff956),segment_id=c6362a4a-3a7d-4a45-97fb-27a485aff956)] {{(pid=103223) get_binding_level_objs /opt/stack/neutron/neutron/plugins/ml2/db.py:74}}
Jan 27 14:04:16.058266 dv-neutron-808961-8-hyperv neutron-server[103223]: DEBUG neutron.db.l3_dvrscheduler_db [None req-5762fed7-a677-4254-9d65-a8a6b108663f None None] Routers {'772a6e51-fb67-437c-8c0f-3ea837f9cbe7'} bound to L3 agent in host dv-neutron-808961-8-hyperv {{(pid=103223) _get_router_ids_for_agent /opt/stack/neutron/neutron/db/l3_dvrscheduler_db.py:421}}
Jan 27 14:04:16.059167 dv-neutron-808961-8-hyperv neutron-server[103223]: DEBUG neutron.db.l3_hamode_db [None req-5762fed7-a677-4254-9d65-a8a6b108663f None None] neutron.services.l3_router.l3_router_plugin.L3RouterPlugin method get_ha_sync_data_for_host called with arguments (, 'dv-neutron-808961-8-hyperv', Agent(admin_state_up=True,agent_type='L3 agent',availability_zone='nova',binary='neutron-l3-agent',configurations={"agent_mode": "legacy", "ex_gw_ports": 1, "extensions": [], "floating_ips": 0, "handle_internal_only_routers": true, "interface_driver": "openvswitch", "interfaces": 1, "log_agent_heartbeats": false, "routers": 1},created_at=2022-01-27T13:56:36Z,description=,heartbeat_timestamp=2022-01-27T14:04:07Z,host='dv-neutron-808961-8-hyperv',id=9bbdf288-eea4-47f9-8272-49951dfc9a16,load=0,resource_versions=,resources_synced=,started_at=2022-01-27T13:56:37Z,topic='l3_agent')) {'router_ids': ['772a6e51-fb67-437c-8c0f-3ea837f9cbe7'], 'active': True} {{(pid=103223) wrapper /usr/local/lib/python3.8/dist-packages/oslo_log/helpers.py:65}}
Jan 27 14:04:16.062453 dv-neutron-808961-8-hyperv neutron-server[103223]: DEBUG neutron.api.rpc.handlers.dhcp_rpc [None req-43696faf-21e4-4c12-a20a-1a8f0e12f810 None None] Create dhcp port {'port': {'name': '', 'admin_state_up': True, 'device_id': 'dhcpba5adbcb-2eb1-5bad-8c76-a985e5dcc52d-92ddfe88-a02d-47f6-8d51-d4616d98df1b', 'network_id': '92ddfe88-a02d-47f6-8d51-d4616d98df1b', 'project_id': '2f071fb34a674881a34bb2964015456a', 'fixed_ips': [{'subnet_id': '6f696785-0ea2-4dd7-9246-afc4af926e18'}]}} from dv-neutron-808961-8-hyperv. {{(pid=103223) create_dhcp_port /opt/stack/neutron/neutron/api/rpc/handlers/dhcp_rpc.py:268}}
Jan 27 14:04:16.063772 dv-neutron-808961-8-hyperv neutron-server[103223]: DEBUG neutron_lib.callbacks.manager [None req-43696faf-21e4-4c12-a20a-1a8f0e12f810 None None] Publish callbacks ['neutron.plugins.ml2.plugin.SecurityGroupDbMixin._ensure_default_security_group_handler-3731332'] for port (None), before_create {{(pid=103223) _notify_loop /usr/local/lib/python3.8/dist-packages/neutron_lib/callbacks/manager.py:176}}
Jan 27 14:04:16.087120 dv-neutron-808961-8-hyperv neutron-server[103224]: DEBUG neutron.api.rpc.handlers.l3_rpc [None req-df3693dc-1961-4344-aff7-92592d3d9d5f None None] The sync data for ids ['d90970c1-22f9-4675-945f-e818ec88fd09'] in dv-neutron-808961-8-hyperv is: [{'id': 'd90970c1-22f9-4675-945f-e818ec88fd09', 'name': 'tempest-ServerActionsTestJSON-1709835822-router', 'tenant_id': '3f799793201b4b47a90646bdd265f381', 'admin_state_up': True, 'status': 'ACTIVE', 'external_gateway_info': {'network_id': '59d50347-3dd1-470a-a58f-239455059ae2', 'external_fixed_ips': [{'subnet_id': '8f8b3c00-4fde-430d-ac0c-84a57e6031ea', 'ip_address': '172.26.3.61'}], 'enable_snat': True}, 'gw_port_id': '672660f8-cb0c-489d-b016-d42576767527', 'description': '', 'availability_zones': ['nova'], 'distributed': False, 'ha': False, 'ha_vr_id': 0, 'availability_zone_hints': [], 'routes': [], 'flavor_id': None, 'tags': [], 'created_at': '2022-01-27T14:04:02Z', 'updated_at': '2022-01-27T14:04:10Z', 'revision_number': 4, 'project_id': '3f799793201b4b47a90646bdd265f381', 'gw_port': {'id': '672660f8-cb0c-489d-b016-d42576767527', 'name': '', 'network_id': '59d50347-3dd1-470a-a58f-239455059ae2', 'tenant_id': '', 'mac_address': 'fa:16:3e:ec:98:ff', 'admin_state_up': True, 'status': 'ACTIVE', 'device_id': 'd90970c1-22f9-4675-945f-e818ec88fd09', 'device_owner': 'network:router_gateway', 'standard_attr_id': 51, 'fixed_ips': [{'subnet_id': '8f8b3c00-4fde-430d-ac0c-84a57e6031ea', 'ip_address': '172.26.3.61', 'prefixlen': 24}], 'allowed_address_pairs': [], 'extra_dhcp_opts': [], 'security_groups': [], 'description': '', 'binding:vnic_type': 'normal', 'binding:profile': {}, 'binding:host_id': 'dv-neutron-808961-8-hyperv', 'binding:vif_type': 'ovs', 'binding:vif_details': {'connectivity': 'l2', 'port_filter': True, 'ovs_hybrid_plug': False, 'datapath_type': 'system', 'bridge_name': 'br-int'}, 'port_security_enabled': False, 'tags': [], 'created_at': '2022-01-27T14:04:03Z', 'updated_at': '2022-01-27T14:04:10Z', 'revision_number': 4, 'project_id': '', 'subnets': [{'id': '8f8b3c00-4fde-430d-ac0c-84a57e6031ea', 'cidr': '172.26.3.0/24', 'gateway_ip': '172.26.3.1', 'dns_nameservers': [], 'ipv6_ra_mode': None, 'subnetpool_id': None}], 'extra_subnets': [], 'address_scopes': {4: None, 6: None}, 'mtu': 1500}, 'enable_snat': True, 'gw_port_host': 'dv-neutron-808961-8-hyperv', '_interfaces': [{'id': '88d4faf7-23b7-46fa-84cd-6ad73555a36a', 'name': '', 'network_id': '525dfcac-564a-464b-a7f5-7b88db2789a2', 'tenant_id': '3f799793201b4b47a90646bdd265f381', 'mac_address': 'fa:16:3e:53:18:2f', 'admin_state_up': True, 'status': 'DOWN', 'device_id': 'd90970c1-22f9-4675-945f-e818ec88fd09', 'device_owner': 'network:router_interface', 'standard_attr_id': 79, 'fixed_ips': [{'subnet_id': '188e7785-3bf2-4e8e-935b-8c32db8a3852', 'ip_address': '172.20.0.1', 'prefixlen': 28}], 'allowed_address_pairs': [], 'extra_dhcp_opts': [], 'security_groups': [], 'description': '', 'binding:vnic_type': 'normal', 'binding:profile': {}, 'binding:host_id': 'dv-neutron-808961-8-hyperv', 'binding:vif_type': 'ovs', 'binding:vif_details': {'connectivity': 'l2', 'port_filter': True, 'ovs_hybrid_plug': False, 'datapath_type': 'system', 'bridge_name': 'br-int'}, 'port_security_enabled': False, 'tags': [], 'created_at': '2022-01-27T14:04:09Z', 'updated_at': '2022-01-27T14:04:15Z', 'revision_number': 4, 'project_id': '3f799793201b4b47a90646bdd265f381', 'subnets': [{'id': '188e7785-3bf2-4e8e-935b-8c32db8a3852', 'cidr': '172.20.0.0/28', 'gateway_ip': '172.20.0.1', 'dns_nameservers': [], 'ipv6_ra_mode': None, 'subnetpool_id': None}], 'extra_subnets': [], 'address_scopes': {4: None, 6: None}, 'mtu': 1500}]}] {{(pid=103224) sync_routers /opt/stack/neutron/neutron/api/rpc/handlers/l3_rpc.py:137}}
Jan 27 14:04:16.133034 dv-neutron-808961-8-hyperv neutron-server[103221]: DEBUG neutron_lib.callbacks.manager [None req-229482c3-53ee-433d-8900-01a3cda38f12 tempest-ServerActionsTestJSON-2001872603 tempest-ServerActionsTestJSON-2001872603-project] Publish callbacks [] for security_group_rule (df7c211e-1266-4f5b-84eb-c8574bf28b4e), precommit_create {{(pid=103221) _notify_loop /usr/local/lib/python3.8/dist-packages/neutron_lib/callbacks/manager.py:176}}
Jan 27 14:04:16.149014 dv-neutron-808961-8-hyperv neutron-server[103221]: INFO neutron.wsgi [None req-5d668971-5377-44bb-9931-40eb8c1c4943 tempest-DHCPAgentSchedulersTestJSON-693332256 tempest-DHCPAgentSchedulersTestJSON-693332256-project] 10.222.0.24 "POST /v2.0/networks HTTP/1.1" status: 201 len: 795 time: 0.7229903
Jan 27 14:04:16.158115 dv-neutron-808961-8-hyperv neutron-server[103221]: DEBUG neutron.wsgi [-] (103221) accepted ('10.222.0.24', 60182) {{(pid=103221) server /usr/local/lib/python3.8/dist-packages/eventlet/wsgi.py:1004}}
Jan 27 14:04:16.160133 dv-neutron-808961-8-hyperv neutron-server[103221]: DEBUG neutron_lib.callbacks.manager [None req-229482c3-53ee-433d-8900-01a3cda38f12 tempest-ServerActionsTestJSON-2001872603 tempest-ServerActionsTestJSON-2001872603-project] Publish callbacks ['neutron.plugins.ml2.ovo_rpc._ObjectChangeHandler.handle_event-145231'] for security_group_rule (df7c211e-1266-4f5b-84eb-c8574bf28b4e), after_create {{(pid=103221) _notify_loop /usr/local/lib/python3.8/dist-packages/neutron_lib/callbacks/manager.py:176}}
Jan 27 14:04:16.191957 dv-neutron-808961-8-hyperv neutron-server[103223]: DEBUG neutron_lib.callbacks.manager [None req-409d7a7b-c852-49ae-81d4-fa92c4878e3b None None] Publish callbacks ['neutron.plugins.ml2.plugin.SecurityGroupServerNotifierRpcMixin._notify_sg_on_port_change-3729755', 'neutron.plugins.ml2.ovo_rpc._ObjectChangeHandler.handle_event-131944', 'neutron.api.rpc.agentnotifiers.dhcp_rpc_agent_api.DhcpAgentNotifyAPI._native_event_send_dhcp_notification-1015851', 'neutron.db.l3_db.L3RpcNotifierMixin._notify_gateway_port_ip_changed-8731011729610', 'neutron.db.l3_dvrscheduler_db._notify_l3_agent_port_update-8731011283231', 'neutron.db.l3_hascheduler_db._notify_l3_agent_ha_port_update-8731011283249'] for port (88d4faf7-23b7-46fa-84cd-6ad73555a36a), after_update {{(pid=103223) _notify_loop /usr/local/lib/python3.8/dist-packages/neutron_lib/callbacks/manager.py:176}}
Jan 27 14:04:16.358432 dv-neutron-808961-8-hyperv neutron-server[103222]: DEBUG neutron_lib.callbacks.manager [None req-8dbf6479-d06d-447f-865f-534c535207e3 admin admin] Publish callbacks [] for security_group (fcb1b640-159d-417f-b78f-7680f7aa4108), before_delete {{(pid=103222) _notify_loop /usr/local/lib/python3.8/dist-packages/neutron_lib/callbacks/manager.py:176}}
Jan 27 14:04:16.462680 dv-neutron-808961-8-hyperv neutron-server[103222]: DEBUG neutron_lib.callbacks.manager [None req-ef5fee18-b0ea-4321-84dc-b90286caeb0a tempest-FloatingIPAdminTestJSON-2131937150 tempest-FloatingIPAdminTestJSON-2131937150-project] Publish callbacks [] for router_gateway (396de852-08b5-4052-a662-fd97f373a10d), precommit_update {{(pid=103222) _notify_loop /usr/local/lib/python3.8/dist-packages/neutron_lib/callbacks/manager.py:176}}
Jan 27 14:04:16.498419 dv-neutron-808961-8-hyperv neutron-server[103223]: DEBUG neutron.db.provisioning_blocks [None req-2bc4ae9b-7bf3-42c7-8e0b-e9c7919882d7 None None] Provisioning complete for port 88d4faf7-23b7-46fa-84cd-6ad73555a36a triggered by entity DHCP. {{(pid=103223) provisioning_complete /opt/stack/neutron/neutron/db/provisioning_blocks.py:139}}
Jan 27 14:04:16.499357 dv-neutron-808961-8-hyperv neutron-server[103223]: DEBUG neutron_lib.callbacks.manager [None req-2bc4ae9b-7bf3-42c7-8e0b-e9c7919882d7 None None] Publish callbacks ['neutron.plugins.ml2.plugin.Ml2Plugin._port_provisioned-4105400'] for port (88d4faf7-23b7-46fa-84cd-6ad73555a36a), provisioning_complete {{(pid=103223) _notify_loop /usr/local/lib/python3.8/dist-packages/neutron_lib/callbacks/manager.py:176}}
Jan 27 14:04:16.569957 dv-neutron-808961-8-hyperv neutron-server[103222]: DEBUG neutron_lib.callbacks.manager [None req-8dbf6479-d06d-447f-865f-534c535207e3 admin admin] Publish callbacks [] for security_group (fcb1b640-159d-417f-b78f-7680f7aa4108), precommit_delete {{(pid=103222) _notify_loop /usr/local/lib/python3.8/dist-packages/neutron_lib/callbacks/manager.py:176}}
Jan 27 14:04:16.572379 dv-neutron-808961-8-hyperv neutron-server[103223]: DEBUG neutron.api.rpc.handlers.resources_rpc [None req-409d7a7b-c852-49ae-81d4-fa92c4878e3b None None] Pushing event updated for resources: {'Port': ['ID=88d4faf7-23b7-46fa-84cd-6ad73555a36a,revision_number=5']} {{(pid=103223) push /opt/stack/neutron/neutron/api/rpc/handlers/resources_rpc.py:237}}
Jan 27 14:04:16.686155 dv-neutron-808961-8-hyperv neutron-server[103223]: DEBUG neutron.db.db_base_plugin_common [None req-43696faf-21e4-4c12-a20a-1a8f0e12f810 None None] Allocated IP 172.20.0.2 (92ddfe88-a02d-47f6-8d51-d4616d98df1b/6f696785-0ea2-4dd7-9246-afc4af926e18/8a3c6cba-7716-47f0-95d3-3fe3407ab9b8) {{(pid=103223) _store_ip_allocation /opt/stack/neutron/neutron/db/db_base_plugin_common.py:131}}
Jan 27 14:04:16.889470 dv-neutron-808961-8-hyperv neutron-server[103223]: DEBUG neutron.db.provisioning_blocks [None req-0d6d3926-fd62-4297-b0bd-9e05acb2a83e None None] Provisioning complete for port 04adc7c0-5315-4e59-8b1f-63112cc9f028 triggered by entity L2. {{(pid=103223) provisioning_complete /opt/stack/neutron/neutron/db/provisioning_blocks.py:139}}
Jan 27 14:04:16.890107 dv-neutron-808961-8-hyperv neutron-server[103223]: DEBUG neutron_lib.callbacks.manager [None req-0d6d3926-fd62-4297-b0bd-9e05acb2a83e None None] Publish callbacks ['neutron.plugins.ml2.plugin.Ml2Plugin._port_provisioned-4105400'] for port (04adc7c0-5315-4e59-8b1f-63112cc9f028), provisioning_complete {{(pid=103223) _notify_loop /usr/local/lib/python3.8/dist-packages/neutron_lib/callbacks/manager.py:176}}
Jan 27 14:04:16.944387 dv-neutron-808961-8-hyperv neutron-server[103223]: DEBUG neutron_lib.callbacks.manager [None req-43696faf-21e4-4c12-a20a-1a8f0e12f810 None None] Publish callbacks [] for port (8a3c6cba-7716-47f0-95d3-3fe3407ab9b8), precommit_create {{(pid=103223) _notify_loop /usr/local/lib/python3.8/dist-packages/neutron_lib/callbacks/manager.py:176}}
