Jan 25 16:07:06.303273 dv-neutron-808961-4-hyperv devstack@n-api-meta.service[107881]: DEBUG nova.api.openstack.wsgi_app [-] oslo_messaging_rabbit.amqp_auto_delete = False {{(pid=107881) log_opt_values /usr/local/lib/python3.8/dist-packages/oslo_config/cfg.py:2609}}
Jan 25 16:07:06.303800 dv-neutron-808961-4-hyperv devstack@n-api-meta.service[107881]: DEBUG nova.api.openstack.wsgi_app [-] oslo_messaging_rabbit.amqp_durable_queues = False {{(pid=107881) log_opt_values /usr/local/lib/python3.8/dist-packages/oslo_config/cfg.py:2609}}
Jan 25 16:07:06.304357 dv-neutron-808961-4-hyperv devstack@n-api-meta.service[107881]: DEBUG nova.api.openstack.wsgi_app [-] oslo_messaging_rabbit.conn_pool_min_size = 2 {{(pid=107881) log_opt_values /usr/local/lib/python3.8/dist-packages/oslo_config/cfg.py:2609}}
Jan 25 16:07:06.304941 dv-neutron-808961-4-hyperv devstack@n-api-meta.service[107882]: DEBUG nova.context [None req-6aaf77b1-707d-4a6e-986c-ac35ff4bbbb4 None None] Found 2 cells: 00000000-0000-0000-0000-000000000000(cell0),8b8189f9-6359-48f2-9f3f-bf03c53b606b(cell1) {{(pid=107882) load_cells /opt/stack/nova/nova/context.py:464}}
Jan 25 16:07:06.305250 dv-neutron-808961-4-hyperv devstack@n-api-meta.service[107881]: DEBUG nova.api.openstack.wsgi_app [-] oslo_messaging_rabbit.conn_pool_ttl = 1200 {{(pid=107881) log_opt_values /usr/local/lib/python3.8/dist-packages/oslo_config/cfg.py:2609}}
Jan 25 16:07:06.305775 dv-neutron-808961-4-hyperv devstack@n-api-meta.service[107881]: DEBUG nova.api.openstack.wsgi_app [-] oslo_messaging_rabbit.direct_mandatory_flag = True {{(pid=107881) log_opt_values /usr/local/lib/python3.8/dist-packages/oslo_config/cfg.py:2609}}
Jan 25 16:07:06.306295 dv-neutron-808961-4-hyperv devstack@n-api-meta.service[107881]: DEBUG nova.api.openstack.wsgi_app [-] oslo_messaging_rabbit.enable_cancel_on_failover = False {{(pid=107881) log_opt_values /usr/local/lib/python3.8/dist-packages/oslo_config/cfg.py:2609}}
Jan 25 16:07:06.306817 dv-neutron-808961-4-hyperv devstack@n-api-meta.service[107881]: DEBUG nova.api.openstack.wsgi_app [-] oslo_messaging_rabbit.heartbeat_in_pthread = True {{(pid=107881) log_opt_values /usr/local/lib/python3.8/dist-packages/oslo_config/cfg.py:2609}}
Jan 25 16:07:06.307375 dv-neutron-808961-4-hyperv devstack@n-api-meta.service[107881]: DEBUG nova.api.openstack.wsgi_app [-] oslo_messaging_rabbit.heartbeat_rate = 3 {{(pid=107881) log_opt_values /usr/local/lib/python3.8/dist-packages/oslo_config/cfg.py:2609}}
Jan 25 16:07:06.308006 dv-neutron-808961-4-hyperv devstack@n-api-meta.service[107881]: DEBUG nova.api.openstack.wsgi_app [-] oslo_messaging_rabbit.heartbeat_timeout_threshold = 600 {{(pid=107881) log_opt_values /usr/local/lib/python3.8/dist-packages/oslo_config/cfg.py:2609}}
Jan 25 16:07:06.308528 dv-neutron-808961-4-hyperv devstack@n-api-meta.service[107881]: DEBUG nova.api.openstack.wsgi_app [-] oslo_messaging_rabbit.kombu_compression = None {{(pid=107881) log_opt_values /usr/local/lib/python3.8/dist-packages/oslo_config/cfg.py:2609}}
Jan 25 16:07:06.309188 dv-neutron-808961-4-hyperv devstack@n-api-meta.service[107881]: DEBUG nova.api.openstack.wsgi_app [-] oslo_messaging_rabbit.kombu_failover_strategy = round-robin {{(pid=107881) log_opt_values /usr/local/lib/python3.8/dist-packages/oslo_config/cfg.py:2609}}
Jan 25 16:07:06.309741 dv-neutron-808961-4-hyperv devstack@n-api-meta.service[107881]: DEBUG nova.api.openstack.wsgi_app [-] oslo_messaging_rabbit.kombu_missing_consumer_retry_timeout = 60 {{(pid=107881) log_opt_values /usr/local/lib/python3.8/dist-packages/oslo_config/cfg.py:2609}}
Jan 25 16:07:06.310288 dv-neutron-808961-4-hyperv devstack@n-api-meta.service[107881]: DEBUG nova.api.openstack.wsgi_app [-] oslo_messaging_rabbit.kombu_reconnect_delay = 1.0 {{(pid=107881) log_opt_values /usr/local/lib/python3.8/dist-packages/oslo_config/cfg.py:2609}}
Jan 25 16:07:06.310851 dv-neutron-808961-4-hyperv devstack@n-api-meta.service[107881]: DEBUG nova.api.openstack.wsgi_app [-] oslo_messaging_rabbit.rabbit_ha_queues = False {{(pid=107881) log_opt_values /usr/local/lib/python3.8/dist-packages/oslo_config/cfg.py:2609}}
Jan 25 16:07:06.312165 dv-neutron-808961-4-hyperv devstack@n-api-meta.service[107882]: DEBUG oslo_concurrency.lockutils [None req-6aaf77b1-707d-4a6e-986c-ac35ff4bbbb4 None None] Lock "00000000-0000-0000-0000-000000000000" acquired by "nova.context.set_target_cell.<locals>.get_or_set_cached_cell_and_set_connections" :: waited 0.000s {{(pid=107882) inner /usr/local/lib/python3.8/dist-packages/oslo_concurrency/lockutils.py:386}}
Jan 25 16:07:06.312508 dv-neutron-808961-4-hyperv devstack@n-api-meta.service[107881]: DEBUG nova.api.openstack.wsgi_app [-] oslo_messaging_rabbit.rabbit_interval_max = 30 {{(pid=107881) log_opt_values /usr/local/lib/python3.8/dist-packages/oslo_config/cfg.py:2609}}
Jan 25 16:07:06.313464 dv-neutron-808961-4-hyperv devstack@n-api-meta.service[107881]: DEBUG nova.api.openstack.wsgi_app [-] oslo_messaging_rabbit.rabbit_login_method = AMQPLAIN {{(pid=107881) log_opt_values /usr/local/lib/python3.8/dist-packages/oslo_config/cfg.py:2609}}
Jan 25 16:07:06.314017 dv-neutron-808961-4-hyperv devstack@n-api-meta.service[107881]: DEBUG nova.api.openstack.wsgi_app [-] oslo_messaging_rabbit.rabbit_qos_prefetch_count = 0 {{(pid=107881) log_opt_values /usr/local/lib/python3.8/dist-packages/oslo_config/cfg.py:2609}}
Jan 25 16:07:06.314565 dv-neutron-808961-4-hyperv devstack@n-api-meta.service[107881]: DEBUG nova.api.openstack.wsgi_app [-] oslo_messaging_rabbit.rabbit_retry_backoff = 2 {{(pid=107881) log_opt_values /usr/local/lib/python3.8/dist-packages/oslo_config/cfg.py:2609}}
Jan 25 16:07:06.315226 dv-neutron-808961-4-hyperv devstack@n-api-meta.service[107881]: DEBUG nova.api.openstack.wsgi_app [-] oslo_messaging_rabbit.rabbit_retry_interval = 1 {{(pid=107881) log_opt_values /usr/local/lib/python3.8/dist-packages/oslo_config/cfg.py:2609}}
Jan 25 16:07:06.315330 dv-neutron-808961-4-hyperv devstack@n-api-meta.service[107882]: DEBUG oslo_concurrency.lockutils [None req-6aaf77b1-707d-4a6e-986c-ac35ff4bbbb4 None None] Lock "00000000-0000-0000-0000-000000000000" "released" by "nova.context.set_target_cell.<locals>.get_or_set_cached_cell_and_set_connections" :: held 0.004s {{(pid=107882) inner /usr/local/lib/python3.8/dist-packages/oslo_concurrency/lockutils.py:400}}
Jan 25 16:07:06.315887 dv-neutron-808961-4-hyperv devstack@n-api-meta.service[107881]: DEBUG nova.api.openstack.wsgi_app [-] oslo_messaging_rabbit.rabbit_transient_queues_ttl = 1800 {{(pid=107881) log_opt_values /usr/local/lib/python3.8/dist-packages/oslo_config/cfg.py:2609}}
Jan 25 16:07:06.316169 dv-neutron-808961-4-hyperv devstack@n-api-meta.service[107882]: DEBUG oslo_concurrency.lockutils [None req-6aaf77b1-707d-4a6e-986c-ac35ff4bbbb4 None None] Lock "8b8189f9-6359-48f2-9f3f-bf03c53b606b" acquired by "nova.context.set_target_cell.<locals>.get_or_set_cached_cell_and_set_connections" :: waited 0.000s {{(pid=107882) inner /usr/local/lib/python3.8/dist-packages/oslo_concurrency/lockutils.py:386}}
Jan 25 16:07:06.316678 dv-neutron-808961-4-hyperv devstack@n-api-meta.service[107881]: DEBUG nova.api.openstack.wsgi_app [-] oslo_messaging_rabbit.rpc_conn_pool_size = 30 {{(pid=107881) log_opt_values /usr/local/lib/python3.8/dist-packages/oslo_config/cfg.py:2609}}
Jan 25 16:07:06.317228 dv-neutron-808961-4-hyperv devstack@n-api-meta.service[107881]: DEBUG nova.api.openstack.wsgi_app [-] oslo_messaging_rabbit.ssl = False {{(pid=107881) log_opt_values /usr/local/lib/python3.8/dist-packages/oslo_config/cfg.py:2609}}
Jan 25 16:07:06.317780 dv-neutron-808961-4-hyperv devstack@n-api-meta.service[107881]: DEBUG nova.api.openstack.wsgi_app [-] oslo_messaging_rabbit.ssl_ca_file = {{(pid=107881) log_opt_values /usr/local/lib/python3.8/dist-packages/oslo_config/cfg.py:2609}}
Jan 25 16:07:06.318150 dv-neutron-808961-4-hyperv devstack@n-api-meta.service[107882]: DEBUG oslo_concurrency.lockutils [None req-6aaf77b1-707d-4a6e-986c-ac35ff4bbbb4 None None] Lock "8b8189f9-6359-48f2-9f3f-bf03c53b606b" "released" by "nova.context.set_target_cell.<locals>.get_or_set_cached_cell_and_set_connections" :: held 0.002s {{(pid=107882) inner /usr/local/lib/python3.8/dist-packages/oslo_concurrency/lockutils.py:400}}
Jan 25 16:07:06.319401 dv-neutron-808961-4-hyperv devstack@n-api-meta.service[107881]: DEBUG nova.api.openstack.wsgi_app [-] oslo_messaging_rabbit.ssl_cert_file = {{(pid=107881) log_opt_values /usr/local/lib/python3.8/dist-packages/oslo_config/cfg.py:2609}}
Jan 25 16:07:06.319854 dv-neutron-808961-4-hyperv devstack@n-api-meta.service[107881]: DEBUG nova.api.openstack.wsgi_app [-] oslo_messaging_rabbit.ssl_key_file = {{(pid=107881) log_opt_values /usr/local/lib/python3.8/dist-packages/oslo_config/cfg.py:2609}}
Jan 25 16:07:06.320344 dv-neutron-808961-4-hyperv devstack@n-api-meta.service[107881]: DEBUG nova.api.openstack.wsgi_app [-] oslo_messaging_rabbit.ssl_version = {{(pid=107881) log_opt_values /usr/local/lib/python3.8/dist-packages/oslo_config/cfg.py:2609}}
Jan 25 16:07:06.320818 dv-neutron-808961-4-hyperv devstack@n-api-meta.service[107881]: DEBUG nova.api.openstack.wsgi_app [-] oslo_messaging_notifications.driver = ['messagingv2'] {{(pid=107881) log_opt_values /usr/local/lib/python3.8/dist-packages/oslo_config/cfg.py:2609}}
Jan 25 16:07:06.321256 dv-neutron-808961-4-hyperv devstack@n-api-meta.service[107881]: DEBUG nova.api.openstack.wsgi_app [-] oslo_messaging_notifications.retry = -1 {{(pid=107881) log_opt_values /usr/local/lib/python3.8/dist-packages/oslo_config/cfg.py:2609}}
Jan 25 16:07:06.321720 dv-neutron-808961-4-hyperv devstack@n-api-meta.service[107881]: DEBUG nova.api.openstack.wsgi_app [-] oslo_messaging_notifications.topics = ['notifications'] {{(pid=107881) log_opt_values /usr/local/lib/python3.8/dist-packages/oslo_config/cfg.py:2609}}
Jan 25 16:07:06.322165 dv-neutron-808961-4-hyperv devstack@n-api-meta.service[107881]: DEBUG nova.api.openstack.wsgi_app [-] oslo_messaging_notifications.transport_url = **** {{(pid=107881) log_opt_values /usr/local/lib/python3.8/dist-packages/oslo_config/cfg.py:2609}}
Jan 25 16:07:06.322596 dv-neutron-808961-4-hyperv devstack@n-api-meta.service[107881]: DEBUG nova.api.openstack.wsgi_app [-] oslo_reports.file_event_handler = None {{(pid=107881) log_opt_values /usr/local/lib/python3.8/dist-packages/oslo_config/cfg.py:2609}}
Jan 25 16:07:06.323023 dv-neutron-808961-4-hyperv devstack@n-api-meta.service[107881]: DEBUG nova.api.openstack.wsgi_app [-] oslo_reports.file_event_handler_interval = 1 {{(pid=107881) log_opt_values /usr/local/lib/python3.8/dist-packages/oslo_config/cfg.py:2609}}
Jan 25 16:07:06.323758 dv-neutron-808961-4-hyperv devstack@n-api-meta.service[107881]: DEBUG nova.api.openstack.wsgi_app [-] oslo_reports.log_dir = None {{(pid=107881) log_opt_values /usr/local/lib/python3.8/dist-packages/oslo_config/cfg.py:2609}}
Jan 25 16:07:06.324671 dv-neutron-808961-4-hyperv devstack@n-api-meta.service[107881]: DEBUG nova.api.openstack.wsgi_app [-] ******************************************************************************** {{(pid=107881) log_opt_values /usr/local/lib/python3.8/dist-packages/oslo_config/cfg.py:2613}}
Jan 25 16:07:06.336252 dv-neutron-808961-4-hyperv devstack@n-api-meta.service[107882]: DEBUG oslo_db.sqlalchemy.engines [None req-6aaf77b1-707d-4a6e-986c-ac35ff4bbbb4 None None] MySQL server mode set to STRICT_TRANS_TABLES,STRICT_ALL_TABLES,NO_ZERO_IN_DATE,NO_ZERO_DATE,ERROR_FOR_DIVISION_BY_ZERO,TRADITIONAL,NO_ENGINE_SUBSTITUTION {{(pid=107882) _check_effective_sql_mode /usr/local/lib/python3.8/dist-packages/oslo_db/sqlalchemy/engines.py:314}}
Jan 25 16:07:06.368821 dv-neutron-808961-4-hyperv devstack@n-api-meta.service[107881]: DEBUG oslo_db.sqlalchemy.engines [None req-9f425eb0-7153-4c72-ac0e-294d3c17f8c0 None None] MySQL server mode set to STRICT_TRANS_TABLES,STRICT_ALL_TABLES,NO_ZERO_IN_DATE,NO_ZERO_DATE,ERROR_FOR_DIVISION_BY_ZERO,TRADITIONAL,NO_ENGINE_SUBSTITUTION {{(pid=107881) _check_effective_sql_mode /usr/local/lib/python3.8/dist-packages/oslo_db/sqlalchemy/engines.py:314}}
Jan 25 16:07:06.463137 dv-neutron-808961-4-hyperv devstack@n-api-meta.service[107881]: DEBUG nova.context [None req-9f425eb0-7153-4c72-ac0e-294d3c17f8c0 None None] Found 2 cells: 00000000-0000-0000-0000-000000000000(cell0),8b8189f9-6359-48f2-9f3f-bf03c53b606b(cell1) {{(pid=107881) load_cells /opt/stack/nova/nova/context.py:464}}
Jan 25 16:07:06.471591 dv-neutron-808961-4-hyperv devstack@n-api-meta.service[107881]: DEBUG oslo_concurrency.lockutils [None req-9f425eb0-7153-4c72-ac0e-294d3c17f8c0 None None] Lock "00000000-0000-0000-0000-000000000000" acquired by "nova.context.set_target_cell.<locals>.get_or_set_cached_cell_and_set_connections" :: waited 0.000s {{(pid=107881) inner /usr/local/lib/python3.8/dist-packages/oslo_concurrency/lockutils.py:386}}
Jan 25 16:07:06.473721 dv-neutron-808961-4-hyperv devstack@n-api-meta.service[107881]: DEBUG oslo_concurrency.lockutils [None req-9f425eb0-7153-4c72-ac0e-294d3c17f8c0 None None] Lock "00000000-0000-0000-0000-000000000000" "released" by "nova.context.set_target_cell.<locals>.get_or_set_cached_cell_and_set_connections" :: held 0.003s {{(pid=107881) inner /usr/local/lib/python3.8/dist-packages/oslo_concurrency/lockutils.py:400}}
Jan 25 16:07:06.475654 dv-neutron-808961-4-hyperv devstack@n-api-meta.service[107881]: DEBUG oslo_concurrency.lockutils [None req-9f425eb0-7153-4c72-ac0e-294d3c17f8c0 None None] Lock "8b8189f9-6359-48f2-9f3f-bf03c53b606b" acquired by "nova.context.set_target_cell.<locals>.get_or_set_cached_cell_and_set_connections" :: waited 0.000s {{(pid=107881) inner /usr/local/lib/python3.8/dist-packages/oslo_concurrency/lockutils.py:386}}
Jan 25 16:07:06.478869 dv-neutron-808961-4-hyperv devstack@n-api-meta.service[107881]: DEBUG oslo_concurrency.lockutils [None req-9f425eb0-7153-4c72-ac0e-294d3c17f8c0 None None] Lock "8b8189f9-6359-48f2-9f3f-bf03c53b606b" "released" by "nova.context.set_target_cell.<locals>.get_or_set_cached_cell_and_set_connections" :: held 0.003s {{(pid=107881) inner /usr/local/lib/python3.8/dist-packages/oslo_concurrency/lockutils.py:400}}
Jan 25 16:07:06.499895 dv-neutron-808961-4-hyperv devstack@n-api-meta.service[107881]: DEBUG oslo_db.sqlalchemy.engines [None req-9f425eb0-7153-4c72-ac0e-294d3c17f8c0 None None] MySQL server mode set to STRICT_TRANS_TABLES,STRICT_ALL_TABLES,NO_ZERO_IN_DATE,NO_ZERO_DATE,ERROR_FOR_DIVISION_BY_ZERO,TRADITIONAL,NO_ENGINE_SUBSTITUTION {{(pid=107881) _check_effective_sql_mode /usr/local/lib/python3.8/dist-packages/oslo_db/sqlalchemy/engines.py:314}}
Jan 25 16:07:06.507268 dv-neutron-808961-4-hyperv devstack@n-api-meta.service[107881]: DEBUG oslo_db.sqlalchemy.engines [None req-9f425eb0-7153-4c72-ac0e-294d3c17f8c0 None None] MySQL server mode set to STRICT_TRANS_TABLES,STRICT_ALL_TABLES,NO_ZERO_IN_DATE,NO_ZERO_DATE,ERROR_FOR_DIVISION_BY_ZERO,TRADITIONAL,NO_ENGINE_SUBSTITUTION {{(pid=107881) _check_effective_sql_mode /usr/local/lib/python3.8/dist-packages/oslo_db/sqlalchemy/engines.py:314}}
Jan 25 16:07:06.629986 dv-neutron-808961-4-hyperv devstack@n-api-meta.service[107882]: DEBUG oslo_db.sqlalchemy.engines [None req-6aaf77b1-707d-4a6e-986c-ac35ff4bbbb4 None None] MySQL server mode set to STRICT_TRANS_TABLES,STRICT_ALL_TABLES,NO_ZERO_IN_DATE,NO_ZERO_DATE,ERROR_FOR_DIVISION_BY_ZERO,TRADITIONAL,NO_ENGINE_SUBSTITUTION {{(pid=107882) _check_effective_sql_mode /usr/local/lib/python3.8/dist-packages/oslo_db/sqlalchemy/engines.py:314}}
Jan 25 16:07:06.657652 dv-neutron-808961-4-hyperv devstack@n-api-meta.service[107882]: DEBUG oslo_db.sqlalchemy.engines [None req-6aaf77b1-707d-4a6e-986c-ac35ff4bbbb4 None None] MySQL server mode set to STRICT_TRANS_TABLES,STRICT_ALL_TABLES,NO_ZERO_IN_DATE,NO_ZERO_DATE,ERROR_FOR_DIVISION_BY_ZERO,TRADITIONAL,NO_ENGINE_SUBSTITUTION {{(pid=107882) _check_effective_sql_mode /usr/local/lib/python3.8/dist-packages/oslo_db/sqlalchemy/engines.py:314}}
Jan 25 16:07:06.823459 dv-neutron-808961-4-hyperv devstack@n-api-meta.service[107881]: DEBUG oslo_db.sqlalchemy.engines [None req-9f425eb0-7153-4c72-ac0e-294d3c17f8c0 None None] MySQL server mode set to STRICT_TRANS_TABLES,STRICT_ALL_TABLES,NO_ZERO_IN_DATE,NO_ZERO_DATE,ERROR_FOR_DIVISION_BY_ZERO,TRADITIONAL,NO_ENGINE_SUBSTITUTION {{(pid=107881) _check_effective_sql_mode /usr/local/lib/python3.8/dist-packages/oslo_db/sqlalchemy/engines.py:314}}
Jan 25 16:07:06.901848 dv-neutron-808961-4-hyperv devstack@n-api-meta.service[107882]: WARNING nova.api.metadata.handler [None req-6aaf77b1-707d-4a6e-986c-ac35ff4bbbb4 None None] metadata_proxy_shared_secret is not configured, the metadata information returned by the proxy cannot be trusted
Jan 25 16:07:06.907690 dv-neutron-808961-4-hyperv devstack@n-api-meta.service[107882]: WSGI app 0 (mountpoint='') ready in 5 seconds on interpreter 0x5654239bf9a0 pid: 107882 (default app)
Jan 25 16:07:07.008999 dv-neutron-808961-4-hyperv devstack@n-api-meta.service[107881]: WARNING nova.api.metadata.handler [None req-9f425eb0-7153-4c72-ac0e-294d3c17f8c0 None None] metadata_proxy_shared_secret is not configured, the metadata information returned by the proxy cannot be trusted
Jan 25 16:07:07.014983 dv-neutron-808961-4-hyperv devstack@n-api-meta.service[107881]: WSGI app 0 (mountpoint='') ready in 6 seconds on interpreter 0x5654239bf9a0 pid: 107881 (default app)