Sep 09 16:14:22.039450 dv-neutron-808046-2-hyperv neutron-server[94820]: INFO neutron.wsgi [None req-178bac2a-9705-4c25-bf3d-70f81a290526 tempest-DHCPAgentSchedulersTestJSON-1959433237 tempest-DHCPAgentSchedulersTestJSON-1959433237-project-admin] 10.222.0.37 "DELETE /v2.0/agents/863c7ccf-cb37-4b36-8bda-b6de4329e84a/dhcp-networks/9ba1dae5-0c15-46b8-b359-da71a48419e0 HTTP/1.1" status: 204 len: 168 time: 0.3247898
Sep 09 16:14:22.045566 dv-neutron-808046-2-hyperv neutron-server[94820]: DEBUG neutron.wsgi [-] (94820) accepted ('10.222.0.37', 34348) {{(pid=94820) server /usr/local/lib/python3.8/dist-packages/eventlet/wsgi.py:982}}
Sep 09 16:14:22.082267 dv-neutron-808046-2-hyperv neutron-server[94821]: DEBUG neutron.plugins.ml2.db [None req-6e62254d-9982-44a4-ba1d-5e7d649cb9c0 None None] For port c6bb5ab9-0b8e-4655-abdf-190f76775a12, host dv-neutron-808046-2-hyperv, got binding levels [PortBindingLevel(driver='openvswitch',host='dv-neutron-808046-2-hyperv',level=0,port_id=c6bb5ab9-0b8e-4655-abdf-190f76775a12,segment=NetworkSegment(5728dc64-108d-4477-a693-aeb6ffbdf8bf),segment_id=5728dc64-108d-4477-a693-aeb6ffbdf8bf)] {{(pid=94821) get_binding_level_objs /opt/stack/neutron/neutron/plugins/ml2/db.py:74}}
Sep 09 16:14:22.109144 dv-neutron-808046-2-hyperv neutron-server[94819]: DEBUG neutron_lib.callbacks.manager [None req-0dadebba-329d-4910-91f1-321dc23e56c7 tempest-ServersTestManualDisk-2061121984 tempest-ServersTestManualDisk-2061121984-project] Notify callbacks [] for floatingip, before_create {{(pid=94819) _notify_loop /usr/local/lib/python3.8/dist-packages/neutron_lib/callbacks/manager.py:192}}
Sep 09 16:14:22.114153 dv-neutron-808046-2-hyperv neutron-server[94820]: DEBUG neutron.plugins.ml2.plugin [None req-58c7ff7e-7aff-487f-91cb-42d50de3e478 tempest-PortsAdminExtendedAttrsIpV6TestJSON-2139047929 tempest-PortsAdminExtendedAttrsIpV6TestJSON-2139047929-project-admin] Deleting port 104629a1-8d88-4216-99e1-9d98b3294523 {{(pid=94820) _pre_delete_port /opt/stack/neutron/neutron/plugins/ml2/plugin.py:1925}}
Sep 09 16:14:22.114499 dv-neutron-808046-2-hyperv neutron-server[94820]: DEBUG neutron_lib.callbacks.manager [None req-58c7ff7e-7aff-487f-91cb-42d50de3e478 tempest-PortsAdminExtendedAttrsIpV6TestJSON-2139047929 tempest-PortsAdminExtendedAttrsIpV6TestJSON-2139047929-project-admin] Notify callbacks ['neutron.db.l3_db.L3_NAT_dbonly_mixin._prevent_l3_port_delete_callback-8752997782137'] for port, before_delete {{(pid=94820) _notify_loop /usr/local/lib/python3.8/dist-packages/neutron_lib/callbacks/manager.py:192}}
Sep 09 16:14:22.116219 dv-neutron-808046-2-hyperv neutron-server[94821]: DEBUG neutron_lib.callbacks.manager [None req-6e62254d-9982-44a4-ba1d-5e7d649cb9c0 None None] Notify callbacks ['neutron.plugins.ml2.plugin.SecurityGroupServerNotifierRpcMixin._notify_sg_on_port_change-545230', 'neutron.plugins.ml2.ovo_rpc._ObjectChangeHandler.handle_event-34172', 'neutron.api.rpc.agentnotifiers.dhcp_rpc_agent_api.DhcpAgentNotifyAPI._native_event_send_dhcp_notification-1686226', 'neutron.db.l3_db.L3RpcNotifierMixin._notify_gateway_port_ip_changed-8752997788299', 'neutron.db.l3_dvrscheduler_db._notify_l3_agent_port_update-8752997402022', 'neutron.db.l3_hascheduler_db._notify_l3_agent_ha_port_update-8752997402040'] for port, after_update {{(pid=94821) _notify_loop /usr/local/lib/python3.8/dist-packages/neutron_lib/callbacks/manager.py:192}}
Sep 09 16:14:22.120815 dv-neutron-808046-2-hyperv neutron-server[94821]: DEBUG neutron.plugins.ml2.rpc [None req-6e62254d-9982-44a4-ba1d-5e7d649cb9c0 None None] Device 038451c2-6008-4a2e-9694-45246c50a640 up at agent ovs-agent-dv-neutron-808046-2-hyperv {{(pid=94821) update_device_up /opt/stack/neutron/neutron/plugins/ml2/rpc.py:296}}
Sep 09 16:14:22.230494 dv-neutron-808046-2-hyperv neutron-server[94819]: DEBUG neutron.wsgi [-] (94819) accepted ('10.222.0.37', 34356) {{(pid=94819) server /usr/local/lib/python3.8/dist-packages/eventlet/wsgi.py:982}}
Sep 09 16:14:22.232862 dv-neutron-808046-2-hyperv neutron-server[94819]: DEBUG neutron_lib.callbacks.manager [None req-dd355936-5c17-463d-b152-280270f56fcf admin admin] Notify callbacks ['neutron.plugins.ml2.ovo_rpc._ObjectChangeHandler.handle_event-1681768'] for security_group, after_delete {{(pid=94819) _notify_loop /usr/local/lib/python3.8/dist-packages/neutron_lib/callbacks/manager.py:192}}
Sep 09 16:14:22.235885 dv-neutron-808046-2-hyperv neutron-server[94819]: DEBUG neutron_lib.callbacks.manager [None req-dd355936-5c17-463d-b152-280270f56fcf admin admin] Notify callbacks [] for security_group, before_response {{(pid=94819) _notify_loop /usr/local/lib/python3.8/dist-packages/neutron_lib/callbacks/manager.py:192}}
Sep 09 16:14:22.239868 dv-neutron-808046-2-hyperv neutron-server[94819]: INFO neutron.wsgi [None req-dd355936-5c17-463d-b152-280270f56fcf admin admin] 10.222.0.37 "DELETE /v2.0/security-groups/63be4543-459d-41ea-b25e-2aba27b1e807 HTTP/1.1" status: 204 len: 168 time: 0.9414017
Sep 09 16:14:22.245966 dv-neutron-808046-2-hyperv neutron-server[94819]: WARNING keystonemiddleware.auth_token [-] A valid token was submitted as a service token, but it was not a valid service token. This is incorrect but backwards compatible behaviour. This will be removed in future releases.
Sep 09 16:14:22.301061 dv-neutron-808046-2-hyperv neutron-server[94819]: DEBUG neutron.api.rpc.handlers.resources_rpc [None req-dd355936-5c17-463d-b152-280270f56fcf admin admin] Pushing event deleted for resources: {'SecurityGroup': ['ID=63be4543-459d-41ea-b25e-2aba27b1e807,revision_number=None']} {{(pid=94819) push /opt/stack/neutron/neutron/api/rpc/handlers/resources_rpc.py:237}}
Sep 09 16:14:22.312210 dv-neutron-808046-2-hyperv neutron-server[94819]: DEBUG neutron.api.v2.base [None req-3dbea8b9-1b11-4533-bb9e-9b3e485279aa tempest-NetworksIpV6TestAttrs-1116584789 tempest-NetworksIpV6TestAttrs-1116584789-project] Request body: {'network': {'name': 'tempest-NetworksIpV6TestAttrs-test-network-854030790'}} {{(pid=94819) prepare_request_body /opt/stack/neutron/neutron/api/v2/base.py:730}}
Sep 09 16:14:22.362231 dv-neutron-808046-2-hyperv neutron-server[94820]: DEBUG neutron_lib.callbacks.manager [None req-58c7ff7e-7aff-487f-91cb-42d50de3e478 tempest-PortsAdminExtendedAttrsIpV6TestJSON-2139047929 tempest-PortsAdminExtendedAttrsIpV6TestJSON-2139047929-project-admin] Notify callbacks ['neutron.services.l3_router.l3_router_plugin.L3_NAT_dbonly_mixin._precommit_delete_port_callback-2073624'] for port, precommit_delete {{(pid=94820) _notify_loop /usr/local/lib/python3.8/dist-packages/neutron_lib/callbacks/manager.py:192}}
Sep 09 16:14:22.365463 dv-neutron-808046-2-hyperv neutron-server[94819]: INFO neutron.wsgi [req-6c24a381-952f-48d9-a656-07c6c953bae9 req-82a837d5-5a17-4986-976f-f5d44a37a2be tempest-ServersTestJSON-1313797298 tempest-ServersTestJSON-1313797298-project] 10.222.0.37 "GET /v2.0/security-groups?name=tempest-securitygroup--680504429&fields=id&tenant_id=ad4f54a95bcd4bb48e69db561a58349f HTTP/1.1" status: 200 len: 267 time: 0.1244936
Sep 09 16:14:22.383797 dv-neutron-808046-2-hyperv neutron-server[94820]: DEBUG neutron.plugins.ml2.plugin [None req-58c7ff7e-7aff-487f-91cb-42d50de3e478 tempest-PortsAdminExtendedAttrsIpV6TestJSON-2139047929 tempest-PortsAdminExtendedAttrsIpV6TestJSON-2139047929-project-admin] Calling delete_port for 104629a1-8d88-4216-99e1-9d98b3294523 owned by {{(pid=94820) delete_port /opt/stack/neutron/neutron/plugins/ml2/plugin.py:2003}}
Sep 09 16:14:22.385750 dv-neutron-808046-2-hyperv neutron-server[94821]: DEBUG neutron.api.rpc.handlers.resources_rpc [None req-6e62254d-9982-44a4-ba1d-5e7d649cb9c0 None None] Pushing event updated for resources: {'Port': ['ID=c6bb5ab9-0b8e-4655-abdf-190f76775a12,revision_number=5']} {{(pid=94821) push /opt/stack/neutron/neutron/api/rpc/handlers/resources_rpc.py:237}}
Sep 09 16:14:22.398136 dv-neutron-808046-2-hyperv neutron-server[94821]: DEBUG neutron.db.provisioning_blocks [None req-6e62254d-9982-44a4-ba1d-5e7d649cb9c0 None None] Provisioning for port 038451c2-6008-4a2e-9694-45246c50a640 completed by entity L2. {{(pid=94821) provisioning_complete /opt/stack/neutron/neutron/db/provisioning_blocks.py:133}}
Sep 09 16:14:22.403104 dv-neutron-808046-2-hyperv neutron-server[94821]: DEBUG neutron.db.provisioning_blocks [None req-6e62254d-9982-44a4-ba1d-5e7d649cb9c0 None None] Provisioning complete for port 038451c2-6008-4a2e-9694-45246c50a640 triggered by entity L2. {{(pid=94821) provisioning_complete /opt/stack/neutron/neutron/db/provisioning_blocks.py:139}}
Sep 09 16:14:22.403588 dv-neutron-808046-2-hyperv neutron-server[94821]: DEBUG neutron_lib.callbacks.manager [None req-6e62254d-9982-44a4-ba1d-5e7d649cb9c0 None None] Notify callbacks ['neutron.plugins.ml2.plugin.Ml2Plugin._port_provisioned-1044489'] for port, provisioning_complete {{(pid=94821) _notify_loop /usr/local/lib/python3.8/dist-packages/neutron_lib/callbacks/manager.py:192}}
Sep 09 16:14:22.471390 dv-neutron-808046-2-hyperv neutron-server[94819]: DEBUG neutron.pecan_wsgi.hooks.quota_enforcement [None req-3dbea8b9-1b11-4533-bb9e-9b3e485279aa tempest-NetworksIpV6TestAttrs-1116584789 tempest-NetworksIpV6TestAttrs-1116584789-project] Made reservation on behalf of 7db1c8ef813b4d7fbe0b91ecf462ae96 for: {'network': 1} {{(pid=94819) before /opt/stack/neutron/neutron/pecan_wsgi/hooks/quota_enforcement.py:53}}
Sep 09 16:14:22.475739 dv-neutron-808046-2-hyperv neutron-server[94819]: DEBUG neutron_lib.callbacks.manager [None req-3dbea8b9-1b11-4533-bb9e-9b3e485279aa tempest-NetworksIpV6TestAttrs-1116584789 tempest-NetworksIpV6TestAttrs-1116584789-project] Notify callbacks ['neutron.plugins.ml2.plugin.SecurityGroupDbMixin._ensure_default_security_group_handler-545167'] for network, before_create {{(pid=94819) _notify_loop /usr/local/lib/python3.8/dist-packages/neutron_lib/callbacks/manager.py:192}}
Sep 09 16:14:22.499014 dv-neutron-808046-2-hyperv neutron-server[94819]: DEBUG neutron_lib.callbacks.manager [None req-3dbea8b9-1b11-4533-bb9e-9b3e485279aa tempest-NetworksIpV6TestAttrs-1116584789 tempest-NetworksIpV6TestAttrs-1116584789-project] Notify callbacks [] for security_group, before_create {{(pid=94819) _notify_loop /usr/local/lib/python3.8/dist-packages/neutron_lib/callbacks/manager.py:192}}
Sep 09 16:14:22.511157 dv-neutron-808046-2-hyperv neutron-server[94819]: DEBUG neutron.scheduler.l3_agent_scheduler [None req-737e3b9a-8629-472f-a10a-5d58ae06f332 tempest-FloatingIPAdminTestJSON-1470425201 tempest-FloatingIPAdminTestJSON-1470425201-project] Router 988bb98f-83ed-4768-84e9-352de2932bd7 is scheduled to L3 agent 6c1b99ec-2541-4b42-9c7e-b82e62fd39b0 with binding_index 1 {{(pid=94819) bind_router /opt/stack/neutron/neutron/scheduler/l3_agent_scheduler.py:209}}
Sep 09 16:14:22.531534 dv-neutron-808046-2-hyperv neutron-server[94821]: DEBUG neutron_lib.callbacks.manager [None req-6e62254d-9982-44a4-ba1d-5e7d649cb9c0 None None] Notify callbacks ['neutron.plugins.ml2.plugin.SecurityGroupDbMixin._ensure_default_security_group_handler-545167'] for port, before_update {{(pid=94821) _notify_loop /usr/local/lib/python3.8/dist-packages/neutron_lib/callbacks/manager.py:192}}
Sep 09 16:14:22.595000 dv-neutron-808046-2-hyperv neutron-server[94821]: DEBUG neutron.plugins.ml2.db [None req-6e62254d-9982-44a4-ba1d-5e7d649cb9c0 None None] For port 038451c2-6008-4a2e-9694-45246c50a640, host dv-neutron-808046-2-hyperv, got binding levels [PortBindingLevel(driver='openvswitch',host='dv-neutron-808046-2-hyperv',level=0,port_id=038451c2-6008-4a2e-9694-45246c50a640,segment=NetworkSegment(e547c1f9-0790-4471-9fa4-781f0ffaf7b5),segment_id=e547c1f9-0790-4471-9fa4-781f0ffaf7b5)] {{(pid=94821) get_binding_level_objs /opt/stack/neutron/neutron/plugins/ml2/db.py:74}}
Sep 09 16:14:22.605711 dv-neutron-808046-2-hyperv neutron-server[94821]: DEBUG neutron_lib.callbacks.manager [None req-6e62254d-9982-44a4-ba1d-5e7d649cb9c0 None None] Notify callbacks ['neutron.plugins.ml2.plugin.SecurityGroupServerNotifierRpcMixin._notify_sg_on_port_change-545230', 'neutron.plugins.ml2.ovo_rpc._ObjectChangeHandler.handle_event-34172', 'neutron.api.rpc.agentnotifiers.dhcp_rpc_agent_api.DhcpAgentNotifyAPI._native_event_send_dhcp_notification-1686226', 'neutron.db.l3_db.L3RpcNotifierMixin._notify_gateway_port_ip_changed-8752997788299', 'neutron.db.l3_dvrscheduler_db._notify_l3_agent_port_update-8752997402022', 'neutron.db.l3_hascheduler_db._notify_l3_agent_ha_port_update-8752997402040'] for port, after_update {{(pid=94821) _notify_loop /usr/local/lib/python3.8/dist-packages/neutron_lib/callbacks/manager.py:192}}
Sep 09 16:14:22.697818 dv-neutron-808046-2-hyperv neutron-server[94821]: DEBUG neutron.api.rpc.handlers.resources_rpc [None req-6e62254d-9982-44a4-ba1d-5e7d649cb9c0 None None] Pushing event updated for resources: {'Port': ['ID=038451c2-6008-4a2e-9694-45246c50a640,revision_number=3']} {{(pid=94821) push /opt/stack/neutron/neutron/api/rpc/handlers/resources_rpc.py:237}}
Sep 09 16:14:22.722977 dv-neutron-808046-2-hyperv neutron-server[94820]: INFO neutron.wsgi [None req-bb0a4489-2a78-4080-82a6-bd870133bbb3 tempest-DHCPAgentSchedulersTestJSON-1959433237 tempest-DHCPAgentSchedulersTestJSON-1959433237-project-admin] 10.222.0.37 "GET /v2.0/agents/863c7ccf-cb37-4b36-8bda-b6de4329e84a/dhcp-networks HTTP/1.1" status: 200 len: 7229 time: 0.6721165
Sep 09 16:14:22.727472 dv-neutron-808046-2-hyperv neutron-server[94820]: DEBUG neutron_lib.callbacks.manager [None req-58c7ff7e-7aff-487f-91cb-42d50de3e478 tempest-PortsAdminExtendedAttrsIpV6TestJSON-2139047929 tempest-PortsAdminExtendedAttrsIpV6TestJSON-2139047929-project-admin] Notify callbacks ['neutron.plugins.ml2.plugin.SecurityGroupServerNotifierRpcMixin._notify_sg_on_port_change-545230', 'neutron.plugins.ml2.ovo_rpc._ObjectChangeHandler.handle_event-34172', 'neutron.api.rpc.agentnotifiers.dhcp_rpc_agent_api.DhcpAgentNotifyAPI._native_event_send_dhcp_notification-1686226', 'neutron.db.l3_db.L3RpcNotifierMixin._notify_routers_callback-8752997788281', 'neutron.db.l3_dvrscheduler_db._notify_port_delete-8752997402013', 'neutron.services.segments.plugin.NovaSegmentNotifier._notify_port_created_or_deleted-7712813'] for port, after_delete {{(pid=94820) _notify_loop /usr/local/lib/python3.8/dist-packages/neutron_lib/callbacks/manager.py:192}}
Sep 09 16:14:22.727472 dv-neutron-808046-2-hyperv neutron-server[94820]: DEBUG neutron.wsgi [-] (94820) accepted ('10.222.0.37', 34366) {{(pid=94820) server /usr/local/lib/python3.8/dist-packages/eventlet/wsgi.py:982}}
Sep 09 16:14:22.770155 dv-neutron-808046-2-hyperv neutron-server[94820]: DEBUG neutron.api.rpc.handlers.resources_rpc [None req-58c7ff7e-7aff-487f-91cb-42d50de3e478 tempest-PortsAdminExtendedAttrsIpV6TestJSON-2139047929 tempest-PortsAdminExtendedAttrsIpV6TestJSON-2139047929-project-admin] Pushing event deleted for resources: {'Port': ['ID=104629a1-8d88-4216-99e1-9d98b3294523,revision_number=None']} {{(pid=94820) push /opt/stack/neutron/neutron/api/rpc/handlers/resources_rpc.py:237}}
Sep 09 16:14:22.805064 dv-neutron-808046-2-hyperv neutron-server[94819]: DEBUG neutron.pecan_wsgi.hooks.policy_enforcement [req-6c24a381-952f-48d9-a656-07c6c953bae9 req-b6951d7d-0d8a-4adb-9101-e523c6b662d0 tempest-ServersTestJSON-1313797298 tempest-ServersTestJSON-1313797298-project] Attributes excluded by policy engine: ['standard_attr_id', 'vlan_transparent', 'provider:network_type', 'provider:physical_network', 'provider:segmentation_id'] {{(pid=94819) _exclude_attributes_by_policy /opt/stack/neutron/neutron/pecan_wsgi/hooks/policy_enforcement.py:255}}
Sep 09 16:14:22.807154 dv-neutron-808046-2-hyperv neutron-server[94819]: INFO neutron.wsgi [req-6c24a381-952f-48d9-a656-07c6c953bae9 req-b6951d7d-0d8a-4adb-9101-e523c6b662d0 tempest-ServersTestJSON-1313797298 tempest-ServersTestJSON-1313797298-project] 10.222.0.37 "GET /v2.0/networks?id=d6b31b49-487b-4389-b3e2-12f5d9b5b336 HTTP/1.1" status: 200 len: 805 time: 0.4267566
Sep 09 16:14:22.810063 dv-neutron-808046-2-hyperv neutron-server[94820]: DEBUG neutron_lib.callbacks.manager [None req-58c7ff7e-7aff-487f-91cb-42d50de3e478 tempest-PortsAdminExtendedAttrsIpV6TestJSON-2139047929 tempest-PortsAdminExtendedAttrsIpV6TestJSON-2139047929-project-admin] Notify callbacks ['neutron.notifiers.nova.Notifier._send_nova_notification-433770'] for port, before_response {{(pid=94820) _notify_loop /usr/local/lib/python3.8/dist-packages/neutron_lib/callbacks/manager.py:192}}
Sep 09 16:14:22.812402 dv-neutron-808046-2-hyperv neutron-server[94820]: INFO neutron.wsgi [None req-58c7ff7e-7aff-487f-91cb-42d50de3e478 tempest-PortsAdminExtendedAttrsIpV6TestJSON-2139047929 tempest-PortsAdminExtendedAttrsIpV6TestJSON-2139047929-project-admin] 10.222.0.37 "DELETE /v2.0/ports/104629a1-8d88-4216-99e1-9d98b3294523 HTTP/1.1" status: 204 len: 168 time: 1.3432167
Sep 09 16:14:22.814388 dv-neutron-808046-2-hyperv neutron-server[94820]: INFO neutron.wsgi [None req-c287cd05-69d4-449b-be64-7be9f9f41ea5 tempest-DHCPAgentSchedulersTestJSON-1959433237 tempest-DHCPAgentSchedulersTestJSON-1959433237-project-admin] 10.222.0.37 "GET /v2.0/networks/3bb60813-2d65-495e-88cf-61d334df017c/dhcp-agents HTTP/1.1" status: 200 len: 808 time: 0.0855954
Sep 09 16:14:22.815053 dv-neutron-808046-2-hyperv neutron-server[94819]: DEBUG neutron_lib.callbacks.manager [None req-0dadebba-329d-4910-91f1-321dc23e56c7 tempest-ServersTestManualDisk-2061121984 tempest-ServersTestManualDisk-2061121984-project] Notify callbacks ['neutron.plugins.ml2.plugin.SecurityGroupDbMixin._ensure_default_security_group_handler-545167'] for port, before_create {{(pid=94819) _notify_loop /usr/local/lib/python3.8/dist-packages/neutron_lib/callbacks/manager.py:192}}
Sep 09 16:14:22.815188 dv-neutron-808046-2-hyperv neutron-server[94820]: DEBUG neutron.wsgi [-] (94820) accepted ('10.222.0.37', 34370) {{(pid=94820) server /usr/local/lib/python3.8/dist-packages/eventlet/wsgi.py:982}}
Sep 09 16:14:22.823435 dv-neutron-808046-2-hyperv neutron-server[94819]: DEBUG neutron.wsgi [-] (94819) accepted ('10.222.0.37', 34372) {{(pid=94819) server /usr/local/lib/python3.8/dist-packages/eventlet/wsgi.py:982}}
Sep 09 16:14:22.846852 dv-neutron-808046-2-hyperv neutron-server[94820]: INFO neutron.pecan_wsgi.hooks.translation [None req-ef44eda1-1164-4f24-9246-c4a770a21772 tempest-PortsAdminExtendedAttrsIpV6TestJSON-2139047929 tempest-PortsAdminExtendedAttrsIpV6TestJSON-2139047929-project-admin] GET failed (client error): The resource could not be found.
Sep 09 16:14:22.851798 dv-neutron-808046-2-hyperv neutron-server[94820]: INFO neutron.wsgi [None req-ef44eda1-1164-4f24-9246-c4a770a21772 tempest-PortsAdminExtendedAttrsIpV6TestJSON-2139047929 tempest-PortsAdminExtendedAttrsIpV6TestJSON-2139047929-project-admin] 10.222.0.37 "GET /v2.0/ports/104629a1-8d88-4216-99e1-9d98b3294523 HTTP/1.1" status: 404 len: 333 time: 0.0288033
Sep 09 16:14:22.852309 dv-neutron-808046-2-hyperv neutron-server[94820]: DEBUG neutron.wsgi [-] (94820) accepted ('10.222.0.37', 34376) {{(pid=94820) server /usr/local/lib/python3.8/dist-packages/eventlet/wsgi.py:982}}
Sep 09 16:14:22.862657 dv-neutron-808046-2-hyperv neutron-server[94820]: DEBUG neutron.api.v2.base [None req-4bf05bae-717e-4f27-be26-d08e18fff021 tempest-PortsAdminExtendedAttrsIpV6TestJSON-2139047929 tempest-PortsAdminExtendedAttrsIpV6TestJSON-2139047929-project-admin] Request body: {'port': {'network_id': 'e55790cc-cdc8-4e76-9d08-a6aed2f9d759', 'name': 'tempest-PortsAdminExtendedAttrsIpV6TestJSON-1998539551'}} {{(pid=94820) prepare_request_body /opt/stack/neutron/neutron/api/v2/base.py:730}}
Sep 09 16:14:22.871316 dv-neutron-808046-2-hyperv neutron-server[94820]: DEBUG neutron_lib.callbacks.manager [None req-0589d74b-5e7e-4425-81d4-4843c0d37641 tempest-ExternalNetworksTestJSON-60479919 tempest-ExternalNetworksTestJSON-60479919-project-admin] Notify callbacks ['neutron.plugins.ml2.plugin.SecurityGroupServerNotifierRpcMixin._notify_sg_on_port_change-545230', 'neutron.plugins.ml2.ovo_rpc._ObjectChangeHandler.handle_event-34172', 'neutron.api.rpc.agentnotifiers.dhcp_rpc_agent_api.DhcpAgentNotifyAPI._native_event_send_dhcp_notification-1686226', 'neutron.db.l3_db.L3RpcNotifierMixin._notify_routers_callback-8752997788281', 'neutron.db.l3_dvrscheduler_db._notify_port_delete-8752997402013', 'neutron.services.segments.plugin.NovaSegmentNotifier._notify_port_created_or_deleted-7712813'] for port, after_delete {{(pid=94820) _notify_loop /usr/local/lib/python3.8/dist-packages/neutron_lib/callbacks/manager.py:192}}
Sep 09 16:14:22.897546 dv-neutron-808046-2-hyperv neutron-server[94820]: DEBUG neutron.api.rpc.handlers.resources_rpc [None req-0589d74b-5e7e-4425-81d4-4843c0d37641 tempest-ExternalNetworksTestJSON-60479919 tempest-ExternalNetworksTestJSON-60479919-project-admin] Pushing event deleted for resources: {'Port': ['ID=4ab85bf3-153a-4c7e-a053-638704e7fdd9,revision_number=None']} {{(pid=94820) push /opt/stack/neutron/neutron/api/rpc/handlers/resources_rpc.py:237}}
Sep 09 16:14:22.936667 dv-neutron-808046-2-hyperv neutron-server[94819]: INFO neutron.wsgi [req-6c24a381-952f-48d9-a656-07c6c953bae9 req-b3021b75-ba23-4d30-9570-362295a998d5 tempest-ServersTestJSON-1313797298 tempest-ServersTestJSON-1313797298-project] 10.222.0.37 "GET /v2.0/quotas/ad4f54a95bcd4bb48e69db561a58349f HTTP/1.1" status: 200 len: 375 time: 0.0817626
Sep 09 16:14:22.970768 dv-neutron-808046-2-hyperv neutron-server[94819]: INFO neutron.wsgi [None req-6c3c4b5a-4f44-4ca4-a046-0ac25f331995 tempest-DHCPAgentSchedulersTestJSON-1959433237 tempest-DHCPAgentSchedulersTestJSON-1959433237-project-admin] 10.222.0.37 "GET /v2.0/networks/3bb60813-2d65-495e-88cf-61d334df017c/dhcp-agents HTTP/1.1" status: 200 len: 808 time: 0.1146472
Sep 09 16:14:22.977485 dv-neutron-808046-2-hyperv neutron-server[94820]: DEBUG neutron.wsgi [-] (94820) accepted ('10.222.0.37', 34380) {{(pid=94820) server /usr/local/lib/python3.8/dist-packages/eventlet/wsgi.py:982}}
Sep 09 16:14:22.992674 dv-neutron-808046-2-hyperv neutron-server[94819]: DEBUG neutron.api.rpc.agentnotifiers.l3_rpc_agent_api [None req-737e3b9a-8629-472f-a10a-5d58ae06f332 tempest-FloatingIPAdminTestJSON-1470425201 tempest-FloatingIPAdminTestJSON-1470425201-project] Notify agent at l3_agent.dv-neutron-808046-2-hyperv the message routers_updated {{(pid=94819) _agent_notification /opt/stack/neutron/neutron/api/rpc/agentnotifiers/l3_rpc_agent_api.py:65}}
Sep 09 16:14:23.011033 dv-neutron-808046-2-hyperv neutron-server[94822]: DEBUG neutron.api.rpc.handlers.l3_rpc [None req-982d923b-8440-4641-9946-0c3b94323d6a None None] Sync routers for ids ['988bb98f-83ed-4768-84e9-352de2932bd7'] in dv-neutron-808046-2-hyperv {{(pid=94822) sync_routers /opt/stack/neutron/neutron/api/rpc/handlers/l3_rpc.py:125}}
Sep 09 16:14:23.020391 dv-neutron-808046-2-hyperv neutron-server[94820]: DEBUG neutron_lib.callbacks.manager [None req-0589d74b-5e7e-4425-81d4-4843c0d37641 tempest-ExternalNetworksTestJSON-60479919 tempest-ExternalNetworksTestJSON-60479919-project-admin] Notify callbacks [] for floatingip, after_delete {{(pid=94820) _notify_loop /usr/local/lib/python3.8/dist-packages/neutron_lib/callbacks/manager.py:192}}
Sep 09 16:14:23.025973 dv-neutron-808046-2-hyperv neutron-server[94822]: DEBUG neutron.db.l3_dvrscheduler_db [None req-982d923b-8440-4641-9946-0c3b94323d6a None None] Routers {'988bb98f-83ed-4768-84e9-352de2932bd7'} bound to L3 agent in host dv-neutron-808046-2-hyperv {{(pid=94822) _get_router_ids_for_agent /opt/stack/neutron/neutron/db/l3_dvrscheduler_db.py:420}}
Sep 09 16:14:23.026691 dv-neutron-808046-2-hyperv neutron-server[94822]: DEBUG neutron.db.l3_hamode_db [None req-982d923b-8440-4641-9946-0c3b94323d6a None None] neutron.services.l3_router.l3_router_plugin.L3RouterPlugin method get_ha_sync_data_for_host called with arguments (, 'dv-neutron-808046-2-hyperv', Agent(admin_state_up=True,agent_type='L3 agent',availability_zone='nova',binary='neutron-l3-agent',configurations={"agent_mode": "legacy", "ex_gw_ports": 2, "extensions": [], "floating_ips": 0, "handle_internal_only_routers": true, "interface_driver": "openvswitch", "interfaces": 1, "log_agent_heartbeats": false, "routers": 2},created_at=2021-09-09T16:06:40Z,description=,heartbeat_timestamp=2021-09-09T16:14:10Z,host='dv-neutron-808046-2-hyperv',id=6c1b99ec-2541-4b42-9c7e-b82e62fd39b0,load=0,resource_versions=,resources_synced=,started_at=2021-09-09T16:06:40Z,topic='l3_agent')) {'router_ids': ['988bb98f-83ed-4768-84e9-352de2932bd7'], 'active': True} {{(pid=94822) wrapper /usr/local/lib/python3.8/dist-packages/oslo_log/helpers.py:65}}
Sep 09 16:14:23.071852 dv-neutron-808046-2-hyperv neutron-server[94819]: DEBUG neutron_lib.callbacks.manager [None req-3dbea8b9-1b11-4533-bb9e-9b3e485279aa tempest-NetworksIpV6TestAttrs-1116584789 tempest-NetworksIpV6TestAttrs-1116584789-project] Notify callbacks [] for security_group, precommit_create {{(pid=94819) _notify_loop /usr/local/lib/python3.8/dist-packages/neutron_lib/callbacks/manager.py:192}}
Sep 09 16:14:23.085116 dv-neutron-808046-2-hyperv neutron-server[94819]: DEBUG neutron_lib.callbacks.manager [None req-3dbea8b9-1b11-4533-bb9e-9b3e485279aa tempest-NetworksIpV6TestAttrs-1116584789 tempest-NetworksIpV6TestAttrs-1116584789-project] Notify callbacks ['neutron.plugins.ml2.ovo_rpc._ObjectChangeHandler.handle_event-1681768'] for security_group, after_create {{(pid=94819) _notify_loop /usr/local/lib/python3.8/dist-packages/neutron_lib/callbacks/manager.py:192}}
Sep 09 16:14:23.088469 dv-neutron-808046-2-hyperv neutron-server[94822]: DEBUG neutron.db.l3_hamode_db [None req-982d923b-8440-4641-9946-0c3b94323d6a None None] neutron.services.l3_router.l3_router_plugin.L3RouterPlugin method _process_sync_ha_data called with arguments (, [], 'dv-neutron-808046-2-hyperv', False) {} {{(pid=94822) wrapper /usr/local/lib/python3.8/dist-packages/oslo_log/helpers.py:65}}
Sep 09 16:14:23.102433 dv-neutron-808046-2-hyperv neutron-server[94819]: DEBUG neutron_lib.callbacks.manager [None req-737e3b9a-8629-472f-a10a-5d58ae06f332 tempest-FloatingIPAdminTestJSON-1470425201 tempest-FloatingIPAdminTestJSON-1470425201-project] Notify callbacks [] for router, before_response {{(pid=94819) _notify_loop /usr/local/lib/python3.8/dist-packages/neutron_lib/callbacks/manager.py:192}}
Sep 09 16:14:23.107105 dv-neutron-808046-2-hyperv neutron-server[94819]: INFO neutron.wsgi [None req-737e3b9a-8629-472f-a10a-5d58ae06f332 tempest-FloatingIPAdminTestJSON-1470425201 tempest-FloatingIPAdminTestJSON-1470425201-project] 10.222.0.37 "POST /v2.0/routers HTTP/1.1" status: 201 len: 892 time: 5.7245111
Sep 09 16:14:23.107749 dv-neutron-808046-2-hyperv neutron-server[94822]: DEBUG neutron.db.l3_dvrscheduler_db [None req-982d923b-8440-4641-9946-0c3b94323d6a None None] Routers {'988bb98f-83ed-4768-84e9-352de2932bd7'} bound to L3 agent in host dv-neutron-808046-2-hyperv {{(pid=94822) _get_router_ids_for_agent /opt/stack/neutron/neutron/db/l3_dvrscheduler_db.py:420}}
Sep 09 16:14:23.108948 dv-neutron-808046-2-hyperv neutron-server[94822]: DEBUG neutron.db.l3_hamode_db [None req-982d923b-8440-4641-9946-0c3b94323d6a None None] neutron.services.l3_router.l3_router_plugin.L3RouterPlugin method get_ha_sync_data_for_host called with arguments (, 'dv-neutron-808046-2-hyperv', Agent(admin_state_up=True,agent_type='L3 agent',availability_zone='nova',binary='neutron-l3-agent',configurations={"agent_mode": "legacy", "ex_gw_ports": 2, "extensions": [], "floating_ips": 0, "handle_internal_only_routers": true, "interface_driver": "openvswitch", "interfaces": 1, "log_agent_heartbeats": false, "routers": 2},created_at=2021-09-09T16:06:40Z,description=,heartbeat_timestamp=2021-09-09T16:14:10Z,host='dv-neutron-808046-2-hyperv',id=6c1b99ec-2541-4b42-9c7e-b82e62fd39b0,load=0,resource_versions=,resources_synced=,started_at=2021-09-09T16:06:40Z,topic='l3_agent')) {'router_ids': ['988bb98f-83ed-4768-84e9-352de2932bd7'], 'active': True} {{(pid=94822) wrapper /usr/local/lib/python3.8/dist-packages/oslo_log/helpers.py:65}}
Sep 09 16:14:23.109074 dv-neutron-808046-2-hyperv neutron-server[94819]: DEBUG neutron.wsgi [-] (94819) accepted ('10.222.0.37', 34388) {{(pid=94819) server /usr/local/lib/python3.8/dist-packages/eventlet/wsgi.py:982}}
Sep 09 16:14:23.141140 dv-neutron-808046-2-hyperv neutron-server[94820]: DEBUG neutron.pecan_wsgi.hooks.quota_enforcement [None req-4bf05bae-717e-4f27-be26-d08e18fff021 tempest-PortsAdminExtendedAttrsIpV6TestJSON-2139047929 tempest-PortsAdminExtendedAttrsIpV6TestJSON-2139047929-project-admin] Made reservation on behalf of 23d09abb1c16489e8af0b21352303228 for: {'port': 1} {{(pid=94820) before /opt/stack/neutron/neutron/pecan_wsgi/hooks/quota_enforcement.py:53}}
Sep 09 16:14:23.143171 dv-neutron-808046-2-hyperv neutron-server[94820]: DEBUG neutron_lib.callbacks.manager [None req-4bf05bae-717e-4f27-be26-d08e18fff021 tempest-PortsAdminExtendedAttrsIpV6TestJSON-2139047929 tempest-PortsAdminExtendedAttrsIpV6TestJSON-2139047929-project-admin] Notify callbacks ['neutron.plugins.ml2.plugin.SecurityGroupDbMixin._ensure_default_security_group_handler-545167'] for port, before_create {{(pid=94820) _notify_loop /usr/local/lib/python3.8/dist-packages/neutron_lib/callbacks/manager.py:192}}
Sep 09 16:14:23.151934 dv-neutron-808046-2-hyperv neutron-server[94819]: DEBUG neutron.plugins.ml2.drivers.helpers [None req-3dbea8b9-1b11-4533-bb9e-9b3e485279aa tempest-NetworksIpV6TestAttrs-1116584789 tempest-NetworksIpV6TestAttrs-1116584789-project] vlan segment allocate from pool success with {'vlan_id': 436, 'physical_network': 'physnet1'} {{(pid=94819) allocate_partially_specified_segment /opt/stack/neutron/neutron/plugins/ml2/drivers/helpers.py:153}}
Sep 09 16:14:23.169282 dv-neutron-808046-2-hyperv neutron-server[94820]: DEBUG neutron_lib.callbacks.manager [None req-0589d74b-5e7e-4425-81d4-4843c0d37641 tempest-ExternalNetworksTestJSON-60479919 tempest-ExternalNetworksTestJSON-60479919-project-admin] Notify callbacks ['neutron.plugins.ml2.plugin.Ml2Plugin._subnet_delete_precommit_handler-1044255'] for subnet, precommit_delete {{(pid=94820) _notify_loop /usr/local/lib/python3.8/dist-packages/neutron_lib/callbacks/manager.py:192}}
Sep 09 16:14:23.172022 dv-neutron-808046-2-hyperv neutron-server[94822]: DEBUG neutron.db.l3_hamode_db [None req-982d923b-8440-4641-9946-0c3b94323d6a None None] neutron.services.l3_router.l3_router_plugin.L3RouterPlugin method _process_sync_ha_data called with arguments (, [], 'dv-neutron-808046-2-hyperv', False) {} {{(pid=94822) wrapper /usr/local/lib/python3.8/dist-packages/oslo_log/helpers.py:65}}
Sep 09 16:14:23.172878 dv-neutron-808046-2-hyperv neutron-server[94822]: DEBUG neutron.api.rpc.handlers.l3_rpc [None req-982d923b-8440-4641-9946-0c3b94323d6a None None] The sync data for ids ['988bb98f-83ed-4768-84e9-352de2932bd7'] in dv-neutron-808046-2-hyperv is: [] {{(pid=94822) sync_routers /opt/stack/neutron/neutron/api/rpc/handlers/l3_rpc.py:137}}
Sep 09 16:14:23.198260 dv-neutron-808046-2-hyperv neutron-server[94819]: INFO neutron.wsgi [req-6c24a381-952f-48d9-a656-07c6c953bae9 req-8d0036e5-da9e-4d0b-b844-ce6c4d6adbe2 tempest-ServersTestJSON-1313797298 tempest-ServersTestJSON-1313797298-project] 10.222.0.37 "GET /v2.0/ports?tenant_id=ad4f54a95bcd4bb48e69db561a58349f&fields=id HTTP/1.1" status: 200 len: 348 time: 0.2463524
Sep 09 16:14:23.204589 dv-neutron-808046-2-hyperv neutron-server[94820]: INFO neutron.wsgi [None req-36a70ac5-0b5d-4fbf-b48d-9b38c2f79811 tempest-DHCPAgentSchedulersTestJSON-1959433237 tempest-DHCPAgentSchedulersTestJSON-1959433237-project-admin] 10.222.0.37 "GET /v2.0/agents/863c7ccf-cb37-4b36-8bda-b6de4329e84a/dhcp-networks HTTP/1.1" status: 200 len: 7229 time: 0.2220249
Sep 09 16:14:23.205820 dv-neutron-808046-2-hyperv neutron-server[94819]: DEBUG neutron.db.db_base_plugin_common [None req-0dadebba-329d-4910-91f1-321dc23e56c7 tempest-ServersTestManualDisk-2061121984 tempest-ServersTestManualDisk-2061121984-project] Allocated IP 172.26.2.78 (690d9cc5-e657-473c-93d8-416598ffc738/fa040ae7-de9e-4353-942e-e3583524ab2e/e1c2e287-bf2c-4e54-855e-ae55bf5517e8) {{(pid=94819) _store_ip_allocation /opt/stack/neutron/neutron/db/db_base_plugin_common.py:131}}
Sep 09 16:14:23.207737 dv-neutron-808046-2-hyperv neutron-server[94820]: DEBUG neutron.notifiers.nova [None req-4bf05bae-717e-4f27-be26-d08e18fff021 tempest-PortsAdminExtendedAttrsIpV6TestJSON-2139047929 tempest-PortsAdminExtendedAttrsIpV6TestJSON-2139047929-project-admin] device_id is not set on port dc6b98e1-7f32-4335-be0c-debd8fe6a479 yet. {{(pid=94820) _can_notify /opt/stack/neutron/neutron/notifiers/nova.py:190}}
Sep 09 16:14:23.213403 dv-neutron-808046-2-hyperv neutron-server[94820]: DEBUG neutron.wsgi [-] (94820) accepted ('10.222.0.37', 34390) {{(pid=94820) server /usr/local/lib/python3.8/dist-packages/eventlet/wsgi.py:982}}
Sep 09 16:14:23.230298 dv-neutron-808046-2-hyperv neutron-server[94819]: DEBUG neutron_lib.callbacks.manager [None req-3dbea8b9-1b11-4533-bb9e-9b3e485279aa tempest-NetworksIpV6TestAttrs-1116584789 tempest-NetworksIpV6TestAttrs-1116584789-project] Notify callbacks ['neutron.plugins.ml2.plugin.Ml2Plugin._handle_segment_change-1037738'] for segment, precommit_create {{(pid=94819) _notify_loop /usr/local/lib/python3.8/dist-packages/neutron_lib/callbacks/manager.py:192}}
Sep 09 16:14:23.230742 dv-neutron-808046-2-hyperv neutron-server[94819]: INFO neutron.db.segments_db [None req-3dbea8b9-1b11-4533-bb9e-9b3e485279aa tempest-NetworksIpV6TestAttrs-1116584789 tempest-NetworksIpV6TestAttrs-1116584789-project] Added segment f575aced-c6ca-4133-b869-662d5e14b52a of type vlan for network da73acd9-383b-4ba2-be8b-aeeba48829d4
Sep 09 16:14:23.234791 dv-neutron-808046-2-hyperv neutron-server[94819]: DEBUG neutron.api.rpc.handlers.resources_rpc [None req-3dbea8b9-1b11-4533-bb9e-9b3e485279aa tempest-NetworksIpV6TestAttrs-1116584789 tempest-NetworksIpV6TestAttrs-1116584789-project] Pushing event updated for resources: {'SecurityGroup': ['ID=79abafba-a4ab-45ac-9160-5f854b92b5e0,revision_number=1']} {{(pid=94819) push /opt/stack/neutron/neutron/api/rpc/handlers/resources_rpc.py:237}}
Sep 09 16:14:23.397922 dv-neutron-808046-2-hyperv neutron-server[94820]: DEBUG neutron_lib.callbacks.manager [None req-2d2fe739-891a-4bfe-946a-5233291bdfb7 tempest-DHCPAgentSchedulersTestJSON-2131996744 tempest-DHCPAgentSchedulersTestJSON-2131996744-project] Notify callbacks ['neutron.plugins.ml2.plugin.External_net_db_mixin._before_network_delete_handler-529322'] for network, before_delete {{(pid=94820) _notify_loop /usr/local/lib/python3.8/dist-packages/neutron_lib/callbacks/manager.py:192}}
Sep 09 16:14:23.444321 dv-neutron-808046-2-hyperv neutron-server[94820]: DEBUG neutron_lib.callbacks.manager [None req-0589d74b-5e7e-4425-81d4-4843c0d37641 tempest-ExternalNetworksTestJSON-60479919 tempest-ExternalNetworksTestJSON-60479919-project-admin] Notify callbacks ['neutron.plugins.ml2.plugin.Ml2Plugin._subnet_delete_after_delete_handler-1044260', 'neutron.plugins.ml2.ovo_rpc._ObjectChangeHandler.handle_event-1667555', 'neutron.api.rpc.agentnotifiers.dhcp_rpc_agent_api.DhcpAgentNotifyAPI._native_event_send_dhcp_notification-1686226', 'neutron.services.segments.plugin.NovaSegmentNotifier._notify_subnet_deleted-7713010', 'neutron.services.segments.plugin.SegmentHostRoutes.host_routes_after_delete-5241415'] for subnet, after_delete {{(pid=94820) _notify_loop /usr/local/lib/python3.8/dist-packages/neutron_lib/callbacks/manager.py:192}}
Sep 09 16:14:23.457334 dv-neutron-808046-2-hyperv neutron-server[94821]: DEBUG neutron.plugins.ml2.rpc [None req-6e62254d-9982-44a4-ba1d-5e7d649cb9c0 None None] Device c6bb5ab9-0b8e-4655-abdf-190f76775a12 up at agent ovs-agent-dv-neutron-808046-2-hyperv {{(pid=94821) update_device_up /opt/stack/neutron/neutron/plugins/ml2/rpc.py:296}}
Sep 09 16:14:23.483150 dv-neutron-808046-2-hyperv neutron-server[94820]: DEBUG neutron.api.rpc.handlers.resources_rpc [None req-0589d74b-5e7e-4425-81d4-4843c0d37641 tempest-ExternalNetworksTestJSON-60479919 tempest-ExternalNetworksTestJSON-60479919-project-admin] Pushing event deleted for resources: {'Subnet': ['ID=910ed1d2-8e9a-431b-ae28-7b5c9d7f7042,revision_number=None']} {{(pid=94820) push /opt/stack/neutron/neutron/api/rpc/handlers/resources_rpc.py:237}}
Sep 09 16:14:23.531113 dv-neutron-808046-2-hyperv neutron-server[94821]: DEBUG neutron.db.provisioning_blocks [None req-6e62254d-9982-44a4-ba1d-5e7d649cb9c0 None None] Provisioning complete for port c6bb5ab9-0b8e-4655-abdf-190f76775a12 triggered by entity L2. {{(pid=94821) provisioning_complete /opt/stack/neutron/neutron/db/provisioning_blocks.py:139}}
Sep 09 16:14:23.531629 dv-neutron-808046-2-hyperv neutron-server[94821]: DEBUG neutron_lib.callbacks.manager [None req-6e62254d-9982-44a4-ba1d-5e7d649cb9c0 None None] Notify callbacks ['neutron.plugins.ml2.plugin.Ml2Plugin._port_provisioned-1044489'] for port, provisioning_complete {{(pid=94821) _notify_loop /usr/local/lib/python3.8/dist-packages/neutron_lib/callbacks/manager.py:192}}
Sep 09 16:14:23.580865 dv-neutron-808046-2-hyperv neutron-server[94819]: DEBUG neutron_lib.callbacks.manager [None req-3dbea8b9-1b11-4533-bb9e-9b3e485279aa tempest-NetworksIpV6TestAttrs-1116584789 tempest-NetworksIpV6TestAttrs-1116584789-project] Notify callbacks ['neutron.services.auto_allocate.db._ensure_external_network_default_value_callback-8752997389222'] for network, precommit_create {{(pid=94819) _notify_loop /usr/local/lib/python3.8/dist-packages/neutron_lib/callbacks/manager.py:192}}
Sep 09 16:14:23.618941 dv-neutron-808046-2-hyperv neutron-server[94821]: DEBUG neutron.plugins.ml2.rpc [None req-6e62254d-9982-44a4-ba1d-5e7d649cb9c0 None None] Device 038451c2-6008-4a2e-9694-45246c50a640 up at agent ovs-agent-dv-neutron-808046-2-hyperv {{(pid=94821) update_device_up /opt/stack/neutron/neutron/plugins/ml2/rpc.py:296}}
Sep 09 16:14:23.690604 dv-neutron-808046-2-hyperv neutron-server[94821]: DEBUG neutron.db.provisioning_blocks [None req-6e62254d-9982-44a4-ba1d-5e7d649cb9c0 None None] Provisioning complete for port 038451c2-6008-4a2e-9694-45246c50a640 triggered by entity L2. {{(pid=94821) provisioning_complete /opt/stack/neutron/neutron/db/provisioning_blocks.py:139}}
Sep 09 16:14:23.693339 dv-neutron-808046-2-hyperv neutron-server[94821]: DEBUG neutron_lib.callbacks.manager [None req-6e62254d-9982-44a4-ba1d-5e7d649cb9c0 None None] Notify callbacks ['neutron.plugins.ml2.plugin.Ml2Plugin._port_provisioned-1044489'] for port, provisioning_complete {{(pid=94821) _notify_loop /usr/local/lib/python3.8/dist-packages/neutron_lib/callbacks/manager.py:192}}
Sep 09 16:14:23.695545 dv-neutron-808046-2-hyperv neutron-server[94819]: DEBUG neutron_lib.callbacks.manager [None req-3dbea8b9-1b11-4533-bb9e-9b3e485279aa tempest-NetworksIpV6TestAttrs-1116584789 tempest-NetworksIpV6TestAttrs-1116584789-project] Notify callbacks ['neutron.plugins.ml2.ovo_rpc._ObjectChangeHandler.handle_event-1685916', 'neutron.api.rpc.agentnotifiers.dhcp_rpc_agent_api.DhcpAgentNotifyAPI._native_event_send_dhcp_notification-1686226'] for network, after_create {{(pid=94819) _notify_loop /usr/local/lib/python3.8/dist-packages/neutron_lib/callbacks/manager.py:192}}
Sep 09 16:14:23.701826 dv-neutron-808046-2-hyperv neutron-server[94819]: DEBUG neutron.pecan_wsgi.hooks.policy_enforcement [None req-3dbea8b9-1b11-4533-bb9e-9b3e485279aa tempest-NetworksIpV6TestAttrs-1116584789 tempest-NetworksIpV6TestAttrs-1116584789-project] Attributes excluded by policy engine: ['standard_attr_id', 'provider:network_type', 'provider:physical_network', 'provider:segmentation_id', 'vlan_transparent'] {{(pid=94819) _exclude_attributes_by_policy /opt/stack/neutron/neutron/pecan_wsgi/hooks/policy_enforcement.py:255}}
Sep 09 16:14:23.702336 dv-neutron-808046-2-hyperv neutron-server[94819]: DEBUG neutron_lib.callbacks.manager [None req-3dbea8b9-1b11-4533-bb9e-9b3e485279aa tempest-NetworksIpV6TestAttrs-1116584789 tempest-NetworksIpV6TestAttrs-1116584789-project] Notify callbacks ['neutron.api.rpc.agentnotifiers.dhcp_rpc_agent_api.DhcpAgentNotifyAPI._send_dhcp_notification-1686176'] for network, before_response {{(pid=94819) _notify_loop /usr/local/lib/python3.8/dist-packages/neutron_lib/callbacks/manager.py:192}}
Sep 09 16:14:23.757435 dv-neutron-808046-2-hyperv neutron-server[94819]: DEBUG neutron_lib.callbacks.manager [None req-0dadebba-329d-4910-91f1-321dc23e56c7 tempest-ServersTestManualDisk-2061121984 tempest-ServersTestManualDisk-2061121984-project] Notify callbacks [] for port, precommit_create {{(pid=94819) _notify_loop /usr/local/lib/python3.8/dist-packages/neutron_lib/callbacks/manager.py:192}}
Sep 09 16:14:23.778959 dv-neutron-808046-2-hyperv neutron-server[94819]: INFO neutron.wsgi [None req-3dbea8b9-1b11-4533-bb9e-9b3e485279aa tempest-NetworksIpV6TestAttrs-1116584789 tempest-NetworksIpV6TestAttrs-1116584789-project] 10.222.0.37 "POST /v2.0/networks HTTP/1.1" status: 201 len: 788 time: 1.9151053
Sep 09 16:14:23.816725 dv-neutron-808046-2-hyperv neutron-server[94819]: DEBUG neutron.wsgi [req-6c24a381-952f-48d9-a656-07c6c953bae9 req-838a8375-f656-47ba-901f-3fe2212d3073 service neutron] http://10.222.0.37:9696/v2.0/extensions returned with HTTP 200 {{(pid=94819) __call__ /opt/stack/neutron/neutron/wsgi.py:729}}
Sep 09 16:14:23.824236 dv-neutron-808046-2-hyperv neutron-server[94819]: INFO neutron.wsgi [req-6c24a381-952f-48d9-a656-07c6c953bae9 req-838a8375-f656-47ba-901f-3fe2212d3073 service neutron] 10.222.0.37 "GET /v2.0/extensions HTTP/1.1" status: 200 len: 14019 time: 0.2467408
Sep 09 16:14:23.903551 dv-neutron-808046-2-hyperv neutron-server[94819]: DEBUG neutron.api.rpc.handlers.resources_rpc [None req-3dbea8b9-1b11-4533-bb9e-9b3e485279aa tempest-NetworksIpV6TestAttrs-1116584789 tempest-NetworksIpV6TestAttrs-1116584789-project] Pushing event updated for resources: {'Network': ['ID=da73acd9-383b-4ba2-be8b-aeeba48829d4,revision_number=1']} {{(pid=94819) push /opt/stack/neutron/neutron/api/rpc/handlers/resources_rpc.py:237}}
Sep 09 16:14:23.914270 dv-neutron-808046-2-hyperv neutron-server[94821]: DEBUG neutron.plugins.ml2.rpc [None req-6e62254d-9982-44a4-ba1d-5e7d649cb9c0 None None] Network da73acd9-383b-4ba2-be8b-aeeba48829d4 details requested by agent ovs-agent-dv-neutron-808046-2-hyperv with host dv-neutron-808046-2-hyperv {{(pid=94821) get_network_details /opt/stack/neutron/neutron/plugins/ml2/rpc.py:248}}
Sep 09 16:14:23.955645 dv-neutron-808046-2-hyperv neutron-server[94820]: DEBUG neutron_lib.callbacks.manager [None req-0589d74b-5e7e-4425-81d4-4843c0d37641 tempest-ExternalNetworksTestJSON-60479919 tempest-ExternalNetworksTestJSON-60479919-project-admin] Notify callbacks ['neutron.plugins.ml2.plugin.Ml2Plugin._network_delete_precommit_handler-1042068', 'neutron.services.segments.db._delete_segments_for_network-8752997963587'] for network, precommit_delete {{(pid=94820) _notify_loop /usr/local/lib/python3.8/dist-packages/neutron_lib/callbacks/manager.py:192}}
Sep 09 16:14:23.981216 dv-neutron-808046-2-hyperv neutron-server[94820]: DEBUG neutron.services.segments.db [None req-0589d74b-5e7e-4425-81d4-4843c0d37641 tempest-ExternalNetworksTestJSON-60479919 tempest-ExternalNetworksTestJSON-60479919-project-admin] neutron.services.segments.plugin.Plugin method get_segments called with arguments (,) {'filters': {'network_id': ['d59e93e4-63a3-4365-9d38-2aec543099bc']}} {{(pid=94820) wrapper /usr/local/lib/python3.8/dist-packages/oslo_log/helpers.py:65}}
Sep 09 16:14:23.996191 dv-neutron-808046-2-hyperv neutron-server[94820]: DEBUG neutron.services.segments.db [None req-0589d74b-5e7e-4425-81d4-4843c0d37641 tempest-ExternalNetworksTestJSON-60479919 tempest-ExternalNetworksTestJSON-60479919-project-admin] neutron.services.segments.plugin.Plugin method delete_segment called with arguments (, 'cecb9a92-ebc3-49ce-b8e6-9c7d8382d774') {'for_net_delete': True} {{(pid=94820) wrapper /usr/local/lib/python3.8/dist-packages/oslo_log/helpers.py:65}}
Sep 09 16:14:23.997140 dv-neutron-808046-2-hyperv neutron-server[94820]: DEBUG neutron.services.segments.db [None req-0589d74b-5e7e-4425-81d4-4843c0d37641 tempest-ExternalNetworksTestJSON-60479919 tempest-ExternalNetworksTestJSON-60479919-project-admin] neutron.services.segments.plugin.Plugin method get_segment called with arguments (, 'cecb9a92-ebc3-49ce-b8e6-9c7d8382d774') {} {{(pid=94820) wrapper /usr/local/lib/python3.8/dist-packages/oslo_log/helpers.py:65}}
Sep 09 16:14:24.007883 dv-neutron-808046-2-hyperv neutron-server[94820]: DEBUG neutron_lib.callbacks.manager [None req-0589d74b-5e7e-4425-81d4-4843c0d37641 tempest-ExternalNetworksTestJSON-60479919 tempest-ExternalNetworksTestJSON-60479919-project-admin] Notify callbacks ['neutron.plugins.ml2.db._prevent_segment_delete_with_port_bound-8752997959882', 'neutron.services.segments.plugin.Plugin._prevent_segment_delete_with_subnet_associated-7714300'] for segment, before_delete {{(pid=94820) _notify_loop /usr/local/lib/python3.8/dist-packages/neutron_lib/callbacks/manager.py:192}}
Sep 09 16:14:24.021912 dv-neutron-808046-2-hyperv neutron-server[94820]: DEBUG neutron_lib.callbacks.manager [None req-0589d74b-5e7e-4425-81d4-4843c0d37641 tempest-ExternalNetworksTestJSON-60479919 tempest-ExternalNetworksTestJSON-60479919-project-admin] Notify callbacks ['neutron.plugins.ml2.plugin.Ml2Plugin._handle_segment_change-1037738'] for segment, precommit_delete {{(pid=94820) _notify_loop /usr/local/lib/python3.8/dist-packages/neutron_lib/callbacks/manager.py:192}}
Sep 09 16:14:24.029171 dv-neutron-808046-2-hyperv neutron-server[94820]: DEBUG neutron.plugins.ml2.drivers.type_vlan [None req-0589d74b-5e7e-4425-81d4-4843c0d37641 tempest-ExternalNetworksTestJSON-60479919 tempest-ExternalNetworksTestJSON-60479919-project-admin] Releasing vlan 432 on physical network physnet1 to pool {{(pid=94820) release_segment /opt/stack/neutron/neutron/plugins/ml2/drivers/type_vlan.py:304}}
Sep 09 16:14:24.029773 dv-neutron-808046-2-hyperv neutron-server[94820]: DEBUG neutron_lib.callbacks.manager [None req-0589d74b-5e7e-4425-81d4-4843c0d37641 tempest-ExternalNetworksTestJSON-60479919 tempest-ExternalNetworksTestJSON-60479919-project-admin] Notify callbacks ['neutron.plugins.ml2.plugin.Ml2Plugin._handle_segment_change-1037738', 'neutron.services.segments.plugin.NovaSegmentNotifier._notify_segment_deleted-7712856'] for segment, after_delete {{(pid=94820) _notify_loop /usr/local/lib/python3.8/dist-packages/neutron_lib/callbacks/manager.py:192}}
Sep 09 16:14:24.070244 dv-neutron-808046-2-hyperv neutron-server[94820]: Traceback (most recent call last):
Sep 09 16:14:24.070244 dv-neutron-808046-2-hyperv neutron-server[94820]: File "/usr/local/lib/python3.8/dist-packages/eventlet/hubs/hub.py", line 476, in fire_timers
Sep 09 16:14:24.070244 dv-neutron-808046-2-hyperv neutron-server[94820]: timer()
Sep 09 16:14:24.070244 dv-neutron-808046-2-hyperv neutron-server[94820]: File "/usr/local/lib/python3.8/dist-packages/eventlet/hubs/timer.py", line 59, in __call__
Sep 09 16:14:24.070244 dv-neutron-808046-2-hyperv neutron-server[94820]: cb(*args, **kw)
Sep 09 16:14:24.070244 dv-neutron-808046-2-hyperv neutron-server[94820]: File "/opt/stack/neutron/neutron/common/utils.py", line 906, in wrapper
Sep 09 16:14:24.070244 dv-neutron-808046-2-hyperv neutron-server[94820]: return func(*args, **kwargs)
Sep 09 16:14:24.070244 dv-neutron-808046-2-hyperv neutron-server[94820]: File "/opt/stack/neutron/neutron/notifiers/batch_notifier.py", line 58, in synced_send
Sep 09 16:14:24.070244 dv-neutron-808046-2-hyperv neutron-server[94820]: self._notify()
Sep 09 16:14:24.070244 dv-neutron-808046-2-hyperv neutron-server[94820]: File "/opt/stack/neutron/neutron/notifiers/batch_notifier.py", line 69, in _notify
Sep 09 16:14:24.070244 dv-neutron-808046-2-hyperv neutron-server[94820]: self.callback(batched_events)
Sep 09 16:14:24.070244 dv-neutron-808046-2-hyperv neutron-server[94820]: File "/opt/stack/neutron/neutron/services/segments/plugin.py", line 211, in _send_notifications
Sep 09 16:14:24.070244 dv-neutron-808046-2-hyperv neutron-server[94820]: event.method(event)
Sep 09 16:14:24.070244 dv-neutron-808046-2-hyperv neutron-server[94820]: File "/opt/stack/neutron/neutron/services/segments/plugin.py", line 383, in _delete_nova_inventory
Sep 09 16:14:24.070244 dv-neutron-808046-2-hyperv neutron-server[94820]: aggregate_id = self._get_aggregate_id(event.segment_id)
Sep 09 16:14:24.070244 dv-neutron-808046-2-hyperv neutron-server[94820]: File "/opt/stack/neutron/neutron/services/segments/plugin.py", line 370, in _get_aggregate_id
Sep 09 16:14:24.070244 dv-neutron-808046-2-hyperv neutron-server[94820]: aggregate_uuid = self.p_client.list_aggregates(
Sep 09 16:14:24.070244 dv-neutron-808046-2-hyperv neutron-server[94820]: File "/usr/local/lib/python3.8/dist-packages/neutron_lib/placement/client.py", line 58, in wrapper
Sep 09 16:14:24.070244 dv-neutron-808046-2-hyperv neutron-server[94820]: return f(self, *a, **k)
Sep 09 16:14:24.070244 dv-neutron-808046-2-hyperv neutron-server[94820]: File "/usr/local/lib/python3.8/dist-packages/neutron_lib/placement/client.py", line 554, in list_aggregates
Sep 09 16:14:24.070244 dv-neutron-808046-2-hyperv neutron-server[94820]: return self._get(url).json()
Sep 09 16:14:24.070244 dv-neutron-808046-2-hyperv neutron-server[94820]: File "/usr/local/lib/python3.8/dist-packages/neutron_lib/placement/client.py", line 190, in _get
Sep 09 16:14:24.070244 dv-neutron-808046-2-hyperv neutron-server[94820]: return self._client.get(url, endpoint_filter=self._ks_filter,
Sep 09 16:14:24.070244 dv-neutron-808046-2-hyperv neutron-server[94820]: File "/usr/local/lib/python3.8/dist-packages/keystoneauth1/session.py", line 1141, in get
Sep 09 16:14:24.070244 dv-neutron-808046-2-hyperv neutron-server[94820]: return self.request(url, 'GET', **kwargs)
Sep 09 16:14:24.070244 dv-neutron-808046-2-hyperv neutron-server[94820]: File "/usr/local/lib/python3.8/dist-packages/keystoneauth1/session.py", line 811, in request
Sep 09 16:14:24.070244 dv-neutron-808046-2-hyperv neutron-server[94820]: base_url = self.get_endpoint(auth, allow=allow,
