Sep 09 11:00:00.229322 dv-neutron-808046-1-hyperv devstack@n-api.service[94555]: DEBUG oslo_db.sqlalchemy.engines [None req-84a72a10-447d-4d0c-b74f-5bbb9ff6d618 None None] MySQL server mode set to STRICT_TRANS_TABLES,STRICT_ALL_TABLES,NO_ZERO_IN_DATE,NO_ZERO_DATE,ERROR_FOR_DIVISION_BY_ZERO,TRADITIONAL,NO_ENGINE_SUBSTITUTION {{(pid=94555) _check_effective_sql_mode /usr/local/lib/python3.8/dist-packages/oslo_db/sqlalchemy/engines.py:314}}
Sep 09 11:00:00.652143 dv-neutron-808046-1-hyperv devstack@n-api.service[94554]: WARNING keystonemiddleware.auth_token [None req-def38db4-65a1-4830-a9bd-d8d6d5ef38ee None None] AuthToken middleware is set with keystone_authtoken.service_token_roles_required set to False. This is backwards compatible but deprecated behaviour. Please set this to True.
Sep 09 11:00:00.659128 dv-neutron-808046-1-hyperv devstack@n-api.service[94554]: WARNING keystonemiddleware.auth_token [None req-def38db4-65a1-4830-a9bd-d8d6d5ef38ee None None] Configuring www_authenticate_uri to point to the public identity endpoint is required; clients may not be able to authenticate against an admin endpoint
Sep 09 11:00:00.681209 dv-neutron-808046-1-hyperv devstack@n-api.service[94555]: WARNING keystonemiddleware.auth_token [None req-84a72a10-447d-4d0c-b74f-5bbb9ff6d618 None None] AuthToken middleware is set with keystone_authtoken.service_token_roles_required set to False. This is backwards compatible but deprecated behaviour. Please set this to True.
Sep 09 11:00:00.687733 dv-neutron-808046-1-hyperv devstack@n-api.service[94555]: WARNING keystonemiddleware.auth_token [None req-84a72a10-447d-4d0c-b74f-5bbb9ff6d618 None None] Configuring www_authenticate_uri to point to the public identity endpoint is required; clients may not be able to authenticate against an admin endpoint
Sep 09 11:00:01.000290 dv-neutron-808046-1-hyperv devstack@n-api.service[94554]: WARNING keystonemiddleware.auth_token [None req-def38db4-65a1-4830-a9bd-d8d6d5ef38ee None None] AuthToken middleware is set with keystone_authtoken.service_token_roles_required set to False. This is backwards compatible but deprecated behaviour. Please set this to True.
Sep 09 11:00:01.005402 dv-neutron-808046-1-hyperv devstack@n-api.service[94554]: WARNING keystonemiddleware.auth_token [None req-def38db4-65a1-4830-a9bd-d8d6d5ef38ee None None] Configuring www_authenticate_uri to point to the public identity endpoint is required; clients may not be able to authenticate against an admin endpoint
Sep 09 11:00:01.011428 dv-neutron-808046-1-hyperv devstack@n-api.service[94554]: WSGI app 0 (mountpoint='') ready in 6 seconds on interpreter 0x5559545139c0 pid: 94554 (default app)
Sep 09 11:00:01.013497 dv-neutron-808046-1-hyperv devstack@n-api.service[94554]: DEBUG nova.api.openstack.wsgi [None req-def38db4-65a1-4830-a9bd-d8d6d5ef38ee None None] Calling method '>' {{(pid=94554) _process_stack /opt/stack/nova/nova/api/openstack/wsgi.py:513}}
Sep 09 11:00:01.015196 dv-neutron-808046-1-hyperv devstack@n-api.service[94554]: INFO nova.api.openstack.requestlog [None req-def38db4-65a1-4830-a9bd-d8d6d5ef38ee None None] 10.222.0.39 "GET /compute/v2.1/" status: 200 len: 388 microversion: 2.1 time: 0.001700
Sep 09 11:00:01.015613 dv-neutron-808046-1-hyperv devstack@n-api.service[94554]: [pid: 94554|app: 0|req: 1/1] 10.222.0.39 () {50 vars in 789 bytes} [Thu Sep 9 11:00:01 2021] GET /compute/v2.1/ => generated 388 bytes in 4 msecs (HTTP/1.1 200) 9 headers in 357 bytes (1 switches on core 0)
Sep 09 11:00:01.028604 dv-neutron-808046-1-hyperv devstack@n-api.service[94555]: WARNING keystonemiddleware.auth_token [None req-84a72a10-447d-4d0c-b74f-5bbb9ff6d618 None None] AuthToken middleware is set with keystone_authtoken.service_token_roles_required set to False. This is backwards compatible but deprecated behaviour. Please set this to True.
Sep 09 11:00:01.034324 dv-neutron-808046-1-hyperv devstack@n-api.service[94555]: WARNING keystonemiddleware.auth_token [None req-84a72a10-447d-4d0c-b74f-5bbb9ff6d618 None None] Configuring www_authenticate_uri to point to the public identity endpoint is required; clients may not be able to authenticate against an admin endpoint
Sep 09 11:00:01.040438 dv-neutron-808046-1-hyperv devstack@n-api.service[94555]: WSGI app 0 (mountpoint='') ready in 6 seconds on interpreter 0x5559545139c0 pid: 94555 (default app)
Sep 09 11:01:23.120055 dv-neutron-808046-1-hyperv devstack@n-api.service[94554]: DEBUG nova.api.openstack.wsgi [None req-def38db4-65a1-4830-a9bd-d8d6d5ef38ee None None] Calling method '>' {{(pid=94554) _process_stack /opt/stack/nova/nova/api/openstack/wsgi.py:513}}
Sep 09 11:01:23.125709 dv-neutron-808046-1-hyperv devstack@n-api.service[94554]: INFO nova.api.openstack.requestlog [None req-def38db4-65a1-4830-a9bd-d8d6d5ef38ee None None] 10.222.0.39 "GET /compute/v2.1" status: 200 len: 388 microversion: 2.1 time: 0.005997
Sep 09 11:01:23.126428 dv-neutron-808046-1-hyperv devstack@n-api.service[94554]: [pid: 94554|app: 0|req: 2/2] 10.222.0.39 () {54 vars in 931 bytes} [Thu Sep 9 11:01:23 2021] GET /compute/v2.1 => generated 388 bytes in 7 msecs (HTTP/1.1 200) 9 headers in 357 bytes (1 switches on core 0)
Sep 09 11:01:23.561032 dv-neutron-808046-1-hyperv devstack@n-api.service[94555]: DEBUG nova.api.openstack.wsgi [None req-60c7f224-7cc6-4189-b328-a3dbed21fe97 admin admin] Calling method '>' {{(pid=94555) _process_stack /opt/stack/nova/nova/api/openstack/wsgi.py:513}}
Sep 09 11:01:23.590718 dv-neutron-808046-1-hyperv devstack@n-api.service[94555]: INFO nova.api.openstack.requestlog [None req-60c7f224-7cc6-4189-b328-a3dbed21fe97 admin admin] 10.222.0.39 "GET /compute/v2.1/flavors/detail?is_public=True" status: 200 len: 15 microversion: 2.61 time: 0.456247
Sep 09 11:01:23.591466 dv-neutron-808046-1-hyperv devstack@n-api.service[94555]: [pid: 94555|app: 0|req: 1/3] 10.222.0.39 () {60 vars in 1292 bytes} [Thu Sep 9 11:01:23 2021] GET /compute/v2.1/flavors/detail?is_public=True => generated 15 bytes in 458 msecs (HTTP/1.1 200) 9 headers in 358 bytes (1 switches on core 0)
Sep 09 11:01:25.794367 dv-neutron-808046-1-hyperv devstack@n-api.service[94554]: DEBUG nova.api.openstack.wsgi [None req-def38db4-65a1-4830-a9bd-d8d6d5ef38ee None None] Calling method '>' {{(pid=94554) _process_stack /opt/stack/nova/nova/api/openstack/wsgi.py:513}}
Sep 09 11:01:25.795400 dv-neutron-808046-1-hyperv devstack@n-api.service[94554]: INFO nova.api.openstack.requestlog [None req-def38db4-65a1-4830-a9bd-d8d6d5ef38ee None None] 10.222.0.39 "GET /compute/v2.1" status: 200 len: 388 microversion: 2.1 time: 0.001490
Sep 09 11:01:25.796210 dv-neutron-808046-1-hyperv devstack@n-api.service[94554]: [pid: 94554|app: 0|req: 3/4] 10.222.0.39 () {54 vars in 931 bytes} [Thu Sep 9 11:01:25 2021] GET /compute/v2.1 => generated 388 bytes in 3 msecs (HTTP/1.1 200) 9 headers in 357 bytes (1 switches on core 0)
Sep 09 11:01:25.865457 dv-neutron-808046-1-hyperv devstack@n-api.service[94555]: DEBUG nova.api.openstack.wsgi [None req-6d64be63-9ee1-407b-8787-0ef3d44d327e admin admin] Action: 'create', calling method: >, body: {"flavor": {"id": "c1", "ram": 256, "OS-FLV-EXT-DATA:ephemeral": 0, "vcpus": 1, "swap": 0, "rxtx_factor": 1.0, "os-flavor-access:is_public": true, "name": "cirros256", "disk": 1}} {{(pid=94555) _process_stack /opt/stack/nova/nova/api/openstack/wsgi.py:511}}
Sep 09 11:01:25.885143 dv-neutron-808046-1-hyperv devstack@n-api.service[94555]: /usr/local/lib/python3.8/dist-packages/oslo_policy/policy.py:1064: UserWarning: Policy os_compute_api:os-flavor-manage:create failed scope check. The token used to make the request was project scoped but the policy requires ['system'] scope. This behavior may change in the future where using the intended scope is required
Sep 09 11:01:25.885143 dv-neutron-808046-1-hyperv devstack@n-api.service[94555]: warnings.warn(msg)
Sep 09 11:01:25.980981 dv-neutron-808046-1-hyperv devstack@n-api.service[94555]: INFO nova.api.openstack.requestlog [None req-6d64be63-9ee1-407b-8787-0ef3d44d327e admin admin] 10.222.0.39 "POST /compute/v2.1/flavors" status: 200 len: 407 microversion: 2.61 time: 0.176094
Sep 09 11:01:25.980981 dv-neutron-808046-1-hyperv devstack@n-api.service[94555]: [pid: 94555|app: 0|req: 2/5] 10.222.0.39 () {64 vars in 1283 bytes} [Thu Sep 9 11:01:25 2021] POST /compute/v2.1/flavors => generated 407 bytes in 178 msecs (HTTP/1.1 200) 9 headers in 359 bytes (1 switches on core 0)
Sep 09 11:01:26.195491 dv-neutron-808046-1-hyperv devstack@n-api.service[94554]: DEBUG nova.api.openstack.wsgi [None req-1c183425-fdd5-4a5b-ad0c-c65680aa54b9 admin admin] Action: 'create', calling method: >, body: {"extra_specs": {"hw_rng:allowed": "True"}} {{(pid=94554) _process_stack /opt/stack/nova/nova/api/openstack/wsgi.py:511}}
Sep 09 11:01:26.197818 dv-neutron-808046-1-hyperv devstack@n-api.service[94554]: /usr/local/lib/python3.8/dist-packages/oslo_policy/policy.py:1064: UserWarning: Policy os_compute_api:os-flavor-extra-specs:create failed scope check. The token used to make the request was project scoped but the policy requires ['system'] scope. This behavior may change in the future where using the intended scope is required
Sep 09 11:01:26.197818 dv-neutron-808046-1-hyperv devstack@n-api.service[94554]: warnings.warn(msg)
Sep 09 11:01:26.319645 dv-neutron-808046-1-hyperv devstack@n-api.service[94554]: INFO nova.api.openstack.requestlog [None req-1c183425-fdd5-4a5b-ad0c-c65680aa54b9 admin admin] 10.222.0.39 "POST /compute/v2.1/flavors/c1/os-extra_specs" status: 200 len: 43 microversion: 2.61 time: 0.330257
Sep 09 11:01:26.320378 dv-neutron-808046-1-hyperv devstack@n-api.service[94554]: [pid: 94554|app: 0|req: 4/6] 10.222.0.39 () {64 vars in 1336 bytes} [Thu Sep 9 11:01:25 2021] POST /compute/v2.1/flavors/c1/os-extra_specs => generated 43 bytes in 332 msecs (HTTP/1.1 200) 9 headers in 358 bytes (1 switches on core 0)
Sep 09 11:01:28.521575 dv-neutron-808046-1-hyperv devstack@n-api.service[94555]: DEBUG nova.api.openstack.wsgi [None req-6d64be63-9ee1-407b-8787-0ef3d44d327e admin admin] Calling method '>' {{(pid=94555) _process_stack /opt/stack/nova/nova/api/openstack/wsgi.py:513}}
Sep 09 11:01:28.522588 dv-neutron-808046-1-hyperv devstack@n-api.service[94555]: INFO nova.api.openstack.requestlog [None req-6d64be63-9ee1-407b-8787-0ef3d44d327e admin admin] 10.222.0.39 "GET /compute/v2.1" status: 200 len: 388 microversion: 2.1 time: 0.001561
Sep 09 11:01:28.522996 dv-neutron-808046-1-hyperv devstack@n-api.service[94555]: [pid: 94555|app: 0|req: 3/7] 10.222.0.39 () {54 vars in 931 bytes} [Thu Sep 9 11:01:28 2021] GET /compute/v2.1 => generated 388 bytes in 2 msecs (HTTP/1.1 200) 9 headers in 357 bytes (1 switches on core 0)
Sep 09 11:01:28.632608 dv-neutron-808046-1-hyperv devstack@n-api.service[94554]: DEBUG nova.api.openstack.wsgi [None req-f87f5a16-0030-4857-9230-b0039949d4f3 admin admin] Action: 'create', calling method: >, body: {"flavor": {"name": "ds512M", "vcpus": 1, "OS-FLV-EXT-DATA:ephemeral": 0, "ram": 512, "swap": 0, "rxtx_factor": 1.0, "os-flavor-access:is_public": true, "id": "d1", "disk": 5}} {{(pid=94554) _process_stack /opt/stack/nova/nova/api/openstack/wsgi.py:511}}
Sep 09 11:01:28.650909 dv-neutron-808046-1-hyperv devstack@n-api.service[94554]: /usr/local/lib/python3.8/dist-packages/oslo_policy/policy.py:1064: UserWarning: Policy os_compute_api:os-flavor-manage:create failed scope check. The token used to make the request was project scoped but the policy requires ['system'] scope. This behavior may change in the future where using the intended scope is required
Sep 09 11:01:28.650909 dv-neutron-808046-1-hyperv devstack@n-api.service[94554]: warnings.warn(msg)
Sep 09 11:01:28.754633 dv-neutron-808046-1-hyperv devstack@n-api.service[94554]: INFO nova.api.openstack.requestlog [None req-f87f5a16-0030-4857-9230-b0039949d4f3 admin admin] 10.222.0.39 "POST /compute/v2.1/flavors" status: 200 len: 404 microversion: 2.61 time: 0.225199
Sep 09 11:01:28.755384 dv-neutron-808046-1-hyperv devstack@n-api.service[94554]: [pid: 94554|app: 0|req: 5/8] 10.222.0.39 () {64 vars in 1283 bytes} [Thu Sep 9 11:01:28 2021] POST /compute/v2.1/flavors => generated 404 bytes in 227 msecs (HTTP/1.1 200) 9 headers in 359 bytes (2 switches on core 0)
Sep 09 11:01:28.768128 dv-neutron-808046-1-hyperv devstack@n-api.service[94555]: DEBUG nova.api.openstack.wsgi [None req-790d5d12-1e95-4033-9f55-554532a352c0 admin admin] Action: 'create', calling method: >, body: {"extra_specs": {"hw_rng:allowed": "True"}} {{(pid=94555) _process_stack /opt/stack/nova/nova/api/openstack/wsgi.py:511}}
Sep 09 11:01:28.770694 dv-neutron-808046-1-hyperv devstack@n-api.service[94555]: /usr/local/lib/python3.8/dist-packages/oslo_policy/policy.py:1064: UserWarning: Policy os_compute_api:os-flavor-extra-specs:create failed scope check. The token used to make the request was project scoped but the policy requires ['system'] scope. This behavior may change in the future where using the intended scope is required
Sep 09 11:01:28.770694 dv-neutron-808046-1-hyperv devstack@n-api.service[94555]: warnings.warn(msg)
Sep 09 11:01:28.854602 dv-neutron-808046-1-hyperv devstack@n-api.service[94555]: INFO nova.api.openstack.requestlog [None req-790d5d12-1e95-4033-9f55-554532a352c0 admin admin] 10.222.0.39 "POST /compute/v2.1/flavors/d1/os-extra_specs" status: 200 len: 43 microversion: 2.61 time: 0.089580
Sep 09 11:01:28.855161 dv-neutron-808046-1-hyperv devstack@n-api.service[94555]: [pid: 94555|app: 0|req: 4/9] 10.222.0.39 () {64 vars in 1336 bytes} [Thu Sep 9 11:01:28 2021] POST /compute/v2.1/flavors/d1/os-extra_specs => generated 43 bytes in 91 msecs (HTTP/1.1 200) 9 headers in 358 bytes (1 switches on core 0)
Sep 09 11:01:31.126183 dv-neutron-808046-1-hyperv devstack@n-api.service[94554]: DEBUG nova.api.openstack.wsgi [None req-f87f5a16-0030-4857-9230-b0039949d4f3 admin admin] Calling method '>' {{(pid=94554) _process_stack /opt/stack/nova/nova/api/openstack/wsgi.py:513}}
Sep 09 11:01:31.133215 dv-neutron-808046-1-hyperv devstack@n-api.service[94554]: INFO nova.api.openstack.requestlog [None req-f87f5a16-0030-4857-9230-b0039949d4f3 admin admin] 10.222.0.39 "GET /compute/v2.1" status: 200 len: 388 microversion: 2.1 time: 0.001462
Sep 09 11:01:31.139583 dv-neutron-808046-1-hyperv devstack@n-api.service[94554]: [pid: 94554|app: 0|req: 6/10] 10.222.0.39 () {54 vars in 931 bytes} [Thu Sep 9 11:01:31 2021] GET /compute/v2.1 => generated 388 bytes in 9 msecs (HTTP/1.1 200) 9 headers in 357 bytes (1 switches on core 0)
Sep 09 11:01:31.198990 dv-neutron-808046-1-hyperv devstack@n-api.service[94555]: DEBUG nova.api.openstack.wsgi [None req-8f995123-693e-4dfa-a522-b77e5cdaeb56 admin admin] Action: 'create', calling method: >, body: {"flavor": {"OS-FLV-EXT-DATA:ephemeral": 0, "name": "ds1G", "disk": 10, "ram": 1024, "swap": 0, "rxtx_factor": 1.0, "id": "d2", "vcpus": 1, "os-flavor-access:is_public": true}} {{(pid=94555) _process_stack /opt/stack/nova/nova/api/openstack/wsgi.py:511}}
Sep 09 11:01:31.280168 dv-neutron-808046-1-hyperv devstack@n-api.service[94555]: INFO nova.api.openstack.requestlog [None req-8f995123-693e-4dfa-a522-b77e5cdaeb56 admin admin] 10.222.0.39 "POST /compute/v2.1/flavors" status: 200 len: 404 microversion: 2.61 time: 0.138211
Sep 09 11:01:31.293479 dv-neutron-808046-1-hyperv devstack@n-api.service[94554]: DEBUG nova.api.openstack.wsgi [None req-c3bc0bb0-a744-45e9-9ccb-6ea997d66ab5 admin admin] Action: 'create', calling method: >, body: {"extra_specs": {"hw_rng:allowed": "True"}} {{(pid=94554) _process_stack /opt/stack/nova/nova/api/openstack/wsgi.py:511}}
Sep 09 11:01:31.300224 dv-neutron-808046-1-hyperv devstack@n-api.service[94555]: [pid: 94555|app: 0|req: 5/11] 10.222.0.39 () {64 vars in 1283 bytes} [Thu Sep 9 11:01:31 2021] POST /compute/v2.1/flavors => generated 404 bytes in 147 msecs (HTTP/1.1 200) 9 headers in 359 bytes (1 switches on core 0)
Sep 09 11:01:31.381502 dv-neutron-808046-1-hyperv devstack@n-api.service[94554]: INFO nova.api.openstack.requestlog [None req-c3bc0bb0-a744-45e9-9ccb-6ea997d66ab5 admin admin] 10.222.0.39 "POST /compute/v2.1/flavors/d2/os-extra_specs" status: 200 len: 43 microversion: 2.61 time: 0.090873
Sep 09 11:01:31.415135 dv-neutron-808046-1-hyperv devstack@n-api.service[94554]: [pid: 94554|app: 0|req: 7/12] 10.222.0.39 () {64 vars in 1336 bytes} [Thu Sep 9 11:01:31 2021] POST /compute/v2.1/flavors/d2/os-extra_specs => generated 43 bytes in 126 msecs (HTTP/1.1 200) 9 headers in 358 bytes (1 switches on core 0)
Sep 09 11:01:33.837353 dv-neutron-808046-1-hyperv devstack@n-api.service[94555]: DEBUG nova.api.openstack.wsgi [None req-8f995123-693e-4dfa-a522-b77e5cdaeb56 admin admin] Calling method '>' {{(pid=94555) _process_stack /opt/stack/nova/nova/api/openstack/wsgi.py:513}}
Sep 09 11:01:33.838898 dv-neutron-808046-1-hyperv devstack@n-api.service[94555]: INFO nova.api.openstack.requestlog [None req-8f995123-693e-4dfa-a522-b77e5cdaeb56 admin admin] 10.222.0.39 "GET /compute/v2.1" status: 200 len: 388 microversion: 2.1 time: 0.001453
Sep 09 11:01:33.839297 dv-neutron-808046-1-hyperv devstack@n-api.service[94555]: [pid: 94555|app: 0|req: 6/13] 10.222.0.39 () {54 vars in 931 bytes} [Thu Sep 9 11:01:33 2021] GET /compute/v2.1 => generated 388 bytes in 3 msecs (HTTP/1.1 200) 9 headers in 357 bytes (1 switches on core 0)
Sep 09 11:01:33.903464 dv-neutron-808046-1-hyperv devstack@n-api.service[94554]: DEBUG nova.api.openstack.wsgi [None req-05a32472-6167-4c9f-a240-7b71086d9716 admin admin] Action: 'create', calling method: >, body: {"flavor": {"OS-FLV-EXT-DATA:ephemeral": 0, "name": "ds2G", "os-flavor-access:is_public": true, "id": "d3", "vcpus": 2, "rxtx_factor": 1.0, "disk": 10, "swap": 0, "ram": 2048}} {{(pid=94554) _process_stack /opt/stack/nova/nova/api/openstack/wsgi.py:511}}
Sep 09 11:01:33.981704 dv-neutron-808046-1-hyperv devstack@n-api.service[94554]: INFO nova.api.openstack.requestlog [None req-05a32472-6167-4c9f-a240-7b71086d9716 admin admin] 10.222.0.39 "POST /compute/v2.1/flavors" status: 200 len: 404 microversion: 2.61 time: 0.135939
Sep 09 11:01:33.982205 dv-neutron-808046-1-hyperv devstack@n-api.service[94554]: [pid: 94554|app: 0|req: 8/14] 10.222.0.39 () {64 vars in 1283 bytes} [Thu Sep 9 11:01:33 2021] POST /compute/v2.1/flavors => generated 404 bytes in 137 msecs (HTTP/1.1 200) 9 headers in 359 bytes (1 switches on core 0)
Sep 09 11:01:33.999409 dv-neutron-808046-1-hyperv devstack@n-api.service[94555]: DEBUG nova.api.openstack.wsgi [None req-026fad0e-18ce-488a-8051-5db742a2eb64 admin admin] Action: 'create', calling method: >, body: {"extra_specs": {"hw_rng:allowed": "True"}} {{(pid=94555) _process_stack /opt/stack/nova/nova/api/openstack/wsgi.py:511}}
Sep 09 11:01:34.107690 dv-neutron-808046-1-hyperv devstack@n-api.service[94555]: INFO nova.api.openstack.requestlog [None req-026fad0e-18ce-488a-8051-5db742a2eb64 admin admin] 10.222.0.39 "POST /compute/v2.1/flavors/d3/os-extra_specs" status: 200 len: 43 microversion: 2.61 time: 0.110451
Sep 09 11:01:34.120413 dv-neutron-808046-1-hyperv devstack@n-api.service[94555]: [pid: 94555|app: 0|req: 7/15] 10.222.0.39 () {64 vars in 1336 bytes} [Thu Sep 9 11:01:33 2021] POST /compute/v2.1/flavors/d3/os-extra_specs => generated 43 bytes in 128 msecs (HTTP/1.1 200) 9 headers in 358 bytes (1 switches on core 0)
Sep 09 11:01:36.427681 dv-neutron-808046-1-hyperv devstack@n-api.service[94554]: DEBUG nova.api.openstack.wsgi [None req-05a32472-6167-4c9f-a240-7b71086d9716 admin admin] Calling method '>' {{(pid=94554) _process_stack /opt/stack/nova/nova/api/openstack/wsgi.py:513}}
Sep 09 11:01:36.428718 dv-neutron-808046-1-hyperv devstack@n-api.service[94554]: INFO nova.api.openstack.requestlog [None req-05a32472-6167-4c9f-a240-7b71086d9716 admin admin] 10.222.0.39 "GET /compute/v2.1" status: 200 len: 388 microversion: 2.1 time: 0.001455
Sep 09 11:01:36.429381 dv-neutron-808046-1-hyperv devstack@n-api.service[94554]: [pid: 94554|app: 0|req: 9/16] 10.222.0.39 () {54 vars in 931 bytes} [Thu Sep 9 11:01:36 2021] GET /compute/v2.1 => generated 388 bytes in 2 msecs (HTTP/1.1 200) 9 headers in 357 bytes (1 switches on core 0)
Sep 09 11:01:36.494962 dv-neutron-808046-1-hyperv devstack@n-api.service[94555]: DEBUG nova.api.openstack.wsgi [None req-f32ae49b-958e-4e02-91f6-68349a8f03c5 admin admin] Action: 'create', calling method: >, body: {"flavor": {"os-flavor-access:is_public": true, "swap": 0, "name": "ds4G", "vcpus": 4, "disk": 20, "OS-FLV-EXT-DATA:ephemeral": 0, "id": "d4", "rxtx_factor": 1.0, "ram": 4096}} {{(pid=94555) _process_stack /opt/stack/nova/nova/api/openstack/wsgi.py:511}}
Sep 09 11:01:36.565145 dv-neutron-808046-1-hyperv devstack@n-api.service[94555]: INFO nova.api.openstack.requestlog [None req-f32ae49b-958e-4e02-91f6-68349a8f03c5 admin admin] 10.222.0.39 "POST /compute/v2.1/flavors" status: 200 len: 404 microversion: 2.61 time: 0.129103
Sep 09 11:01:36.565927 dv-neutron-808046-1-hyperv devstack@n-api.service[94555]: [pid: 94555|app: 0|req: 8/17] 10.222.0.39 () {64 vars in 1283 bytes} [Thu Sep 9 11:01:36 2021] POST /compute/v2.1/flavors => generated 404 bytes in 131 msecs (HTTP/1.1 200) 9 headers in 359 bytes (1 switches on core 0)
Sep 09 11:01:36.579105 dv-neutron-808046-1-hyperv devstack@n-api.service[94554]: DEBUG nova.api.openstack.wsgi [None req-16a505d7-fabe-4632-aa24-59d41198b92a admin admin] Action: 'create', calling method: >, body: {"extra_specs": {"hw_rng:allowed": "True"}} {{(pid=94554) _process_stack /opt/stack/nova/nova/api/openstack/wsgi.py:511}}
Sep 09 11:01:36.643721 dv-neutron-808046-1-hyperv devstack@n-api.service[94554]: INFO nova.api.openstack.requestlog [None req-16a505d7-fabe-4632-aa24-59d41198b92a admin admin] 10.222.0.39 "POST /compute/v2.1/flavors/d4/os-extra_specs" status: 200 len: 43 microversion: 2.61 time: 0.068191
Sep 09 11:01:36.644444 dv-neutron-808046-1-hyperv devstack@n-api.service[94554]: [pid: 94554|app: 0|req: 10/18] 10.222.0.39 () {64 vars in 1336 bytes} [Thu Sep 9 11:01:36 2021] POST /compute/v2.1/flavors/d4/os-extra_specs => generated 43 bytes in 70 msecs (HTTP/1.1 200) 9 headers in 358 bytes (2 switches on core 0)
Sep 09 11:01:38.912939 dv-neutron-808046-1-hyperv devstack@n-api.service[94555]: DEBUG nova.api.openstack.wsgi [None req-f32ae49b-958e-4e02-91f6-68349a8f03c5 admin admin] Calling method '>' {{(pid=94555) _process_stack /opt/stack/nova/nova/api/openstack/wsgi.py:513}}
Sep 09 11:01:38.914631 dv-neutron-808046-1-hyperv devstack@n-api.service[94555]: INFO nova.api.openstack.requestlog [None req-f32ae49b-958e-4e02-91f6-68349a8f03c5 admin admin] 10.222.0.39 "GET /compute/v2.1" status: 200 len: 388 microversion: 2.1 time: 0.002152
Sep 09 11:01:38.920576 dv-neutron-808046-1-hyperv devstack@n-api.service[94555]: [pid: 94555|app: 0|req: 9/19] 10.222.0.39 () {54 vars in 931 bytes} [Thu Sep 9 11:01:38 2021] GET /compute/v2.1 => generated 388 bytes in 8 msecs (HTTP/1.1 200) 9 headers in 357 bytes (1 switches on core 0)
Sep 09 11:01:38.981439 dv-neutron-808046-1-hyperv devstack@n-api.service[94554]: DEBUG nova.api.openstack.wsgi [None req-3cb340f6-1a30-4923-969f-bca5a5059111 admin admin] Calling method '>' {{(pid=94554) _process_stack /opt/stack/nova/nova/api/openstack/wsgi.py:513}}
Sep 09 11:01:39.006337 dv-neutron-808046-1-hyperv devstack@n-api.service[94554]: INFO nova.api.openstack.requestlog [None req-3cb340f6-1a30-4923-969f-bca5a5059111 admin admin] 10.222.0.39 "GET /compute/v2.1/flavors/detail?is_public=True" status: 200 len: 2106 microversion: 2.61 time: 0.083402
Sep 09 11:01:39.007440 dv-neutron-808046-1-hyperv devstack@n-api.service[94554]: [pid: 94554|app: 0|req: 11/20] 10.222.0.39 () {60 vars in 1292 bytes} [Thu Sep 9 11:01:38 2021] GET /compute/v2.1/flavors/detail?is_public=True => generated 2106 bytes in 85 msecs (HTTP/1.1 200) 9 headers in 360 bytes (2 switches on core 0)
Sep 09 11:01:41.227157 dv-neutron-808046-1-hyperv devstack@n-api.service[94555]: DEBUG nova.api.openstack.wsgi [None req-f32ae49b-958e-4e02-91f6-68349a8f03c5 admin admin] Calling method '>' {{(pid=94555) _process_stack /opt/stack/nova/nova/api/openstack/wsgi.py:513}}
Sep 09 11:01:41.228066 dv-neutron-808046-1-hyperv devstack@n-api.service[94555]: INFO nova.api.openstack.requestlog [None req-f32ae49b-958e-4e02-91f6-68349a8f03c5 admin admin] 10.222.0.39 "GET /compute/v2.1" status: 200 len: 388 microversion: 2.1 time: 0.001462
Sep 09 11:01:41.229386 dv-neutron-808046-1-hyperv devstack@n-api.service[94555]: [pid: 94555|app: 0|req: 10/21] 10.222.0.39 () {54 vars in 931 bytes} [Thu Sep 9 11:01:41 2021] GET /compute/v2.1 => generated 388 bytes in 3 msecs (HTTP/1.1 200) 9 headers in 357 bytes (1 switches on core 0)
Sep 09 11:01:41.298042 dv-neutron-808046-1-hyperv devstack@n-api.service[94554]: DEBUG nova.api.openstack.wsgi [None req-0640f602-2058-4772-933a-cc01d19c84e2 admin admin] Action: 'create', calling method: >, body: {"flavor": {"id": "1", "swap": 0, "vcpus": 1, "os-flavor-access:is_public": true, "disk": 1, "rxtx_factor": 1.0, "ram": 512, "name": "m1.tiny", "OS-FLV-EXT-DATA:ephemeral": 0}} {{(pid=94554) _process_stack /opt/stack/nova/nova/api/openstack/wsgi.py:511}}
Sep 09 11:01:41.375514 dv-neutron-808046-1-hyperv devstack@n-api.service[94554]: INFO nova.api.openstack.requestlog [None req-0640f602-2058-4772-933a-cc01d19c84e2 admin admin] 10.222.0.39 "POST /compute/v2.1/flavors" status: 200 len: 402 microversion: 2.61 time: 0.138926
Sep 09 11:01:41.376169 dv-neutron-808046-1-hyperv devstack@n-api.service[94554]: [pid: 94554|app: 0|req: 12/22] 10.222.0.39 () {64 vars in 1283 bytes} [Thu Sep 9 11:01:41 2021] POST /compute/v2.1/flavors => generated 402 bytes in 140 msecs (HTTP/1.1 200) 9 headers in 359 bytes (1 switches on core 0)
Sep 09 11:01:41.388793 dv-neutron-808046-1-hyperv devstack@n-api.service[94555]: DEBUG nova.api.openstack.wsgi [None req-73f134d0-bbd8-47e4-b776-fff235942a30 admin admin] Action: 'create', calling method: >, body: {"extra_specs": {"hw_rng:allowed": "True"}} {{(pid=94555) _process_stack /opt/stack/nova/nova/api/openstack/wsgi.py:511}}
Sep 09 11:01:41.465659 dv-neutron-808046-1-hyperv devstack@n-api.service[94555]: INFO nova.api.openstack.requestlog [None req-73f134d0-bbd8-47e4-b776-fff235942a30 admin admin] 10.222.0.39 "POST /compute/v2.1/flavors/1/os-extra_specs" status: 200 len: 43 microversion: 2.61 time: 0.080980
Sep 09 11:01:41.466388 dv-neutron-808046-1-hyperv devstack@n-api.service[94555]: [pid: 94555|app: 0|req: 11/23] 10.222.0.39 () {64 vars in 1333 bytes} [Thu Sep 9 11:01:41 2021] POST /compute/v2.1/flavors/1/os-extra_specs => generated 43 bytes in 82 msecs (HTTP/1.1 200) 9 headers in 358 bytes (2 switches on core 0)
Sep 09 11:01:43.977095 dv-neutron-808046-1-hyperv devstack@n-api.service[94554]: DEBUG nova.api.openstack.wsgi [None req-0640f602-2058-4772-933a-cc01d19c84e2 admin admin] Calling method '>' {{(pid=94554) _process_stack /opt/stack/nova/nova/api/openstack/wsgi.py:513}}
Sep 09 11:01:43.978122 dv-neutron-808046-1-hyperv devstack@n-api.service[94554]: INFO nova.api.openstack.requestlog [None req-0640f602-2058-4772-933a-cc01d19c84e2 admin admin] 10.222.0.39 "GET /compute/v2.1" status: 200 len: 388 microversion: 2.1 time: 0.001539
Sep 09 11:01:43.979058 dv-neutron-808046-1-hyperv devstack@n-api.service[94554]: [pid: 94554|app: 0|req: 13/24] 10.222.0.39 () {54 vars in 931 bytes} [Thu Sep 9 11:01:43 2021] GET /compute/v2.1 => generated 388 bytes in 3 msecs (HTTP/1.1 200) 9 headers in 357 bytes (1 switches on core 0)
Sep 09 11:01:44.052316 dv-neutron-808046-1-hyperv devstack@n-api.service[94555]: DEBUG nova.api.openstack.wsgi [None req-5ec48980-d224-4ff6-b6a0-689e98fd45a1 admin admin] Action: 'create', calling method: >, body: {"flavor": {"os-flavor-access:is_public": true, "name": "m1.small", "vcpus": 1, "swap": 0, "rxtx_factor": 1.0, "OS-FLV-EXT-DATA:ephemeral": 0, "ram": 2048, "disk": 20, "id": "2"}} {{(pid=94555) _process_stack /opt/stack/nova/nova/api/openstack/wsgi.py:511}}
Sep 09 11:01:44.158613 dv-neutron-808046-1-hyperv devstack@n-api.service[94555]: INFO nova.api.openstack.requestlog [None req-5ec48980-d224-4ff6-b6a0-689e98fd45a1 admin admin] 10.222.0.39 "POST /compute/v2.1/flavors" status: 200 len: 405 microversion: 2.61 time: 0.173027
Sep 09 11:01:44.159107 dv-neutron-808046-1-hyperv devstack@n-api.service[94555]: [pid: 94555|app: 0|req: 12/25] 10.222.0.39 () {64 vars in 1283 bytes} [Thu Sep 9 11:01:43 2021] POST /compute/v2.1/flavors => generated 405 bytes in 174 msecs (HTTP/1.1 200) 9 headers in 359 bytes (2 switches on core 0)
Sep 09 11:01:44.172522 dv-neutron-808046-1-hyperv devstack@n-api.service[94554]: DEBUG nova.api.openstack.wsgi [None req-cc0f8869-5b75-4292-8479-8c44ed99d6f0 admin admin] Action: 'create', calling method: >, body: {"extra_specs": {"hw_rng:allowed": "True"}} {{(pid=94554) _process_stack /opt/stack/nova/nova/api/openstack/wsgi.py:511}}
Sep 09 11:01:44.260608 dv-neutron-808046-1-hyperv devstack@n-api.service[94554]: INFO nova.api.openstack.requestlog [None req-cc0f8869-5b75-4292-8479-8c44ed99d6f0 admin admin] 10.222.0.39 "POST /compute/v2.1/flavors/2/os-extra_specs" status: 200 len: 43 microversion: 2.61 time: 0.091443
Sep 09 11:01:44.261986 dv-neutron-808046-1-hyperv devstack@n-api.service[94554]: [pid: 94554|app: 0|req: 14/26] 10.222.0.39 () {64 vars in 1333 bytes} [Thu Sep 9 11:01:44 2021] POST /compute/v2.1/flavors/2/os-extra_specs => generated 43 bytes in 94 msecs (HTTP/1.1 200) 9 headers in 358 bytes (1 switches on core 0)
Sep 09 11:01:47.048804 dv-neutron-808046-1-hyperv devstack@n-api.service[94555]: DEBUG nova.api.openstack.wsgi [None req-5ec48980-d224-4ff6-b6a0-689e98fd45a1 admin admin] Calling method '>' {{(pid=94555) _process_stack /opt/stack/nova/nova/api/openstack/wsgi.py:513}}
Sep 09 11:01:47.051235 dv-neutron-808046-1-hyperv devstack@n-api.service[94555]: INFO nova.api.openstack.requestlog [None req-5ec48980-d224-4ff6-b6a0-689e98fd45a1 admin admin] 10.222.0.39 "GET /compute/v2.1" status: 200 len: 388 microversion: 2.1 time: 0.002937
Sep 09 11:01:47.051702 dv-neutron-808046-1-hyperv devstack@n-api.service[94555]: [pid: 94555|app: 0|req: 13/27] 10.222.0.39 () {54 vars in 931 bytes} [Thu Sep 9 11:01:47 2021] GET /compute/v2.1 => generated 388 bytes in 4 msecs (HTTP/1.1 200) 9 headers in 357 bytes (1 switches on core 0)
Sep 09 11:01:47.128104 dv-neutron-808046-1-hyperv devstack@n-api.service[94554]: DEBUG nova.api.openstack.wsgi [None req-8e84406c-4561-49a1-8cda-e6c6783d092e admin admin] Action: 'create', calling method: >, body: {"flavor": {"os-flavor-access:is_public": true, "id": "3", "ram": 4096, "disk": 40, "OS-FLV-EXT-DATA:ephemeral": 0, "swap": 0, "rxtx_factor": 1.0, "vcpus": 2, "name": "m1.medium"}} {{(pid=94554) _process_stack /opt/stack/nova/nova/api/openstack/wsgi.py:511}}
Sep 09 11:01:47.218196 dv-neutron-808046-1-hyperv devstack@n-api.service[94554]: INFO nova.api.openstack.requestlog [None req-8e84406c-4561-49a1-8cda-e6c6783d092e admin admin] 10.222.0.39 "POST /compute/v2.1/flavors" status: 200 len: 406 microversion: 2.61 time: 0.156814
Sep 09 11:01:47.218972 dv-neutron-808046-1-hyperv devstack@n-api.service[94554]: [pid: 94554|app: 0|req: 15/28] 10.222.0.39 () {64 vars in 1283 bytes} [Thu Sep 9 11:01:47 2021] POST /compute/v2.1/flavors => generated 406 bytes in 159 msecs (HTTP/1.1 200) 9 headers in 359 bytes (1 switches on core 0)
Sep 09 11:01:47.234052 dv-neutron-808046-1-hyperv devstack@n-api.service[94555]: DEBUG nova.api.openstack.wsgi [None req-953e396c-071a-46fe-9f18-ddc344238076 admin admin] Action: 'create', calling method: >, body: {"extra_specs": {"hw_rng:allowed": "True"}} {{(pid=94555) _process_stack /opt/stack/nova/nova/api/openstack/wsgi.py:511}}
Sep 09 11:01:47.287609 dv-neutron-808046-1-hyperv devstack@n-api.service[94555]: INFO nova.api.openstack.requestlog [None req-953e396c-071a-46fe-9f18-ddc344238076 admin admin] 10.222.0.39 "POST /compute/v2.1/flavors/3/os-extra_specs" status: 200 len: 43 microversion: 2.61 time: 0.057142
Sep 09 11:01:47.288193 dv-neutron-808046-1-hyperv devstack@n-api.service[94555]: [pid: 94555|app: 0|req: 14/29] 10.222.0.39 () {64 vars in 1333 bytes} [Thu Sep 9 11:01:47 2021] POST /compute/v2.1/flavors/3/os-extra_specs => generated 43 bytes in 58 msecs (HTTP/1.1 200) 9 headers in 358 bytes (1 switches on core 0)
Sep 09 11:01:49.501099 dv-neutron-808046-1-hyperv devstack@n-api.service[94554]: DEBUG nova.api.openstack.wsgi [None req-8e84406c-4561-49a1-8cda-e6c6783d092e admin admin] Calling method '>' {{(pid=94554) _process_stack /opt/stack/nova/nova/api/openstack/wsgi.py:513}}
Sep 09 11:01:49.502126 dv-neutron-808046-1-hyperv devstack@n-api.service[94554]: INFO nova.api.openstack.requestlog [None req-8e84406c-4561-49a1-8cda-e6c6783d092e admin admin] 10.222.0.39 "GET /compute/v2.1" status: 200 len: 388 microversion: 2.1 time: 0.001452
Sep 09 11:01:49.502518 dv-neutron-808046-1-hyperv devstack@n-api.service[94554]: [pid: 94554|app: 0|req: 16/30] 10.222.0.39 () {54 vars in 931 bytes} [Thu Sep 9 11:01:49 2021] GET /compute/v2.1 => generated 388 bytes in 2 msecs (HTTP/1.1 200) 9 headers in 357 bytes (1 switches on core 0)
Sep 09 11:01:49.561629 dv-neutron-808046-1-hyperv devstack@n-api.service[94555]: DEBUG nova.api.openstack.wsgi [None req-7fbdfe4d-84e2-4456-b3d3-0d65c6f0746e admin admin] Action: 'create', calling method: >, body: {"flavor": {"rxtx_factor": 1.0, "os-flavor-access:is_public": true, "OS-FLV-EXT-DATA:ephemeral": 0, "ram": 8192, "disk": 80, "id": "4", "swap": 0, "vcpus": 4, "name": "m1.large"}} {{(pid=94555) _process_stack /opt/stack/nova/nova/api/openstack/wsgi.py:511}}
Sep 09 11:01:49.637408 dv-neutron-808046-1-hyperv devstack@n-api.service[94555]: INFO nova.api.openstack.requestlog [None req-7fbdfe4d-84e2-4456-b3d3-0d65c6f0746e admin admin] 10.222.0.39 "POST /compute/v2.1/flavors" status: 200 len: 405 microversion: 2.61 time: 0.128383
Sep 09 11:01:49.637956 dv-neutron-808046-1-hyperv devstack@n-api.service[94555]: [pid: 94555|app: 0|req: 15/31] 10.222.0.39 () {64 vars in 1283 bytes} [Thu Sep 9 11:01:49 2021] POST /compute/v2.1/flavors => generated 405 bytes in 130 msecs (HTTP/1.1 200) 9 headers in 359 bytes (2 switches on core 0)
Sep 09 11:01:49.650940 dv-neutron-808046-1-hyperv devstack@n-api.service[94554]: DEBUG nova.api.openstack.wsgi [None req-a1691593-87e6-4c24-9429-ffe12d98eeb5 admin admin] Action: 'create', calling method: >, body: {"extra_specs": {"hw_rng:allowed": "True"}} {{(pid=94554) _process_stack /opt/stack/nova/nova/api/openstack/wsgi.py:511}}
Sep 09 11:01:49.737695 dv-neutron-808046-1-hyperv devstack@n-api.service[94554]: INFO nova.api.openstack.requestlog [None req-a1691593-87e6-4c24-9429-ffe12d98eeb5 admin admin] 10.222.0.39 "POST /compute/v2.1/flavors/4/os-extra_specs" status: 200 len: 43 microversion: 2.61 time: 0.090701
Sep 09 11:01:49.738315 dv-neutron-808046-1-hyperv devstack@n-api.service[94554]: [pid: 94554|app: 0|req: 17/32] 10.222.0.39 () {64 vars in 1333 bytes} [Thu Sep 9 11:01:49 2021] POST /compute/v2.1/flavors/4/os-extra_specs => generated 43 bytes in 92 msecs (HTTP/1.1 200) 9 headers in 358 bytes (1 switches on core 0)
Sep 09 11:01:51.959172 dv-neutron-808046-1-hyperv devstack@n-api.service[94555]: DEBUG nova.api.openstack.wsgi [None req-7fbdfe4d-84e2-4456-b3d3-0d65c6f0746e admin admin] Calling method '>' {{(pid=94555) _process_stack /opt/stack/nova/nova/api/openstack/wsgi.py:513}}
Sep 09 11:01:51.960181 dv-neutron-808046-1-hyperv devstack@n-api.service[94555]: INFO nova.api.openstack.requestlog [None req-7fbdfe4d-84e2-4456-b3d3-0d65c6f0746e admin admin] 10.222.0.39 "GET /compute/v2.1" status: 200 len: 388 microversion: 2.1 time: 0.001451
Sep 09 11:01:51.960616 dv-neutron-808046-1-hyperv devstack@n-api.service[94555]: [pid: 94555|app: 0|req: 16/33] 10.222.0.39 () {54 vars in 931 bytes} [Thu Sep 9 11:01:51 2021] GET /compute/v2.1 => generated 388 bytes in 2 msecs (HTTP/1.1 200) 9 headers in 357 bytes (1 switches on core 0)
Sep 09 11:01:52.045659 dv-neutron-808046-1-hyperv devstack@n-api.service[94554]: DEBUG nova.api.openstack.wsgi [None req-ac1d2a46-552b-4d02-8db0-9c4c3df3f941 admin admin] Action: 'create', calling method: >, body: {"flavor": {"name": "m1.xlarge", "swap": 0, "os-flavor-access:is_public": true, "rxtx_factor": 1.0, "vcpus": 8, "disk": 160, "id": "5", "ram": 16384, "OS-FLV-EXT-DATA:ephemeral": 0}} {{(pid=94554) _process_stack /opt/stack/nova/nova/api/openstack/wsgi.py:511}}
Sep 09 11:01:52.507575 dv-neutron-808046-1-hyperv devstack@n-api.service[94554]: INFO nova.api.openstack.requestlog [None req-ac1d2a46-552b-4d02-8db0-9c4c3df3f941 admin admin] 10.222.0.39 "POST /compute/v2.1/flavors" status: 200 len: 408 microversion: 2.61 time: 0.539816
Sep 09 11:01:52.508273 dv-neutron-808046-1-hyperv devstack@n-api.service[94554]: [pid: 94554|app: 0|req: 18/34] 10.222.0.39 () {64 vars in 1283 bytes} [Thu Sep 9 11:01:51 2021] POST /compute/v2.1/flavors => generated 408 bytes in 541 msecs (HTTP/1.1 200) 9 headers in 359 bytes (1 switches on core 0)
Sep 09 11:01:52.520539 dv-neutron-808046-1-hyperv devstack@n-api.service[94555]: DEBUG nova.api.openstack.wsgi [None req-a56dcff9-0ebb-42cf-8ab3-4e1f0ef26384 admin admin] Action: 'create', calling method: >, body: {"extra_specs": {"hw_rng:allowed": "True"}} {{(pid=94555) _process_stack /opt/stack/nova/nova/api/openstack/wsgi.py:511}}
Sep 09 11:01:52.578943 dv-neutron-808046-1-hyperv devstack@n-api.service[94555]: INFO nova.api.openstack.requestlog [None req-a56dcff9-0ebb-42cf-8ab3-4e1f0ef26384 admin admin] 10.222.0.39 "POST /compute/v2.1/flavors/5/os-extra_specs" status: 200 len: 43 microversion: 2.61 time: 0.061960
Sep 09 11:01:52.579520 dv-neutron-808046-1-hyperv devstack@n-api.service[94555]: [pid: 94555|app: 0|req: 17/35] 10.222.0.39 () {64 vars in 1333 bytes} [Thu Sep 9 11:01:52 2021] POST /compute/v2.1/flavors/5/os-extra_specs => generated 43 bytes in 63 msecs (HTTP/1.1 200) 9 headers in 358 bytes (1 switches on core 0)
Sep 09 11:02:34.196778 dv-neutron-808046-1-hyperv devstack@n-api.service[94554]: DEBUG nova.api.openstack.wsgi [None req-ac1d2a46-552b-4d02-8db0-9c4c3df3f941 admin admin] Calling method '>' {{(pid=94554) _process_stack /opt/stack/nova/nova/api/openstack/wsgi.py:513}}
Sep 09 11:02:34.197806 dv-neutron-808046-1-hyperv devstack@n-api.service[94554]: INFO nova.api.openstack.requestlog [None req-ac1d2a46-552b-4d02-8db0-9c4c3df3f941 admin admin] 10.222.0.39 "GET /compute/v2.1" status: 200 len: 388 microversion: 2.1 time: 0.001510
Sep 09 11:02:34.198199 dv-neutron-808046-1-hyperv devstack@n-api.service[94554]: [pid: 94554|app: 0|req: 19/36] 10.222.0.39 () {54 vars in 931 bytes} [Thu Sep 9 11:02:34 2021] GET /compute/v2.1 => generated 388 bytes in 2 msecs (HTTP/1.1 200) 9 headers in 357 bytes (1 switches on core 0)
Sep 09 11:02:34.255832 dv-neutron-808046-1-hyperv devstack@n-api.service[94555]: DEBUG nova.api.openstack.wsgi [None req-6088b610-3721-4f12-b3c2-1d977e9eb8c1 admin admin] Calling method '>' {{(pid=94555) _process_stack /opt/stack/nova/nova/api/openstack/wsgi.py:513}}
Sep 09 11:02:34.272237 dv-neutron-808046-1-hyperv devstack@n-api.service[94555]: INFO nova.api.openstack.requestlog [None req-6088b610-3721-4f12-b3c2-1d977e9eb8c1 admin admin] 10.222.0.39 "GET /compute/v2.1/flavors/detail?is_public=True" status: 200 len: 4202 microversion: 2.61 time: 0.067741
Sep 09 11:02:34.272807 dv-neutron-808046-1-hyperv devstack@n-api.service[94555]: [pid: 94555|app: 0|req: 18/37] 10.222.0.39 () {60 vars in 1292 bytes} [Thu Sep 9 11:02:34 2021] GET /compute/v2.1/flavors/detail?is_public=True => generated 4202 bytes in 69 msecs (HTTP/1.1 200) 9 headers in 360 bytes (1 switches on core 0)
Sep 09 11:02:35.681215 dv-neutron-808046-1-hyperv devstack@n-api.service[94554]: DEBUG nova.api.openstack.wsgi [None req-ac1d2a46-552b-4d02-8db0-9c4c3df3f941 admin admin] Calling method '>' {{(pid=94554) _process_stack /opt/stack/nova/nova/api/openstack/wsgi.py:513}}
Sep 09 11:02:35.682197 dv-neutron-808046-1-hyperv devstack@n-api.service[94554]: INFO nova.api.openstack.requestlog [None req-ac1d2a46-552b-4d02-8db0-9c4c3df3f941 admin admin] 10.222.0.39 "GET /compute/v2.1" status: 200 len: 388 microversion: 2.1 time: 0.001403
Sep 09 11:02:35.682588 dv-neutron-808046-1-hyperv devstack@n-api.service[94554]: [pid: 94554|app: 0|req: 20/38] 10.222.0.39 () {56 vars in 1075 bytes} [Thu Sep 9 11:02:35 2021] GET /compute/v2.1 => generated 388 bytes in 2 msecs (HTTP/1.1 200) 9 headers in 357 bytes (1 switches on core 0)
Sep 09 11:02:35.869067 dv-neutron-808046-1-hyperv devstack@n-api.service[94555]: DEBUG nova.api.openstack.wsgi [None req-715ac789-a41d-42da-b747-94e813ae23a6 admin admin] Calling method '>' {{(pid=94555) _process_stack /opt/stack/nova/nova/api/openstack/wsgi.py:513}}
Sep 09 11:02:35.874565 dv-neutron-808046-1-hyperv devstack@n-api.service[94555]: INFO nova.api.openstack.wsgi [None req-715ac789-a41d-42da-b747-94e813ae23a6 admin admin] HTTP exception thrown: Flavor 42 could not be found.
Sep 09 11:02:35.875127 dv-neutron-808046-1-hyperv devstack@n-api.service[94555]: DEBUG nova.api.openstack.wsgi [None req-715ac789-a41d-42da-b747-94e813ae23a6 admin admin] Returning 404 to user: Flavor 42 could not be found. {{(pid=94555) __call__ /opt/stack/nova/nova/api/openstack/wsgi.py:936}}
Sep 09 11:02:35.875917 dv-neutron-808046-1-hyperv devstack@n-api.service[94555]: INFO nova.api.openstack.requestlog [None req-715ac789-a41d-42da-b747-94e813ae23a6 admin admin] 10.222.0.39 "GET /compute/v2.1/flavors/42" status: 404 len: 75 microversion: 2.90 time: 0.058334
Sep 09 11:02:35.876445 dv-neutron-808046-1-hyperv devstack@n-api.service[94555]: [pid: 94555|app: 0|req: 19/39] 10.222.0.39 () {60 vars in 1191 bytes} [Thu Sep 9 11:02:35 2021] GET /compute/v2.1/flavors/42 => generated 75 bytes in 59 msecs (HTTP/1.1 404) 9 headers in 380 bytes (1 switches on core 0)
Sep 09 11:02:35.885939 dv-neutron-808046-1-hyperv devstack@n-api.service[94554]: DEBUG nova.api.openstack.wsgi [None req-e94cd725-3980-4575-96c8-48a8201b869b admin admin] Calling method '>' {{(pid=94554) _process_stack /opt/stack/nova/nova/api/openstack/wsgi.py:513}}
Sep 09 11:02:35.906397 dv-neutron-808046-1-hyperv devstack@n-api.service[94554]: INFO nova.api.openstack.requestlog [None req-e94cd725-3980-4575-96c8-48a8201b869b admin admin] 10.222.0.39 "GET /compute/v2.1/flavors?is_public=None" status: 200 len: 2056 microversion: 2.90 time: 0.023940
Sep 09 11:02:35.906911 dv-neutron-808046-1-hyperv devstack@n-api.service[94554]: [pid: 94554|app: 0|req: 21/40] 10.222.0.39 () {60 vars in 1211 bytes} [Thu Sep 9 11:02:35 2021] GET /compute/v2.1/flavors?is_public=None => generated 2056 bytes in 25 msecs (HTTP/1.1 200) 9 headers in 360 bytes (1 switches on core 0)
Sep 09 11:02:35.917200 dv-neutron-808046-1-hyperv devstack@n-api.service[94555]: DEBUG nova.api.openstack.wsgi [None req-92e9d4e6-3d3a-47ff-be74-91101be6f473 admin admin] Calling method '>' {{(pid=94555) _process_stack /opt/stack/nova/nova/api/openstack/wsgi.py:513}}
Sep 09 11:02:35.937800 dv-neutron-808046-1-hyperv devstack@n-api.service[94555]: INFO nova.api.openstack.requestlog [None req-92e9d4e6-3d3a-47ff-be74-91101be6f473 admin admin] 10.222.0.39 "GET /compute/v2.1/flavors?is_public=None" status: 200 len: 2056 microversion: 2.90 time: 0.024619
Sep 09 11:02:35.938312 dv-neutron-808046-1-hyperv devstack@n-api.service[94555]: [pid: 94555|app: 0|req: 20/41] 10.222.0.39 () {60 vars in 1211 bytes} [Thu Sep 9 11:02:35 2021] GET /compute/v2.1/flavors?is_public=None => generated 2056 bytes in 26 msecs (HTTP/1.1 200) 9 headers in 360 bytes (1 switches on core 0)
Sep 09 11:02:35.947780 dv-neutron-808046-1-hyperv devstack@n-api.service[94554]: DEBUG nova.api.openstack.wsgi [None req-d74e8add-75fc-4e08-ba22-2500bd302138 admin admin] Calling method '>' {{(pid=94554) _process_stack /opt/stack/nova/nova/api/openstack/wsgi.py:513}}
Sep 09 11:02:35.952932 dv-neutron-808046-1-hyperv devstack@n-api.service[94554]: INFO nova.api.openstack.wsgi [None req-d74e8add-75fc-4e08-ba22-2500bd302138 admin admin] HTTP exception thrown: Flavor 42 could not be found.
Sep 09 11:02:35.953483 dv-neutron-808046-1-hyperv devstack@n-api.service[94554]: DEBUG nova.api.openstack.wsgi [None req-d74e8add-75fc-4e08-ba22-2500bd302138 admin admin] Returning 404 to user: Flavor 42 could not be found. {{(pid=94554) __call__ /opt/stack/nova/nova/api/openstack/wsgi.py:936}}
Sep 09 11:02:35.954255 dv-neutron-808046-1-hyperv devstack@n-api.service[94554]: INFO nova.api.openstack.requestlog [None req-d74e8add-75fc-4e08-ba22-2500bd302138 admin admin] 10.222.0.39 "GET /compute/v2.1/flavors/42" status: 404 len: 75 microversion: 2.90 time: 0.009892
Sep 09 11:02:35.954728 dv-neutron-808046-1-hyperv devstack@n-api.service[94554]: [pid: 94554|app: 0|req: 22/42] 10.222.0.39 () {60 vars in 1191 bytes} [Thu Sep 9 11:02:35 2021] GET /compute/v2.1/flavors/42 => generated 75 bytes in 11 msecs (HTTP/1.1 404) 9 headers in 380 bytes (1 switches on core 0)
Sep 09 11:02:37.294140 dv-neutron-808046-1-hyperv devstack@n-api.service[94555]: DEBUG nova.api.openstack.wsgi [None req-92e9d4e6-3d3a-47ff-be74-91101be6f473 admin admin] Calling method '>' {{(pid=94555) _process_stack /opt/stack/nova/nova/api/openstack/wsgi.py:513}}
Sep 09 11:02:37.295199 dv-neutron-808046-1-hyperv devstack@n-api.service[94555]: INFO nova.api.openstack.requestlog [None req-92e9d4e6-3d3a-47ff-be74-91101be6f473 admin admin] 10.222.0.39 "GET /compute/v2.1" status: 200 len: 388 microversion: 2.1 time: 0.001502
Sep 09 11:02:37.295590 dv-neutron-808046-1-hyperv devstack@n-api.service[94555]: [pid: 94555|app: 0|req: 21/43] 10.222.0.39 () {56 vars in 1075 bytes} [Thu Sep 9 11:02:37 2021] GET /compute/v2.1 => generated 388 bytes in 2 msecs (HTTP/1.1 200) 9 headers in 357 bytes (1 switches on core 0)
Sep 09 11:02:37.487220 dv-neutron-808046-1-hyperv devstack@n-api.service[94554]: DEBUG nova.api.openstack.wsgi [None req-d95b7ea9-0dc1-4815-a7b0-a6688b069dff admin admin] Calling method '>' {{(pid=94554) _process_stack /opt/stack/nova/nova/api/openstack/wsgi.py:513}}
Sep 09 11:02:37.492993 dv-neutron-808046-1-hyperv devstack@n-api.service[94554]: INFO nova.api.openstack.wsgi [None req-d95b7ea9-0dc1-4815-a7b0-a6688b069dff admin admin] HTTP exception thrown: Flavor 84 could not be found.
Sep 09 11:02:37.493567 dv-neutron-808046-1-hyperv devstack@n-api.service[94554]: DEBUG nova.api.openstack.wsgi [None req-d95b7ea9-0dc1-4815-a7b0-a6688b069dff admin admin] Returning 404 to user: Flavor 84 could not be found. {{(pid=94554) __call__ /opt/stack/nova/nova/api/openstack/wsgi.py:936}}
Sep 09 11:02:37.494357 dv-neutron-808046-1-hyperv devstack@n-api.service[94554]: INFO nova.api.openstack.requestlog [None req-d95b7ea9-0dc1-4815-a7b0-a6688b069dff admin admin] 10.222.0.39 "GET /compute/v2.1/flavors/84" status: 404 len: 75 microversion: 2.90 time: 0.059104
Sep 09 11:02:37.494871 dv-neutron-808046-1-hyperv devstack@n-api.service[94554]: [pid: 94554|app: 0|req: 23/44] 10.222.0.39 () {60 vars in 1191 bytes} [Thu Sep 9 11:02:37 2021] GET /compute/v2.1/flavors/84 => generated 75 bytes in 60 msecs (HTTP/1.1 404) 9 headers in 380 bytes (1 switches on core 0)
Sep 09 11:02:37.504653 dv-neutron-808046-1-hyperv devstack@n-api.service[94555]: DEBUG nova.api.openstack.wsgi [None req-285d81f2-3fcd-47c9-b8b0-b76c763d49c6 admin admin] Calling method '>' {{(pid=94555) _process_stack /opt/stack/nova/nova/api/openstack/wsgi.py:513}}
Sep 09 11:02:37.518604 dv-neutron-808046-1-hyperv devstack@n-api.service[94555]: INFO nova.api.openstack.requestlog [None req-285d81f2-3fcd-47c9-b8b0-b76c763d49c6 admin admin] 10.222.0.39 "GET /compute/v2.1/flavors?is_public=None" status: 200 len: 2056 microversion: 2.90 time: 0.017436
Sep 09 11:02:37.519076 dv-neutron-808046-1-hyperv devstack@n-api.service[94555]: [pid: 94555|app: 0|req: 22/45] 10.222.0.39 () {60 vars in 1211 bytes} [Thu Sep 9 11:02:37 2021] GET /compute/v2.1/flavors?is_public=None => generated 2056 bytes in 19 msecs (HTTP/1.1 200) 9 headers in 360 bytes (1 switches on core 0)
Sep 09 11:02:37.528770 dv-neutron-808046-1-hyperv devstack@n-api.service[94554]: DEBUG nova.api.openstack.wsgi [None req-bf9cfbd5-5973-4e2e-b1aa-47142238d056 admin admin] Calling method '>' {{(pid=94554) _process_stack /opt/stack/nova/nova/api/openstack/wsgi.py:513}}
Sep 09 11:02:37.541979 dv-neutron-808046-1-hyperv devstack@n-api.service[94554]: INFO nova.api.openstack.requestlog [None req-bf9cfbd5-5973-4e2e-b1aa-47142238d056 admin admin] 10.222.0.39 "GET /compute/v2.1/flavors?is_public=None" status: 200 len: 2056 microversion: 2.90 time: 0.016677
Sep 09 11:02:37.542509 dv-neutron-808046-1-hyperv devstack@n-api.service[94554]: [pid: 94554|app: 0|req: 24/46] 10.222.0.39 () {60 vars in 1211 bytes} [Thu Sep 9 11:02:37 2021] GET /compute/v2.1/flavors?is_public=None => generated 2056 bytes in 18 msecs (HTTP/1.1 200) 9 headers in 360 bytes (1 switches on core 0)
Sep 09 11:02:37.551895 dv-neutron-808046-1-hyperv devstack@n-api.service[94555]: DEBUG nova.api.openstack.wsgi [None req-61db4b83-ed61-45e6-b3de-53d451982669 admin admin] Calling method '>' {{(pid=94555) _process_stack /opt/stack/nova/nova/api/openstack/wsgi.py:513}}
Sep 09 11:02:37.557561 dv-neutron-808046-1-hyperv devstack@n-api.service[94555]: INFO nova.api.openstack.wsgi [None req-61db4b83-ed61-45e6-b3de-53d451982669 admin admin] HTTP exception thrown: Flavor 84 could not be found.
Sep 09 11:02:37.558119 dv-neutron-808046-1-hyperv devstack@n-api.service[94555]: DEBUG nova.api.openstack.wsgi [None req-61db4b83-ed61-45e6-b3de-53d451982669 admin admin] Returning 404 to user: Flavor 84 could not be found. {{(pid=94555) __call__ /opt/stack/nova/nova/api/openstack/wsgi.py:936}}
Sep 09 11:02:37.558892 dv-neutron-808046-1-hyperv devstack@n-api.service[94555]: INFO nova.api.openstack.requestlog [None req-61db4b83-ed61-45e6-b3de-53d451982669 admin admin] 10.222.0.39 "GET /compute/v2.1/flavors/84" status: 404 len: 75 microversion: 2.90 time: 0.010512
