Nov 03 14:06:45.964833 dv-neutron-807116-19-hyperv neutron-server[102137]: INFO neutron.wsgi [req-ce4785ff-ce5a-411e-a7ca-43ceb9402839 req-e44e2bcf-8395-4eeb-8252-e28631aa6b27 tempest-ServerActionsTestJSON-716151296 tempest-ServerActionsTestJSON-716151296-project] 10.222.0.44 "GET /v2.0/ports?device_id=460638b1-e160-42ce-9ba3-e72bb0e42f67 HTTP/1.1" status: 200 len: 944 time: 0.4904349
Nov 03 14:06:46.083430 dv-neutron-807116-19-hyperv neutron-server[102137]: DEBUG neutron.pecan_wsgi.hooks.policy_enforcement [req-31dfb1a9-1701-488e-868f-25f177ec9834 req-7fa4e0c1-bcf9-4c66-b6d2-888d61c78be0 service neutron] Attributes excluded by policy engine: ['standard_attr_id'] {{(pid=102137) _exclude_attributes_by_policy /opt/stack/neutron/neutron/pecan_wsgi/hooks/policy_enforcement.py:255}}
Nov 03 14:06:46.084899 dv-neutron-807116-19-hyperv neutron-server[102137]: INFO neutron.wsgi [req-31dfb1a9-1701-488e-868f-25f177ec9834 req-7fa4e0c1-bcf9-4c66-b6d2-888d61c78be0 service neutron] 10.222.0.74 "GET /v2.0/ports?device_id=e15551b6-275d-4773-9967-e37c1e4fad46 HTTP/1.1" status: 200 len: 1098 time: 0.2623513
Nov 03 14:06:46.086337 dv-neutron-807116-19-hyperv neutron-server[102137]: DEBUG neutron_lib.callbacks.manager [None req-6d1a9812-9131-45ff-ac69-f7b02dd5549c tempest-BulkNetworkOpsTest-2126645044 tempest-BulkNetworkOpsTest-2126645044-project] Publish callbacks ['neutron.plugins.ml2.plugin.Ml2Plugin._network_delete_precommit_handler-718655', 'neutron.services.segments.db._delete_segments_for_network-8727950450207'] for network, precommit_delete {{(pid=102137) _notify_loop /usr/local/lib/python3.8/dist-packages/neutron_lib/callbacks/manager.py:175}}
Nov 03 14:06:46.143162 dv-neutron-807116-19-hyperv neutron-server[102137]: DEBUG neutron.services.segments.db [None req-6d1a9812-9131-45ff-ac69-f7b02dd5549c tempest-BulkNetworkOpsTest-2126645044 tempest-BulkNetworkOpsTest-2126645044-project] neutron.services.segments.plugin.Plugin method get_segments called with arguments (,) {'filters': {'network_id': ['7dc0808a-4a6f-49f9-b923-c8f0a221e17d']}} {{(pid=102137) wrapper /usr/local/lib/python3.8/dist-packages/oslo_log/helpers.py:65}}
Nov 03 14:06:46.147555 dv-neutron-807116-19-hyperv neutron-server[102137]: DEBUG neutron_lib.callbacks.manager [req-31dfb1a9-1701-488e-868f-25f177ec9834 req-b3de8f44-8fa3-4442-936a-c302c1b6dd71 service neutron] Publish callbacks [] for security_group, before_create {{(pid=102137) _notify_loop /usr/local/lib/python3.8/dist-packages/neutron_lib/callbacks/manager.py:175}}
Nov 03 14:06:46.176520 dv-neutron-807116-19-hyperv neutron-server[102137]: DEBUG neutron.services.segments.db [None req-6d1a9812-9131-45ff-ac69-f7b02dd5549c tempest-BulkNetworkOpsTest-2126645044 tempest-BulkNetworkOpsTest-2126645044-project] neutron.services.segments.plugin.Plugin method delete_segment called with arguments (, '7bb43db3-f84f-496c-b803-a0e32f43bd62') {'for_net_delete': True} {{(pid=102137) wrapper /usr/local/lib/python3.8/dist-packages/oslo_log/helpers.py:65}}
Nov 03 14:06:46.180816 dv-neutron-807116-19-hyperv neutron-server[102137]: DEBUG neutron.services.segments.db [None req-6d1a9812-9131-45ff-ac69-f7b02dd5549c tempest-BulkNetworkOpsTest-2126645044 tempest-BulkNetworkOpsTest-2126645044-project] neutron.services.segments.plugin.Plugin method get_segment called with arguments (, '7bb43db3-f84f-496c-b803-a0e32f43bd62') {} {{(pid=102137) wrapper /usr/local/lib/python3.8/dist-packages/oslo_log/helpers.py:65}}
Nov 03 14:06:46.188950 dv-neutron-807116-19-hyperv neutron-server[102137]: INFO neutron.wsgi [req-ce4785ff-ce5a-411e-a7ca-43ceb9402839 req-8803ce49-eb57-482c-924e-fd3977744f35 tempest-ServerActionsTestJSON-716151296 tempest-ServerActionsTestJSON-716151296-project] 10.222.0.44 "GET /v2.0/security-groups?id=95ea5834-a6e5-489c-ad40-125591b698f9&fields=id&fields=name HTTP/1.1" status: 200 len: 313 time: 0.1626852
Nov 03 14:06:46.196345 dv-neutron-807116-19-hyperv neutron-server[102137]: DEBUG neutron_lib.callbacks.manager [None req-6d1a9812-9131-45ff-ac69-f7b02dd5549c tempest-BulkNetworkOpsTest-2126645044 tempest-BulkNetworkOpsTest-2126645044-project] Publish callbacks ['neutron.plugins.ml2.db._prevent_segment_delete_with_port_bound-8727950373614', 'neutron.services.segments.plugin.Plugin._prevent_segment_delete_with_subnet_associated-59061786'] for segment, before_delete {{(pid=102137) _notify_loop /usr/local/lib/python3.8/dist-packages/neutron_lib/callbacks/manager.py:175}}
Nov 03 14:06:46.215851 dv-neutron-807116-19-hyperv neutron-server[102137]: DEBUG neutron_lib.callbacks.manager [None req-6d1a9812-9131-45ff-ac69-f7b02dd5549c tempest-BulkNetworkOpsTest-2126645044 tempest-BulkNetworkOpsTest-2126645044-project] Publish callbacks ['neutron.plugins.ml2.plugin.Ml2Plugin._handle_segment_change-714092'] for segment, precommit_delete {{(pid=102137) _notify_loop /usr/local/lib/python3.8/dist-packages/neutron_lib/callbacks/manager.py:175}}
Nov 03 14:06:46.226487 dv-neutron-807116-19-hyperv neutron-server[102137]: DEBUG neutron_lib.callbacks.manager [None req-4ff7d02a-fd5b-41e7-96d3-dd2cbf2e6452 tempest-FloatingIPAdminTestJSON-1357560248 tempest-FloatingIPAdminTestJSON-1357560248-project] Publish callbacks ['neutron.plugins.ml2.plugin.SecurityGroupServerNotifierRpcMixin._notify_sg_on_port_change-608252', 'neutron.plugins.ml2.ovo_rpc._ObjectChangeHandler.handle_event-72796', 'neutron.api.rpc.agentnotifiers.dhcp_rpc_agent_api.DhcpAgentNotifyAPI._native_event_send_dhcp_notification-3864363', 'neutron.db.l3_db.L3RpcNotifierMixin._notify_routers_callback-8727950443129', 'neutron.db.l3_dvrscheduler_db._notify_port_delete-8727949887919', 'neutron.services.segments.plugin.NovaSegmentNotifier._notify_port_created_or_deleted-59061947'] for port, after_delete {{(pid=102137) _notify_loop /usr/local/lib/python3.8/dist-packages/neutron_lib/callbacks/manager.py:175}}
Nov 03 14:06:46.232110 dv-neutron-807116-19-hyperv neutron-server[102137]: DEBUG neutron.plugins.ml2.drivers.type_vlan [None req-6d1a9812-9131-45ff-ac69-f7b02dd5549c tempest-BulkNetworkOpsTest-2126645044 tempest-BulkNetworkOpsTest-2126645044-project] Releasing vlan 69 on physical network physnet1 to pool {{(pid=102137) release_segment /opt/stack/neutron/neutron/plugins/ml2/drivers/type_vlan.py:304}}
Nov 03 14:06:46.232490 dv-neutron-807116-19-hyperv neutron-server[102137]: DEBUG neutron_lib.callbacks.manager [None req-6d1a9812-9131-45ff-ac69-f7b02dd5549c tempest-BulkNetworkOpsTest-2126645044 tempest-BulkNetworkOpsTest-2126645044-project] Publish callbacks ['neutron.plugins.ml2.plugin.Ml2Plugin._handle_segment_change-714092', 'neutron.services.segments.plugin.NovaSegmentNotifier._notify_segment_deleted-59062090'] for segment, after_delete {{(pid=102137) _notify_loop /usr/local/lib/python3.8/dist-packages/neutron_lib/callbacks/manager.py:175}}
Nov 03 14:06:46.237448 dv-neutron-807116-19-hyperv neutron-server[102137]: Traceback (most recent call last):
Nov 03 14:06:46.237448 dv-neutron-807116-19-hyperv neutron-server[102137]: File "/usr/local/lib/python3.8/dist-packages/eventlet/hubs/hub.py", line 476, in fire_timers
Nov 03 14:06:46.237448 dv-neutron-807116-19-hyperv neutron-server[102137]: timer()
Nov 03 14:06:46.237448 dv-neutron-807116-19-hyperv neutron-server[102137]: File "/usr/local/lib/python3.8/dist-packages/eventlet/hubs/timer.py", line 59, in __call__
Nov 03 14:06:46.237448 dv-neutron-807116-19-hyperv neutron-server[102137]: cb(*args, **kw)
Nov 03 14:06:46.237448 dv-neutron-807116-19-hyperv neutron-server[102137]: File "/opt/stack/neutron/neutron/common/utils.py", line 914, in wrapper
Nov 03 14:06:46.237448 dv-neutron-807116-19-hyperv neutron-server[102137]: return func(*args, **kwargs)
Nov 03 14:06:46.237448 dv-neutron-807116-19-hyperv neutron-server[102137]: File "/opt/stack/neutron/neutron/notifiers/batch_notifier.py", line 58, in synced_send
Nov 03 14:06:46.237448 dv-neutron-807116-19-hyperv neutron-server[102137]: self._notify()
Nov 03 14:06:46.237448 dv-neutron-807116-19-hyperv neutron-server[102137]: File "/opt/stack/neutron/neutron/notifiers/batch_notifier.py", line 69, in _notify
Nov 03 14:06:46.237448 dv-neutron-807116-19-hyperv neutron-server[102137]: self.callback(batched_events)
Nov 03 14:06:46.237448 dv-neutron-807116-19-hyperv neutron-server[102137]: File "/opt/stack/neutron/neutron/services/segments/plugin.py", line 211, in _send_notifications
Nov 03 14:06:46.237448 dv-neutron-807116-19-hyperv neutron-server[102137]: event.method(event)
Nov 03 14:06:46.237448 dv-neutron-807116-19-hyperv neutron-server[102137]: File "/opt/stack/neutron/neutron/services/segments/plugin.py", line 383, in _delete_nova_inventory
Nov 03 14:06:46.237448 dv-neutron-807116-19-hyperv neutron-server[102137]: aggregate_id = self._get_aggregate_id(event.segment_id)
Nov 03 14:06:46.237448 dv-neutron-807116-19-hyperv neutron-server[102137]: File "/opt/stack/neutron/neutron/services/segments/plugin.py", line 370, in _get_aggregate_id
Nov 03 14:06:46.237448 dv-neutron-807116-19-hyperv neutron-server[102137]: aggregate_uuid = self.p_client.list_aggregates(
Nov 03 14:06:46.237448 dv-neutron-807116-19-hyperv neutron-server[102137]: File "/usr/local/lib/python3.8/dist-packages/neutron_lib/placement/client.py", line 58, in wrapper
Nov 03 14:06:46.237448 dv-neutron-807116-19-hyperv neutron-server[102137]: return f(self, *a, **k)
Nov 03 14:06:46.237448 dv-neutron-807116-19-hyperv neutron-server[102137]: File "/usr/local/lib/python3.8/dist-packages/neutron_lib/placement/client.py", line 554, in list_aggregates
Nov 03 14:06:46.237448 dv-neutron-807116-19-hyperv neutron-server[102137]: return self._get(url).json()
Nov 03 14:06:46.237448 dv-neutron-807116-19-hyperv neutron-server[102137]: File "/usr/local/lib/python3.8/dist-packages/neutron_lib/placement/client.py", line 190, in _get
Nov 03 14:06:46.237448 dv-neutron-807116-19-hyperv neutron-server[102137]: return self._client.get(url, endpoint_filter=self._ks_filter,
Nov 03 14:06:46.237448 dv-neutron-807116-19-hyperv neutron-server[102137]: File "/usr/local/lib/python3.8/dist-packages/keystoneauth1/session.py", line 1141, in get
Nov 03 14:06:46.237448 dv-neutron-807116-19-hyperv neutron-server[102137]: return self.request(url, 'GET', **kwargs)
Nov 03 14:06:46.237448 dv-neutron-807116-19-hyperv neutron-server[102137]: File "/usr/local/lib/python3.8/dist-packages/keystoneauth1/session.py", line 811, in request
Nov 03 14:06:46.237448 dv-neutron-807116-19-hyperv neutron-server[102137]: base_url = self.get_endpoint(auth, allow=allow,
Nov 03 14:06:46.237448 dv-neutron-807116-19-hyperv neutron-server[102137]: File "/usr/local/lib/python3.8/dist-packages/keystoneauth1/session.py", line 1241, in get_endpoint
Nov 03 14:06:46.237448 dv-neutron-807116-19-hyperv neutron-server[102137]: auth = self._auth_required(auth, 'determine endpoint URL')
Nov 03 14:06:46.237448 dv-neutron-807116-19-hyperv neutron-server[102137]: File "/usr/local/lib/python3.8/dist-packages/keystoneauth1/session.py", line 1181, in _auth_required
Nov 03 14:06:46.237448 dv-neutron-807116-19-hyperv neutron-server[102137]: raise exceptions.MissingAuthPlugin(msg_fmt % msg)
Nov 03 14:06:46.237448 dv-neutron-807116-19-hyperv neutron-server[102137]: keystoneauth1.exceptions.auth_plugins.MissingAuthPlugin: An auth plugin is required to determine endpoint URL
Nov 03 14:06:46.306635 dv-neutron-807116-19-hyperv neutron-server[102137]: DEBUG neutron_lib.callbacks.manager [None req-020c532c-7a6a-4d29-80d7-0ae1bab2031d tempest-ExternalNetworksTestJSON-877487501 tempest-ExternalNetworksTestJSON-877487501-project-admin] Publish callbacks ['neutron.plugins.ml2.plugin.Ml2Plugin._subnet_delete_after_delete_handler-720629', 'neutron.plugins.ml2.ovo_rpc._ObjectChangeHandler.handle_event-3845277', 'neutron.api.rpc.agentnotifiers.dhcp_rpc_agent_api.DhcpAgentNotifyAPI._native_event_send_dhcp_notification-3864363', 'neutron.services.segments.plugin.NovaSegmentNotifier._notify_subnet_deleted-59061908', 'neutron.services.segments.plugin.SegmentHostRoutes.host_routes_after_delete-59323982'] for subnet, after_delete {{(pid=102137) _notify_loop /usr/local/lib/python3.8/dist-packages/neutron_lib/callbacks/manager.py:175}}
Nov 03 14:06:46.308593 dv-neutron-807116-19-hyperv neutron-server[102137]: DEBUG neutron.api.rpc.handlers.resources_rpc [None req-4ff7d02a-fd5b-41e7-96d3-dd2cbf2e6452 tempest-FloatingIPAdminTestJSON-1357560248 tempest-FloatingIPAdminTestJSON-1357560248-project] Pushing event deleted for resources: {'Port': ['ID=d427d021-3ffe-4274-90fb-f3c450508bc6,revision_number=None']} {{(pid=102137) push /opt/stack/neutron/neutron/api/rpc/handlers/resources_rpc.py:237}}
Nov 03 14:06:46.366715 dv-neutron-807116-19-hyperv neutron-server[102137]: DEBUG neutron.api.rpc.handlers.resources_rpc [None req-020c532c-7a6a-4d29-80d7-0ae1bab2031d tempest-ExternalNetworksTestJSON-877487501 tempest-ExternalNetworksTestJSON-877487501-project-admin] Pushing event deleted for resources: {'Subnet': ['ID=320e40af-50a1-45c6-80a0-8da898a0ce12,revision_number=None']} {{(pid=102137) push /opt/stack/neutron/neutron/api/rpc/handlers/resources_rpc.py:237}}
Nov 03 14:06:46.471225 dv-neutron-807116-19-hyperv neutron-server[102137]: DEBUG neutron_lib.callbacks.manager [None req-6d1a9812-9131-45ff-ac69-f7b02dd5549c tempest-BulkNetworkOpsTest-2126645044 tempest-BulkNetworkOpsTest-2126645044-project] Publish callbacks ['neutron.plugins.ml2.plugin.Ml2Plugin._network_delete_after_delete_handler-718598', 'neutron.plugins.ml2.ovo_rpc._ObjectChangeHandler.handle_event-3791465', 'neutron.api.rpc.agentnotifiers.dhcp_rpc_agent_api.DhcpAgentNotifyAPI._native_event_send_dhcp_notification-3864363', 'neutron.services.l3_router.l3_router_plugin.DVRResourceOperationHandler.delete_fip_namespaces_for_ext_net-3890703'] for network, after_delete {{(pid=102137) _notify_loop /usr/local/lib/python3.8/dist-packages/neutron_lib/callbacks/manager.py:175}}
Nov 03 14:06:46.492341 dv-neutron-807116-19-hyperv neutron-server[102137]: DEBUG neutron_lib.callbacks.manager [None req-6d1a9812-9131-45ff-ac69-f7b02dd5549c tempest-BulkNetworkOpsTest-2126645044 tempest-BulkNetworkOpsTest-2126645044-project] Publish callbacks ['neutron.api.rpc.agentnotifiers.dhcp_rpc_agent_api.DhcpAgentNotifyAPI._send_dhcp_notification-3864345'] for network, before_response {{(pid=102137) _notify_loop /usr/local/lib/python3.8/dist-packages/neutron_lib/callbacks/manager.py:175}}
Nov 03 14:06:46.495623 dv-neutron-807116-19-hyperv neutron-server[102137]: INFO neutron.wsgi [None req-6d1a9812-9131-45ff-ac69-f7b02dd5549c tempest-BulkNetworkOpsTest-2126645044 tempest-BulkNetworkOpsTest-2126645044-project] 10.222.0.44 "DELETE /v2.0/networks/7dc0808a-4a6f-49f9-b923-c8f0a221e17d HTTP/1.1" status: 204 len: 168 time: 1.1715086
Nov 03 14:06:46.499438 dv-neutron-807116-19-hyperv neutron-server[102136]: DEBUG neutron.wsgi [-] (102136) accepted ('10.222.0.44', 53076) {{(pid=102136) server /usr/local/lib/python3.8/dist-packages/eventlet/wsgi.py:982}}
Nov 03 14:06:46.509032 dv-neutron-807116-19-hyperv neutron-server[102137]: DEBUG neutron_lib.callbacks.manager [None req-020c532c-7a6a-4d29-80d7-0ae1bab2031d tempest-ExternalNetworksTestJSON-877487501 tempest-ExternalNetworksTestJSON-877487501-project-admin] Publish callbacks ['neutron.plugins.ml2.plugin.Ml2Plugin._network_delete_precommit_handler-718655', 'neutron.services.segments.db._delete_segments_for_network-8727950450207'] for network, precommit_delete {{(pid=102137) _notify_loop /usr/local/lib/python3.8/dist-packages/neutron_lib/callbacks/manager.py:175}}
Nov 03 14:06:46.514484 dv-neutron-807116-19-hyperv neutron-server[102137]: DEBUG neutron_lib.callbacks.manager [req-31dfb1a9-1701-488e-868f-25f177ec9834 req-b3de8f44-8fa3-4442-936a-c302c1b6dd71 service neutron] Publish callbacks [] for security_group, precommit_create {{(pid=102137) _notify_loop /usr/local/lib/python3.8/dist-packages/neutron_lib/callbacks/manager.py:175}}
Nov 03 14:06:46.537854 dv-neutron-807116-19-hyperv neutron-server[102137]: DEBUG neutron.api.rpc.handlers.resources_rpc [None req-6d1a9812-9131-45ff-ac69-f7b02dd5549c tempest-BulkNetworkOpsTest-2126645044 tempest-BulkNetworkOpsTest-2126645044-project] Pushing event deleted for resources: {'Network': ['ID=7dc0808a-4a6f-49f9-b923-c8f0a221e17d,revision_number=None']} {{(pid=102137) push /opt/stack/neutron/neutron/api/rpc/handlers/resources_rpc.py:237}}
Nov 03 14:06:46.550209 dv-neutron-807116-19-hyperv neutron-server[102137]: DEBUG neutron_lib.callbacks.manager [None req-4ff7d02a-fd5b-41e7-96d3-dd2cbf2e6452 tempest-FloatingIPAdminTestJSON-1357560248 tempest-FloatingIPAdminTestJSON-1357560248-project] Publish callbacks [] for floatingip, after_delete {{(pid=102137) _notify_loop /usr/local/lib/python3.8/dist-packages/neutron_lib/callbacks/manager.py:175}}
Nov 03 14:06:46.550209 dv-neutron-807116-19-hyperv neutron-server[102137]: INFO neutron.db.l3_db [None req-4ff7d02a-fd5b-41e7-96d3-dd2cbf2e6452 tempest-FloatingIPAdminTestJSON-1357560248 tempest-FloatingIPAdminTestJSON-1357560248-project] Floating IP 878da714-aeb5-46ac-b17d-30ee5100763f disassociated (deleted). External IP: 172.26.1.205, port: ab46b00d-b980-48a4-9833-41398f20dc05.
Nov 03 14:06:46.551016 dv-neutron-807116-19-hyperv neutron-server[102137]: DEBUG neutron.services.segments.db [None req-020c532c-7a6a-4d29-80d7-0ae1bab2031d tempest-ExternalNetworksTestJSON-877487501 tempest-ExternalNetworksTestJSON-877487501-project-admin] neutron.services.segments.plugin.Plugin method get_segments called with arguments (,) {'filters': {'network_id': ['69a97113-ae2d-4ec0-8406-83c8c3973011']}} {{(pid=102137) wrapper /usr/local/lib/python3.8/dist-packages/oslo_log/helpers.py:65}}
Nov 03 14:06:46.592993 dv-neutron-807116-19-hyperv neutron-server[102137]: DEBUG neutron.services.segments.db [None req-020c532c-7a6a-4d29-80d7-0ae1bab2031d tempest-ExternalNetworksTestJSON-877487501 tempest-ExternalNetworksTestJSON-877487501-project-admin] neutron.services.segments.plugin.Plugin method delete_segment called with arguments (, 'd1a7c19f-1f06-48ba-bc38-7877d28f2448') {'for_net_delete': True} {{(pid=102137) wrapper /usr/local/lib/python3.8/dist-packages/oslo_log/helpers.py:65}}
Nov 03 14:06:46.592993 dv-neutron-807116-19-hyperv neutron-server[102137]: DEBUG neutron.services.segments.db [None req-020c532c-7a6a-4d29-80d7-0ae1bab2031d tempest-ExternalNetworksTestJSON-877487501 tempest-ExternalNetworksTestJSON-877487501-project-admin] neutron.services.segments.plugin.Plugin method get_segment called with arguments (, 'd1a7c19f-1f06-48ba-bc38-7877d28f2448') {} {{(pid=102137) wrapper /usr/local/lib/python3.8/dist-packages/oslo_log/helpers.py:65}}
Nov 03 14:06:46.604228 dv-neutron-807116-19-hyperv neutron-server[102137]: DEBUG neutron_lib.callbacks.manager [req-31dfb1a9-1701-488e-868f-25f177ec9834 req-b3de8f44-8fa3-4442-936a-c302c1b6dd71 service neutron] Publish callbacks ['neutron.plugins.ml2.ovo_rpc._ObjectChangeHandler.handle_event-3791517'] for security_group, after_create {{(pid=102137) _notify_loop /usr/local/lib/python3.8/dist-packages/neutron_lib/callbacks/manager.py:175}}
Nov 03 14:06:46.607436 dv-neutron-807116-19-hyperv neutron-server[102137]: DEBUG neutron_lib.callbacks.manager [None req-020c532c-7a6a-4d29-80d7-0ae1bab2031d tempest-ExternalNetworksTestJSON-877487501 tempest-ExternalNetworksTestJSON-877487501-project-admin] Publish callbacks ['neutron.plugins.ml2.db._prevent_segment_delete_with_port_bound-8727950373614', 'neutron.services.segments.plugin.Plugin._prevent_segment_delete_with_subnet_associated-59061786'] for segment, before_delete {{(pid=102137) _notify_loop /usr/local/lib/python3.8/dist-packages/neutron_lib/callbacks/manager.py:175}}
Nov 03 14:06:46.620014 dv-neutron-807116-19-hyperv neutron-server[102136]: DEBUG neutron.pecan_wsgi.hooks.policy_enforcement [req-2356376f-886e-4c28-a7b3-a5eabbc4f1f2 req-bdcb05c7-52f3-4c6f-b864-b208a533809a tempest-ServersTestJSON-69803830 tempest-ServersTestJSON-69803830-project] Attributes excluded by policy engine: ['standard_attr_id', 'binding:profile', 'binding:host_id', 'binding:vif_type', 'binding:vif_details'] {{(pid=102136) _exclude_attributes_by_policy /opt/stack/neutron/neutron/pecan_wsgi/hooks/policy_enforcement.py:255}}
Nov 03 14:06:46.621569 dv-neutron-807116-19-hyperv neutron-server[102136]: INFO neutron.wsgi [req-2356376f-886e-4c28-a7b3-a5eabbc4f1f2 req-bdcb05c7-52f3-4c6f-b864-b208a533809a tempest-ServersTestJSON-69803830 tempest-ServersTestJSON-69803830-project] 10.222.0.44 "GET /v2.0/ports?device_id=e15551b6-275d-4773-9967-e37c1e4fad46 HTTP/1.1" status: 200 len: 945 time: 0.1262624
Nov 03 14:06:46.644669 dv-neutron-807116-19-hyperv neutron-server[102138]: DEBUG neutron.plugins.ml2.rpc [None req-eca837cb-503b-48be-95c0-21fcc3a34f68 None None] Device 1a064c87-57fb-4bad-abd2-18e03d90915e details requested by agent hyperv_hv-neutron-8071 with host hv-neutron-8071 {{(pid=102138) get_device_details /opt/stack/neutron/neutron/plugins/ml2/rpc.py:102}}
Nov 03 14:06:46.648845 dv-neutron-807116-19-hyperv neutron-server[102137]: DEBUG neutron_lib.callbacks.manager [None req-020c532c-7a6a-4d29-80d7-0ae1bab2031d tempest-ExternalNetworksTestJSON-877487501 tempest-ExternalNetworksTestJSON-877487501-project-admin] Publish callbacks ['neutron.plugins.ml2.plugin.Ml2Plugin._handle_segment_change-714092'] for segment, precommit_delete {{(pid=102137) _notify_loop /usr/local/lib/python3.8/dist-packages/neutron_lib/callbacks/manager.py:175}}
Nov 03 14:06:46.700590 dv-neutron-807116-19-hyperv neutron-server[102137]: DEBUG neutron.plugins.ml2.drivers.type_vlan [None req-020c532c-7a6a-4d29-80d7-0ae1bab2031d tempest-ExternalNetworksTestJSON-877487501 tempest-ExternalNetworksTestJSON-877487501-project-admin] Releasing vlan 78 on physical network physnet1 to pool {{(pid=102137) release_segment /opt/stack/neutron/neutron/plugins/ml2/drivers/type_vlan.py:304}}
Nov 03 14:06:46.700590 dv-neutron-807116-19-hyperv neutron-server[102137]: DEBUG neutron_lib.callbacks.manager [None req-020c532c-7a6a-4d29-80d7-0ae1bab2031d tempest-ExternalNetworksTestJSON-877487501 tempest-ExternalNetworksTestJSON-877487501-project-admin] Publish callbacks ['neutron.plugins.ml2.plugin.Ml2Plugin._handle_segment_change-714092', 'neutron.services.segments.plugin.NovaSegmentNotifier._notify_segment_deleted-59062090'] for segment, after_delete {{(pid=102137) _notify_loop /usr/local/lib/python3.8/dist-packages/neutron_lib/callbacks/manager.py:175}}
Nov 03 14:06:46.700590 dv-neutron-807116-19-hyperv neutron-server[102137]: Traceback (most recent call last):
Nov 03 14:06:46.700590 dv-neutron-807116-19-hyperv neutron-server[102137]: File "/usr/local/lib/python3.8/dist-packages/eventlet/hubs/hub.py", line 476, in fire_timers
Nov 03 14:06:46.700590 dv-neutron-807116-19-hyperv neutron-server[102137]: timer()
Nov 03 14:06:46.700590 dv-neutron-807116-19-hyperv neutron-server[102137]: File "/usr/local/lib/python3.8/dist-packages/eventlet/hubs/timer.py", line 59, in __call__
Nov 03 14:06:46.700590 dv-neutron-807116-19-hyperv neutron-server[102137]: cb(*args, **kw)
Nov 03 14:06:46.700590 dv-neutron-807116-19-hyperv neutron-server[102137]: File "/opt/stack/neutron/neutron/common/utils.py", line 914, in wrapper
Nov 03 14:06:46.700590 dv-neutron-807116-19-hyperv neutron-server[102137]: return func(*args, **kwargs)
Nov 03 14:06:46.700590 dv-neutron-807116-19-hyperv neutron-server[102137]: File "/opt/stack/neutron/neutron/notifiers/batch_notifier.py", line 58, in synced_send
Nov 03 14:06:46.700590 dv-neutron-807116-19-hyperv neutron-server[102137]: self._notify()
Nov 03 14:06:46.700590 dv-neutron-807116-19-hyperv neutron-server[102137]: File "/opt/stack/neutron/neutron/notifiers/batch_notifier.py", line 69, in _notify
Nov 03 14:06:46.700590 dv-neutron-807116-19-hyperv neutron-server[102137]: self.callback(batched_events)
Nov 03 14:06:46.700590 dv-neutron-807116-19-hyperv neutron-server[102137]: File "/opt/stack/neutron/neutron/services/segments/plugin.py", line 211, in _send_notifications
Nov 03 14:06:46.700590 dv-neutron-807116-19-hyperv neutron-server[102137]: event.method(event)
Nov 03 14:06:46.700590 dv-neutron-807116-19-hyperv neutron-server[102137]: File "/opt/stack/neutron/neutron/services/segments/plugin.py", line 383, in _delete_nova_inventory
Nov 03 14:06:46.700590 dv-neutron-807116-19-hyperv neutron-server[102137]: aggregate_id = self._get_aggregate_id(event.segment_id)
Nov 03 14:06:46.700590 dv-neutron-807116-19-hyperv neutron-server[102137]: File "/opt/stack/neutron/neutron/services/segments/plugin.py", line 370, in _get_aggregate_id
Nov 03 14:06:46.700590 dv-neutron-807116-19-hyperv neutron-server[102137]: aggregate_uuid = self.p_client.list_aggregates(
Nov 03 14:06:46.700590 dv-neutron-807116-19-hyperv neutron-server[102137]: File "/usr/local/lib/python3.8/dist-packages/neutron_lib/placement/client.py", line 58, in wrapper
Nov 03 14:06:46.700590 dv-neutron-807116-19-hyperv neutron-server[102137]: return f(self, *a, **k)
Nov 03 14:06:46.700590 dv-neutron-807116-19-hyperv neutron-server[102137]: File "/usr/local/lib/python3.8/dist-packages/neutron_lib/placement/client.py", line 554, in list_aggregates
Nov 03 14:06:46.700590 dv-neutron-807116-19-hyperv neutron-server[102137]: return self._get(url).json()
Nov 03 14:06:46.700590 dv-neutron-807116-19-hyperv neutron-server[102137]: File "/usr/local/lib/python3.8/dist-packages/neutron_lib/placement/client.py", line 190, in _get
Nov 03 14:06:46.700590 dv-neutron-807116-19-hyperv neutron-server[102137]: return self._client.get(url, endpoint_filter=self._ks_filter,
Nov 03 14:06:46.700590 dv-neutron-807116-19-hyperv neutron-server[102137]: File "/usr/local/lib/python3.8/dist-packages/keystoneauth1/session.py", line 1141, in get
Nov 03 14:06:46.700590 dv-neutron-807116-19-hyperv neutron-server[102137]: return self.request(url, 'GET', **kwargs)
Nov 03 14:06:46.700590 dv-neutron-807116-19-hyperv neutron-server[102137]: File "/usr/local/lib/python3.8/dist-packages/keystoneauth1/session.py", line 811, in request
Nov 03 14:06:46.700590 dv-neutron-807116-19-hyperv neutron-server[102137]: base_url = self.get_endpoint(auth, allow=allow,
Nov 03 14:06:46.700590 dv-neutron-807116-19-hyperv neutron-server[102137]: File "/usr/local/lib/python3.8/dist-packages/keystoneauth1/session.py", line 1241, in get_endpoint
Nov 03 14:06:46.700590 dv-neutron-807116-19-hyperv neutron-server[102137]: auth = self._auth_required(auth, 'determine endpoint URL')
Nov 03 14:06:46.700590 dv-neutron-807116-19-hyperv neutron-server[102137]: File "/usr/local/lib/python3.8/dist-packages/keystoneauth1/session.py", line 1181, in _auth_required
Nov 03 14:06:46.700590 dv-neutron-807116-19-hyperv neutron-server[102137]: raise exceptions.MissingAuthPlugin(msg_fmt % msg)
Nov 03 14:06:46.700590 dv-neutron-807116-19-hyperv neutron-server[102137]: keystoneauth1.exceptions.auth_plugins.MissingAuthPlugin: An auth plugin is required to determine endpoint URL
Nov 03 14:06:46.705884 dv-neutron-807116-19-hyperv neutron-server[102136]: INFO neutron.wsgi [req-2356376f-886e-4c28-a7b3-a5eabbc4f1f2 req-ad18f08c-10bb-413a-8c2d-906204c80d0f tempest-ServersTestJSON-69803830 tempest-ServersTestJSON-69803830-project] 10.222.0.44 "GET /v2.0/security-groups?id=31d798c5-3de7-48e2-bc6d-264dbf69f8ad&fields=id&fields=name HTTP/1.1" status: 200 len: 313 time: 0.0718064
Nov 03 14:06:46.744951 dv-neutron-807116-19-hyperv neutron-server[102136]: DEBUG neutron.pecan_wsgi.hooks.policy_enforcement [None req-64f065c5-45f0-47c3-8d64-c686fc256e59 tempest-BulkNetworkOpsTest-2126645044 tempest-BulkNetworkOpsTest-2126645044-project] Attributes excluded by policy engine: ['standard_attr_id', 'vlan_transparent', 'provider:network_type', 'provider:physical_network', 'provider:segmentation_id'] {{(pid=102136) _exclude_attributes_by_policy /opt/stack/neutron/neutron/pecan_wsgi/hooks/policy_enforcement.py:255}}
Nov 03 14:06:46.750307 dv-neutron-807116-19-hyperv neutron-server[102137]: INFO neutron.wsgi [req-31dfb1a9-1701-488e-868f-25f177ec9834 req-b3de8f44-8fa3-4442-936a-c302c1b6dd71 service neutron] 10.222.0.74 "GET /v2.0/security-groups?id=31d798c5-3de7-48e2-bc6d-264dbf69f8ad&fields=id&fields=name HTTP/1.1" status: 200 len: 313 time: 0.6481960
Nov 03 14:06:46.757525 dv-neutron-807116-19-hyperv neutron-server[102136]: DEBUG neutron.pecan_wsgi.hooks.policy_enforcement [None req-64f065c5-45f0-47c3-8d64-c686fc256e59 tempest-BulkNetworkOpsTest-2126645044 tempest-BulkNetworkOpsTest-2126645044-project] Attributes excluded by policy engine: ['standard_attr_id', 'vlan_transparent', 'provider:network_type', 'provider:physical_network', 'provider:segmentation_id'] {{(pid=102136) _exclude_attributes_by_policy /opt/stack/neutron/neutron/pecan_wsgi/hooks/policy_enforcement.py:255}}
Nov 03 14:06:46.760791 dv-neutron-807116-19-hyperv neutron-server[102137]: DEBUG neutron.api.rpc.handlers.resources_rpc [None req-b3de8f44-8fa3-4442-936a-c302c1b6dd71 service neutron] Pushing event updated for resources: {'SecurityGroup': ['ID=26f2281b-6faa-4545-87b9-1478a65817af,revision_number=1']} {{(pid=102137) push /opt/stack/neutron/neutron/api/rpc/handlers/resources_rpc.py:237}}
Nov 03 14:06:46.763239 dv-neutron-807116-19-hyperv neutron-server[102137]: DEBUG neutron.wsgi [-] (102137) accepted ('10.222.0.44', 53082) {{(pid=102137) server /usr/local/lib/python3.8/dist-packages/eventlet/wsgi.py:982}}
Nov 03 14:06:46.766201 dv-neutron-807116-19-hyperv neutron-server[102136]: DEBUG neutron.pecan_wsgi.hooks.policy_enforcement [None req-64f065c5-45f0-47c3-8d64-c686fc256e59 tempest-BulkNetworkOpsTest-2126645044 tempest-BulkNetworkOpsTest-2126645044-project] Attributes excluded by policy engine: ['standard_attr_id', 'vlan_transparent', 'provider:network_type', 'provider:physical_network', 'provider:segmentation_id'] {{(pid=102136) _exclude_attributes_by_policy /opt/stack/neutron/neutron/pecan_wsgi/hooks/policy_enforcement.py:255}}
Nov 03 14:06:46.774338 dv-neutron-807116-19-hyperv neutron-server[102136]: INFO neutron.wsgi [None req-64f065c5-45f0-47c3-8d64-c686fc256e59 tempest-BulkNetworkOpsTest-2126645044 tempest-BulkNetworkOpsTest-2126645044-project] 10.222.0.44 "GET /v2.0/networks HTTP/1.1" status: 200 len: 1870 time: 0.2736232
Nov 03 14:06:46.775033 dv-neutron-807116-19-hyperv neutron-server[102136]: DEBUG neutron.wsgi [-] (102136) accepted ('10.222.0.44', 53084) {{(pid=102136) server /usr/local/lib/python3.8/dist-packages/eventlet/wsgi.py:982}}
Nov 03 14:06:46.780826 dv-neutron-807116-19-hyperv neutron-server[102136]: DEBUG neutron.api.v2.base [None req-98b51b68-dc14-45b7-9738-e56a51392283 tempest-BulkNetworkOpsTest-2126645044 tempest-BulkNetworkOpsTest-2126645044-project] Request body: {'network': {'name': 'tempest-BulkNetworkOpsTest-test-network-112338722'}} {{(pid=102136) prepare_request_body /opt/stack/neutron/neutron/api/v2/base.py:729}}
Nov 03 14:06:46.800168 dv-neutron-807116-19-hyperv neutron-server[102137]: DEBUG neutron_lib.callbacks.manager [None req-f90af6ac-f684-4033-802f-0d51ae33da6e admin admin] Publish callbacks [] for security_group, before_create {{(pid=102137) _notify_loop /usr/local/lib/python3.8/dist-packages/neutron_lib/callbacks/manager.py:175}}
Nov 03 14:06:46.810063 dv-neutron-807116-19-hyperv neutron-server[102138]: DEBUG neutron.plugins.ml2.db [None req-eca837cb-503b-48be-95c0-21fcc3a34f68 None None] For port 1a064c87-57fb-4bad-abd2-18e03d90915e, host hv-neutron-8071, got binding levels [PortBindingLevel(driver='hyperv',host='hv-neutron-8071',level=0,port_id=1a064c87-57fb-4bad-abd2-18e03d90915e,segment=NetworkSegment(cf12d7f3-9a32-498e-b7e6-dbbe7735df62),segment_id=cf12d7f3-9a32-498e-b7e6-dbbe7735df62)] {{(pid=102138) get_binding_level_objs /opt/stack/neutron/neutron/plugins/ml2/db.py:74}}
Nov 03 14:06:46.827003 dv-neutron-807116-19-hyperv neutron-server[102138]: DEBUG neutron.plugins.ml2.rpc [None req-eca837cb-503b-48be-95c0-21fcc3a34f68 None None] Returning: {'device': '1a064c87-57fb-4bad-abd2-18e03d90915e', 'network_id': '7b41f8bf-168f-4683-9438-9cdc68a79585', 'port_id': '1a064c87-57fb-4bad-abd2-18e03d90915e', 'mac_address': 'fa:16:3e:de:42:97', 'admin_state_up': True, 'network_type': 'vlan', 'segmentation_id': 66, 'physical_network': 'physnet1', 'mtu': 1500, 'fixed_ips': [{'subnet_id': '1e1a6120-9c18-4db7-9311-925c8b8fe156', 'ip_address': '172.20.0.10'}], 'device_owner': 'compute:nova', 'allowed_address_pairs': [], 'port_security_enabled': True, 'qos_policy_id': None, 'network_qos_policy_id': None, 'profile': {}, 'propagate_uplink_status': False} {{(pid=102138) _get_device_details /opt/stack/neutron/neutron/plugins/ml2/rpc.py:184}}
Nov 03 14:06:46.875379 dv-neutron-807116-19-hyperv neutron-server[102137]: DEBUG neutron_lib.callbacks.manager [None req-020c532c-7a6a-4d29-80d7-0ae1bab2031d tempest-ExternalNetworksTestJSON-877487501 tempest-ExternalNetworksTestJSON-877487501-project-admin] Publish callbacks ['neutron.plugins.ml2.plugin.Ml2Plugin._network_delete_after_delete_handler-718598', 'neutron.plugins.ml2.ovo_rpc._ObjectChangeHandler.handle_event-3791465', 'neutron.api.rpc.agentnotifiers.dhcp_rpc_agent_api.DhcpAgentNotifyAPI._native_event_send_dhcp_notification-3864363', 'neutron.services.l3_router.l3_router_plugin.DVRResourceOperationHandler.delete_fip_namespaces_for_ext_net-3890703'] for network, after_delete {{(pid=102137) _notify_loop /usr/local/lib/python3.8/dist-packages/neutron_lib/callbacks/manager.py:175}}
Nov 03 14:06:46.877580 dv-neutron-807116-19-hyperv neutron-server[102138]: DEBUG neutron_lib.callbacks.manager [None req-eca837cb-503b-48be-95c0-21fcc3a34f68 None None] Publish callbacks ['neutron.plugins.ml2.plugin.SecurityGroupDbMixin._ensure_default_security_group_handler-608063'] for port, before_update {{(pid=102138) _notify_loop /usr/local/lib/python3.8/dist-packages/neutron_lib/callbacks/manager.py:175}}
Nov 03 14:06:46.884868 dv-neutron-807116-19-hyperv neutron-server[102137]: DEBUG neutron.api.rpc.agentnotifiers.l3_rpc_agent_api [None req-020c532c-7a6a-4d29-80d7-0ae1bab2031d tempest-ExternalNetworksTestJSON-877487501 tempest-ExternalNetworksTestJSON-877487501-project-admin] Fanout notify agent at l3_agent the message fipnamespace_delete_on_ext_net for external_network 69a97113-ae2d-4ec0-8406-83c8c3973011 {{(pid=102137) _notification_fanout /opt/stack/neutron/neutron/api/rpc/agentnotifiers/l3_rpc_agent_api.py:120}}
Nov 03 14:06:46.895839 dv-neutron-807116-19-hyperv neutron-server[102136]: DEBUG neutron.pecan_wsgi.hooks.quota_enforcement [None req-98b51b68-dc14-45b7-9738-e56a51392283 tempest-BulkNetworkOpsTest-2126645044 tempest-BulkNetworkOpsTest-2126645044-project] Made reservation on behalf of de3fb894f10243959a62f0960fd9d911 for: {'network': 1} {{(pid=102136) before /opt/stack/neutron/neutron/pecan_wsgi/hooks/quota_enforcement.py:53}}
Nov 03 14:06:46.900675 dv-neutron-807116-19-hyperv neutron-server[102136]: DEBUG neutron_lib.callbacks.manager [None req-98b51b68-dc14-45b7-9738-e56a51392283 tempest-BulkNetworkOpsTest-2126645044 tempest-BulkNetworkOpsTest-2126645044-project] Publish callbacks ['neutron.plugins.ml2.plugin.SecurityGroupDbMixin._ensure_default_security_group_handler-608063'] for network, before_create {{(pid=102136) _notify_loop /usr/local/lib/python3.8/dist-packages/neutron_lib/callbacks/manager.py:175}}
Nov 03 14:06:46.912768 dv-neutron-807116-19-hyperv neutron-server[102138]: DEBUG neutron.notifiers.nova [None req-eca837cb-503b-48be-95c0-21fcc3a34f68 None None] Ignoring state change previous_port_status: DOWN current_port_status: BUILD port_id 1a064c87-57fb-4bad-abd2-18e03d90915e {{(pid=102138) record_port_status_changed /opt/stack/neutron/neutron/notifiers/nova.py:224}}
Nov 03 14:06:46.922457 dv-neutron-807116-19-hyperv neutron-server[102137]: DEBUG neutron_lib.callbacks.manager [None req-020c532c-7a6a-4d29-80d7-0ae1bab2031d tempest-ExternalNetworksTestJSON-877487501 tempest-ExternalNetworksTestJSON-877487501-project-admin] Publish callbacks ['neutron.api.rpc.agentnotifiers.dhcp_rpc_agent_api.DhcpAgentNotifyAPI._send_dhcp_notification-3864345'] for network, before_response {{(pid=102137) _notify_loop /usr/local/lib/python3.8/dist-packages/neutron_lib/callbacks/manager.py:175}}
Nov 03 14:06:46.928956 dv-neutron-807116-19-hyperv neutron-server[102137]: INFO neutron.wsgi [None req-020c532c-7a6a-4d29-80d7-0ae1bab2031d tempest-ExternalNetworksTestJSON-877487501 tempest-ExternalNetworksTestJSON-877487501-project-admin] 10.222.0.44 "DELETE /v2.0/networks/69a97113-ae2d-4ec0-8406-83c8c3973011 HTTP/1.1" status: 204 len: 168 time: 3.8900812
Nov 03 14:06:46.943995 dv-neutron-807116-19-hyperv neutron-server[102137]: DEBUG neutron.wsgi [-] (102137) accepted ('10.222.0.44', 53086) {{(pid=102137) server /usr/local/lib/python3.8/dist-packages/eventlet/wsgi.py:982}}
Nov 03 14:06:46.951056 dv-neutron-807116-19-hyperv neutron-server[102138]: DEBUG neutron.plugins.ml2.db [None req-eca837cb-503b-48be-95c0-21fcc3a34f68 None None] For port 1a064c87-57fb-4bad-abd2-18e03d90915e, host hv-neutron-8071, got binding levels [PortBindingLevel(driver='hyperv',host='hv-neutron-8071',level=0,port_id=1a064c87-57fb-4bad-abd2-18e03d90915e,segment=NetworkSegment(cf12d7f3-9a32-498e-b7e6-dbbe7735df62),segment_id=cf12d7f3-9a32-498e-b7e6-dbbe7735df62)] {{(pid=102138) get_binding_level_objs /opt/stack/neutron/neutron/plugins/ml2/db.py:74}}
Nov 03 14:06:46.956612 dv-neutron-807116-19-hyperv neutron-server[102137]: DEBUG neutron.api.rpc.handlers.resources_rpc [None req-020c532c-7a6a-4d29-80d7-0ae1bab2031d tempest-ExternalNetworksTestJSON-877487501 tempest-ExternalNetworksTestJSON-877487501-project-admin] Pushing event deleted for resources: {'Network': ['ID=69a97113-ae2d-4ec0-8406-83c8c3973011,revision_number=None']} {{(pid=102137) push /opt/stack/neutron/neutron/api/rpc/handlers/resources_rpc.py:237}}
Nov 03 14:06:46.963275 dv-neutron-807116-19-hyperv neutron-server[102136]: DEBUG neutron.plugins.ml2.drivers.helpers [None req-98b51b68-dc14-45b7-9738-e56a51392283 tempest-BulkNetworkOpsTest-2126645044 tempest-BulkNetworkOpsTest-2126645044-project] vlan segment allocate from pool success with {'vlan_id': 78, 'physical_network': 'physnet1'} {{(pid=102136) allocate_partially_specified_segment /opt/stack/neutron/neutron/plugins/ml2/drivers/helpers.py:153}}
Nov 03 14:06:46.974225 dv-neutron-807116-19-hyperv neutron-server[102136]: DEBUG neutron_lib.callbacks.manager [None req-98b51b68-dc14-45b7-9738-e56a51392283 tempest-BulkNetworkOpsTest-2126645044 tempest-BulkNetworkOpsTest-2126645044-project] Publish callbacks ['neutron.plugins.ml2.plugin.Ml2Plugin._handle_segment_change-714092'] for segment, precommit_create {{(pid=102136) _notify_loop /usr/local/lib/python3.8/dist-packages/neutron_lib/callbacks/manager.py:175}}
Nov 03 14:06:46.974567 dv-neutron-807116-19-hyperv neutron-server[102136]: INFO neutron.db.segments_db [None req-98b51b68-dc14-45b7-9738-e56a51392283 tempest-BulkNetworkOpsTest-2126645044 tempest-BulkNetworkOpsTest-2126645044-project] Added segment 7470eba9-a3f3-4874-9c38-e667b853b903 of type vlan for network eeb0bbac-be22-4296-9391-941fcfa991f6
Nov 03 14:06:47.018425 dv-neutron-807116-19-hyperv neutron-server[102138]: DEBUG neutron_lib.callbacks.manager [None req-eca837cb-503b-48be-95c0-21fcc3a34f68 None None] Publish callbacks ['neutron.plugins.ml2.plugin.SecurityGroupServerNotifierRpcMixin._notify_sg_on_port_change-608252', 'neutron.plugins.ml2.ovo_rpc._ObjectChangeHandler.handle_event-72796', 'neutron.api.rpc.agentnotifiers.dhcp_rpc_agent_api.DhcpAgentNotifyAPI._native_event_send_dhcp_notification-3864363', 'neutron.db.l3_db.L3RpcNotifierMixin._notify_gateway_port_ip_changed-8727950443147', 'neutron.db.l3_dvrscheduler_db._notify_l3_agent_port_update-8727949887928', 'neutron.db.l3_hascheduler_db._notify_l3_agent_ha_port_update-8727949887946'] for port, after_update {{(pid=102138) _notify_loop /usr/local/lib/python3.8/dist-packages/neutron_lib/callbacks/manager.py:175}}
Nov 03 14:06:47.018532 dv-neutron-807116-19-hyperv neutron-server[102137]: INFO neutron.wsgi [None req-7d83a548-f166-4014-9656-3a187ee29558 tempest-ExternalNetworksTestJSON-877487501 tempest-ExternalNetworksTestJSON-877487501-project-admin] 10.222.0.44 "GET /v2.0/floatingips HTTP/1.1" status: 200 len: 2131 time: 0.0743439
Nov 03 14:06:47.018945 dv-neutron-807116-19-hyperv neutron-server[102138]: DEBUG neutron.plugins.ml2.rpc [None req-eca837cb-503b-48be-95c0-21fcc3a34f68 None None] Device 08405d19-5b0d-4d8f-9fe6-78ab85100592 details requested by agent hyperv_hv-neutron-8071 with host hv-neutron-8071 {{(pid=102138) get_device_details /opt/stack/neutron/neutron/plugins/ml2/rpc.py:102}}
Nov 03 14:06:47.021674 dv-neutron-807116-19-hyperv neutron-server[102137]: DEBUG neutron.wsgi [-] (102137) accepted ('10.222.0.44', 53090) {{(pid=102137) server /usr/local/lib/python3.8/dist-packages/eventlet/wsgi.py:982}}
Nov 03 14:06:47.050487 dv-neutron-807116-19-hyperv neutron-server[102136]: DEBUG neutron_lib.callbacks.manager [None req-98b51b68-dc14-45b7-9738-e56a51392283 tempest-BulkNetworkOpsTest-2126645044 tempest-BulkNetworkOpsTest-2126645044-project] Publish callbacks ['neutron.services.auto_allocate.db._ensure_external_network_default_value_callback-8727949878276'] for network, precommit_create {{(pid=102136) _notify_loop /usr/local/lib/python3.8/dist-packages/neutron_lib/callbacks/manager.py:175}}
Nov 03 14:06:47.120037 dv-neutron-807116-19-hyperv neutron-server[102137]: DEBUG neutron.scheduler.l3_agent_scheduler [None req-4ff7d02a-fd5b-41e7-96d3-dd2cbf2e6452 tempest-FloatingIPAdminTestJSON-1357560248 tempest-FloatingIPAdminTestJSON-1357560248-project] Router bc7a2220-134f-4632-af49-b4da92dbb1f8 has already been hosted by L3 agent c1611461-1d32-4ebf-bcfe-fbef668f0995 {{(pid=102137) _get_candidates /opt/stack/neutron/neutron/scheduler/l3_agent_scheduler.py:126}}
Nov 03 14:06:47.155519 dv-neutron-807116-19-hyperv neutron-server[102138]: DEBUG neutron.api.rpc.handlers.resources_rpc [None req-eca837cb-503b-48be-95c0-21fcc3a34f68 None None] Pushing event updated for resources: {'Port': ['ID=1a064c87-57fb-4bad-abd2-18e03d90915e,revision_number=4']} {{(pid=102138) push /opt/stack/neutron/neutron/api/rpc/handlers/resources_rpc.py:237}}
Nov 03 14:06:47.185359 dv-neutron-807116-19-hyperv neutron-server[102137]: DEBUG neutron_lib.callbacks.manager [None req-f90af6ac-f684-4033-802f-0d51ae33da6e admin admin] Publish callbacks [] for security_group, precommit_create {{(pid=102137) _notify_loop /usr/local/lib/python3.8/dist-packages/neutron_lib/callbacks/manager.py:175}}
Nov 03 14:06:47.192752 dv-neutron-807116-19-hyperv neutron-server[102136]: DEBUG neutron_lib.callbacks.manager [None req-98b51b68-dc14-45b7-9738-e56a51392283 tempest-BulkNetworkOpsTest-2126645044 tempest-BulkNetworkOpsTest-2126645044-project] Publish callbacks ['neutron.plugins.ml2.ovo_rpc._ObjectChangeHandler.handle_event-3791465', 'neutron.api.rpc.agentnotifiers.dhcp_rpc_agent_api.DhcpAgentNotifyAPI._native_event_send_dhcp_notification-3864363'] for network, after_create {{(pid=102136) _notify_loop /usr/local/lib/python3.8/dist-packages/neutron_lib/callbacks/manager.py:175}}
Nov 03 14:06:47.199325 dv-neutron-807116-19-hyperv neutron-server[102136]: DEBUG neutron.pecan_wsgi.hooks.policy_enforcement [None req-98b51b68-dc14-45b7-9738-e56a51392283 tempest-BulkNetworkOpsTest-2126645044 tempest-BulkNetworkOpsTest-2126645044-project] Attributes excluded by policy engine: ['standard_attr_id', 'provider:network_type', 'provider:physical_network', 'provider:segmentation_id', 'vlan_transparent'] {{(pid=102136) _exclude_attributes_by_policy /opt/stack/neutron/neutron/pecan_wsgi/hooks/policy_enforcement.py:255}}
Nov 03 14:06:47.200002 dv-neutron-807116-19-hyperv neutron-server[102136]: DEBUG neutron_lib.callbacks.manager [None req-98b51b68-dc14-45b7-9738-e56a51392283 tempest-BulkNetworkOpsTest-2126645044 tempest-BulkNetworkOpsTest-2126645044-project] Publish callbacks ['neutron.api.rpc.agentnotifiers.dhcp_rpc_agent_api.DhcpAgentNotifyAPI._send_dhcp_notification-3864345'] for network, before_response {{(pid=102136) _notify_loop /usr/local/lib/python3.8/dist-packages/neutron_lib/callbacks/manager.py:175}}
Nov 03 14:06:47.208934 dv-neutron-807116-19-hyperv neutron-server[102137]: DEBUG neutron.pecan_wsgi.hooks.policy_enforcement [None req-d4efc1bc-7924-4fa4-9dbc-ae5a0c3e5039 tempest-ExternalNetworksTestJSON-877487501 tempest-ExternalNetworksTestJSON-877487501-project-admin] Attributes excluded by policy engine: ['standard_attr_id', 'shared', 'segment_id'] {{(pid=102137) _exclude_attributes_by_policy /opt/stack/neutron/neutron/pecan_wsgi/hooks/policy_enforcement.py:255}}
Nov 03 14:06:47.209401 dv-neutron-807116-19-hyperv neutron-server[102137]: DEBUG neutron.pecan_wsgi.hooks.policy_enforcement [None req-d4efc1bc-7924-4fa4-9dbc-ae5a0c3e5039 tempest-ExternalNetworksTestJSON-877487501 tempest-ExternalNetworksTestJSON-877487501-project-admin] Attributes excluded by policy engine: ['standard_attr_id', 'shared', 'segment_id'] {{(pid=102137) _exclude_attributes_by_policy /opt/stack/neutron/neutron/pecan_wsgi/hooks/policy_enforcement.py:255}}
Nov 03 14:06:47.209856 dv-neutron-807116-19-hyperv neutron-server[102137]: DEBUG neutron.pecan_wsgi.hooks.policy_enforcement [None req-d4efc1bc-7924-4fa4-9dbc-ae5a0c3e5039 tempest-ExternalNetworksTestJSON-877487501 tempest-ExternalNetworksTestJSON-877487501-project-admin] Attributes excluded by policy engine: ['standard_attr_id', 'shared', 'segment_id'] {{(pid=102137) _exclude_attributes_by_policy /opt/stack/neutron/neutron/pecan_wsgi/hooks/policy_enforcement.py:255}}
Nov 03 14:06:47.210346 dv-neutron-807116-19-hyperv neutron-server[102137]: DEBUG neutron.pecan_wsgi.hooks.policy_enforcement [None req-d4efc1bc-7924-4fa4-9dbc-ae5a0c3e5039 tempest-ExternalNetworksTestJSON-877487501 tempest-ExternalNetworksTestJSON-877487501-project-admin] Attributes excluded by policy engine: ['standard_attr_id', 'shared', 'segment_id'] {{(pid=102137) _exclude_attributes_by_policy /opt/stack/neutron/neutron/pecan_wsgi/hooks/policy_enforcement.py:255}}
Nov 03 14:06:47.210789 dv-neutron-807116-19-hyperv neutron-server[102137]: DEBUG neutron.pecan_wsgi.hooks.policy_enforcement [None req-d4efc1bc-7924-4fa4-9dbc-ae5a0c3e5039 tempest-ExternalNetworksTestJSON-877487501 tempest-ExternalNetworksTestJSON-877487501-project-admin] Attributes excluded by policy engine: ['standard_attr_id', 'shared', 'segment_id'] {{(pid=102137) _exclude_attributes_by_policy /opt/stack/neutron/neutron/pecan_wsgi/hooks/policy_enforcement.py:255}}
Nov 03 14:06:47.211229 dv-neutron-807116-19-hyperv neutron-server[102137]: DEBUG neutron.pecan_wsgi.hooks.policy_enforcement [None req-d4efc1bc-7924-4fa4-9dbc-ae5a0c3e5039 tempest-ExternalNetworksTestJSON-877487501 tempest-ExternalNetworksTestJSON-877487501-project-admin] Attributes excluded by policy engine: ['standard_attr_id', 'shared', 'segment_id'] {{(pid=102137) _exclude_attributes_by_policy /opt/stack/neutron/neutron/pecan_wsgi/hooks/policy_enforcement.py:255}}
Nov 03 14:06:47.211668 dv-neutron-807116-19-hyperv neutron-server[102137]: DEBUG neutron.pecan_wsgi.hooks.policy_enforcement [None req-d4efc1bc-7924-4fa4-9dbc-ae5a0c3e5039 tempest-ExternalNetworksTestJSON-877487501 tempest-ExternalNetworksTestJSON-877487501-project-admin] Attributes excluded by policy engine: ['standard_attr_id', 'shared', 'segment_id'] {{(pid=102137) _exclude_attributes_by_policy /opt/stack/neutron/neutron/pecan_wsgi/hooks/policy_enforcement.py:255}}
Nov 03 14:06:47.216733 dv-neutron-807116-19-hyperv neutron-server[102137]: INFO neutron.wsgi [None req-d4efc1bc-7924-4fa4-9dbc-ae5a0c3e5039 tempest-ExternalNetworksTestJSON-877487501 tempest-ExternalNetworksTestJSON-877487501-project-admin] 10.222.0.44 "GET /v2.0/subnets HTTP/1.1" status: 200 len: 4607 time: 0.1937680
Nov 03 14:06:47.218063 dv-neutron-807116-19-hyperv neutron-server[102137]: DEBUG neutron.wsgi [-] (102137) accepted ('10.222.0.44', 53100) {{(pid=102137) server /usr/local/lib/python3.8/dist-packages/eventlet/wsgi.py:982}}
Nov 03 14:06:47.249784 dv-neutron-807116-19-hyperv neutron-server[102138]: DEBUG neutron.plugins.ml2.db [None req-eca837cb-503b-48be-95c0-21fcc3a34f68 None None] For port 08405d19-5b0d-4d8f-9fe6-78ab85100592, host hv-neutron-8071, got binding levels [PortBindingLevel(driver='hyperv',host='hv-neutron-8071',level=0,port_id=08405d19-5b0d-4d8f-9fe6-78ab85100592,segment=NetworkSegment(82d173e6-3771-4c68-9de9-47a9763197d4),segment_id=82d173e6-3771-4c68-9de9-47a9763197d4)] {{(pid=102138) get_binding_level_objs /opt/stack/neutron/neutron/plugins/ml2/db.py:74}}
Nov 03 14:06:47.282253 dv-neutron-807116-19-hyperv neutron-server[102138]: DEBUG neutron.plugins.ml2.rpc [None req-eca837cb-503b-48be-95c0-21fcc3a34f68 None None] Returning: {'device': '08405d19-5b0d-4d8f-9fe6-78ab85100592', 'network_id': '3229a759-dd98-41d2-958d-4306843b67c9', 'port_id': '08405d19-5b0d-4d8f-9fe6-78ab85100592', 'mac_address': 'fa:16:3e:2b:88:cd', 'admin_state_up': True, 'network_type': 'vlan', 'segmentation_id': 67, 'physical_network': 'physnet1', 'mtu': 1500, 'fixed_ips': [{'subnet_id': 'd30cc368-6287-4755-828d-a111f3733c49', 'ip_address': '172.20.0.14'}], 'device_owner': 'compute:nova', 'allowed_address_pairs': [], 'port_security_enabled': True, 'qos_policy_id': None, 'network_qos_policy_id': None, 'profile': {}, 'propagate_uplink_status': False} {{(pid=102138) _get_device_details /opt/stack/neutron/neutron/plugins/ml2/rpc.py:184}}
Nov 03 14:06:47.295003 dv-neutron-807116-19-hyperv neutron-server[102136]: DEBUG neutron.api.rpc.handlers.resources_rpc [None req-98b51b68-dc14-45b7-9738-e56a51392283 tempest-BulkNetworkOpsTest-2126645044 tempest-BulkNetworkOpsTest-2126645044-project] Pushing event updated for resources: {'Network': ['ID=eeb0bbac-be22-4296-9391-941fcfa991f6,revision_number=1']} {{(pid=102136) push /opt/stack/neutron/neutron/api/rpc/handlers/resources_rpc.py:237}}
