Nov 01 08:57:44.913614 dv-neutron-807116-14-hyperv neutron-server[102068]: DEBUG neutron.plugins.ml2.plugin [None req-3a59c00c-145d-4c83-b91e-347be1d8d260 tempest-DHCPAgentSchedulersTestJSON-2045033780 tempest-DHCPAgentSchedulersTestJSON-2045033780-project] Deleting port 08569491-1f85-4a46-a52c-1acbc8571947 {{(pid=102068) _pre_delete_port /opt/stack/neutron/neutron/plugins/ml2/plugin.py:1932}}
Nov 01 08:57:44.914028 dv-neutron-807116-14-hyperv neutron-server[102068]: DEBUG neutron_lib.callbacks.manager [None req-3a59c00c-145d-4c83-b91e-347be1d8d260 tempest-DHCPAgentSchedulersTestJSON-2045033780 tempest-DHCPAgentSchedulersTestJSON-2045033780-project] Publish callbacks ['neutron.db.l3_db.L3_NAT_dbonly_mixin._prevent_l3_port_delete_callback-8761009599452'] for port, before_delete {{(pid=102068) _notify_loop /usr/local/lib/python3.8/dist-packages/neutron_lib/callbacks/manager.py:175}}
Nov 01 08:57:44.996416 dv-neutron-807116-14-hyperv neutron-server[102070]: DEBUG neutron.api.rpc.handlers.dhcp_rpc [None req-81acb62a-71eb-489e-9118-8e30f9009a27 None None] DHCP port deletion for 537b6525-1587-46ad-bcd4-d6376bf0f432 request from dv-neutron-807116-14-hyperv {{(pid=102070) release_dhcp_port /opt/stack/neutron/neutron/api/rpc/handlers/dhcp_rpc.py:266}}
Nov 01 08:57:45.000485 dv-neutron-807116-14-hyperv neutron-server[102070]: DEBUG neutron.plugins.ml2.rpc [None req-9e6d7fe2-618d-41d6-8736-16fb1fb817c6 None None] Device 8aab8b7b-1e66-4f96-b344-775d26c171d8 up at agent ovs-agent-dv-neutron-807116-14-hyperv {{(pid=102070) update_device_up /opt/stack/neutron/neutron/plugins/ml2/rpc.py:296}}
Nov 01 08:57:45.051839 dv-neutron-807116-14-hyperv neutron-server[102069]: DEBUG neutron_lib.callbacks.manager [None req-6859802c-8b9f-4d4f-a162-553afc222933 tempest-ServersTestJSON-274646947 tempest-ServersTestJSON-274646947-project] Publish callbacks [] for security_group_rule, before_response {{(pid=102069) _notify_loop /usr/local/lib/python3.8/dist-packages/neutron_lib/callbacks/manager.py:175}}
Nov 01 08:57:45.058118 dv-neutron-807116-14-hyperv neutron-server[102069]: INFO neutron.wsgi [None req-6859802c-8b9f-4d4f-a162-553afc222933 tempest-ServersTestJSON-274646947 tempest-ServersTestJSON-274646947-project] 10.222.0.26 "POST /v2.0/security-group-rules HTTP/1.1" status: 201 len: 764 time: 2.2190177
Nov 01 08:57:45.061650 dv-neutron-807116-14-hyperv neutron-server[102071]: DEBUG neutron.api.rpc.handlers.resources_rpc [None req-48a8d408-ba4c-463e-a3ca-9f986a6e143c None None] Pushing event updated for resources: {'Port': ['ID=266be423-2c5f-4789-bbdd-3c52d6be38b6,revision_number=4']} {{(pid=102071) push /opt/stack/neutron/neutron/api/rpc/handlers/resources_rpc.py:237}}
Nov 01 08:57:45.062837 dv-neutron-807116-14-hyperv neutron-server[102068]: DEBUG neutron.wsgi [-] (102068) accepted ('10.222.0.26', 45230) {{(pid=102068) server /usr/local/lib/python3.8/dist-packages/eventlet/wsgi.py:982}}
Nov 01 08:57:45.068428 dv-neutron-807116-14-hyperv neutron-server[102070]: DEBUG neutron_lib.callbacks.manager [None req-2284b09c-5120-48dd-9f31-2e16628b2775 None None] Publish callbacks ['neutron.plugins.ml2.plugin.SecurityGroupDbMixin._ensure_default_security_group_handler-3624891'] for port, before_update {{(pid=102070) _notify_loop /usr/local/lib/python3.8/dist-packages/neutron_lib/callbacks/manager.py:175}}
Nov 01 08:57:45.094095 dv-neutron-807116-14-hyperv neutron-server[102068]: DEBUG neutron.api.v2.base [None req-b011005f-0add-4323-be41-4e387f6290cd tempest-ServersTestJSON-274646947 tempest-ServersTestJSON-274646947-project] Request body: {'security_group_rule': {'security_group_id': 'c2033745-1659-497e-8730-d59a920e465b', 'protocol': 'icmp', 'ethertype': 'IPv4', 'direction': 'ingress'}} {{(pid=102068) prepare_request_body /opt/stack/neutron/neutron/api/v2/base.py:729}}
Nov 01 08:57:45.147774 dv-neutron-807116-14-hyperv neutron-server[102070]: DEBUG neutron.db.provisioning_blocks [None req-9e6d7fe2-618d-41d6-8736-16fb1fb817c6 None None] Provisioning complete for port 8aab8b7b-1e66-4f96-b344-775d26c171d8 triggered by entity L2. {{(pid=102070) provisioning_complete /opt/stack/neutron/neutron/db/provisioning_blocks.py:139}}
Nov 01 08:57:45.148497 dv-neutron-807116-14-hyperv neutron-server[102070]: DEBUG neutron_lib.callbacks.manager [None req-9e6d7fe2-618d-41d6-8736-16fb1fb817c6 None None] Publish callbacks ['neutron.plugins.ml2.plugin.Ml2Plugin._port_provisioned-3638099'] for port, provisioning_complete {{(pid=102070) _notify_loop /usr/local/lib/python3.8/dist-packages/neutron_lib/callbacks/manager.py:175}}
Nov 01 08:57:45.149200 dv-neutron-807116-14-hyperv neutron-server[102068]: DEBUG neutron.plugins.ml2.db [None req-3a59c00c-145d-4c83-b91e-347be1d8d260 tempest-DHCPAgentSchedulersTestJSON-2045033780 tempest-DHCPAgentSchedulersTestJSON-2045033780-project] For port 08569491-1f85-4a46-a52c-1acbc8571947, host dv-neutron-807116-14-hyperv, got binding levels [PortBindingLevel(driver='openvswitch',host='dv-neutron-807116-14-hyperv',level=0,port_id=08569491-1f85-4a46-a52c-1acbc8571947,segment=NetworkSegment(b9413b55-ac20-413f-af6f-f3cd97381b0f),segment_id=b9413b55-ac20-413f-af6f-f3cd97381b0f)] {{(pid=102068) get_binding_level_objs /opt/stack/neutron/neutron/plugins/ml2/db.py:74}}
Nov 01 08:57:45.149565 dv-neutron-807116-14-hyperv neutron-server[102068]: DEBUG neutron_lib.callbacks.manager [None req-3a59c00c-145d-4c83-b91e-347be1d8d260 tempest-DHCPAgentSchedulersTestJSON-2045033780 tempest-DHCPAgentSchedulersTestJSON-2045033780-project] Publish callbacks ['neutron.services.l3_router.l3_router_plugin.L3_NAT_dbonly_mixin._precommit_delete_port_callback-664927'] for port, precommit_delete {{(pid=102068) _notify_loop /usr/local/lib/python3.8/dist-packages/neutron_lib/callbacks/manager.py:175}}
Nov 01 08:57:45.199298 dv-neutron-807116-14-hyperv neutron-server[102070]: DEBUG neutron.plugins.ml2.db [None req-2284b09c-5120-48dd-9f31-2e16628b2775 None None] For port 266be423-2c5f-4789-bbdd-3c52d6be38b6, host dv-neutron-807116-14-hyperv, got binding levels [PortBindingLevel(driver='openvswitch',host='dv-neutron-807116-14-hyperv',level=0,port_id=266be423-2c5f-4789-bbdd-3c52d6be38b6,segment=NetworkSegment(9272e75c-23ac-468d-bc05-9d9151ffcb31),segment_id=9272e75c-23ac-468d-bc05-9d9151ffcb31)] {{(pid=102070) get_binding_level_objs /opt/stack/neutron/neutron/plugins/ml2/db.py:74}}
Nov 01 08:57:45.201942 dv-neutron-807116-14-hyperv neutron-server[102068]: DEBUG neutron.plugins.ml2.plugin [None req-3a59c00c-145d-4c83-b91e-347be1d8d260 tempest-DHCPAgentSchedulersTestJSON-2045033780 tempest-DHCPAgentSchedulersTestJSON-2045033780-project] Calling delete_port for 08569491-1f85-4a46-a52c-1acbc8571947 owned by network:dhcp {{(pid=102068) delete_port /opt/stack/neutron/neutron/plugins/ml2/plugin.py:2010}}
Nov 01 08:57:45.224525 dv-neutron-807116-14-hyperv neutron-server[102070]: DEBUG neutron_lib.callbacks.manager [None req-2284b09c-5120-48dd-9f31-2e16628b2775 None None] Publish callbacks ['neutron.plugins.ml2.plugin.SecurityGroupServerNotifierRpcMixin._notify_sg_on_port_change-3621750', 'neutron.plugins.ml2.ovo_rpc._ObjectChangeHandler.handle_event-184638', 'neutron.api.rpc.agentnotifiers.dhcp_rpc_agent_api.DhcpAgentNotifyAPI._native_event_send_dhcp_notification-3659753', 'neutron.db.l3_db.L3RpcNotifierMixin._notify_gateway_port_ip_changed-8761009606696', 'neutron.db.l3_dvrscheduler_db._notify_l3_agent_port_update-8761009200415', 'neutron.db.l3_hascheduler_db._notify_l3_agent_ha_port_update-8761009200433'] for port, after_update {{(pid=102070) _notify_loop /usr/local/lib/python3.8/dist-packages/neutron_lib/callbacks/manager.py:175}}
Nov 01 08:57:45.224882 dv-neutron-807116-14-hyperv neutron-server[102071]: DEBUG neutron.db.l3_dvr_db [None req-67bad8dd-a4d0-4b53-8bde-3bfeb0239d2a None None] Set router 6d8ad974-7906-48ae-b060-aa1e034723a4 gateway port host: dv-neutron-807116-14-hyperv {{(pid=102071) _build_routers_list /opt/stack/neutron/neutron/db/l3_dvr_db.py:906}}
Nov 01 08:57:45.257569 dv-neutron-807116-14-hyperv neutron-server[102069]: DEBUG neutron_lib.callbacks.manager [None req-52dbdb1b-b032-46c0-8803-0ba2af2b26ae tempest-ServersTestManualDisk-1031940816 tempest-ServersTestManualDisk-1031940816-project] Publish callbacks [] for security_group_rule, precommit_create {{(pid=102069) _notify_loop /usr/local/lib/python3.8/dist-packages/neutron_lib/callbacks/manager.py:175}}
Nov 01 08:57:45.270403 dv-neutron-807116-14-hyperv neutron-server[102070]: DEBUG neutron.plugins.ml2.plugin [None req-81acb62a-71eb-489e-9118-8e30f9009a27 None None] Deleting port 08569491-1f85-4a46-a52c-1acbc8571947 {{(pid=102070) _pre_delete_port /opt/stack/neutron/neutron/plugins/ml2/plugin.py:1932}}
Nov 01 08:57:45.270879 dv-neutron-807116-14-hyperv neutron-server[102070]: DEBUG neutron_lib.callbacks.manager [None req-81acb62a-71eb-489e-9118-8e30f9009a27 None None] Publish callbacks ['neutron.db.l3_db.L3_NAT_dbonly_mixin._prevent_l3_port_delete_callback-8761009599452'] for port, before_delete {{(pid=102070) _notify_loop /usr/local/lib/python3.8/dist-packages/neutron_lib/callbacks/manager.py:175}}
Nov 01 08:57:45.295343 dv-neutron-807116-14-hyperv neutron-server[102069]: DEBUG neutron_lib.callbacks.manager [None req-52dbdb1b-b032-46c0-8803-0ba2af2b26ae tempest-ServersTestManualDisk-1031940816 tempest-ServersTestManualDisk-1031940816-project] Publish callbacks ['neutron.plugins.ml2.ovo_rpc._ObjectChangeHandler.handle_event-537156'] for security_group_rule, after_create {{(pid=102069) _notify_loop /usr/local/lib/python3.8/dist-packages/neutron_lib/callbacks/manager.py:175}}
Nov 01 08:57:45.303682 dv-neutron-807116-14-hyperv neutron-server[102069]: DEBUG neutron_lib.callbacks.manager [None req-17d59492-3324-489a-bb71-e5d074cef728 tempest-RoutersIpV6AdminTest-669507326 tempest-RoutersIpV6AdminTest-669507326-project-admin] Publish callbacks ['neutron.plugins.ml2.plugin.SecurityGroupServerNotifierRpcMixin._notify_sg_on_port_change-3621750', 'neutron.plugins.ml2.ovo_rpc._ObjectChangeHandler.handle_event-184638', 'neutron.api.rpc.agentnotifiers.dhcp_rpc_agent_api.DhcpAgentNotifyAPI._native_event_send_dhcp_notification-3659753', 'neutron.db.l3_db.L3RpcNotifierMixin._notify_routers_callback-8761009606678', 'neutron.db.l3_dvrscheduler_db._notify_port_delete-8761009200406', 'neutron.services.segments.plugin.NovaSegmentNotifier._notify_port_created_or_deleted-12109462'] for port, after_delete {{(pid=102069) _notify_loop /usr/local/lib/python3.8/dist-packages/neutron_lib/callbacks/manager.py:175}}
Nov 01 08:57:45.310032 dv-neutron-807116-14-hyperv neutron-server[102068]: DEBUG neutron_lib.callbacks.manager [None req-b011005f-0add-4323-be41-4e387f6290cd tempest-ServersTestJSON-274646947 tempest-ServersTestJSON-274646947-project] Publish callbacks [] for security_group_rule, before_create {{(pid=102068) _notify_loop /usr/local/lib/python3.8/dist-packages/neutron_lib/callbacks/manager.py:175}}
Nov 01 08:57:45.383642 dv-neutron-807116-14-hyperv neutron-server[102069]: DEBUG neutron_lib.callbacks.manager [None req-4574fdb5-9aa6-4eb5-954e-aaca32cdb4d6 tempest-ExternalNetworksTestJSON-461954777 tempest-ExternalNetworksTestJSON-461954777-project-admin] Publish callbacks ['neutron.plugins.ml2.plugin.SecurityGroupServerNotifierRpcMixin._notify_sg_on_port_change-3621750', 'neutron.plugins.ml2.ovo_rpc._ObjectChangeHandler.handle_event-184638', 'neutron.api.rpc.agentnotifiers.dhcp_rpc_agent_api.DhcpAgentNotifyAPI._native_event_send_dhcp_notification-3659753', 'neutron.db.l3_db.L3RpcNotifierMixin._notify_routers_callback-8761009606678', 'neutron.db.l3_dvrscheduler_db._notify_port_delete-8761009200406', 'neutron.services.segments.plugin.NovaSegmentNotifier._notify_port_created_or_deleted-12109462'] for port, after_delete {{(pid=102069) _notify_loop /usr/local/lib/python3.8/dist-packages/neutron_lib/callbacks/manager.py:175}}
Nov 01 08:57:45.389362 dv-neutron-807116-14-hyperv neutron-server[102069]: DEBUG neutron.api.rpc.handlers.resources_rpc [None req-52dbdb1b-b032-46c0-8803-0ba2af2b26ae tempest-ServersTestManualDisk-1031940816 tempest-ServersTestManualDisk-1031940816-project] Pushing event updated for resources: {'SecurityGroupRule': ['ID=8eb9fbba-e5d0-4dfc-ac0a-f2bacc1d798c,revision_number=0']} {{(pid=102069) push /opt/stack/neutron/neutron/api/rpc/handlers/resources_rpc.py:237}}
Nov 01 08:57:45.401208 dv-neutron-807116-14-hyperv neutron-server[102069]: DEBUG neutron.api.rpc.handlers.resources_rpc [None req-17d59492-3324-489a-bb71-e5d074cef728 tempest-RoutersIpV6AdminTest-669507326 tempest-RoutersIpV6AdminTest-669507326-project-admin] Pushing event deleted for resources: {'Port': ['ID=a72f9e72-5e47-4611-a547-67e9d20b33b9,revision_number=None']} {{(pid=102069) push /opt/stack/neutron/neutron/api/rpc/handlers/resources_rpc.py:237}}
Nov 01 08:57:45.445707 dv-neutron-807116-14-hyperv neutron-server[102069]: DEBUG neutron_lib.callbacks.manager [None req-52dbdb1b-b032-46c0-8803-0ba2af2b26ae tempest-ServersTestManualDisk-1031940816 tempest-ServersTestManualDisk-1031940816-project] Publish callbacks [] for security_group_rule, before_response {{(pid=102069) _notify_loop /usr/local/lib/python3.8/dist-packages/neutron_lib/callbacks/manager.py:175}}
Nov 01 08:57:45.446993 dv-neutron-807116-14-hyperv neutron-server[102069]: INFO neutron.wsgi [None req-52dbdb1b-b032-46c0-8803-0ba2af2b26ae tempest-ServersTestManualDisk-1031940816 tempest-ServersTestManualDisk-1031940816-project] 10.222.0.26 "POST /v2.0/security-group-rules HTTP/1.1" status: 201 len: 764 time: 2.0996919
Nov 01 08:57:45.456946 dv-neutron-807116-14-hyperv neutron-server[102068]: DEBUG neutron.wsgi [-] (102068) accepted ('10.222.0.26', 45232) {{(pid=102068) server /usr/local/lib/python3.8/dist-packages/eventlet/wsgi.py:982}}
Nov 01 08:57:45.463491 dv-neutron-807116-14-hyperv neutron-server[102068]: DEBUG neutron.api.v2.base [None req-2cb6ec87-11c8-4092-90d3-9aa4020c8811 tempest-ServersTestManualDisk-1031940816 tempest-ServersTestManualDisk-1031940816-project] Request body: {'security_group_rule': {'security_group_id': '1d02edb9-6819-4ca5-8ffc-895099ee48bc', 'protocol': 'icmp', 'ethertype': 'IPv4', 'direction': 'ingress'}} {{(pid=102068) prepare_request_body /opt/stack/neutron/neutron/api/v2/base.py:729}}
Nov 01 08:57:45.464471 dv-neutron-807116-14-hyperv neutron-server[102070]: DEBUG neutron_lib.db.api [None req-d9516823-fd74-4964-bc40-f793c44e87e9 None None] Retry wrapper got retriable exception: UPDATE statement on table 'ml2_port_bindings' expected to update 1 row(s); 0 were matched. {{(pid=102070) wrapped /usr/local/lib/python3.8/dist-packages/neutron_lib/db/api.py:183}}
Nov 01 08:57:45.464884 dv-neutron-807116-14-hyperv neutron-server[102070]: DEBUG oslo_db.api [None req-d9516823-fd74-4964-bc40-f793c44e87e9 None None] Performing DB retry for function neutron.plugins.ml2.plugin.Ml2Plugin._bind_port_if_needed {{(pid=102070) wrapper /usr/local/lib/python3.8/dist-packages/oslo_db/api.py:155}}
Nov 01 08:57:45.472218 dv-neutron-807116-14-hyperv neutron-server[102069]: DEBUG neutron_lib.callbacks.manager [None req-17d59492-3324-489a-bb71-e5d074cef728 tempest-RoutersIpV6AdminTest-669507326 tempest-RoutersIpV6AdminTest-669507326-project-admin] Publish callbacks ['neutron.services.l3_router.l3_router_plugin.DVRResourceOperationHandler._delete_dvr_internal_ports-667928'] for router_gateway, after_delete {{(pid=102069) _notify_loop /usr/local/lib/python3.8/dist-packages/neutron_lib/callbacks/manager.py:175}}
Nov 01 08:57:45.492204 dv-neutron-807116-14-hyperv neutron-server[102069]: DEBUG neutron.api.rpc.handlers.resources_rpc [None req-4574fdb5-9aa6-4eb5-954e-aaca32cdb4d6 tempest-ExternalNetworksTestJSON-461954777 tempest-ExternalNetworksTestJSON-461954777-project-admin] Pushing event deleted for resources: {'Port': ['ID=9b888436-9ba1-4ad0-8588-d80cca8ad9cb,revision_number=None']} {{(pid=102069) push /opt/stack/neutron/neutron/api/rpc/handlers/resources_rpc.py:237}}
Nov 01 08:57:45.554510 dv-neutron-807116-14-hyperv neutron-server[102071]: DEBUG neutron.db.l3_hamode_db [None req-67bad8dd-a4d0-4b53-8bde-3bfeb0239d2a None None] neutron.services.l3_router.l3_router_plugin.L3RouterPlugin method _process_sync_ha_data called with arguments (, [{'id': '6d8ad974-7906-48ae-b060-aa1e034723a4', 'name': 'tempest-ServersTestManualDisk-92377100-router', 'tenant_id': 'db5aba9181f541d29e3979a882ebcfb1', 'admin_state_up': True, 'status': 'ACTIVE', 'external_gateway_info': {'network_id': 'c4235a51-0830-4372-ab8b-a871aba828ce', 'external_fixed_ips': [{'subnet_id': '60fb0565-9f00-41cd-9cd3-9d8d1f739d12', 'ip_address': '172.26.1.87'}], 'enable_snat': True}, 'gw_port_id': '8a19cf6e-ec12-4ab9-8d17-b0b9c64d5c73', 'description': '', 'availability_zones': ['nova'], 'distributed': False, 'ha': False, 'ha_vr_id': 0, 'availability_zone_hints': [], 'routes': [], 'flavor_id': None, 'tags': [], 'created_at': '2021-11-01T08:57:24Z', 'updated_at': '2021-11-01T08:57:38Z', 'revision_number': 4, 'project_id': 'db5aba9181f541d29e3979a882ebcfb1', 'gw_port': {'id': '8a19cf6e-ec12-4ab9-8d17-b0b9c64d5c73', 'name': '', 'network_id': 'c4235a51-0830-4372-ab8b-a871aba828ce', 'tenant_id': '', 'mac_address': 'fa:16:3e:b0:b7:e5', 'admin_state_up': True, 'status': 'ACTIVE', 'device_id': '6d8ad974-7906-48ae-b060-aa1e034723a4', 'device_owner': 'network:router_gateway', 'standard_attr_id': 102, 'fixed_ips': [{'subnet_id': '60fb0565-9f00-41cd-9cd3-9d8d1f739d12', 'ip_address': '172.26.1.87', 'prefixlen': 24}], 'allowed_address_pairs': [], 'extra_dhcp_opts': [], 'security_groups': [], 'description': '', 'binding:vnic_type': 'normal', 'binding:profile': {}, 'binding:host_id': 'dv-neutron-807116-14-hyperv', 'binding:vif_type': 'ovs', 'binding:vif_details': {'connectivity': 'l2', 'port_filter': True, 'ovs_hybrid_plug': False, 'datapath_type': 'system', 'bridge_name': 'br-int'}, 'port_security_enabled': False, 'tags': [], 'created_at': '2021-11-01T08:57:27Z', 'updated_at': '2021-11-01T08:57:37Z', 'revision_number': 4, 'project_id': '', 'subnets': [{'id': '60fb0565-9f00-41cd-9cd3-9d8d1f739d12', 'cidr': '172.26.1.0/24', 'gateway_ip': '172.26.1.1', 'dns_nameservers': [], 'ipv6_ra_mode': None, 'subnetpool_id': None}], 'extra_subnets': [], 'address_scopes': {4: None, 6: None}, 'mtu': 1500}, 'enable_snat': True, 'gw_port_host': 'dv-neutron-807116-14-hyperv', '_interfaces': [{'id': '266be423-2c5f-4789-bbdd-3c52d6be38b6', 'name': '', 'network_id': 'a15ea0aa-be1c-4b2a-82e6-2a121b8e2241', 'tenant_id': 'db5aba9181f541d29e3979a882ebcfb1', 'mac_address': 'fa:16:3e:cc:75:a0', 'admin_state_up': True, 'status': 'DOWN', 'device_id': '6d8ad974-7906-48ae-b060-aa1e034723a4', 'device_owner': 'network:router_interface', 'standard_attr_id': 122, 'fixed_ips': [{'subnet_id': 'e311b53d-49b2-4007-9ed8-45deb18923ba', 'ip_address': '172.20.0.1', 'prefixlen': 28}], 'allowed_address_pairs': [], 'extra_dhcp_opts': [], 'security_groups': [], 'description': '', 'binding:vnic_type': 'normal', 'binding:profile': {}, 'binding:host_id': 'dv-neutron-807116-14-hyperv', 'binding:vif_type': 'ovs', 'binding:vif_details': {'connectivity': 'l2', 'port_filter': True, 'ovs_hybrid_plug': False, 'datapath_type': 'system', 'bridge_name': 'br-int'}, 'port_security_enabled': False, 'tags': [], 'created_at': '2021-11-01T08:57:35Z', 'updated_at': '2021-11-01T08:57:44Z', 'revision_number': 4, 'project_id': 'db5aba9181f541d29e3979a882ebcfb1', 'subnets': [{'id': 'e311b53d-49b2-4007-9ed8-45deb18923ba', 'cidr': '172.20.0.0/28', 'gateway_ip': '172.20.0.1', 'dns_nameservers': [], 'ipv6_ra_mode': None, 'subnetpool_id': None}], 'extra_subnets': [], 'address_scopes': {4: None, 6: None}, 'mtu': 1500}]}], 'dv-neutron-807116-14-hyperv', False) {} {{(pid=102071) wrapper /usr/local/lib/python3.8/dist-packages/oslo_log/helpers.py:65}}
Nov 01 08:57:45.560917 dv-neutron-807116-14-hyperv neutron-server[102070]: DEBUG neutron.api.rpc.handlers.resources_rpc [None req-2284b09c-5120-48dd-9f31-2e16628b2775 None None] Pushing event updated for resources: {'Port': ['ID=266be423-2c5f-4789-bbdd-3c52d6be38b6,revision_number=5']} {{(pid=102070) push /opt/stack/neutron/neutron/api/rpc/handlers/resources_rpc.py:237}}
Nov 01 08:57:45.575808 dv-neutron-807116-14-hyperv neutron-server[102070]: DEBUG neutron.plugins.ml2.db [None req-81acb62a-71eb-489e-9118-8e30f9009a27 None None] For port 08569491-1f85-4a46-a52c-1acbc8571947, host dv-neutron-807116-14-hyperv, got binding levels [PortBindingLevel(driver='openvswitch',host='dv-neutron-807116-14-hyperv',level=0,port_id=08569491-1f85-4a46-a52c-1acbc8571947,segment=NetworkSegment(b9413b55-ac20-413f-af6f-f3cd97381b0f),segment_id=b9413b55-ac20-413f-af6f-f3cd97381b0f)] {{(pid=102070) get_binding_level_objs /opt/stack/neutron/neutron/plugins/ml2/db.py:74}}
Nov 01 08:57:45.576707 dv-neutron-807116-14-hyperv neutron-server[102070]: DEBUG neutron_lib.callbacks.manager [None req-81acb62a-71eb-489e-9118-8e30f9009a27 None None] Publish callbacks ['neutron.services.l3_router.l3_router_plugin.L3_NAT_dbonly_mixin._precommit_delete_port_callback-664927'] for port, precommit_delete {{(pid=102070) _notify_loop /usr/local/lib/python3.8/dist-packages/neutron_lib/callbacks/manager.py:175}}
Nov 01 08:57:45.585103 dv-neutron-807116-14-hyperv neutron-server[102070]: DEBUG neutron.db.provisioning_blocks [None req-17bc812c-0e8f-4b13-ab8d-be05a929a35d None None] Provisioning complete for port 266be423-2c5f-4789-bbdd-3c52d6be38b6 triggered by entity DHCP. {{(pid=102070) provisioning_complete /opt/stack/neutron/neutron/db/provisioning_blocks.py:139}}
Nov 01 08:57:45.585858 dv-neutron-807116-14-hyperv neutron-server[102070]: DEBUG neutron_lib.callbacks.manager [None req-17bc812c-0e8f-4b13-ab8d-be05a929a35d None None] Publish callbacks ['neutron.plugins.ml2.plugin.Ml2Plugin._port_provisioned-3638099'] for port, provisioning_complete {{(pid=102070) _notify_loop /usr/local/lib/python3.8/dist-packages/neutron_lib/callbacks/manager.py:175}}
Nov 01 08:57:45.595037 dv-neutron-807116-14-hyperv neutron-server[102071]: DEBUG neutron.api.rpc.handlers.l3_rpc [None req-67bad8dd-a4d0-4b53-8bde-3bfeb0239d2a None None] The sync data for ids ['6d8ad974-7906-48ae-b060-aa1e034723a4'] in dv-neutron-807116-14-hyperv is: [{'id': '6d8ad974-7906-48ae-b060-aa1e034723a4', 'name': 'tempest-ServersTestManualDisk-92377100-router', 'tenant_id': 'db5aba9181f541d29e3979a882ebcfb1', 'admin_state_up': True, 'status': 'ACTIVE', 'external_gateway_info': {'network_id': 'c4235a51-0830-4372-ab8b-a871aba828ce', 'external_fixed_ips': [{'subnet_id': '60fb0565-9f00-41cd-9cd3-9d8d1f739d12', 'ip_address': '172.26.1.87'}], 'enable_snat': True}, 'gw_port_id': '8a19cf6e-ec12-4ab9-8d17-b0b9c64d5c73', 'description': '', 'availability_zones': ['nova'], 'distributed': False, 'ha': False, 'ha_vr_id': 0, 'availability_zone_hints': [], 'routes': [], 'flavor_id': None, 'tags': [], 'created_at': '2021-11-01T08:57:24Z', 'updated_at': '2021-11-01T08:57:38Z', 'revision_number': 4, 'project_id': 'db5aba9181f541d29e3979a882ebcfb1', 'gw_port': {'id': '8a19cf6e-ec12-4ab9-8d17-b0b9c64d5c73', 'name': '', 'network_id': 'c4235a51-0830-4372-ab8b-a871aba828ce', 'tenant_id': '', 'mac_address': 'fa:16:3e:b0:b7:e5', 'admin_state_up': True, 'status': 'ACTIVE', 'device_id': '6d8ad974-7906-48ae-b060-aa1e034723a4', 'device_owner': 'network:router_gateway', 'standard_attr_id': 102, 'fixed_ips': [{'subnet_id': '60fb0565-9f00-41cd-9cd3-9d8d1f739d12', 'ip_address': '172.26.1.87', 'prefixlen': 24}], 'allowed_address_pairs': [], 'extra_dhcp_opts': [], 'security_groups': [], 'description': '', 'binding:vnic_type': 'normal', 'binding:profile': {}, 'binding:host_id': 'dv-neutron-807116-14-hyperv', 'binding:vif_type': 'ovs', 'binding:vif_details': {'connectivity': 'l2', 'port_filter': True, 'ovs_hybrid_plug': False, 'datapath_type': 'system', 'bridge_name': 'br-int'}, 'port_security_enabled': False, 'tags': [], 'created_at': '2021-11-01T08:57:27Z', 'updated_at': '2021-11-01T08:57:37Z', 'revision_number': 4, 'project_id': '', 'subnets': [{'id': '60fb0565-9f00-41cd-9cd3-9d8d1f739d12', 'cidr': '172.26.1.0/24', 'gateway_ip': '172.26.1.1', 'dns_nameservers': [], 'ipv6_ra_mode': None, 'subnetpool_id': None}], 'extra_subnets': [], 'address_scopes': {4: None, 6: None}, 'mtu': 1500}, 'enable_snat': True, 'gw_port_host': 'dv-neutron-807116-14-hyperv', '_interfaces': [{'id': '266be423-2c5f-4789-bbdd-3c52d6be38b6', 'name': '', 'network_id': 'a15ea0aa-be1c-4b2a-82e6-2a121b8e2241', 'tenant_id': 'db5aba9181f541d29e3979a882ebcfb1', 'mac_address': 'fa:16:3e:cc:75:a0', 'admin_state_up': True, 'status': 'DOWN', 'device_id': '6d8ad974-7906-48ae-b060-aa1e034723a4', 'device_owner': 'network:router_interface', 'standard_attr_id': 122, 'fixed_ips': [{'subnet_id': 'e311b53d-49b2-4007-9ed8-45deb18923ba', 'ip_address': '172.20.0.1', 'prefixlen': 28}], 'allowed_address_pairs': [], 'extra_dhcp_opts': [], 'security_groups': [], 'description': '', 'binding:vnic_type': 'normal', 'binding:profile': {}, 'binding:host_id': 'dv-neutron-807116-14-hyperv', 'binding:vif_type': 'ovs', 'binding:vif_details': {'connectivity': 'l2', 'port_filter': True, 'ovs_hybrid_plug': False, 'datapath_type': 'system', 'bridge_name': 'br-int'}, 'port_security_enabled': False, 'tags': [], 'created_at': '2021-11-01T08:57:35Z', 'updated_at': '2021-11-01T08:57:44Z', 'revision_number': 4, 'project_id': 'db5aba9181f541d29e3979a882ebcfb1', 'subnets': [{'id': 'e311b53d-49b2-4007-9ed8-45deb18923ba', 'cidr': '172.20.0.0/28', 'gateway_ip': '172.20.0.1', 'dns_nameservers': [], 'ipv6_ra_mode': None, 'subnetpool_id': None}], 'extra_subnets': [], 'address_scopes': {4: None, 6: None}, 'mtu': 1500}]}] {{(pid=102071) sync_routers /opt/stack/neutron/neutron/api/rpc/handlers/l3_rpc.py:137}}
Nov 01 08:57:45.619656 dv-neutron-807116-14-hyperv neutron-server[102070]: DEBUG neutron.plugins.ml2.rpc [None req-9e6d7fe2-618d-41d6-8736-16fb1fb817c6 None None] Device 714b2cad-ac34-4dd5-a8af-f1b21de48a84 up at agent ovs-agent-dv-neutron-807116-14-hyperv {{(pid=102070) update_device_up /opt/stack/neutron/neutron/plugins/ml2/rpc.py:296}}
Nov 01 08:57:45.627365 dv-neutron-807116-14-hyperv neutron-server[102070]: DEBUG neutron.plugins.ml2.plugin [None req-81acb62a-71eb-489e-9118-8e30f9009a27 None None] Calling delete_port for 08569491-1f85-4a46-a52c-1acbc8571947 owned by network:dhcp {{(pid=102070) delete_port /opt/stack/neutron/neutron/plugins/ml2/plugin.py:2010}}
Nov 01 08:57:45.631120 dv-neutron-807116-14-hyperv neutron-server[102068]: DEBUG neutron_lib.callbacks.manager [None req-b011005f-0add-4323-be41-4e387f6290cd tempest-ServersTestJSON-274646947 tempest-ServersTestJSON-274646947-project] Publish callbacks [] for security_group_rule, precommit_create {{(pid=102068) _notify_loop /usr/local/lib/python3.8/dist-packages/neutron_lib/callbacks/manager.py:175}}
Nov 01 08:57:45.632579 dv-neutron-807116-14-hyperv neutron-server[102068]: DEBUG neutron_lib.callbacks.manager [None req-3a59c00c-145d-4c83-b91e-347be1d8d260 tempest-DHCPAgentSchedulersTestJSON-2045033780 tempest-DHCPAgentSchedulersTestJSON-2045033780-project] Publish callbacks ['neutron.plugins.ml2.plugin.SecurityGroupServerNotifierRpcMixin._notify_sg_on_port_change-3621750', 'neutron.plugins.ml2.ovo_rpc._ObjectChangeHandler.handle_event-184638', 'neutron.api.rpc.agentnotifiers.dhcp_rpc_agent_api.DhcpAgentNotifyAPI._native_event_send_dhcp_notification-3659753', 'neutron.db.l3_db.L3RpcNotifierMixin._notify_routers_callback-8761009606678', 'neutron.db.l3_dvrscheduler_db._notify_port_delete-8761009200406', 'neutron.services.segments.plugin.NovaSegmentNotifier._notify_port_created_or_deleted-11860321'] for port, after_delete {{(pid=102068) _notify_loop /usr/local/lib/python3.8/dist-packages/neutron_lib/callbacks/manager.py:175}}
Nov 01 08:57:45.641544 dv-neutron-807116-14-hyperv neutron-server[102068]: DEBUG neutron_lib.callbacks.manager [None req-2cb6ec87-11c8-4092-90d3-9aa4020c8811 tempest-ServersTestManualDisk-1031940816 tempest-ServersTestManualDisk-1031940816-project] Publish callbacks [] for security_group_rule, before_create {{(pid=102068) _notify_loop /usr/local/lib/python3.8/dist-packages/neutron_lib/callbacks/manager.py:175}}
Nov 01 08:57:45.659082 dv-neutron-807116-14-hyperv neutron-server[102068]: DEBUG neutron_lib.callbacks.manager [None req-b011005f-0add-4323-be41-4e387f6290cd tempest-ServersTestJSON-274646947 tempest-ServersTestJSON-274646947-project] Publish callbacks ['neutron.plugins.ml2.ovo_rpc._ObjectChangeHandler.handle_event-537156'] for security_group_rule, after_create {{(pid=102068) _notify_loop /usr/local/lib/python3.8/dist-packages/neutron_lib/callbacks/manager.py:175}}
Nov 01 08:57:45.710494 dv-neutron-807116-14-hyperv neutron-server[102068]: DEBUG neutron.api.rpc.handlers.resources_rpc [None req-3a59c00c-145d-4c83-b91e-347be1d8d260 tempest-DHCPAgentSchedulersTestJSON-2045033780 tempest-DHCPAgentSchedulersTestJSON-2045033780-project] Pushing event deleted for resources: {'Port': ['ID=08569491-1f85-4a46-a52c-1acbc8571947,revision_number=None']} {{(pid=102068) push /opt/stack/neutron/neutron/api/rpc/handlers/resources_rpc.py:237}}
Nov 01 08:57:45.714753 dv-neutron-807116-14-hyperv neutron-server[102068]: DEBUG neutron_lib.callbacks.manager [None req-a3c43f04-ef6b-4489-adb3-4c40249e8f3a tempest-ServerActionsTestJSON-1924398830 tempest-ServerActionsTestJSON-1924398830-project] Publish callbacks [] for port, precommit_create {{(pid=102068) _notify_loop /usr/local/lib/python3.8/dist-packages/neutron_lib/callbacks/manager.py:175}}
Nov 01 08:57:45.728796 dv-neutron-807116-14-hyperv neutron-server[102068]: DEBUG neutron.db.l3_dvrscheduler_db [None req-3a59c00c-145d-4c83-b91e-347be1d8d260 tempest-DHCPAgentSchedulersTestJSON-2045033780 tempest-DHCPAgentSchedulersTestJSON-2045033780-project] No DVR routers for this DVR port 08569491-1f85-4a46-a52c-1acbc8571947 on host dv-neutron-807116-14-hyperv {{(pid=102068) get_dvr_routers_to_remove /opt/stack/neutron/neutron/db/l3_dvrscheduler_db.py:214}}
Nov 01 08:57:45.733099 dv-neutron-807116-14-hyperv neutron-server[102068]: DEBUG neutron.api.rpc.handlers.resources_rpc [None req-b011005f-0add-4323-be41-4e387f6290cd tempest-ServersTestJSON-274646947 tempest-ServersTestJSON-274646947-project] Pushing event updated for resources: {'SecurityGroupRule': ['ID=a80c9085-73c3-482c-8e99-205f9c48aa92,revision_number=0']} {{(pid=102068) push /opt/stack/neutron/neutron/api/rpc/handlers/resources_rpc.py:237}}
Nov 01 08:57:45.796215 dv-neutron-807116-14-hyperv neutron-server[102068]: DEBUG neutron_lib.callbacks.manager [None req-b011005f-0add-4323-be41-4e387f6290cd tempest-ServersTestJSON-274646947 tempest-ServersTestJSON-274646947-project] Publish callbacks [] for security_group_rule, before_response {{(pid=102068) _notify_loop /usr/local/lib/python3.8/dist-packages/neutron_lib/callbacks/manager.py:175}}
Nov 01 08:57:45.800679 dv-neutron-807116-14-hyperv neutron-server[102068]: INFO neutron.wsgi [None req-b011005f-0add-4323-be41-4e387f6290cd tempest-ServersTestJSON-274646947 tempest-ServersTestJSON-274646947-project] 10.222.0.26 "POST /v2.0/security-group-rules HTTP/1.1" status: 201 len: 769 time: 0.7336333
Nov 01 08:57:45.805027 dv-neutron-807116-14-hyperv neutron-server[102069]: DEBUG neutron.wsgi [-] (102069) accepted ('10.222.0.26', 45234) {{(pid=102069) server /usr/local/lib/python3.8/dist-packages/eventlet/wsgi.py:982}}
Nov 01 08:57:45.814004 dv-neutron-807116-14-hyperv neutron-server[102070]: DEBUG neutron.db.provisioning_blocks [None req-9e6d7fe2-618d-41d6-8736-16fb1fb817c6 None None] Provisioning complete for port 714b2cad-ac34-4dd5-a8af-f1b21de48a84 triggered by entity L2. {{(pid=102070) provisioning_complete /opt/stack/neutron/neutron/db/provisioning_blocks.py:139}}
Nov 01 08:57:45.814449 dv-neutron-807116-14-hyperv neutron-server[102070]: DEBUG neutron_lib.callbacks.manager [None req-9e6d7fe2-618d-41d6-8736-16fb1fb817c6 None None] Publish callbacks ['neutron.plugins.ml2.plugin.Ml2Plugin._port_provisioned-3638099'] for port, provisioning_complete {{(pid=102070) _notify_loop /usr/local/lib/python3.8/dist-packages/neutron_lib/callbacks/manager.py:175}}
Nov 01 08:57:45.844610 dv-neutron-807116-14-hyperv neutron-server[102069]: DEBUG neutron.api.v2.base [None req-30d00106-e3d7-4bab-b900-4350ed596e0b tempest-ServersTestJSON-274646947 tempest-ServersTestJSON-274646947-project] Request body: {'floatingip': {'floating_network_id': 'c4235a51-0830-4372-ab8b-a871aba828ce'}} {{(pid=102069) prepare_request_body /opt/stack/neutron/neutron/api/v2/base.py:729}}
Nov 01 08:57:45.849784 dv-neutron-807116-14-hyperv neutron-server[102069]: DEBUG neutron_lib.callbacks.manager [None req-4574fdb5-9aa6-4eb5-954e-aaca32cdb4d6 tempest-ExternalNetworksTestJSON-461954777 tempest-ExternalNetworksTestJSON-461954777-project-admin] Publish callbacks [] for floatingip, after_delete {{(pid=102069) _notify_loop /usr/local/lib/python3.8/dist-packages/neutron_lib/callbacks/manager.py:175}}
Nov 01 08:57:45.871465 dv-neutron-807116-14-hyperv neutron-server[102068]: DEBUG neutron_lib.callbacks.manager [None req-2cb6ec87-11c8-4092-90d3-9aa4020c8811 tempest-ServersTestManualDisk-1031940816 tempest-ServersTestManualDisk-1031940816-project] Publish callbacks [] for security_group_rule, precommit_create {{(pid=102068) _notify_loop /usr/local/lib/python3.8/dist-packages/neutron_lib/callbacks/manager.py:175}}
Nov 01 08:57:45.874194 dv-neutron-807116-14-hyperv neutron-server[102070]: DEBUG neutron_lib.callbacks.manager [None req-81acb62a-71eb-489e-9118-8e30f9009a27 None None] Publish callbacks ['neutron.plugins.ml2.plugin.SecurityGroupServerNotifierRpcMixin._notify_sg_on_port_change-3621750', 'neutron.plugins.ml2.ovo_rpc._ObjectChangeHandler.handle_event-184638', 'neutron.api.rpc.agentnotifiers.dhcp_rpc_agent_api.DhcpAgentNotifyAPI._native_event_send_dhcp_notification-3659753', 'neutron.db.l3_db.L3RpcNotifierMixin._notify_routers_callback-8761009606678', 'neutron.db.l3_dvrscheduler_db._notify_port_delete-8761009200406'] for port, after_delete {{(pid=102070) _notify_loop /usr/local/lib/python3.8/dist-packages/neutron_lib/callbacks/manager.py:175}}
Nov 01 08:57:45.875080 dv-neutron-807116-14-hyperv neutron-server[102068]: DEBUG neutron_lib.callbacks.manager [None req-3a59c00c-145d-4c83-b91e-347be1d8d260 tempest-DHCPAgentSchedulersTestJSON-2045033780 tempest-DHCPAgentSchedulersTestJSON-2045033780-project] Publish callbacks ['neutron.plugins.ml2.plugin.Ml2Plugin._network_delete_precommit_handler-3643882', 'neutron.services.segments.db._delete_segments_for_network-8761009727663'] for network, precommit_delete {{(pid=102068) _notify_loop /usr/local/lib/python3.8/dist-packages/neutron_lib/callbacks/manager.py:175}}
Nov 01 08:57:45.887815 dv-neutron-807116-14-hyperv neutron-server[102068]: DEBUG neutron_lib.callbacks.manager [None req-2cb6ec87-11c8-4092-90d3-9aa4020c8811 tempest-ServersTestManualDisk-1031940816 tempest-ServersTestManualDisk-1031940816-project] Publish callbacks ['neutron.plugins.ml2.ovo_rpc._ObjectChangeHandler.handle_event-537156'] for security_group_rule, after_create {{(pid=102068) _notify_loop /usr/local/lib/python3.8/dist-packages/neutron_lib/callbacks/manager.py:175}}
Nov 01 08:57:45.907933 dv-neutron-807116-14-hyperv neutron-server[102068]: DEBUG neutron.services.segments.db [None req-3a59c00c-145d-4c83-b91e-347be1d8d260 tempest-DHCPAgentSchedulersTestJSON-2045033780 tempest-DHCPAgentSchedulersTestJSON-2045033780-project] neutron.services.segments.plugin.Plugin method get_segments called with arguments (,) {'filters': {'network_id': ['537b6525-1587-46ad-bcd4-d6376bf0f432']}} {{(pid=102068) wrapper /usr/local/lib/python3.8/dist-packages/oslo_log/helpers.py:65}}
Nov 01 08:57:45.910471 dv-neutron-807116-14-hyperv neutron-server[102068]: DEBUG neutron_lib.callbacks.manager [None req-a3c43f04-ef6b-4489-adb3-4c40249e8f3a tempest-ServerActionsTestJSON-1924398830 tempest-ServerActionsTestJSON-1924398830-project] Publish callbacks ['neutron.plugins.ml2.plugin.SecurityGroupServerNotifierRpcMixin._notify_sg_on_port_change-3621750', 'neutron.plugins.ml2.ovo_rpc._ObjectChangeHandler.handle_event-184638', 'neutron.api.rpc.agentnotifiers.dhcp_rpc_agent_api.DhcpAgentNotifyAPI._native_event_send_dhcp_notification-3659753', 'neutron.db.l3_dvrscheduler_db._notify_l3_agent_new_port-8761009200397', 'neutron.services.segments.plugin.NovaSegmentNotifier._notify_port_created_or_deleted-11860321'] for port, after_create {{(pid=102068) _notify_loop /usr/local/lib/python3.8/dist-packages/neutron_lib/callbacks/manager.py:175}}
Nov 01 08:57:45.912600 dv-neutron-807116-14-hyperv neutron-server[102069]: DEBUG neutron_lib.callbacks.manager [None req-17d59492-3324-489a-bb71-e5d074cef728 tempest-RoutersIpV6AdminTest-669507326 tempest-RoutersIpV6AdminTest-669507326-project-admin] Publish callbacks ['neutron.services.l3_router.l3_router_plugin.L3_HA_NAT_db_mixin._release_router_vr_id-670097', 'neutron.services.l3_router.service_providers.driver_controller.DriverController._clear_router_provider-6893'] for router, precommit_delete {{(pid=102069) _notify_loop /usr/local/lib/python3.8/dist-packages/neutron_lib/callbacks/manager.py:175}}
Nov 01 08:57:45.915715 dv-neutron-807116-14-hyperv neutron-server[102070]: DEBUG neutron.db.l3_dvrscheduler_db [None req-81acb62a-71eb-489e-9118-8e30f9009a27 None None] No DVR routers for this DVR port 08569491-1f85-4a46-a52c-1acbc8571947 on host dv-neutron-807116-14-hyperv {{(pid=102070) get_dvr_routers_to_remove /opt/stack/neutron/neutron/db/l3_dvrscheduler_db.py:214}}
Nov 01 08:57:45.918120 dv-neutron-807116-14-hyperv neutron-server[102070]: DEBUG neutron.api.rpc.handlers.resources_rpc [None req-81acb62a-71eb-489e-9118-8e30f9009a27 None None] Pushing event deleted for resources: {'Port': ['ID=08569491-1f85-4a46-a52c-1acbc8571947,revision_number=None']} {{(pid=102070) push /opt/stack/neutron/neutron/api/rpc/handlers/resources_rpc.py:237}}
Nov 01 08:57:45.940124 dv-neutron-807116-14-hyperv neutron-server[102068]: DEBUG neutron.services.segments.db [None req-3a59c00c-145d-4c83-b91e-347be1d8d260 tempest-DHCPAgentSchedulersTestJSON-2045033780 tempest-DHCPAgentSchedulersTestJSON-2045033780-project] neutron.services.segments.plugin.Plugin method delete_segment called with arguments (, 'b9413b55-ac20-413f-af6f-f3cd97381b0f') {'for_net_delete': True} {{(pid=102068) wrapper /usr/local/lib/python3.8/dist-packages/oslo_log/helpers.py:65}}
Nov 01 08:57:45.940506 dv-neutron-807116-14-hyperv neutron-server[102068]: DEBUG neutron.services.segments.db [None req-3a59c00c-145d-4c83-b91e-347be1d8d260 tempest-DHCPAgentSchedulersTestJSON-2045033780 tempest-DHCPAgentSchedulersTestJSON-2045033780-project] neutron.services.segments.plugin.Plugin method get_segment called with arguments (, 'b9413b55-ac20-413f-af6f-f3cd97381b0f') {} {{(pid=102068) wrapper /usr/local/lib/python3.8/dist-packages/oslo_log/helpers.py:65}}
Nov 01 08:57:45.968364 dv-neutron-807116-14-hyperv neutron-server[102068]: DEBUG neutron.api.rpc.handlers.resources_rpc [None req-2cb6ec87-11c8-4092-90d3-9aa4020c8811 tempest-ServersTestManualDisk-1031940816 tempest-ServersTestManualDisk-1031940816-project] Pushing event updated for resources: {'SecurityGroupRule': ['ID=86c98433-499e-4bc5-bcdd-ab70458d0529,revision_number=0']} {{(pid=102068) push /opt/stack/neutron/neutron/api/rpc/handlers/resources_rpc.py:237}}
Nov 01 08:57:45.969772 dv-neutron-807116-14-hyperv neutron-server[102069]: DEBUG neutron_lib.callbacks.manager [None req-17d59492-3324-489a-bb71-e5d074cef728 tempest-RoutersIpV6AdminTest-669507326 tempest-RoutersIpV6AdminTest-669507326-project-admin] Publish callbacks [] for router_controller, precommit_delete_associations {{(pid=102069) _notify_loop /usr/local/lib/python3.8/dist-packages/neutron_lib/callbacks/manager.py:175}}
Nov 01 08:57:45.976105 dv-neutron-807116-14-hyperv neutron-server[102068]: DEBUG neutron_lib.callbacks.manager [None req-3a59c00c-145d-4c83-b91e-347be1d8d260 tempest-DHCPAgentSchedulersTestJSON-2045033780 tempest-DHCPAgentSchedulersTestJSON-2045033780-project] Publish callbacks ['neutron.plugins.ml2.db._prevent_segment_delete_with_port_bound-8761009727492', 'neutron.services.segments.plugin.Plugin._prevent_segment_delete_with_subnet_associated-11859002'] for segment, before_delete {{(pid=102068) _notify_loop /usr/local/lib/python3.8/dist-packages/neutron_lib/callbacks/manager.py:175}}
Nov 01 08:57:45.992391 dv-neutron-807116-14-hyperv neutron-server[102070]: DEBUG neutron.plugins.ml2.managers [None req-d9516823-fd74-4964-bc40-f793c44e87e9 None None] Attempting to bind port a72f9e72-5e47-4611-a547-67e9d20b33b9 on host dv-neutron-807116-14-hyperv for vnic_type normal with profile {{(pid=102070) bind_port /opt/stack/neutron/neutron/plugins/ml2/managers.py:795}}
Nov 01 08:57:45.992916 dv-neutron-807116-14-hyperv neutron-server[102070]: DEBUG neutron.plugins.ml2.managers [None req-d9516823-fd74-4964-bc40-f793c44e87e9 None None] Attempting to bind port a72f9e72-5e47-4611-a547-67e9d20b33b9 by drivers openvswitch,hyperv on host dv-neutron-807116-14-hyperv at level 0 using segments [{'id': '774ee4e5-7102-419f-812c-d9f89289b601', 'network_type': 'vlan', 'physical_network': 'physnet1', 'segmentation_id': 424, 'network_id': '90ea9eb2-7a87-484b-b0ba-6995456797c9'}] {{(pid=102070) _bind_port_level /opt/stack/neutron/neutron/plugins/ml2/managers.py:820}}
Nov 01 08:57:45.993369 dv-neutron-807116-14-hyperv neutron-server[102070]: DEBUG neutron.plugins.ml2.drivers.mech_agent [None req-d9516823-fd74-4964-bc40-f793c44e87e9 None None] Attempting to bind port a72f9e72-5e47-4611-a547-67e9d20b33b9 on network 90ea9eb2-7a87-484b-b0ba-6995456797c9 {{(pid=102070) bind_port /opt/stack/neutron/neutron/plugins/ml2/drivers/mech_agent.py:91}}
Nov 01 08:57:45.993580 dv-neutron-807116-14-hyperv neutron-server[102068]: DEBUG neutron.scheduler.dhcp_agent_scheduler [None req-a3c43f04-ef6b-4489-adb3-4c40249e8f3a tempest-ServerActionsTestJSON-1924398830 tempest-ServerActionsTestJSON-1924398830-project] Network c4235a51-0830-4372-ab8b-a871aba828ce is already hosted by enough agents. {{(pid=102068) _get_dhcp_agents_hosting_network /opt/stack/neutron/neutron/scheduler/dhcp_agent_scheduler.py:275}}
Nov 01 08:57:46.000118 dv-neutron-807116-14-hyperv neutron-server[102070]: DEBUG neutron.plugins.ml2.drivers.mech_agent [None req-d9516823-fd74-4964-bc40-f793c44e87e9 None None] Checking agent: {'id': 'bc9998c5-da7d-453b-bd79-f7bb531c3ce3', 'agent_type': 'Open vSwitch agent', 'binary': 'neutron-openvswitch-agent', 'topic': 'N/A', 'host': 'dv-neutron-807116-14-hyperv', 'admin_state_up': True, 'created_at': datetime.datetime(2021, 11, 1, 8, 50, 9), 'started_at': datetime.datetime(2021, 11, 1, 8, 50, 39), 'heartbeat_timestamp': datetime.datetime(2021, 11, 1, 8, 57, 39), 'description': None, 'resources_synced': None, 'availability_zone': None, 'alive': True, 'configurations': {'arp_responder_enabled': False, 'baremetal_smartnic': False, 'bridge_mappings': {'physnet1': 'br-data'}, 'datapath_type': 'system', 'devices': 0, 'enable_distributed_routing': False, 'extensions': [], 'in_distributed_mode': False, 'integration_bridge': 'br-int', 'l2_population': False, 'log_agent_heartbeats': False, 'ovs_capabilities': {'datapath_types': ['netdev', 'system'], 'iface_types': ['erspan', 'geneve', 'gre', 'internal', 'ip6erspan', 'ip6gre', 'lisp', 'patch', 'stt', 'system', 'tap', 'vxlan']}, 'ovs_hybrid_plug': False, 'resource_provider_bandwidths': {}, 'resource_provider_hypervisors': {'br-data': 'dv-neutron-807116-14-hyperv'}, 'resource_provider_inventory_defaults': {'allocation_ratio': 1.0, 'min_unit': 1, 'step_size': 1, 'reserved': 0}, 'resource_provider_packet_processing_inventory_defaults': {'allocation_ratio': 1.0, 'min_unit': 1, 'step_size': 1, 'reserved': 0}, 'resource_provider_packet_processing_with_direction': {}, 'resource_provider_packet_processing_without_direction': {}, 'tunnel_types': [], 'tunneling_ip': None, 'vhostuser_socket_dir': '/var/run/openvswitch'}, 'resource_versions': {'AddressGroup': '1.2', 'ConntrackHelper': '1.0', 'Log': '1.0', 'Network': '1.1', 'Port': '1.7', 'PortForwarding': '1.2', 'QosPolicy': '1.10', 'SecurityGroup': '1.4', 'SecurityGroupRule': '1.2', 'SubPort': '1.0', 'Subnet': '1.1', 'Trunk': '1.1'}} {{(pid=102070) bind_port /opt/stack/neutron/neutron/plugins/ml2/drivers/mech_agent.py:110}}
Nov 01 08:57:46.000612 dv-neutron-807116-14-hyperv neutron-server[102070]: DEBUG neutron.plugins.ml2.drivers.mech_agent [None req-d9516823-fd74-4964-bc40-f793c44e87e9 None None] Checking segment: {'id': '774ee4e5-7102-419f-812c-d9f89289b601', 'network_type': 'vlan', 'physical_network': 'physnet1', 'segmentation_id': 424, 'network_id': '90ea9eb2-7a87-484b-b0ba-6995456797c9'} for mappings: {'physnet1': 'br-data'} with network types: ['local', 'flat', 'vlan'] {{(pid=102070) check_segment_for_agent /opt/stack/neutron/neutron/plugins/ml2/drivers/mech_agent.py:371}}
Nov 01 08:57:46.003330 dv-neutron-807116-14-hyperv neutron-server[102070]: DEBUG neutron_lib.callbacks.manager [None req-d9516823-fd74-4964-bc40-f793c44e87e9 None None] Publish callbacks [] for ovs_bridge_name, before_read {{(pid=102070) _notify_loop /usr/local/lib/python3.8/dist-packages/neutron_lib/callbacks/manager.py:175}}
Nov 01 08:57:46.003330 dv-neutron-807116-14-hyperv neutron-server[102070]: DEBUG neutron.plugins.ml2.drivers.mech_agent [None req-d9516823-fd74-4964-bc40-f793c44e87e9 None None] Bound using segment: {'id': '774ee4e5-7102-419f-812c-d9f89289b601', 'network_type': 'vlan', 'physical_network': 'physnet1', 'segmentation_id': 424, 'network_id': '90ea9eb2-7a87-484b-b0ba-6995456797c9'} {{(pid=102070) bind_port /opt/stack/neutron/neutron/plugins/ml2/drivers/mech_agent.py:120}}
Nov 01 08:57:46.003330 dv-neutron-807116-14-hyperv neutron-server[102070]: DEBUG neutron.plugins.ml2.managers [None req-d9516823-fd74-4964-bc40-f793c44e87e9 None None] Bound port: a72f9e72-5e47-4611-a547-67e9d20b33b9, host: dv-neutron-807116-14-hyperv, vif_type: ovs, vif_details: {"connectivity": "l2", "port_filter": true, "ovs_hybrid_plug": false, "datapath_type": "system", "bridge_name": "br-int"}, binding_levels: [{'bound_driver': 'openvswitch', 'bound_segment': {'id': '774ee4e5-7102-419f-812c-d9f89289b601', 'network_type': 'vlan', 'physical_network': 'physnet1', 'segmentation_id': 424, 'network_id': '90ea9eb2-7a87-484b-b0ba-6995456797c9'}}] {{(pid=102070) _bind_port_level /opt/stack/neutron/neutron/plugins/ml2/managers.py:932}}
Nov 01 08:57:46.003641 dv-neutron-807116-14-hyperv neutron-server[102068]: DEBUG neutron.scheduler.base_scheduler [None req-a3c43f04-ef6b-4489-adb3-4c40249e8f3a tempest-ServerActionsTestJSON-1924398830 tempest-ServerActionsTestJSON-1924398830-project] Resources bound (agent type, host, resource id): {{(pid=102068) schedule /opt/stack/neutron/neutron/scheduler/base_scheduler.py:57}}
Nov 01 08:57:46.003724 dv-neutron-807116-14-hyperv neutron-server[102070]: DEBUG neutron_lib.callbacks.manager [None req-d9516823-fd74-4964-bc40-f793c44e87e9 None None] Publish callbacks ['neutron.plugins.ml2.plugin.SecurityGroupDbMixin._ensure_default_security_group_handler-3624891'] for port, before_update {{(pid=102070) _notify_loop /usr/local/lib/python3.8/dist-packages/neutron_lib/callbacks/manager.py:175}}
Nov 01 08:57:46.006083 dv-neutron-807116-14-hyperv neutron-server[102068]: DEBUG neutron_lib.callbacks.manager [None req-3a59c00c-145d-4c83-b91e-347be1d8d260 tempest-DHCPAgentSchedulersTestJSON-2045033780 tempest-DHCPAgentSchedulersTestJSON-2045033780-project] Publish callbacks ['neutron.plugins.ml2.plugin.Ml2Plugin._handle_segment_change-3649298'] for segment, precommit_delete {{(pid=102068) _notify_loop /usr/local/lib/python3.8/dist-packages/neutron_lib/callbacks/manager.py:175}}
Nov 01 08:57:46.008214 dv-neutron-807116-14-hyperv neutron-server[102068]: DEBUG neutron.db.l3_dvrscheduler_db [None req-a3c43f04-ef6b-4489-adb3-4c40249e8f3a tempest-ServerActionsTestJSON-1924398830 tempest-ServerActionsTestJSON-1924398830-project] Received port after_create {{(pid=102068) _notify_l3_agent_new_port /opt/stack/neutron/neutron/db/l3_dvrscheduler_db.py:535}}
Nov 01 08:57:46.027200 dv-neutron-807116-14-hyperv neutron-server[102070]: DEBUG neutron.plugins.ml2.plugin [None req-d9516823-fd74-4964-bc40-f793c44e87e9 None None] Port a72f9e72-5e47-4611-a547-67e9d20b33b9 has been deleted concurrently {{(pid=102070) _commit_port_binding /opt/stack/neutron/neutron/plugins/ml2/plugin.py:661}}
Nov 01 08:57:46.033075 dv-neutron-807116-14-hyperv neutron-server[102068]: DEBUG neutron.api.rpc.handlers.resources_rpc [None req-a3c43f04-ef6b-4489-adb3-4c40249e8f3a tempest-ServerActionsTestJSON-1924398830 tempest-ServerActionsTestJSON-1924398830-project] Pushing event updated for resources: {'Port': ['ID=a0545a3c-8403-4ece-8578-898261fcfac5,revision_number=1']} {{(pid=102068) push /opt/stack/neutron/neutron/api/rpc/handlers/resources_rpc.py:237}}
Nov 01 08:57:46.039005 dv-neutron-807116-14-hyperv neutron-server[102068]: DEBUG neutron.plugins.ml2.drivers.type_vlan [None req-3a59c00c-145d-4c83-b91e-347be1d8d260 tempest-DHCPAgentSchedulersTestJSON-2045033780 tempest-DHCPAgentSchedulersTestJSON-2045033780-project] Releasing vlan 441 on physical network physnet1 to pool {{(pid=102068) release_segment /opt/stack/neutron/neutron/plugins/ml2/drivers/type_vlan.py:304}}
Nov 01 08:57:46.039369 dv-neutron-807116-14-hyperv neutron-server[102068]: DEBUG neutron_lib.callbacks.manager [None req-3a59c00c-145d-4c83-b91e-347be1d8d260 tempest-DHCPAgentSchedulersTestJSON-2045033780 tempest-DHCPAgentSchedulersTestJSON-2045033780-project] Publish callbacks ['neutron.plugins.ml2.plugin.Ml2Plugin._handle_segment_change-3649298', 'neutron.services.segments.plugin.NovaSegmentNotifier._notify_segment_deleted-11860284'] for segment, after_delete {{(pid=102068) _notify_loop /usr/local/lib/python3.8/dist-packages/neutron_lib/callbacks/manager.py:175}}
Nov 01 08:57:46.044387 dv-neutron-807116-14-hyperv neutron-server[102068]: Traceback (most recent call last):
