Aug 12 08:57:19.358539 dv-neutron-804213-2-hyperv neutron-server[94392]: DEBUG neutron.wsgi [-] (94392) accepted ('10.222.0.42', 52992) {{(pid=94392) server /usr/local/lib/python3.8/dist-packages/eventlet/wsgi.py:982}}
Aug 12 08:57:19.394721 dv-neutron-804213-2-hyperv neutron-server[94393]: DEBUG neutron.plugins.ml2.db [None req-975ebf54-81a0-4a28-b3b8-7a994ae55247 None None] For port 9f0093c9-863d-441f-9cfc-ebd952085004, host dv-neutron-804213-2-hyperv, got binding levels [PortBindingLevel(driver='openvswitch',host='dv-neutron-804213-2-hyperv',level=0,port_id=9f0093c9-863d-441f-9cfc-ebd952085004,segment=NetworkSegment(c6df4da4-5c07-48bf-ae1f-d73dd543cc1f),segment_id=c6df4da4-5c07-48bf-ae1f-d73dd543cc1f)] {{(pid=94393) get_binding_level_objs /opt/stack/neutron/neutron/plugins/ml2/db.py:74}}
Aug 12 08:57:19.418765 dv-neutron-804213-2-hyperv neutron-server[94391]: DEBUG neutron_lib.callbacks.manager [None req-bf44f47e-a43a-404f-8c08-74d7ef00cee2 tempest-ServersTestManualDisk-1501414012 tempest-ServersTestManualDisk-1501414012-project] Notify callbacks [] for security_group_rule, before_create {{(pid=94391) _notify_loop /usr/local/lib/python3.8/dist-packages/neutron_lib/callbacks/manager.py:192}}
Aug 12 08:57:19.423857 dv-neutron-804213-2-hyperv neutron-server[94393]: DEBUG neutron_lib.callbacks.manager [None req-975ebf54-81a0-4a28-b3b8-7a994ae55247 None None] Notify callbacks ['neutron.plugins.ml2.plugin.SecurityGroupServerNotifierRpcMixin._notify_sg_on_port_change-1977434', 'neutron.plugins.ml2.ovo_rpc._ObjectChangeHandler.handle_event-402906', 'neutron.api.rpc.agentnotifiers.dhcp_rpc_agent_api.DhcpAgentNotifyAPI._native_event_send_dhcp_notification-585017', 'neutron.db.l3_db.L3RpcNotifierMixin._notify_gateway_port_ip_changed-8768463858589', 'neutron.db.l3_dvrscheduler_db._notify_l3_agent_port_update-8768463387396', 'neutron.db.l3_hascheduler_db._notify_l3_agent_ha_port_update-8768463387414'] for port, after_update {{(pid=94393) _notify_loop /usr/local/lib/python3.8/dist-packages/neutron_lib/callbacks/manager.py:192}}
Aug 12 08:57:19.425891 dv-neutron-804213-2-hyperv neutron-server[94393]: DEBUG neutron.plugins.ml2.rpc [None req-975ebf54-81a0-4a28-b3b8-7a994ae55247 None None] Device a8f768ea-14fa-4402-86c6-2781fb60f9ca up at agent ovs-agent-dv-neutron-804213-2-hyperv {{(pid=94393) update_device_up /opt/stack/neutron/neutron/plugins/ml2/rpc.py:296}}
Aug 12 08:57:19.438377 dv-neutron-804213-2-hyperv neutron-server[94392]: INFO neutron.wsgi [None req-d6304bf4-4a42-4a97-be7b-c9be8b5a6d52 tempest-DHCPAgentSchedulersTestJSON-1112038214 tempest-DHCPAgentSchedulersTestJSON-1112038214-project-admin] 10.222.0.42 "GET /v2.0/networks/7fe7acc9-1770-4264-ac2d-c392c5e83c3e/dhcp-agents HTTP/1.1" status: 200 len: 808 time: 0.0786433
Aug 12 08:57:19.439429 dv-neutron-804213-2-hyperv neutron-server[94392]: DEBUG neutron_lib.db.api [None req-43a519b9-da8f-4dad-b2ea-5fee6ef73dd0 tempest-PortsAdminExtendedAttrsIpV6TestJSON-180333597 tempest-PortsAdminExtendedAttrsIpV6TestJSON-180333597-project] Retry wrapper got retriable exception: (pymysql.err.OperationalError) (1213, 'Deadlock found when trying to get lock; try restarting transaction')
Aug 12 08:57:19.439429 dv-neutron-804213-2-hyperv neutron-server[94392]: [SQL: DELETE FROM reservations WHERE reservations.project_id = %(project_id_1)s AND reservations.expiration < %(expiration_1)s]
Aug 12 08:57:19.439429 dv-neutron-804213-2-hyperv neutron-server[94392]: [parameters: {'project_id_1': '022cc618b6fb46afb4068f12bb66af16', 'expiration_1': datetime.datetime(2021, 8, 12, 8, 57, 19, 373306)}]
Aug 12 08:57:19.439429 dv-neutron-804213-2-hyperv neutron-server[94392]: (Background on this error at: https://sqlalche.me/e/14/e3q8) {{(pid=94392) wrapped /usr/local/lib/python3.8/dist-packages/neutron_lib/db/api.py:183}}
Aug 12 08:57:19.440168 dv-neutron-804213-2-hyperv neutron-server[94392]: DEBUG oslo_db.api [None req-43a519b9-da8f-4dad-b2ea-5fee6ef73dd0 tempest-PortsAdminExtendedAttrsIpV6TestJSON-180333597 tempest-PortsAdminExtendedAttrsIpV6TestJSON-180333597-project] Performing DB retry for function neutron.db.securitygroups_db.SecurityGroupDbMixin.create_security_group {{(pid=94392) wrapper /usr/local/lib/python3.8/dist-packages/oslo_db/api.py:155}}
Aug 12 08:57:19.449583 dv-neutron-804213-2-hyperv neutron-server[94392]: DEBUG neutron.wsgi [-] (94392) accepted ('10.222.0.42', 52998) {{(pid=94392) server /usr/local/lib/python3.8/dist-packages/eventlet/wsgi.py:982}}
Aug 12 08:57:19.505322 dv-neutron-804213-2-hyperv neutron-server[94391]: DEBUG neutron.api.v2.base [None req-a1424bd4-d16c-4aa7-8af0-aed7c923196d tempest-MeteringIpV6TestJSON-973842141 tempest-MeteringIpV6TestJSON-973842141-project-admin] Request body: {'metering_label': {'description': 'metering label created by tempest', 'name': 'tempest-metering-label-24966802'}} {{(pid=94391) prepare_request_body /opt/stack/neutron/neutron/api/v2/base.py:729}}
Aug 12 08:57:19.505906 dv-neutron-804213-2-hyperv neutron-server[94391]: DEBUG neutron.api.v2.base [None req-a1424bd4-d16c-4aa7-8af0-aed7c923196d tempest-MeteringIpV6TestJSON-973842141 tempest-MeteringIpV6TestJSON-973842141-project-admin] Unknown quota resources ['metering_label']. {{(pid=94391) _create /opt/stack/neutron/neutron/api/v2/base.py:495}}
Aug 12 08:57:19.522772 dv-neutron-804213-2-hyperv neutron-server[94392]: INFO neutron.wsgi [None req-342d92a0-2ddb-47a4-a2f9-870efd5b14f6 tempest-DHCPAgentSchedulersTestJSON-1112038214 tempest-DHCPAgentSchedulersTestJSON-1112038214-project-admin] 10.222.0.42 "GET /v2.0/networks/7fe7acc9-1770-4264-ac2d-c392c5e83c3e/dhcp-agents HTTP/1.1" status: 200 len: 808 time: 0.0649698
Aug 12 08:57:19.525260 dv-neutron-804213-2-hyperv neutron-server[94392]: DEBUG neutron.wsgi [-] (94392) accepted ('10.222.0.42', 53002) {{(pid=94392) server /usr/local/lib/python3.8/dist-packages/eventlet/wsgi.py:982}}
Aug 12 08:57:19.558720 dv-neutron-804213-2-hyperv neutron-server[94391]: DEBUG neutron_lib.callbacks.manager [None req-bf44f47e-a43a-404f-8c08-74d7ef00cee2 tempest-ServersTestManualDisk-1501414012 tempest-ServersTestManualDisk-1501414012-project] Notify callbacks [] for security_group_rule, precommit_create {{(pid=94391) _notify_loop /usr/local/lib/python3.8/dist-packages/neutron_lib/callbacks/manager.py:192}}
Aug 12 08:57:19.591002 dv-neutron-804213-2-hyperv neutron-server[94393]: DEBUG neutron.api.rpc.handlers.resources_rpc [None req-975ebf54-81a0-4a28-b3b8-7a994ae55247 None None] Pushing event updated for resources: {'Port': ['ID=9f0093c9-863d-441f-9cfc-ebd952085004,revision_number=4']} {{(pid=94393) push /opt/stack/neutron/neutron/api/rpc/handlers/resources_rpc.py:237}}
Aug 12 08:57:19.613370 dv-neutron-804213-2-hyperv neutron-server[94391]: DEBUG neutron_lib.callbacks.manager [None req-bf44f47e-a43a-404f-8c08-74d7ef00cee2 tempest-ServersTestManualDisk-1501414012 tempest-ServersTestManualDisk-1501414012-project] Notify callbacks ['neutron.plugins.ml2.ovo_rpc._ObjectChangeHandler.handle_event-565063'] for security_group_rule, after_create {{(pid=94391) _notify_loop /usr/local/lib/python3.8/dist-packages/neutron_lib/callbacks/manager.py:192}}
Aug 12 08:57:19.615570 dv-neutron-804213-2-hyperv neutron-server[94391]: DEBUG neutron_lib.callbacks.manager [None req-d502c8c4-f790-4e5a-9d8a-d8b9cc7afe1d tempest-ServerActionsTestJSON-671733289 tempest-ServerActionsTestJSON-671733289-project] Notify callbacks [] for security_group_rule, before_create {{(pid=94391) _notify_loop /usr/local/lib/python3.8/dist-packages/neutron_lib/callbacks/manager.py:192}}
Aug 12 08:57:19.645739 dv-neutron-804213-2-hyperv neutron-server[94393]: DEBUG neutron.db.provisioning_blocks [None req-975ebf54-81a0-4a28-b3b8-7a994ae55247 None None] Provisioning complete for port a8f768ea-14fa-4402-86c6-2781fb60f9ca triggered by entity L2. {{(pid=94393) provisioning_complete /opt/stack/neutron/neutron/db/provisioning_blocks.py:139}}
Aug 12 08:57:19.646281 dv-neutron-804213-2-hyperv neutron-server[94393]: DEBUG neutron_lib.callbacks.manager [None req-975ebf54-81a0-4a28-b3b8-7a994ae55247 None None] Notify callbacks ['neutron.plugins.ml2.plugin.Ml2Plugin._port_provisioned-2047420'] for port, provisioning_complete {{(pid=94393) _notify_loop /usr/local/lib/python3.8/dist-packages/neutron_lib/callbacks/manager.py:192}}
Aug 12 08:57:19.706944 dv-neutron-804213-2-hyperv neutron-server[94392]: INFO neutron.wsgi [None req-3906c50c-b8bd-40a2-8069-4317058d7bf3 tempest-DHCPAgentSchedulersTestJSON-1112038214 tempest-DHCPAgentSchedulersTestJSON-1112038214-project-admin] 10.222.0.42 "GET /v2.0/agents/c6639d86-3d14-4cfd-9e0e-e7e22f470aa7/dhcp-networks HTTP/1.1" status: 200 len: 6480 time: 0.1803343
Aug 12 08:57:19.714973 dv-neutron-804213-2-hyperv neutron-server[94392]: DEBUG neutron_lib.callbacks.manager [None req-eaf80e7e-d758-4c4b-9eee-fac0da875cc5 tempest-ServersTestJSON-565937313 tempest-ServersTestJSON-565937313-project] Notify callbacks [] for port, precommit_update {{(pid=94392) _notify_loop /usr/local/lib/python3.8/dist-packages/neutron_lib/callbacks/manager.py:192}}
Aug 12 08:57:19.716507 dv-neutron-804213-2-hyperv neutron-server[94392]: DEBUG neutron.wsgi [-] (94392) accepted ('10.222.0.42', 53006) {{(pid=94392) server /usr/local/lib/python3.8/dist-packages/eventlet/wsgi.py:982}}
Aug 12 08:57:19.731943 dv-neutron-804213-2-hyperv neutron-server[94393]: DEBUG neutron.db.l3_hamode_db [None req-c0c0c615-87c9-4521-aa19-3d53126cb330 None None] neutron.services.l3_router.l3_router_plugin.L3RouterPlugin method _process_sync_ha_data called with arguments (, [{'id': 'feced38a-f2d2-4d86-902f-20c9b513986e', 'name': 'tempest-ServersTestManualDisk-283462389-router', 'tenant_id': 'fec6877a30574ce5b1c3cc81d03b4c96', 'admin_state_up': True, 'status': 'ACTIVE', 'external_gateway_info': {'network_id': '16d5c065-acce-47de-9686-702ce8437251', 'external_fixed_ips': [{'subnet_id': '0dfcbb38-8620-471f-b185-9b1d72cd2641', 'ip_address': '172.26.1.15'}], 'enable_snat': True}, 'gw_port_id': '9f0093c9-863d-441f-9cfc-ebd952085004', 'description': '', 'availability_zones': ['nova'], 'distributed': False, 'ha': False, 'ha_vr_id': 0, 'availability_zone_hints': [], 'routes': [], 'flavor_id': None, 'tags': [], 'created_at': '2021-08-12T08:57:01Z', 'updated_at': '2021-08-12T08:57:14Z', 'revision_number': 4, 'project_id': 'fec6877a30574ce5b1c3cc81d03b4c96', 'gw_port': {'id': '9f0093c9-863d-441f-9cfc-ebd952085004', 'name': '', 'network_id': '16d5c065-acce-47de-9686-702ce8437251', 'tenant_id': '', 'mac_address': 'fa:16:3e:2e:28:3f', 'admin_state_up': True, 'status': 'DOWN', 'device_id': 'feced38a-f2d2-4d86-902f-20c9b513986e', 'device_owner': 'network:router_gateway', 'standard_attr_id': 72, 'fixed_ips': [{'subnet_id': '0dfcbb38-8620-471f-b185-9b1d72cd2641', 'ip_address': '172.26.1.15', 'prefixlen': 24}], 'allowed_address_pairs': [], 'extra_dhcp_opts': [], 'security_groups': [], 'description': '', 'binding:vnic_type': 'normal', 'binding:profile': {}, 'binding:host_id': 'dv-neutron-804213-2-hyperv', 'binding:vif_type': 'ovs', 'binding:vif_details': {'connectivity': 'l2', 'port_filter': True, 'ovs_hybrid_plug': False, 'datapath_type': 'system', 'bridge_name': 'br-int'}, 'port_security_enabled': False, 'tags': [], 'created_at': '2021-08-12T08:57:03Z', 'updated_at': '2021-08-12T08:57:13Z', 'revision_number': 3, 'project_id': '', 'subnets': [{'id': '0dfcbb38-8620-471f-b185-9b1d72cd2641', 'cidr': '172.26.1.0/24', 'gateway_ip': '172.26.1.1', 'dns_nameservers': [], 'ipv6_ra_mode': None, 'subnetpool_id': None}], 'extra_subnets': [], 'address_scopes': {4: None, 6: None}, 'mtu': 1500}, 'enable_snat': True, 'gw_port_host': 'dv-neutron-804213-2-hyperv', '_interfaces': [{'id': '9245d00d-2ae7-4ab7-b540-6e24f78938a1', 'name': '', 'network_id': 'e9709ea8-47f9-4eda-9b78-642a39ff905f', 'tenant_id': 'fec6877a30574ce5b1c3cc81d03b4c96', 'mac_address': 'fa:16:3e:d4:75:85', 'admin_state_up': True, 'status': 'DOWN', 'device_id': 'feced38a-f2d2-4d86-902f-20c9b513986e', 'device_owner': 'network:router_interface', 'standard_attr_id': 116, 'fixed_ips': [{'subnet_id': 'a8ee5ac8-0dcd-426a-88b2-a472c6c02e2c', 'ip_address': '172.20.0.1', 'prefixlen': 28}], 'allowed_address_pairs': [], 'extra_dhcp_opts': [], 'security_groups': [], 'description': '', 'binding:vnic_type': 'normal', 'binding:profile': {}, 'binding:host_id': '', 'binding:vif_type': 'unbound', 'binding:vif_details': {}, 'port_security_enabled': False, 'tags': [], 'created_at': '2021-08-12T08:57:12Z', 'updated_at': '2021-08-12T08:57:14Z', 'revision_number': 2, 'project_id': 'fec6877a30574ce5b1c3cc81d03b4c96', 'subnets': [{'id': 'a8ee5ac8-0dcd-426a-88b2-a472c6c02e2c', 'cidr': '172.20.0.0/28', 'gateway_ip': '172.20.0.1', 'dns_nameservers': [], 'ipv6_ra_mode': None, 'subnetpool_id': None}], 'extra_subnets': [], 'address_scopes': {4: None, 6: None}, 'mtu': 1500}]}], 'dv-neutron-804213-2-hyperv', False) {} {{(pid=94393) wrapper /usr/local/lib/python3.8/dist-packages/oslo_log/helpers.py:65}}
Aug 12 08:57:19.809690 dv-neutron-804213-2-hyperv neutron-server[94392]: DEBUG neutron_lib.callbacks.manager [None req-13526127-c8c2-42df-84c8-b08c62750f8f tempest-DHCPAgentSchedulersTestJSON-976615729 tempest-DHCPAgentSchedulersTestJSON-976615729-project] Notify callbacks ['neutron.plugins.ml2.plugin.External_net_db_mixin._before_network_delete_handler-1649042'] for network, before_delete {{(pid=94392) _notify_loop /usr/local/lib/python3.8/dist-packages/neutron_lib/callbacks/manager.py:192}}
Aug 12 08:57:19.818919 dv-neutron-804213-2-hyperv neutron-server[94393]: DEBUG neutron.api.rpc.handlers.l3_rpc [None req-c0c0c615-87c9-4521-aa19-3d53126cb330 None None] Checking router: feced38a-f2d2-4d86-902f-20c9b513986e for host: dv-neutron-804213-2-hyperv {{(pid=94393) _ensure_host_set_on_ports /opt/stack/neutron/neutron/api/rpc/handlers/l3_rpc.py:155}}
Aug 12 08:57:19.819423 dv-neutron-804213-2-hyperv neutron-server[94393]: DEBUG neutron.api.rpc.handlers.l3_rpc [None req-c0c0c615-87c9-4521-aa19-3d53126cb330 None None] Updating router feced38a-f2d2-4d86-902f-20c9b513986e port 9245d00d-2ae7-4ab7-b540-6e24f78938a1 binding host dv-neutron-804213-2-hyperv {{(pid=94393) _ensure_host_set_on_port /opt/stack/neutron/neutron/api/rpc/handlers/l3_rpc.py:205}}
Aug 12 08:57:19.826101 dv-neutron-804213-2-hyperv neutron-server[94392]: DEBUG neutron_lib.callbacks.manager [None req-eaf80e7e-d758-4c4b-9eee-fac0da875cc5 tempest-ServersTestJSON-565937313 tempest-ServersTestJSON-565937313-project] Notify callbacks ['neutron.plugins.ml2.plugin.SecurityGroupServerNotifierRpcMixin._notify_sg_on_port_change-1977434', 'neutron.plugins.ml2.ovo_rpc._ObjectChangeHandler.handle_event-402906', 'neutron.api.rpc.agentnotifiers.dhcp_rpc_agent_api.DhcpAgentNotifyAPI._native_event_send_dhcp_notification-585017', 'neutron.db.l3_db.L3RpcNotifierMixin._notify_gateway_port_ip_changed-8768463858589', 'neutron.db.l3_dvrscheduler_db._notify_l3_agent_port_update-8768463387396', 'neutron.db.l3_hascheduler_db._notify_l3_agent_ha_port_update-8768463387414'] for port, after_update {{(pid=94392) _notify_loop /usr/local/lib/python3.8/dist-packages/neutron_lib/callbacks/manager.py:192}}
Aug 12 08:57:19.853443 dv-neutron-804213-2-hyperv neutron-server[94391]: DEBUG neutron.api.rpc.handlers.resources_rpc [None req-bf44f47e-a43a-404f-8c08-74d7ef00cee2 tempest-ServersTestManualDisk-1501414012 tempest-ServersTestManualDisk-1501414012-project] Pushing event updated for resources: {'SecurityGroupRule': ['ID=30971e5f-52b1-4c05-884b-03a6aa6e36f7,revision_number=0']} {{(pid=94391) push /opt/stack/neutron/neutron/api/rpc/handlers/resources_rpc.py:237}}
Aug 12 08:57:19.854650 dv-neutron-804213-2-hyperv neutron-server[94393]: DEBUG neutron_lib.callbacks.manager [None req-c0c0c615-87c9-4521-aa19-3d53126cb330 None None] Notify callbacks ['neutron.plugins.ml2.plugin.SecurityGroupDbMixin._ensure_default_security_group_handler-1970932'] for port, before_update {{(pid=94393) _notify_loop /usr/local/lib/python3.8/dist-packages/neutron_lib/callbacks/manager.py:192}}
Aug 12 08:57:19.921210 dv-neutron-804213-2-hyperv neutron-server[94392]: DEBUG neutron.api.rpc.handlers.resources_rpc [None req-eaf80e7e-d758-4c4b-9eee-fac0da875cc5 tempest-ServersTestJSON-565937313 tempest-ServersTestJSON-565937313-project] Pushing event updated for resources: {'Port': ['ID=a1ff40ab-aaee-4620-8405-8349302001cc,revision_number=2']} {{(pid=94392) push /opt/stack/neutron/neutron/api/rpc/handlers/resources_rpc.py:237}}
Aug 12 08:57:19.926884 dv-neutron-804213-2-hyperv neutron-server[94392]: DEBUG neutron_lib.callbacks.manager [None req-eaf80e7e-d758-4c4b-9eee-fac0da875cc5 tempest-ServersTestJSON-565937313 tempest-ServersTestJSON-565937313-project] Notify callbacks ['neutron.services.l3_router.l3_router_plugin.DVRResourceOperationHandler._create_dvr_floating_gw_port-643229'] for floatingip, after_update {{(pid=94392) _notify_loop /usr/local/lib/python3.8/dist-packages/neutron_lib/callbacks/manager.py:192}}
Aug 12 08:57:19.942952 dv-neutron-804213-2-hyperv neutron-server[94391]: DEBUG neutron_lib.callbacks.manager [None req-bf44f47e-a43a-404f-8c08-74d7ef00cee2 tempest-ServersTestManualDisk-1501414012 tempest-ServersTestManualDisk-1501414012-project] Notify callbacks [] for security_group_rule, before_response {{(pid=94391) _notify_loop /usr/local/lib/python3.8/dist-packages/neutron_lib/callbacks/manager.py:192}}
Aug 12 08:57:19.949332 dv-neutron-804213-2-hyperv neutron-server[94391]: INFO neutron.wsgi [None req-bf44f47e-a43a-404f-8c08-74d7ef00cee2 tempest-ServersTestManualDisk-1501414012 tempest-ServersTestManualDisk-1501414012-project] 10.222.0.42 "POST /v2.0/security-group-rules HTTP/1.1" status: 201 len: 764 time: 0.7559557
Aug 12 08:57:19.961492 dv-neutron-804213-2-hyperv neutron-server[94392]: DEBUG neutron_lib.callbacks.manager [None req-43a519b9-da8f-4dad-b2ea-5fee6ef73dd0 tempest-PortsAdminExtendedAttrsIpV6TestJSON-180333597 tempest-PortsAdminExtendedAttrsIpV6TestJSON-180333597-project] Notify callbacks [] for security_group, before_create {{(pid=94392) _notify_loop /usr/local/lib/python3.8/dist-packages/neutron_lib/callbacks/manager.py:192}}
Aug 12 08:57:19.972079 dv-neutron-804213-2-hyperv neutron-server[94392]: DEBUG neutron.wsgi [-] (94392) accepted ('10.222.0.42', 53014) {{(pid=94392) server /usr/local/lib/python3.8/dist-packages/eventlet/wsgi.py:982}}
Aug 12 08:57:19.977764 dv-neutron-804213-2-hyperv neutron-server[94392]: DEBUG neutron_lib.callbacks.manager [None req-eaf80e7e-d758-4c4b-9eee-fac0da875cc5 tempest-ServersTestJSON-565937313 tempest-ServersTestJSON-565937313-project] Notify callbacks ['neutron.notifiers.nova.Notifier._send_nova_notification-469393'] for floatingip, before_response {{(pid=94392) _notify_loop /usr/local/lib/python3.8/dist-packages/neutron_lib/callbacks/manager.py:192}}
Aug 12 08:57:19.988125 dv-neutron-804213-2-hyperv neutron-server[94392]: INFO neutron.wsgi [None req-eaf80e7e-d758-4c4b-9eee-fac0da875cc5 tempest-ServersTestJSON-565937313 tempest-ServersTestJSON-565937313-project] 10.222.0.42 "POST /v2.0/floatingips HTTP/1.1" status: 201 len: 693 time: 3.4561973
Aug 12 08:57:20.013184 dv-neutron-804213-2-hyperv neutron-server[94391]: DEBUG neutron_lib.callbacks.manager [None req-a1424bd4-d16c-4aa7-8af0-aed7c923196d tempest-MeteringIpV6TestJSON-973842141 tempest-MeteringIpV6TestJSON-973842141-project-admin] Notify callbacks [] for metering_label, before_response {{(pid=94391) _notify_loop /usr/local/lib/python3.8/dist-packages/neutron_lib/callbacks/manager.py:192}}
Aug 12 08:57:20.016812 dv-neutron-804213-2-hyperv neutron-server[94391]: INFO neutron.wsgi [None req-a1424bd4-d16c-4aa7-8af0-aed7c923196d tempest-MeteringIpV6TestJSON-973842141 tempest-MeteringIpV6TestJSON-973842141-project-admin] 10.222.0.42 "POST /v2.0/metering/metering-labels HTTP/1.1" status: 201 len: 476 time: 1.1144657
Aug 12 08:57:20.018629 dv-neutron-804213-2-hyperv neutron-server[94391]: DEBUG neutron.plugins.ml2.plugin [None req-d472020f-7d91-4f74-8b68-162b5880afe6 tempest-RoutersAdminTest-1704621621 tempest-RoutersAdminTest-1704621621-project-admin] Deleting port eb272f67-809a-4918-8151-e366edacf1a2 {{(pid=94391) _pre_delete_port /opt/stack/neutron/neutron/plugins/ml2/plugin.py:1919}}
Aug 12 08:57:20.019065 dv-neutron-804213-2-hyperv neutron-server[94391]: DEBUG neutron_lib.callbacks.manager [None req-d472020f-7d91-4f74-8b68-162b5880afe6 tempest-RoutersAdminTest-1704621621 tempest-RoutersAdminTest-1704621621-project-admin] Notify callbacks ['neutron.db.l3_db.L3_NAT_dbonly_mixin._prevent_l3_port_delete_callback-8768463852337'] for port, before_delete {{(pid=94391) _notify_loop /usr/local/lib/python3.8/dist-packages/neutron_lib/callbacks/manager.py:192}}
Aug 12 08:57:20.033036 dv-neutron-804213-2-hyperv neutron-server[94392]: DEBUG neutron.api.v2.base [None req-93c5a4f6-26ce-40cb-911d-09b9bbf7ad7a tempest-ServersTestManualDisk-1501414012 tempest-ServersTestManualDisk-1501414012-project] Request body: {'security_group_rule': {'security_group_id': 'f5111152-bc6a-47d7-ad02-7acd5cc4c42c', 'protocol': 'icmp', 'ethertype': 'IPv4', 'direction': 'ingress'}} {{(pid=94392) prepare_request_body /opt/stack/neutron/neutron/api/v2/base.py:729}}
Aug 12 08:57:20.042619 dv-neutron-804213-2-hyperv neutron-server[94392]: DEBUG neutron.wsgi [-] (94392) accepted ('10.222.0.42', 53018) {{(pid=94392) server /usr/local/lib/python3.8/dist-packages/eventlet/wsgi.py:982}}
Aug 12 08:57:20.112856 dv-neutron-804213-2-hyperv neutron-server[94391]: DEBUG neutron_lib.callbacks.manager [None req-d472020f-7d91-4f74-8b68-162b5880afe6 tempest-RoutersAdminTest-1704621621 tempest-RoutersAdminTest-1704621621-project-admin] Notify callbacks ['neutron.services.l3_router.l3_router_plugin.L3_NAT_dbonly_mixin._precommit_delete_port_callback-646831'] for port, precommit_delete {{(pid=94391) _notify_loop /usr/local/lib/python3.8/dist-packages/neutron_lib/callbacks/manager.py:192}}
Aug 12 08:57:20.125180 dv-neutron-804213-2-hyperv neutron-server[94392]: DEBUG neutron.api.v2.base [None req-23f16bcf-609d-483c-b53e-747ba0824879 tempest-MeteringIpV6TestJSON-973842141 tempest-MeteringIpV6TestJSON-973842141-project-admin] Request body: {'metering_label_rule': {'remote_ip_prefix': 'fd02::/64', 'direction': 'ingress', 'metering_label_id': '1a879988-269a-48a3-84c6-c797245e2c86'}} {{(pid=94392) prepare_request_body /opt/stack/neutron/neutron/api/v2/base.py:729}}
Aug 12 08:57:20.125670 dv-neutron-804213-2-hyperv neutron-server[94392]: DEBUG neutron.api.v2.base [None req-23f16bcf-609d-483c-b53e-747ba0824879 tempest-MeteringIpV6TestJSON-973842141 tempest-MeteringIpV6TestJSON-973842141-project-admin] Unknown quota resources ['metering_label_rule']. {{(pid=94392) _create /opt/stack/neutron/neutron/api/v2/base.py:495}}
Aug 12 08:57:20.128736 dv-neutron-804213-2-hyperv neutron-server[94391]: DEBUG neutron.plugins.ml2.plugin [None req-d472020f-7d91-4f74-8b68-162b5880afe6 tempest-RoutersAdminTest-1704621621 tempest-RoutersAdminTest-1704621621-project-admin] Calling delete_port for eb272f67-809a-4918-8151-e366edacf1a2 owned by {{(pid=94391) delete_port /opt/stack/neutron/neutron/plugins/ml2/plugin.py:1997}}
Aug 12 08:57:20.265551 dv-neutron-804213-2-hyperv neutron-server[94392]: WARNING neutron.services.metering.metering_plugin [None req-23f16bcf-609d-483c-b53e-747ba0824879 tempest-MeteringIpV6TestJSON-973842141 tempest-MeteringIpV6TestJSON-973842141-project-admin] The use of 'remote_ip_prefix' in metering label rules is deprecated and will be removed in future releases. One should use instead the 'source_ip_prefix' and/or 'destination_ip_prefix' parameters. For more details, you can check the spec: https://review.opendev.org/#/c/744702/.
Aug 12 08:57:20.274157 dv-neutron-804213-2-hyperv neutron-server[94391]: DEBUG neutron.wsgi [-] (94391) accepted ('10.222.0.42', 53024) {{(pid=94391) server /usr/local/lib/python3.8/dist-packages/eventlet/wsgi.py:982}}
Aug 12 08:57:20.287562 dv-neutron-804213-2-hyperv neutron-server[94391]: DEBUG neutron_lib.callbacks.manager [None req-d472020f-7d91-4f74-8b68-162b5880afe6 tempest-RoutersAdminTest-1704621621 tempest-RoutersAdminTest-1704621621-project-admin] Notify callbacks ['neutron.plugins.ml2.plugin.SecurityGroupServerNotifierRpcMixin._notify_sg_on_port_change-1977434', 'neutron.plugins.ml2.ovo_rpc._ObjectChangeHandler.handle_event-402906', 'neutron.api.rpc.agentnotifiers.dhcp_rpc_agent_api.DhcpAgentNotifyAPI._native_event_send_dhcp_notification-585017', 'neutron.db.l3_db.L3RpcNotifierMixin._notify_routers_callback-8768463858571', 'neutron.db.l3_dvrscheduler_db._notify_port_delete-8768463385847'] for port, after_delete {{(pid=94391) _notify_loop /usr/local/lib/python3.8/dist-packages/neutron_lib/callbacks/manager.py:192}}
Aug 12 08:57:20.290304 dv-neutron-804213-2-hyperv neutron-server[94391]: DEBUG neutron_lib.callbacks.manager [None req-d502c8c4-f790-4e5a-9d8a-d8b9cc7afe1d tempest-ServerActionsTestJSON-671733289 tempest-ServerActionsTestJSON-671733289-project] Notify callbacks [] for security_group_rule, precommit_create {{(pid=94391) _notify_loop /usr/local/lib/python3.8/dist-packages/neutron_lib/callbacks/manager.py:192}}
Aug 12 08:57:20.351683 dv-neutron-804213-2-hyperv neutron-server[94391]: DEBUG neutron.api.rpc.handlers.resources_rpc [None req-d472020f-7d91-4f74-8b68-162b5880afe6 tempest-RoutersAdminTest-1704621621 tempest-RoutersAdminTest-1704621621-project-admin] Pushing event deleted for resources: {'Port': ['ID=eb272f67-809a-4918-8151-e366edacf1a2,revision_number=None']} {{(pid=94391) push /opt/stack/neutron/neutron/api/rpc/handlers/resources_rpc.py:237}}
Aug 12 08:57:20.354276 dv-neutron-804213-2-hyperv neutron-server[94391]: DEBUG neutron_lib.callbacks.manager [None req-d502c8c4-f790-4e5a-9d8a-d8b9cc7afe1d tempest-ServerActionsTestJSON-671733289 tempest-ServerActionsTestJSON-671733289-project] Notify callbacks ['neutron.plugins.ml2.ovo_rpc._ObjectChangeHandler.handle_event-565063'] for security_group_rule, after_create {{(pid=94391) _notify_loop /usr/local/lib/python3.8/dist-packages/neutron_lib/callbacks/manager.py:192}}
Aug 12 08:57:20.372657 dv-neutron-804213-2-hyperv neutron-server[94392]: DEBUG neutron_lib.callbacks.manager [None req-13526127-c8c2-42df-84c8-b08c62750f8f tempest-DHCPAgentSchedulersTestJSON-976615729 tempest-DHCPAgentSchedulersTestJSON-976615729-project] Notify callbacks ['neutron.plugins.ml2.plugin.Ml2Plugin._network_delete_precommit_handler-2008531', 'neutron.services.segments.db._delete_segments_for_network-8768463899504'] for network, precommit_delete {{(pid=94392) _notify_loop /usr/local/lib/python3.8/dist-packages/neutron_lib/callbacks/manager.py:192}}
Aug 12 08:57:20.409150 dv-neutron-804213-2-hyperv neutron-server[94391]: DEBUG neutron_lib.callbacks.manager [None req-d472020f-7d91-4f74-8b68-162b5880afe6 tempest-RoutersAdminTest-1704621621 tempest-RoutersAdminTest-1704621621-project-admin] Notify callbacks ['neutron.notifiers.nova.Notifier._send_nova_notification-469393'] for port, before_response {{(pid=94391) _notify_loop /usr/local/lib/python3.8/dist-packages/neutron_lib/callbacks/manager.py:192}}
Aug 12 08:57:20.411362 dv-neutron-804213-2-hyperv neutron-server[94391]: INFO neutron.wsgi [None req-d472020f-7d91-4f74-8b68-162b5880afe6 tempest-RoutersAdminTest-1704621621 tempest-RoutersAdminTest-1704621621-project-admin] 10.222.0.42 "DELETE /v2.0/ports/eb272f67-809a-4918-8151-e366edacf1a2 HTTP/1.1" status: 204 len: 168 time: 1.1145847
Aug 12 08:57:20.412250 dv-neutron-804213-2-hyperv neutron-server[94393]: DEBUG neutron_lib.callbacks.manager [None req-c0c0c615-87c9-4521-aa19-3d53126cb330 None None] Notify callbacks [] for port, precommit_update {{(pid=94393) _notify_loop /usr/local/lib/python3.8/dist-packages/neutron_lib/callbacks/manager.py:192}}
Aug 12 08:57:20.419871 dv-neutron-804213-2-hyperv neutron-server[94392]: DEBUG neutron.wsgi [-] (94392) accepted ('10.222.0.42', 53038) {{(pid=94392) server /usr/local/lib/python3.8/dist-packages/eventlet/wsgi.py:982}}
Aug 12 08:57:20.427281 dv-neutron-804213-2-hyperv neutron-server[94393]: DEBUG neutron.db.provisioning_blocks [None req-c0c0c615-87c9-4521-aa19-3d53126cb330 None None] Transition to ACTIVE for port object 9245d00d-2ae7-4ab7-b540-6e24f78938a1 will not be triggered until provisioned by entity L2. {{(pid=94393) add_provisioning_component /opt/stack/neutron/neutron/db/provisioning_blocks.py:73}}
Aug 12 08:57:20.429439 dv-neutron-804213-2-hyperv neutron-server[94391]: DEBUG neutron.api.rpc.handlers.resources_rpc [None req-d502c8c4-f790-4e5a-9d8a-d8b9cc7afe1d tempest-ServerActionsTestJSON-671733289 tempest-ServerActionsTestJSON-671733289-project] Pushing event updated for resources: {'SecurityGroupRule': ['ID=8559d69d-1226-409d-91a3-69c5ccb97f08,revision_number=0']} {{(pid=94391) push /opt/stack/neutron/neutron/api/rpc/handlers/resources_rpc.py:237}}
Aug 12 08:57:20.431785 dv-neutron-804213-2-hyperv neutron-server[94392]: DEBUG neutron_lib.callbacks.manager [None req-23f16bcf-609d-483c-b53e-747ba0824879 tempest-MeteringIpV6TestJSON-973842141 tempest-MeteringIpV6TestJSON-973842141-project-admin] Notify callbacks [] for metering_label_rule, before_response {{(pid=94392) _notify_loop /usr/local/lib/python3.8/dist-packages/neutron_lib/callbacks/manager.py:192}}
Aug 12 08:57:20.435265 dv-neutron-804213-2-hyperv neutron-server[94393]: DEBUG neutron.plugins.ml2.rpc [None req-975ebf54-81a0-4a28-b3b8-7a994ae55247 None None] Device 9f0093c9-863d-441f-9cfc-ebd952085004 up at agent ovs-agent-dv-neutron-804213-2-hyperv {{(pid=94393) update_device_up /opt/stack/neutron/neutron/plugins/ml2/rpc.py:296}}
Aug 12 08:57:20.441047 dv-neutron-804213-2-hyperv neutron-server[94393]: DEBUG neutron_lib.callbacks.manager [None req-c0c0c615-87c9-4521-aa19-3d53126cb330 None None] Notify callbacks ['neutron.plugins.ml2.plugin.SecurityGroupServerNotifierRpcMixin._notify_sg_on_port_change-1977434', 'neutron.plugins.ml2.ovo_rpc._ObjectChangeHandler.handle_event-402906', 'neutron.api.rpc.agentnotifiers.dhcp_rpc_agent_api.DhcpAgentNotifyAPI._native_event_send_dhcp_notification-585017', 'neutron.db.l3_db.L3RpcNotifierMixin._notify_gateway_port_ip_changed-8768463858589', 'neutron.db.l3_dvrscheduler_db._notify_l3_agent_port_update-8768463387396', 'neutron.db.l3_hascheduler_db._notify_l3_agent_ha_port_update-8768463387414'] for port, after_update {{(pid=94393) _notify_loop /usr/local/lib/python3.8/dist-packages/neutron_lib/callbacks/manager.py:192}}
Aug 12 08:57:20.441868 dv-neutron-804213-2-hyperv neutron-server[94392]: INFO neutron.wsgi [None req-23f16bcf-609d-483c-b53e-747ba0824879 tempest-MeteringIpV6TestJSON-973842141 tempest-MeteringIpV6TestJSON-973842141-project-admin] 10.222.0.42 "POST /v2.0/metering/metering-label-rules HTTP/1.1" status: 201 len: 464 time: 0.3225694
Aug 12 08:57:20.445986 dv-neutron-804213-2-hyperv neutron-server[94391]: DEBUG neutron.wsgi [-] (94391) accepted ('10.222.0.42', 53040) {{(pid=94391) server /usr/local/lib/python3.8/dist-packages/eventlet/wsgi.py:982}}
Aug 12 08:57:20.451583 dv-neutron-804213-2-hyperv neutron-server[94392]: DEBUG neutron.api.v2.base [None req-ba0b7fa7-b58d-4cf4-8e77-cc01224dc182 tempest-RoutersAdminTest-1704621621 tempest-RoutersAdminTest-1704621621-project-admin] Request body: {'router': {'external_gateway_info': {'network_id': '1f677a28-1f51-47ba-99a2-0a7bb97b3e0a', 'external_fixed_ips': [{'subnet_id': '8e9ce420-818e-4919-9c31-dd753b7f6d1a', 'ip_address': '172.20.0.7'}]}}} {{(pid=94392) prepare_request_body /opt/stack/neutron/neutron/api/v2/base.py:729}}
Aug 12 08:57:20.452106 dv-neutron-804213-2-hyperv neutron-server[94391]: DEBUG neutron.api.v2.base [None req-5d816f57-1d56-4ead-af9a-8209eefd728a tempest-MeteringIpV6TestJSON-973842141 tempest-MeteringIpV6TestJSON-973842141-project-admin] Request body: {'metering_label_rule': {'remote_ip_prefix': 'fd03::/64', 'direction': 'ingress', 'metering_label_id': '1a879988-269a-48a3-84c6-c797245e2c86'}} {{(pid=94391) prepare_request_body /opt/stack/neutron/neutron/api/v2/base.py:729}}
Aug 12 08:57:20.452598 dv-neutron-804213-2-hyperv neutron-server[94391]: DEBUG neutron.api.v2.base [None req-5d816f57-1d56-4ead-af9a-8209eefd728a tempest-MeteringIpV6TestJSON-973842141 tempest-MeteringIpV6TestJSON-973842141-project-admin] Unknown quota resources ['metering_label_rule']. {{(pid=94391) _create /opt/stack/neutron/neutron/api/v2/base.py:495}}
Aug 12 08:57:20.461369 dv-neutron-804213-2-hyperv neutron-server[94392]: DEBUG neutron_lib.callbacks.manager [None req-13526127-c8c2-42df-84c8-b08c62750f8f tempest-DHCPAgentSchedulersTestJSON-976615729 tempest-DHCPAgentSchedulersTestJSON-976615729-project] Subscribe: > segment before_delete 55550000 {{(pid=94392) subscribe /usr/local/lib/python3.8/dist-packages/neutron_lib/callbacks/manager.py:45}}
Aug 12 08:57:20.461741 dv-neutron-804213-2-hyperv neutron-server[94392]: DEBUG neutron_lib.callbacks.manager [None req-13526127-c8c2-42df-84c8-b08c62750f8f tempest-DHCPAgentSchedulersTestJSON-976615729 tempest-DHCPAgentSchedulersTestJSON-976615729-project] Subscribe: > subnet precommit_delete_associations 55550000 {{(pid=94392) subscribe /usr/local/lib/python3.8/dist-packages/neutron_lib/callbacks/manager.py:45}}
Aug 12 08:57:20.462519 dv-neutron-804213-2-hyperv neutron-server[94392]: DEBUG neutron_lib.callbacks.manager [None req-13526127-c8c2-42df-84c8-b08c62750f8f tempest-DHCPAgentSchedulersTestJSON-976615729 tempest-DHCPAgentSchedulersTestJSON-976615729-project] Subscribe: > segment_host_mapping after_create 55550000 {{(pid=94392) subscribe /usr/local/lib/python3.8/dist-packages/neutron_lib/callbacks/manager.py:45}}
Aug 12 08:57:20.462853 dv-neutron-804213-2-hyperv neutron-server[94392]: DEBUG neutron_lib.callbacks.manager [None req-13526127-c8c2-42df-84c8-b08c62750f8f tempest-DHCPAgentSchedulersTestJSON-976615729 tempest-DHCPAgentSchedulersTestJSON-976615729-project] Subscribe: > port after_create 55550000 {{(pid=94392) subscribe /usr/local/lib/python3.8/dist-packages/neutron_lib/callbacks/manager.py:45}}
Aug 12 08:57:20.463197 dv-neutron-804213-2-hyperv neutron-server[94392]: DEBUG neutron_lib.callbacks.manager [None req-13526127-c8c2-42df-84c8-b08c62750f8f tempest-DHCPAgentSchedulersTestJSON-976615729 tempest-DHCPAgentSchedulersTestJSON-976615729-project] Subscribe: > port after_delete 55550000 {{(pid=94392) subscribe /usr/local/lib/python3.8/dist-packages/neutron_lib/callbacks/manager.py:45}}
Aug 12 08:57:20.463638 dv-neutron-804213-2-hyperv neutron-server[94392]: DEBUG neutron_lib.callbacks.manager [None req-13526127-c8c2-42df-84c8-b08c62750f8f tempest-DHCPAgentSchedulersTestJSON-976615729 tempest-DHCPAgentSchedulersTestJSON-976615729-project] Subscribe: > port after_update 55550000 {{(pid=94392) subscribe /usr/local/lib/python3.8/dist-packages/neutron_lib/callbacks/manager.py:45}}
Aug 12 08:57:20.464267 dv-neutron-804213-2-hyperv neutron-server[94392]: DEBUG neutron_lib.callbacks.manager [None req-13526127-c8c2-42df-84c8-b08c62750f8f tempest-DHCPAgentSchedulersTestJSON-976615729 tempest-DHCPAgentSchedulersTestJSON-976615729-project] Subscribe: > segment after_delete 55550000 {{(pid=94392) subscribe /usr/local/lib/python3.8/dist-packages/neutron_lib/callbacks/manager.py:45}}
Aug 12 08:57:20.464396 dv-neutron-804213-2-hyperv neutron-server[94392]: DEBUG neutron_lib.callbacks.manager [None req-13526127-c8c2-42df-84c8-b08c62750f8f tempest-DHCPAgentSchedulersTestJSON-976615729 tempest-DHCPAgentSchedulersTestJSON-976615729-project] Subscribe: > subnet after_create 55550000 {{(pid=94392) subscribe /usr/local/lib/python3.8/dist-packages/neutron_lib/callbacks/manager.py:45}}
Aug 12 08:57:20.464692 dv-neutron-804213-2-hyperv neutron-server[94392]: DEBUG neutron_lib.callbacks.manager [None req-13526127-c8c2-42df-84c8-b08c62750f8f tempest-DHCPAgentSchedulersTestJSON-976615729 tempest-DHCPAgentSchedulersTestJSON-976615729-project] Subscribe: > subnet after_delete 55550000 {{(pid=94392) subscribe /usr/local/lib/python3.8/dist-packages/neutron_lib/callbacks/manager.py:45}}
Aug 12 08:57:20.464942 dv-neutron-804213-2-hyperv neutron-server[94391]: DEBUG neutron.api.v2.base [None req-fef13f29-cca3-445a-9d44-d856f09da74a tempest-AllowedAddressPairTestJSON-1590208892 tempest-AllowedAddressPairTestJSON-1590208892-project] Request body: {'network': {'name': 'tempest-AllowedAddressPairTestJSON-test-network-191363139'}} {{(pid=94391) prepare_request_body /opt/stack/neutron/neutron/api/v2/base.py:729}}
Aug 12 08:57:20.465055 dv-neutron-804213-2-hyperv neutron-server[94392]: DEBUG neutron_lib.callbacks.manager [None req-13526127-c8c2-42df-84c8-b08c62750f8f tempest-DHCPAgentSchedulersTestJSON-976615729 tempest-DHCPAgentSchedulersTestJSON-976615729-project] Subscribe: > subnet after_update 55550000 {{(pid=94392) subscribe /usr/local/lib/python3.8/dist-packages/neutron_lib/callbacks/manager.py:45}}
Aug 12 08:57:20.548559 dv-neutron-804213-2-hyperv neutron-server[94393]: DEBUG neutron.api.rpc.handlers.resources_rpc [None req-79656f23-da6d-4181-aea6-f7aa33d131e3 None None] Pushing event updated for resources: {'Port': ['ID=9245d00d-2ae7-4ab7-b540-6e24f78938a1,revision_number=3']} {{(pid=94393) push /opt/stack/neutron/neutron/api/rpc/handlers/resources_rpc.py:237}}
Aug 12 08:57:20.576494 dv-neutron-804213-2-hyperv neutron-server[94391]: WARNING neutron.services.metering.metering_plugin [None req-5d816f57-1d56-4ead-af9a-8209eefd728a tempest-MeteringIpV6TestJSON-973842141 tempest-MeteringIpV6TestJSON-973842141-project-admin] The use of 'remote_ip_prefix' in metering label rules is deprecated and will be removed in future releases. One should use instead the 'source_ip_prefix' and/or 'destination_ip_prefix' parameters. For more details, you can check the spec: https://review.opendev.org/#/c/744702/.
Aug 12 08:57:20.612069 dv-neutron-804213-2-hyperv neutron-server[94393]: DEBUG neutron.db.provisioning_blocks [None req-975ebf54-81a0-4a28-b3b8-7a994ae55247 None None] Provisioning complete for port 9f0093c9-863d-441f-9cfc-ebd952085004 triggered by entity L2. {{(pid=94393) provisioning_complete /opt/stack/neutron/neutron/db/provisioning_blocks.py:139}}
Aug 12 08:57:20.612443 dv-neutron-804213-2-hyperv neutron-server[94393]: DEBUG neutron_lib.callbacks.manager [None req-975ebf54-81a0-4a28-b3b8-7a994ae55247 None None] Notify callbacks ['neutron.plugins.ml2.plugin.Ml2Plugin._port_provisioned-2047420'] for port, provisioning_complete {{(pid=94393) _notify_loop /usr/local/lib/python3.8/dist-packages/neutron_lib/callbacks/manager.py:192}}
Aug 12 08:57:20.648098 dv-neutron-804213-2-hyperv neutron-server[94393]: DEBUG neutron.plugins.ml2.managers [None req-c0c0c615-87c9-4521-aa19-3d53126cb330 None None] Attempting to bind port 9245d00d-2ae7-4ab7-b540-6e24f78938a1 on host dv-neutron-804213-2-hyperv for vnic_type normal with profile {{(pid=94393) bind_port /opt/stack/neutron/neutron/plugins/ml2/managers.py:790}}
Aug 12 08:57:20.648469 dv-neutron-804213-2-hyperv neutron-server[94393]: DEBUG neutron.plugins.ml2.managers [None req-c0c0c615-87c9-4521-aa19-3d53126cb330 None None] Attempting to bind port 9245d00d-2ae7-4ab7-b540-6e24f78938a1 by drivers openvswitch,hyperv on host dv-neutron-804213-2-hyperv at level 0 using segments [{'id': '7ea349b0-7f91-4e01-b3d1-6457bf244551', 'network_type': 'vlan', 'physical_network': 'physnet1', 'segmentation_id': 226, 'network_id': 'e9709ea8-47f9-4eda-9b78-642a39ff905f'}] {{(pid=94393) _bind_port_level /opt/stack/neutron/neutron/plugins/ml2/managers.py:815}}
Aug 12 08:57:20.648894 dv-neutron-804213-2-hyperv neutron-server[94393]: DEBUG neutron.plugins.ml2.drivers.mech_agent [None req-c0c0c615-87c9-4521-aa19-3d53126cb330 None None] Attempting to bind port 9245d00d-2ae7-4ab7-b540-6e24f78938a1 on network e9709ea8-47f9-4eda-9b78-642a39ff905f {{(pid=94393) bind_port /opt/stack/neutron/neutron/plugins/ml2/drivers/mech_agent.py:85}}
Aug 12 08:57:20.660520 dv-neutron-804213-2-hyperv neutron-server[94393]: DEBUG neutron.plugins.ml2.drivers.mech_agent [None req-c0c0c615-87c9-4521-aa19-3d53126cb330 None None] Checking agent: {'id': '152f8b6e-0fab-46bc-adb0-62b277aa09b9', 'agent_type': 'Open vSwitch agent', 'binary': 'neutron-openvswitch-agent', 'topic': 'N/A', 'host': 'dv-neutron-804213-2-hyperv', 'admin_state_up': True, 'created_at': datetime.datetime(2021, 8, 12, 8, 49, 36), 'started_at': datetime.datetime(2021, 8, 12, 8, 50, 6), 'heartbeat_timestamp': datetime.datetime(2021, 8, 12, 8, 57, 6), 'description': None, 'resources_synced': None, 'availability_zone': None, 'alive': True, 'configurations': {'arp_responder_enabled': False, 'baremetal_smartnic': False, 'bridge_mappings': {'physnet1': 'br-data'}, 'datapath_type': 'system', 'devices': 0, 'enable_distributed_routing': False, 'extensions': [], 'in_distributed_mode': False, 'integration_bridge': 'br-int', 'l2_population': False, 'log_agent_heartbeats': False, 'ovs_capabilities': {'datapath_types': ['netdev', 'system'], 'iface_types': ['erspan', 'geneve', 'gre', 'internal', 'ip6erspan', 'ip6gre', 'lisp', 'patch', 'stt', 'system', 'tap', 'vxlan']}, 'ovs_hybrid_plug': False, 'resource_provider_bandwidths': {}, 'resource_provider_hypervisors': {'br-data': 'dv-neutron-804213-2-hyperv'}, 'resource_provider_inventory_defaults': {'allocation_ratio': 1.0, 'min_unit': 1, 'step_size': 1, 'reserved': 0}, 'tunnel_types': [], 'tunneling_ip': None, 'vhostuser_socket_dir': '/var/run/openvswitch'}, 'resource_versions': {'AddressGroup': '1.2', 'ConntrackHelper': '1.0', 'Log': '1.0', 'Network': '1.1', 'Port': '1.7', 'PortForwarding': '1.2', 'QosPolicy': '1.9', 'SecurityGroup': '1.4', 'SecurityGroupRule': '1.2', 'SubPort': '1.0', 'Subnet': '1.1', 'Trunk': '1.1'}} {{(pid=94393) bind_port /opt/stack/neutron/neutron/plugins/ml2/drivers/mech_agent.py:104}}
Aug 12 08:57:20.660933 dv-neutron-804213-2-hyperv neutron-server[94393]: DEBUG neutron.plugins.ml2.drivers.mech_agent [None req-c0c0c615-87c9-4521-aa19-3d53126cb330 None None] Checking segment: {'id': '7ea349b0-7f91-4e01-b3d1-6457bf244551', 'network_type': 'vlan', 'physical_network': 'physnet1', 'segmentation_id': 226, 'network_id': 'e9709ea8-47f9-4eda-9b78-642a39ff905f'} for mappings: {'physnet1': 'br-data'} with network types: ['local', 'flat', 'vlan'] {{(pid=94393) check_segment_for_agent /opt/stack/neutron/neutron/plugins/ml2/drivers/mech_agent.py:352}}
Aug 12 08:57:20.661338 dv-neutron-804213-2-hyperv neutron-server[94393]: DEBUG neutron_lib.callbacks.manager [None req-c0c0c615-87c9-4521-aa19-3d53126cb330 None None] Notify callbacks [] for ovs_bridge_name, before_read {{(pid=94393) _notify_loop /usr/local/lib/python3.8/dist-packages/neutron_lib/callbacks/manager.py:192}}
Aug 12 08:57:20.661731 dv-neutron-804213-2-hyperv neutron-server[94393]: DEBUG neutron.plugins.ml2.drivers.mech_agent [None req-c0c0c615-87c9-4521-aa19-3d53126cb330 None None] Bound using segment: {'id': '7ea349b0-7f91-4e01-b3d1-6457bf244551', 'network_type': 'vlan', 'physical_network': 'physnet1', 'segmentation_id': 226, 'network_id': 'e9709ea8-47f9-4eda-9b78-642a39ff905f'} {{(pid=94393) bind_port /opt/stack/neutron/neutron/plugins/ml2/drivers/mech_agent.py:114}}
Aug 12 08:57:20.662223 dv-neutron-804213-2-hyperv neutron-server[94393]: DEBUG neutron.plugins.ml2.managers [None req-c0c0c615-87c9-4521-aa19-3d53126cb330 None None] Bound port: 9245d00d-2ae7-4ab7-b540-6e24f78938a1, host: dv-neutron-804213-2-hyperv, vif_type: ovs, vif_details: {"connectivity": "l2", "port_filter": true, "ovs_hybrid_plug": false, "datapath_type": "system", "bridge_name": "br-int"}, binding_levels: [{'bound_driver': 'openvswitch', 'bound_segment': {'id': '7ea349b0-7f91-4e01-b3d1-6457bf244551', 'network_type': 'vlan', 'physical_network': 'physnet1', 'segmentation_id': 226, 'network_id': 'e9709ea8-47f9-4eda-9b78-642a39ff905f'}}] {{(pid=94393) _bind_port_level /opt/stack/neutron/neutron/plugins/ml2/managers.py:928}}
Aug 12 08:57:20.662570 dv-neutron-804213-2-hyperv neutron-server[94393]: DEBUG neutron_lib.callbacks.manager [None req-c0c0c615-87c9-4521-aa19-3d53126cb330 None None] Notify callbacks ['neutron.plugins.ml2.plugin.SecurityGroupDbMixin._ensure_default_security_group_handler-1970932'] for port, before_update {{(pid=94393) _notify_loop /usr/local/lib/python3.8/dist-packages/neutron_lib/callbacks/manager.py:192}}
Aug 12 08:57:20.698036 dv-neutron-804213-2-hyperv neutron-server[94391]: DEBUG neutron_lib.callbacks.manager [None req-5d816f57-1d56-4ead-af9a-8209eefd728a tempest-MeteringIpV6TestJSON-973842141 tempest-MeteringIpV6TestJSON-973842141-project-admin] Notify callbacks [] for metering_label_rule, before_response {{(pid=94391) _notify_loop /usr/local/lib/python3.8/dist-packages/neutron_lib/callbacks/manager.py:192}}
Aug 12 08:57:20.702474 dv-neutron-804213-2-hyperv neutron-server[94391]: INFO neutron.wsgi [None req-5d816f57-1d56-4ead-af9a-8209eefd728a tempest-MeteringIpV6TestJSON-973842141 tempest-MeteringIpV6TestJSON-973842141-project-admin] 10.222.0.42 "POST /v2.0/metering/metering-label-rules HTTP/1.1" status: 201 len: 464 time: 0.2553725
Aug 12 08:57:20.703275 dv-neutron-804213-2-hyperv neutron-server[94391]: DEBUG neutron.wsgi [-] (94391) accepted ('10.222.0.42', 53056) {{(pid=94391) server /usr/local/lib/python3.8/dist-packages/eventlet/wsgi.py:982}}
Aug 12 08:57:20.709175 dv-neutron-804213-2-hyperv neutron-server[94391]: DEBUG neutron.wsgi [-] (94391) accepted ('10.222.0.42', 53058) {{(pid=94391) server /usr/local/lib/python3.8/dist-packages/eventlet/wsgi.py:982}}
Aug 12 08:57:20.712486 dv-neutron-804213-2-hyperv neutron-server[94391]: WARNING keystonemiddleware.auth_token [-] A valid token was submitted as a service token, but it was not a valid service token. This is incorrect but backwards compatible behaviour. This will be removed in future releases.
Aug 12 08:57:20.738718 dv-neutron-804213-2-hyperv neutron-server[94391]: INFO neutron.wsgi [None req-4d753584-08f1-4da9-b506-42bf737c363d tempest-MeteringIpV6TestJSON-973842141 tempest-MeteringIpV6TestJSON-973842141-project-admin] 10.222.0.42 "GET /v2.0/metering/metering-label-rules?id=1de1d4c6-e8cc-4a7a-9081-7df1a155d3d7 HTTP/1.1" status: 200 len: 462 time: 0.0340359
Aug 12 08:57:20.740680 dv-neutron-804213-2-hyperv neutron-server[94391]: DEBUG neutron.wsgi [-] (94391) accepted ('10.222.0.42', 53060) {{(pid=94391) server /usr/local/lib/python3.8/dist-packages/eventlet/wsgi.py:982}}
Aug 12 08:57:20.776525 dv-neutron-804213-2-hyperv neutron-server[94393]: DEBUG neutron.plugins.ml2.db [None req-c0c0c615-87c9-4521-aa19-3d53126cb330 None None] For port 9245d00d-2ae7-4ab7-b540-6e24f78938a1, host dv-neutron-804213-2-hyperv, cleared binding levels {{(pid=94393) clear_binding_levels /opt/stack/neutron/neutron/plugins/ml2/db.py:87}}
Aug 12 08:57:20.781996 dv-neutron-804213-2-hyperv neutron-server[94393]: DEBUG neutron.plugins.ml2.db [None req-c0c0c615-87c9-4521-aa19-3d53126cb330 None None] For port 9245d00d-2ae7-4ab7-b540-6e24f78938a1, host dv-neutron-804213-2-hyperv, set binding levels [PortBindingLevel(driver='openvswitch',host='dv-neutron-804213-2-hyperv',level=0,port_id=9245d00d-2ae7-4ab7-b540-6e24f78938a1,segment=NetworkSegment(7ea349b0-7f91-4e01-b3d1-6457bf244551),segment_id=7ea349b0-7f91-4e01-b3d1-6457bf244551)] {{(pid=94393) set_binding_levels /opt/stack/neutron/neutron/plugins/ml2/db.py:59}}
Aug 12 08:57:20.783301 dv-neutron-804213-2-hyperv neutron-server[94393]: DEBUG neutron.plugins.ml2.rpc [None req-975ebf54-81a0-4a28-b3b8-7a994ae55247 None None] Device 4f7c0c34-eb4d-4e14-a7af-f0a310af4637 up at agent ovs-agent-dv-neutron-804213-2-hyperv {{(pid=94393) update_device_up /opt/stack/neutron/neutron/plugins/ml2/rpc.py:296}}
Aug 12 08:57:20.786814 dv-neutron-804213-2-hyperv neutron-server[94393]: DEBUG neutron_lib.callbacks.manager [None req-c0c0c615-87c9-4521-aa19-3d53126cb330 None None] Notify callbacks ['neutron.plugins.ml2.plugin.SecurityGroupServerNotifierRpcMixin._notify_sg_on_port_change-1977434', 'neutron.plugins.ml2.ovo_rpc._ObjectChangeHandler.handle_event-402906', 'neutron.api.rpc.agentnotifiers.dhcp_rpc_agent_api.DhcpAgentNotifyAPI._native_event_send_dhcp_notification-585017', 'neutron.db.l3_db.L3RpcNotifierMixin._notify_gateway_port_ip_changed-8768463858589', 'neutron.db.l3_dvrscheduler_db._notify_l3_agent_port_update-8768463387396', 'neutron.db.l3_hascheduler_db._notify_l3_agent_ha_port_update-8768463387414'] for port, after_update {{(pid=94393) _notify_loop /usr/local/lib/python3.8/dist-packages/neutron_lib/callbacks/manager.py:192}}
Aug 12 08:57:20.795940 dv-neutron-804213-2-hyperv neutron-server[94391]: INFO neutron.wsgi [req-b76155b5-3404-4078-b758-93a0822e8ceb req-ea17b74f-11e1-49a2-8e1f-34a83b6b5099 tempest-ServersTestJSON-565937313 tempest-ServersTestJSON-565937313-project] 10.222.0.42 "GET /v2.0/security-groups?name=tempest-securitygroup--1581486185&fields=id&tenant_id=72514bbf494a4dfd84505eb8eee6ac6a HTTP/1.1" status: 200 len: 267 time: 0.0850091
Aug 12 08:57:20.811656 dv-neutron-804213-2-hyperv neutron-server[94392]: DEBUG neutron_lib.callbacks.manager [None req-13526127-c8c2-42df-84c8-b08c62750f8f tempest-DHCPAgentSchedulersTestJSON-976615729 tempest-DHCPAgentSchedulersTestJSON-976615729-project] Subscribe: > subnet after_create 55550000 {{(pid=94392) subscribe /usr/local/lib/python3.8/dist-packages/neutron_lib/callbacks/manager.py:45}}
Aug 12 08:57:20.812031 dv-neutron-804213-2-hyperv neutron-server[94392]: DEBUG neutron_lib.callbacks.manager [None req-13526127-c8c2-42df-84c8-b08c62750f8f tempest-DHCPAgentSchedulersTestJSON-976615729 tempest-DHCPAgentSchedulersTestJSON-976615729-project] Subscribe: > subnet after_delete 55550000 {{(pid=94392) subscribe /usr/local/lib/python3.8/dist-packages/neutron_lib/callbacks/manager.py:45}}
Aug 12 08:57:20.812489 dv-neutron-804213-2-hyperv neutron-server[94392]: DEBUG neutron_lib.callbacks.manager [None req-13526127-c8c2-42df-84c8-b08c62750f8f tempest-DHCPAgentSchedulersTestJSON-976615729 tempest-DHCPAgentSchedulersTestJSON-976615729-project] Subscribe: > subnet before_create 55550000 {{(pid=94392) subscribe /usr/local/lib/python3.8/dist-packages/neutron_lib/callbacks/manager.py:45}}
