Feb 16 01:51:50.525351 dv-neutron-802834-9-hyperv neutron-server[110295]: DEBUG neutron.plugins.ml2.drivers.mech_agent [None req-01ed517f-ae97-4679-9db7-68c0d983e452 None None] Checking agent: {'id': 'ce321b8c-2b14-40de-88dc-cb031d3ef641', 'agent_type': 'Open vSwitch agent', 'binary': 'neutron-openvswitch-agent', 'topic': 'N/A', 'host': 'dv-neutron-802834-9-hyperv', 'admin_state_up': True, 'created_at': datetime.datetime(2022, 2, 16, 1, 43, 42), 'started_at': datetime.datetime(2022, 2, 16, 1, 44, 12), 'heartbeat_timestamp': datetime.datetime(2022, 2, 16, 1, 51, 42), 'description': None, 'resources_synced': None, 'availability_zone': None, 'alive': True, 'configurations': {'arp_responder_enabled': False, 'baremetal_smartnic': False, 'bridge_mappings': {'physnet1': 'br-data'}, 'datapath_type': 'system', 'devices': 0, 'enable_distributed_routing': False, 'extensions': [], 'in_distributed_mode': False, 'integration_bridge': 'br-int', 'l2_population': False, 'log_agent_heartbeats': False, 'ovs_capabilities': {'datapath_types': ['netdev', 'system'], 'iface_types': ['erspan', 'geneve', 'gre', 'internal', 'ip6erspan', 'ip6gre', 'lisp', 'patch', 'stt', 'system', 'tap', 'vxlan']}, 'ovs_hybrid_plug': False, 'resource_provider_bandwidths': {}, 'resource_provider_hypervisors': {'br-data': 'dv-neutron-802834-9-hyperv'}, 'resource_provider_inventory_defaults': {'allocation_ratio': 1.0, 'min_unit': 1, 'step_size': 1, 'reserved': 0}, 'resource_provider_packet_processing_inventory_defaults': {'allocation_ratio': 1.0, 'min_unit': 1, 'step_size': 1, 'reserved': 0}, 'resource_provider_packet_processing_with_direction': {}, 'resource_provider_packet_processing_without_direction': {}, 'tunnel_types': [], 'tunneling_ip': None, 'vhostuser_socket_dir': '/var/run/openvswitch'}, 'resource_versions': {'AddressGroup': '1.2', 'ConntrackHelper': '1.0', 'LocalIPAssociation': '1.0', 'Log': '1.0', 'Network': '1.1', 'Port': '1.7', 'PortForwarding': '1.2', 'QosPolicy': '1.10', 'SecurityGroup': '1.5', 'SecurityGroupRule': '1.2', 'SubPort': '1.0', 'Subnet': '1.1', 'Trunk': '1.1'}} {{(pid=110295) bind_port /opt/stack/neutron/neutron/plugins/ml2/drivers/mech_agent.py:110}}
Feb 16 01:51:50.525742 dv-neutron-802834-9-hyperv neutron-server[110295]: DEBUG neutron.plugins.ml2.drivers.mech_agent [None req-01ed517f-ae97-4679-9db7-68c0d983e452 None None] Checking segment: {'id': 'bcec829f-096f-4952-bed2-bee7f65a25d1', 'network_type': 'vlan', 'physical_network': 'physnet1', 'segmentation_id': 113, 'network_id': 'b5822aa4-c2e6-41ca-83a4-6166adbf38b1'} for mappings: {'physnet1': 'br-data'} with network types: ['local', 'flat', 'vlan'] {{(pid=110295) check_segment_for_agent /opt/stack/neutron/neutron/plugins/ml2/drivers/mech_agent.py:373}}
Feb 16 01:51:50.526152 dv-neutron-802834-9-hyperv neutron-server[110295]: DEBUG neutron_lib.callbacks.manager [None req-01ed517f-ae97-4679-9db7-68c0d983e452 None None] Publish callbacks [] for ovs_bridge_name (None), before_read {{(pid=110295) _notify_loop /usr/local/lib/python3.8/dist-packages/neutron_lib/callbacks/manager.py:176}}
Feb 16 01:51:50.526552 dv-neutron-802834-9-hyperv neutron-server[110295]: DEBUG neutron.plugins.ml2.drivers.mech_agent [None req-01ed517f-ae97-4679-9db7-68c0d983e452 None None] Bound using segment: {'id': 'bcec829f-096f-4952-bed2-bee7f65a25d1', 'network_type': 'vlan', 'physical_network': 'physnet1', 'segmentation_id': 113, 'network_id': 'b5822aa4-c2e6-41ca-83a4-6166adbf38b1'} {{(pid=110295) bind_port /opt/stack/neutron/neutron/plugins/ml2/drivers/mech_agent.py:120}}
Feb 16 01:51:50.527050 dv-neutron-802834-9-hyperv neutron-server[110295]: DEBUG neutron.plugins.ml2.managers [None req-01ed517f-ae97-4679-9db7-68c0d983e452 None None] Bound port: 97c5a886-871d-41e2-85ff-6f5e28909cfb, host: dv-neutron-802834-9-hyperv, vif_type: ovs, vif_details: {"connectivity": "l2", "port_filter": true, "ovs_hybrid_plug": false, "datapath_type": "system", "bridge_name": "br-int"}, binding_levels: [{'bound_driver': 'openvswitch', 'bound_segment': {'id': 'bcec829f-096f-4952-bed2-bee7f65a25d1', 'network_type': 'vlan', 'physical_network': 'physnet1', 'segmentation_id': 113, 'network_id': 'b5822aa4-c2e6-41ca-83a4-6166adbf38b1'}}] {{(pid=110295) _bind_port_level /opt/stack/neutron/neutron/plugins/ml2/managers.py:932}}
Feb 16 01:51:50.527441 dv-neutron-802834-9-hyperv neutron-server[110295]: DEBUG neutron_lib.callbacks.manager [None req-01ed517f-ae97-4679-9db7-68c0d983e452 None None] Publish callbacks ['neutron.plugins.ml2.plugin.SecurityGroupDbMixin._ensure_default_security_group_handler-7698345'] for port (97c5a886-871d-41e2-85ff-6f5e28909cfb), before_update {{(pid=110295) _notify_loop /usr/local/lib/python3.8/dist-packages/neutron_lib/callbacks/manager.py:176}}
Feb 16 01:51:50.544432 dv-neutron-802834-9-hyperv neutron-server[110294]: DEBUG neutron.api.rpc.handlers.resources_rpc [None req-4bf803f6-982b-4287-825e-37a495d6ea8b tempest-QuotasNegativeTest-1134510419 tempest-QuotasNegativeTest-1134510419-project-admin] Pushing event deleted for resources: {'SecurityGroup': ['ID=f7ae29b0-cbf9-4d49-b845-6d5b988f047f,revision_number=None']} {{(pid=110294) push /opt/stack/neutron/neutron/api/rpc/handlers/resources_rpc.py:237}}
Feb 16 01:51:50.643481 dv-neutron-802834-9-hyperv neutron-server[110294]: DEBUG neutron.pecan_wsgi.hooks.quota_enforcement [None req-56bce2cf-d61e-4bfa-8f7a-9129f878ec7c tempest-ExternalNetworksAdminNegativeTestJSON-2054153413 tempest-ExternalNetworksAdminNegativeTestJSON-2054153413-project-admin] Made reservation on behalf of c433cb8787e944649c74b29446434907 for: {'port': 1} {{(pid=110294) before /opt/stack/neutron/neutron/pecan_wsgi/hooks/quota_enforcement.py:53}}
Feb 16 01:51:50.646566 dv-neutron-802834-9-hyperv neutron-server[110294]: DEBUG neutron_lib.callbacks.manager [None req-56bce2cf-d61e-4bfa-8f7a-9129f878ec7c tempest-ExternalNetworksAdminNegativeTestJSON-2054153413 tempest-ExternalNetworksAdminNegativeTestJSON-2054153413-project-admin] Publish callbacks ['neutron.plugins.ml2.plugin.SecurityGroupDbMixin._ensure_default_security_group_handler-7698345'] for port (None), before_create {{(pid=110294) _notify_loop /usr/local/lib/python3.8/dist-packages/neutron_lib/callbacks/manager.py:176}}
Feb 16 01:51:50.662694 dv-neutron-802834-9-hyperv neutron-server[110296]: DEBUG neutron.db.l3_dvr_db [None req-5f5ea8b6-5067-4b23-ad2e-0587db1e824f None None] Set router 6000b217-0a20-4a23-a35a-c5770fa91111 gateway port host: dv-neutron-802834-9-hyperv {{(pid=110296) _build_routers_list /opt/stack/neutron/neutron/db/l3_dvr_db.py:906}}
Feb 16 01:51:50.671783 dv-neutron-802834-9-hyperv neutron-server[110294]: DEBUG neutron_lib.callbacks.manager [None req-56bce2cf-d61e-4bfa-8f7a-9129f878ec7c tempest-ExternalNetworksAdminNegativeTestJSON-2054153413 tempest-ExternalNetworksAdminNegativeTestJSON-2054153413-project-admin] Publish callbacks [] for security_group (None), before_create {{(pid=110294) _notify_loop /usr/local/lib/python3.8/dist-packages/neutron_lib/callbacks/manager.py:176}}
Feb 16 01:51:50.682712 dv-neutron-802834-9-hyperv neutron-server[110295]: DEBUG neutron.plugins.ml2.db [None req-01ed517f-ae97-4679-9db7-68c0d983e452 None None] For port 97c5a886-871d-41e2-85ff-6f5e28909cfb, host dv-neutron-802834-9-hyperv, cleared binding levels {{(pid=110295) clear_binding_levels /opt/stack/neutron/neutron/plugins/ml2/db.py:87}}
Feb 16 01:51:50.690151 dv-neutron-802834-9-hyperv neutron-server[110294]: DEBUG neutron_lib.callbacks.manager [None req-eefc9940-65af-42c5-8ffa-91912676f25d admin admin] Publish callbacks [] for port (105ba51a-651d-4a3c-a297-8bcdcb76ec4c), precommit_create {{(pid=110294) _notify_loop /usr/local/lib/python3.8/dist-packages/neutron_lib/callbacks/manager.py:176}}
Feb 16 01:51:50.690320 dv-neutron-802834-9-hyperv neutron-server[110295]: DEBUG neutron.plugins.ml2.db [None req-01ed517f-ae97-4679-9db7-68c0d983e452 None None] For port 97c5a886-871d-41e2-85ff-6f5e28909cfb, host dv-neutron-802834-9-hyperv, set binding levels [PortBindingLevel(driver='openvswitch',host='dv-neutron-802834-9-hyperv',level=0,port_id=97c5a886-871d-41e2-85ff-6f5e28909cfb,segment=NetworkSegment(bcec829f-096f-4952-bed2-bee7f65a25d1),segment_id=bcec829f-096f-4952-bed2-bee7f65a25d1)] {{(pid=110295) set_binding_levels /opt/stack/neutron/neutron/plugins/ml2/db.py:59}}
Feb 16 01:51:50.699579 dv-neutron-802834-9-hyperv neutron-server[110293]: DEBUG neutron.quota.resource [None req-9552c113-b850-458a-bc86-fffdb3b01efe tempest-QuotasTest-963695021 tempest-QuotasTest-963695021-project-admin] Usage tracker for resource:subnetpool and project:8d8e44aef2d44c75bb493f6374b45dd0 is out of sync, need to count used quota {{(pid=110293) count_used /opt/stack/neutron/neutron/quota/resource.py:291}}
Feb 16 01:51:50.772609 dv-neutron-802834-9-hyperv neutron-server[110295]: DEBUG neutron_lib.callbacks.manager [None req-01ed517f-ae97-4679-9db7-68c0d983e452 None None] Publish callbacks ['neutron.plugins.ml2.plugin.SecurityGroupServerNotifierRpcMixin._notify_sg_on_port_change-7698294', 'neutron.plugins.ml2.ovo_rpc._ObjectChangeHandler.handle_event-166358', 'neutron.api.rpc.agentnotifiers.dhcp_rpc_agent_api.DhcpAgentNotifyAPI._native_event_send_dhcp_notification-1631149', 'neutron.db.l3_db.L3RpcNotifierMixin._notify_gateway_port_ip_changed-8779621367583', 'neutron.db.l3_dvrscheduler_db._notify_l3_agent_port_update-8779620864211', 'neutron.db.l3_hascheduler_db._notify_l3_agent_ha_port_update-8779620864229'] for port (97c5a886-871d-41e2-85ff-6f5e28909cfb), after_update {{(pid=110295) _notify_loop /usr/local/lib/python3.8/dist-packages/neutron_lib/callbacks/manager.py:176}}
Feb 16 01:51:50.831665 dv-neutron-802834-9-hyperv neutron-server[110294]: DEBUG neutron_lib.callbacks.manager [None req-56bce2cf-d61e-4bfa-8f7a-9129f878ec7c tempest-ExternalNetworksAdminNegativeTestJSON-2054153413 tempest-ExternalNetworksAdminNegativeTestJSON-2054153413-project-admin] Publish callbacks [] for security_group (c3097c27-7871-4200-ab2c-4f5535aa55e5), precommit_create {{(pid=110294) _notify_loop /usr/local/lib/python3.8/dist-packages/neutron_lib/callbacks/manager.py:176}}
Feb 16 01:51:50.844058 dv-neutron-802834-9-hyperv neutron-server[110294]: DEBUG neutron_lib.callbacks.manager [None req-eefc9940-65af-42c5-8ffa-91912676f25d admin admin] Publish callbacks ['neutron.plugins.ml2.plugin.SecurityGroupServerNotifierRpcMixin._notify_sg_on_port_change-7698294', 'neutron.plugins.ml2.ovo_rpc._ObjectChangeHandler.handle_event-166358', 'neutron.api.rpc.agentnotifiers.dhcp_rpc_agent_api.DhcpAgentNotifyAPI._native_event_send_dhcp_notification-1631149', 'neutron.db.l3_dvrscheduler_db._notify_l3_agent_new_port-8779620864193'] for port (105ba51a-651d-4a3c-a297-8bcdcb76ec4c), after_create {{(pid=110294) _notify_loop /usr/local/lib/python3.8/dist-packages/neutron_lib/callbacks/manager.py:176}}
Feb 16 01:51:50.894546 dv-neutron-802834-9-hyperv neutron-server[110293]: DEBUG neutron_lib.callbacks.manager [None req-8d930702-811a-47c2-a166-cc33562f15d3 admin admin] Publish callbacks [] for router (None), before_response {{(pid=110293) _notify_loop /usr/local/lib/python3.8/dist-packages/neutron_lib/callbacks/manager.py:176}}
Feb 16 01:51:50.894896 dv-neutron-802834-9-hyperv neutron-server[110294]: DEBUG neutron_lib.callbacks.manager [None req-56bce2cf-d61e-4bfa-8f7a-9129f878ec7c tempest-ExternalNetworksAdminNegativeTestJSON-2054153413 tempest-ExternalNetworksAdminNegativeTestJSON-2054153413-project-admin] Publish callbacks ['neutron.plugins.ml2.ovo_rpc._ObjectChangeHandler.handle_event-1587254'] for security_group (c3097c27-7871-4200-ab2c-4f5535aa55e5), after_create {{(pid=110294) _notify_loop /usr/local/lib/python3.8/dist-packages/neutron_lib/callbacks/manager.py:176}}
Feb 16 01:51:50.895462 dv-neutron-802834-9-hyperv neutron-server[110295]: DEBUG neutron.api.rpc.handlers.resources_rpc [None req-01ed517f-ae97-4679-9db7-68c0d983e452 None None] Pushing event updated for resources: {'Port': ['ID=97c5a886-871d-41e2-85ff-6f5e28909cfb,revision_number=2']} {{(pid=110295) push /opt/stack/neutron/neutron/api/rpc/handlers/resources_rpc.py:237}}
Feb 16 01:51:50.900905 dv-neutron-802834-9-hyperv neutron-server[110293]: INFO neutron.wsgi [None req-8d930702-811a-47c2-a166-cc33562f15d3 admin admin] 10.222.0.30 "POST /v2.0/routers HTTP/1.1" status: 201 len: 922 time: 5.6916673
Feb 16 01:51:50.910453 dv-neutron-802834-9-hyperv neutron-server[110294]: DEBUG neutron.scheduler.dhcp_agent_scheduler [None req-eefc9940-65af-42c5-8ffa-91912676f25d admin admin] Network bfcd8699-8786-4a05-9125-6fdb75b6ad6c is already hosted by enough agents. {{(pid=110294) _get_dhcp_agents_hosting_network /opt/stack/neutron/neutron/scheduler/dhcp_agent_scheduler.py:275}}
Feb 16 01:51:50.913006 dv-neutron-802834-9-hyperv neutron-server[110294]: DEBUG neutron.wsgi [-] (110294) accepted ('10.222.0.30', 35448) {{(pid=110294) server /usr/local/lib/python3.8/dist-packages/eventlet/wsgi.py:1004}}
Feb 16 01:51:50.919942 dv-neutron-802834-9-hyperv neutron-server[110294]: DEBUG neutron.notifiers.nova [None req-56bce2cf-d61e-4bfa-8f7a-9129f878ec7c tempest-ExternalNetworksAdminNegativeTestJSON-2054153413 tempest-ExternalNetworksAdminNegativeTestJSON-2054153413-project-admin] device_id is not set on port 45680663-3563-487c-b274-8a278818be79 yet. {{(pid=110294) _can_notify /opt/stack/neutron/neutron/notifiers/nova.py:199}}
Feb 16 01:51:50.925776 dv-neutron-802834-9-hyperv neutron-server[110293]: DEBUG neutron.quota.resource [None req-9552c113-b850-458a-bc86-fffdb3b01efe tempest-QuotasTest-963695021 tempest-QuotasTest-963695021-project-admin] Quota usage for subnetpool was recalculated. Used quota:0. {{(pid=110293) count_used /opt/stack/neutron/neutron/quota/resource.py:312}}
Feb 16 01:51:51.038462 dv-neutron-802834-9-hyperv neutron-server[110294]: DEBUG neutron.scheduler.base_scheduler [None req-eefc9940-65af-42c5-8ffa-91912676f25d admin admin] Resources bound (agent type, host, resource id): {{(pid=110294) schedule /opt/stack/neutron/neutron/scheduler/base_scheduler.py:57}}
Feb 16 01:51:51.043674 dv-neutron-802834-9-hyperv neutron-server[110294]: DEBUG neutron.db.l3_dvrscheduler_db [None req-eefc9940-65af-42c5-8ffa-91912676f25d admin admin] Received port after_create {{(pid=110294) _notify_l3_agent_new_port /opt/stack/neutron/neutron/db/l3_dvrscheduler_db.py:536}}
Feb 16 01:51:51.065872 dv-neutron-802834-9-hyperv neutron-server[110294]: DEBUG neutron.api.rpc.handlers.resources_rpc [None req-eefc9940-65af-42c5-8ffa-91912676f25d admin admin] Pushing event updated for resources: {'Port': ['ID=105ba51a-651d-4a3c-a297-8bcdcb76ec4c,revision_number=1']} {{(pid=110294) push /opt/stack/neutron/neutron/api/rpc/handlers/resources_rpc.py:237}}
Feb 16 01:51:51.068401 dv-neutron-802834-9-hyperv neutron-server[110293]: DEBUG neutron.quota.resource [None req-9552c113-b850-458a-bc86-fffdb3b01efe tempest-QuotasTest-963695021 tempest-QuotasTest-963695021-project-admin] Usage tracker for resource:port and project:8d8e44aef2d44c75bb493f6374b45dd0 is out of sync, need to count used quota {{(pid=110293) count_used /opt/stack/neutron/neutron/quota/resource.py:291}}
Feb 16 01:51:51.074866 dv-neutron-802834-9-hyperv neutron-server[110293]: DEBUG neutron_lib.callbacks.manager [None req-d9ba580c-96e5-417d-aa65-989ba907a059 tempest-QuotasNegativeTest-1134510419 tempest-QuotasNegativeTest-1134510419-project-admin] Publish callbacks ['neutron.plugins.ml2.plugin.External_net_db_mixin._before_network_delete_handler-7734513'] for network (2a50c65d-ccf5-43a3-9594-0c9f18fa18bd), before_delete {{(pid=110293) _notify_loop /usr/local/lib/python3.8/dist-packages/neutron_lib/callbacks/manager.py:176}}
Feb 16 01:51:51.098433 dv-neutron-802834-9-hyperv neutron-server[110293]: DEBUG neutron.quota.resource [None req-9552c113-b850-458a-bc86-fffdb3b01efe tempest-QuotasTest-963695021 tempest-QuotasTest-963695021-project-admin] Quota usage for port was recalculated. Used quota:0. {{(pid=110293) count_used /opt/stack/neutron/neutron/quota/resource.py:312}}
Feb 16 01:51:51.101520 dv-neutron-802834-9-hyperv neutron-server[110293]: DEBUG neutron.db.db_base_plugin_common [None req-40733e98-6cd2-4834-92f2-6479198e7a3e tempest-FloatingIPAdminTestJSON-1774324730 tempest-FloatingIPAdminTestJSON-1774324730-project] Allocated IP 172.26.4.18 (bfcd8699-8786-4a05-9125-6fdb75b6ad6c/82b50b21-aaca-44f2-81b7-734853733f46/4c0f4e8f-1d12-4a54-b278-70536aa7965c) {{(pid=110293) _store_ip_allocation /opt/stack/neutron/neutron/db/db_base_plugin_common.py:131}}
Feb 16 01:51:51.102339 dv-neutron-802834-9-hyperv neutron-server[110296]: DEBUG neutron.db.l3_hamode_db [None req-5f5ea8b6-5067-4b23-ad2e-0587db1e824f None None] neutron.services.l3_router.l3_router_plugin.L3RouterPlugin method _process_sync_ha_data called with arguments (, [{'id': '6000b217-0a20-4a23-a35a-c5770fa91111', 'name': 'tempest-ServersTestManualDisk-401542604-router', 'tenant_id': '6cef1e5246014d56a3984d5b1b8a2031', 'admin_state_up': True, 'status': 'ACTIVE', 'external_gateway_info': {'network_id': 'bfcd8699-8786-4a05-9125-6fdb75b6ad6c', 'external_fixed_ips': [{'subnet_id': '82b50b21-aaca-44f2-81b7-734853733f46', 'ip_address': '172.26.4.37'}], 'enable_snat': True}, 'gw_port_id': '8bacf36d-34b2-4658-a9f2-b6405893233f', 'description': '', 'availability_zones': ['nova'], 'distributed': False, 'ha': False, 'ha_vr_id': 0, 'availability_zone_hints': [], 'routes': [], 'flavor_id': None, 'tags': [], 'created_at': '2022-02-16T01:51:45Z', 'updated_at': '2022-02-16T01:51:48Z', 'revision_number': 3, 'project_id': '6cef1e5246014d56a3984d5b1b8a2031', 'gw_port': {'id': '8bacf36d-34b2-4658-a9f2-b6405893233f', 'name': '', 'network_id': 'bfcd8699-8786-4a05-9125-6fdb75b6ad6c', 'tenant_id': '', 'mac_address': 'fa:16:3e:3a:a5:63', 'admin_state_up': True, 'status': 'DOWN', 'device_id': '6000b217-0a20-4a23-a35a-c5770fa91111', 'device_owner': 'network:router_gateway', 'standard_attr_id': 65, 'fixed_ips': [{'subnet_id': '82b50b21-aaca-44f2-81b7-734853733f46', 'ip_address': '172.26.4.37', 'prefixlen': 24}], 'allowed_address_pairs': [], 'extra_dhcp_opts': [], 'security_groups': [], 'description': '', 'binding:vnic_type': 'normal', 'binding:profile': {}, 'binding:host_id': '', 'binding:vif_type': 'unbound', 'binding:vif_details': {}, 'port_security_enabled': False, 'tags': [], 'created_at': '2022-02-16T01:51:46Z', 'updated_at': '2022-02-16T01:51:46Z', 'revision_number': 1, 'project_id': '', 'subnets': [{'id': '82b50b21-aaca-44f2-81b7-734853733f46', 'cidr': '172.26.4.0/24', 'gateway_ip': '172.26.4.1', 'dns_nameservers': [], 'ipv6_ra_mode': None, 'subnetpool_id': None}], 'extra_subnets': [], 'address_scopes': {4: None, 6: None}, 'mtu': 1500}, 'enable_snat': True, 'gw_port_host': 'dv-neutron-802834-9-hyperv'}], 'dv-neutron-802834-9-hyperv', False) {} {{(pid=110296) wrapper /usr/local/lib/python3.8/dist-packages/oslo_log/helpers.py:65}}
Feb 16 01:51:51.164769 dv-neutron-802834-9-hyperv neutron-server[110296]: DEBUG neutron.api.rpc.handlers.l3_rpc [None req-5f5ea8b6-5067-4b23-ad2e-0587db1e824f None None] Checking router: 6000b217-0a20-4a23-a35a-c5770fa91111 for host: dv-neutron-802834-9-hyperv {{(pid=110296) _ensure_host_set_on_ports /opt/stack/neutron/neutron/api/rpc/handlers/l3_rpc.py:155}}
Feb 16 01:51:51.165325 dv-neutron-802834-9-hyperv neutron-server[110296]: DEBUG neutron.api.rpc.handlers.l3_rpc [None req-5f5ea8b6-5067-4b23-ad2e-0587db1e824f None None] Updating router 6000b217-0a20-4a23-a35a-c5770fa91111 port 8bacf36d-34b2-4658-a9f2-b6405893233f binding host dv-neutron-802834-9-hyperv {{(pid=110296) _ensure_host_set_on_port /opt/stack/neutron/neutron/api/rpc/handlers/l3_rpc.py:205}}
Feb 16 01:51:51.168454 dv-neutron-802834-9-hyperv neutron-server[110295]: DEBUG neutron.api.rpc.handlers.dhcp_rpc [None req-0ffc2d6f-cea6-477a-8717-8e4490e2e4eb None None] Network 3479ceae-a5b8-41c6-8a79-46985f696aa6 requested from dv-neutron-802834-9-hyperv {{(pid=110295) get_network_info /opt/stack/neutron/neutron/api/rpc/handlers/dhcp_rpc.py:191}}
Feb 16 01:51:51.180575 dv-neutron-802834-9-hyperv neutron-server[110293]: DEBUG neutron.quota.resource [None req-9552c113-b850-458a-bc86-fffdb3b01efe tempest-QuotasTest-963695021 tempest-QuotasTest-963695021-project-admin] Usage tracker for resource:router and project:8d8e44aef2d44c75bb493f6374b45dd0 is out of sync, need to count used quota {{(pid=110293) count_used /opt/stack/neutron/neutron/quota/resource.py:291}}
Feb 16 01:51:51.252226 dv-neutron-802834-9-hyperv neutron-server[110296]: DEBUG neutron_lib.callbacks.manager [None req-5f5ea8b6-5067-4b23-ad2e-0587db1e824f None None] Publish callbacks ['neutron.plugins.ml2.plugin.SecurityGroupDbMixin._ensure_default_security_group_handler-7698345'] for port (8bacf36d-34b2-4658-a9f2-b6405893233f), before_update {{(pid=110296) _notify_loop /usr/local/lib/python3.8/dist-packages/neutron_lib/callbacks/manager.py:176}}
Feb 16 01:51:51.260512 dv-neutron-802834-9-hyperv neutron-server[110293]: DEBUG neutron.quota.resource [None req-9552c113-b850-458a-bc86-fffdb3b01efe tempest-QuotasTest-963695021 tempest-QuotasTest-963695021-project-admin] Quota usage for router was recalculated. Used quota:0. {{(pid=110293) count_used /opt/stack/neutron/neutron/quota/resource.py:312}}
Feb 16 01:51:51.409137 dv-neutron-802834-9-hyperv neutron-server[110295]: DEBUG neutron.db.provisioning_blocks [None req-a7da0866-8992-4901-ace1-395ba1129a4b None None] Provisioning complete for port 22eb368a-bdff-4a32-851f-4cff3b179dd2 triggered by entity DHCP. {{(pid=110295) provisioning_complete /opt/stack/neutron/neutron/db/provisioning_blocks.py:139}}
Feb 16 01:51:51.409743 dv-neutron-802834-9-hyperv neutron-server[110295]: DEBUG neutron_lib.callbacks.manager [None req-a7da0866-8992-4901-ace1-395ba1129a4b None None] Publish callbacks ['neutron.plugins.ml2.plugin.Ml2Plugin._port_provisioned-7834136'] for port (22eb368a-bdff-4a32-851f-4cff3b179dd2), provisioning_complete {{(pid=110295) _notify_loop /usr/local/lib/python3.8/dist-packages/neutron_lib/callbacks/manager.py:176}}
Feb 16 01:51:51.429567 dv-neutron-802834-9-hyperv neutron-server[110293]: DEBUG neutron.quota.resource [None req-9552c113-b850-458a-bc86-fffdb3b01efe tempest-QuotasTest-963695021 tempest-QuotasTest-963695021-project-admin] Usage tracker for resource:floatingip and project:8d8e44aef2d44c75bb493f6374b45dd0 is out of sync, need to count used quota {{(pid=110293) count_used /opt/stack/neutron/neutron/quota/resource.py:291}}
Feb 16 01:51:51.440129 dv-neutron-802834-9-hyperv neutron-server[110295]: DEBUG neutron.plugins.ml2.rpc [None req-4f438ced-6ba2-40ef-b066-2bcb4523346d None None] Device 15fdb808-ead4-44aa-9832-de7e56712d2e up at agent ovs-agent-dv-neutron-802834-9-hyperv {{(pid=110295) update_device_up /opt/stack/neutron/neutron/plugins/ml2/rpc.py:296}}
Feb 16 01:51:51.454972 dv-neutron-802834-9-hyperv neutron-server[110294]: DEBUG neutron.api.rpc.handlers.resources_rpc [None req-56bce2cf-d61e-4bfa-8f7a-9129f878ec7c tempest-ExternalNetworksAdminNegativeTestJSON-2054153413 tempest-ExternalNetworksAdminNegativeTestJSON-2054153413-project-admin] Pushing event updated for resources: {'SecurityGroup': ['ID=c3097c27-7871-4200-ab2c-4f5535aa55e5,revision_number=1']} {{(pid=110294) push /opt/stack/neutron/neutron/api/rpc/handlers/resources_rpc.py:237}}
Feb 16 01:51:51.472449 dv-neutron-802834-9-hyperv neutron-server[110293]: DEBUG neutron.plugins.ml2.plugin [None req-cd034aed-34f2-48c1-ac7a-e907515990b7 tempest-NetworksTestDHCPv6-82971773 tempest-NetworksTestDHCPv6-82971773-project] Deleting port bd7912a1-aaab-4bad-ba6b-133e4045a421 {{(pid=110293) _pre_delete_port /opt/stack/neutron/neutron/plugins/ml2/plugin.py:1978}}
Feb 16 01:51:51.472800 dv-neutron-802834-9-hyperv neutron-server[110293]: DEBUG neutron_lib.callbacks.manager [None req-cd034aed-34f2-48c1-ac7a-e907515990b7 tempest-NetworksTestDHCPv6-82971773 tempest-NetworksTestDHCPv6-82971773-project] Publish callbacks ['neutron.db.l3_db.L3_NAT_dbonly_mixin._prevent_l3_port_delete_callback-8779621364646'] for port (bd7912a1-aaab-4bad-ba6b-133e4045a421), before_delete {{(pid=110293) _notify_loop /usr/local/lib/python3.8/dist-packages/neutron_lib/callbacks/manager.py:176}}
Feb 16 01:51:51.496439 dv-neutron-802834-9-hyperv neutron-server[110293]: DEBUG neutron.quota.resource [None req-9552c113-b850-458a-bc86-fffdb3b01efe tempest-QuotasTest-963695021 tempest-QuotasTest-963695021-project-admin] Quota usage for floatingip was recalculated. Used quota:0. {{(pid=110293) count_used /opt/stack/neutron/neutron/quota/resource.py:312}}
Feb 16 01:51:51.522008 dv-neutron-802834-9-hyperv neutron-server[110293]: DEBUG neutron_lib.callbacks.manager [None req-d9ba580c-96e5-417d-aa65-989ba907a059 tempest-QuotasNegativeTest-1134510419 tempest-QuotasNegativeTest-1134510419-project-admin] Publish callbacks ['neutron.plugins.ml2.plugin.Ml2Plugin._network_delete_precommit_handler-7837681', 'neutron.services.segments.db._delete_segments_for_network-8779621341754'] for network (2a50c65d-ccf5-43a3-9594-0c9f18fa18bd), precommit_delete {{(pid=110293) _notify_loop /usr/local/lib/python3.8/dist-packages/neutron_lib/callbacks/manager.py:176}}
Feb 16 01:51:51.648939 dv-neutron-802834-9-hyperv neutron-server[110295]: DEBUG neutron.db.provisioning_blocks [None req-4f438ced-6ba2-40ef-b066-2bcb4523346d None None] Provisioning complete for port 15fdb808-ead4-44aa-9832-de7e56712d2e triggered by entity L2. {{(pid=110295) provisioning_complete /opt/stack/neutron/neutron/db/provisioning_blocks.py:139}}
Feb 16 01:51:51.648939 dv-neutron-802834-9-hyperv neutron-server[110295]: DEBUG neutron_lib.callbacks.manager [None req-4f438ced-6ba2-40ef-b066-2bcb4523346d None None] Publish callbacks ['neutron.plugins.ml2.plugin.Ml2Plugin._port_provisioned-7834136'] for port (15fdb808-ead4-44aa-9832-de7e56712d2e), provisioning_complete {{(pid=110295) _notify_loop /usr/local/lib/python3.8/dist-packages/neutron_lib/callbacks/manager.py:176}}
Feb 16 01:51:51.656920 dv-neutron-802834-9-hyperv neutron-server[110293]: DEBUG neutron_lib.callbacks.manager [None req-d9ba580c-96e5-417d-aa65-989ba907a059 tempest-QuotasNegativeTest-1134510419 tempest-QuotasNegativeTest-1134510419-project-admin] Subscribe: > segment before_delete 55550000 {{(pid=110293) subscribe /usr/local/lib/python3.8/dist-packages/neutron_lib/callbacks/manager.py:45}}
Feb 16 01:51:51.657241 dv-neutron-802834-9-hyperv neutron-server[110293]: DEBUG neutron_lib.callbacks.manager [None req-d9ba580c-96e5-417d-aa65-989ba907a059 tempest-QuotasNegativeTest-1134510419 tempest-QuotasNegativeTest-1134510419-project-admin] Subscribe: > subnet precommit_delete_associations 55550000 {{(pid=110293) subscribe /usr/local/lib/python3.8/dist-packages/neutron_lib/callbacks/manager.py:45}}
Feb 16 01:51:51.658037 dv-neutron-802834-9-hyperv neutron-server[110293]: DEBUG neutron_lib.callbacks.manager [None req-d9ba580c-96e5-417d-aa65-989ba907a059 tempest-QuotasNegativeTest-1134510419 tempest-QuotasNegativeTest-1134510419-project-admin] Subscribe: > segment_host_mapping after_create 55550000 {{(pid=110293) subscribe /usr/local/lib/python3.8/dist-packages/neutron_lib/callbacks/manager.py:45}}
Feb 16 01:51:51.658448 dv-neutron-802834-9-hyperv neutron-server[110293]: DEBUG neutron_lib.callbacks.manager [None req-d9ba580c-96e5-417d-aa65-989ba907a059 tempest-QuotasNegativeTest-1134510419 tempest-QuotasNegativeTest-1134510419-project-admin] Subscribe: > port after_create 55550000 {{(pid=110293) subscribe /usr/local/lib/python3.8/dist-packages/neutron_lib/callbacks/manager.py:45}}
Feb 16 01:51:51.658811 dv-neutron-802834-9-hyperv neutron-server[110293]: DEBUG neutron_lib.callbacks.manager [None req-d9ba580c-96e5-417d-aa65-989ba907a059 tempest-QuotasNegativeTest-1134510419 tempest-QuotasNegativeTest-1134510419-project-admin] Subscribe: > port after_delete 55550000 {{(pid=110293) subscribe /usr/local/lib/python3.8/dist-packages/neutron_lib/callbacks/manager.py:45}}
Feb 16 01:51:51.659171 dv-neutron-802834-9-hyperv neutron-server[110293]: DEBUG neutron_lib.callbacks.manager [None req-d9ba580c-96e5-417d-aa65-989ba907a059 tempest-QuotasNegativeTest-1134510419 tempest-QuotasNegativeTest-1134510419-project-admin] Subscribe: > port after_update 55550000 {{(pid=110293) subscribe /usr/local/lib/python3.8/dist-packages/neutron_lib/callbacks/manager.py:45}}
Feb 16 01:51:51.659499 dv-neutron-802834-9-hyperv neutron-server[110293]: DEBUG neutron_lib.callbacks.manager [None req-d9ba580c-96e5-417d-aa65-989ba907a059 tempest-QuotasNegativeTest-1134510419 tempest-QuotasNegativeTest-1134510419-project-admin] Subscribe: > segment after_delete 55550000 {{(pid=110293) subscribe /usr/local/lib/python3.8/dist-packages/neutron_lib/callbacks/manager.py:45}}
Feb 16 01:51:51.659826 dv-neutron-802834-9-hyperv neutron-server[110293]: DEBUG neutron_lib.callbacks.manager [None req-d9ba580c-96e5-417d-aa65-989ba907a059 tempest-QuotasNegativeTest-1134510419 tempest-QuotasNegativeTest-1134510419-project-admin] Subscribe: > subnet after_create 55550000 {{(pid=110293) subscribe /usr/local/lib/python3.8/dist-packages/neutron_lib/callbacks/manager.py:45}}
Feb 16 01:51:51.660170 dv-neutron-802834-9-hyperv neutron-server[110293]: DEBUG neutron_lib.callbacks.manager [None req-d9ba580c-96e5-417d-aa65-989ba907a059 tempest-QuotasNegativeTest-1134510419 tempest-QuotasNegativeTest-1134510419-project-admin] Subscribe: > subnet after_delete 55550000 {{(pid=110293) subscribe /usr/local/lib/python3.8/dist-packages/neutron_lib/callbacks/manager.py:45}}
Feb 16 01:51:51.660539 dv-neutron-802834-9-hyperv neutron-server[110293]: DEBUG neutron_lib.callbacks.manager [None req-d9ba580c-96e5-417d-aa65-989ba907a059 tempest-QuotasNegativeTest-1134510419 tempest-QuotasNegativeTest-1134510419-project-admin] Subscribe: > subnet after_update 55550000 {{(pid=110293) subscribe /usr/local/lib/python3.8/dist-packages/neutron_lib/callbacks/manager.py:45}}
Feb 16 01:51:51.726100 dv-neutron-802834-9-hyperv neutron-server[110295]: DEBUG neutron.plugins.ml2.plugin [None req-a7da0866-8992-4901-ace1-395ba1129a4b None None] Current status of the port 22eb368a-bdff-4a32-851f-4cff3b179dd2 is: DOWN; New status is: ACTIVE {{(pid=110295) _update_individual_port_db_status /opt/stack/neutron/neutron/plugins/ml2/plugin.py:2232}}
Feb 16 01:51:51.726924 dv-neutron-802834-9-hyperv neutron-server[110295]: DEBUG neutron_lib.callbacks.manager [None req-a7da0866-8992-4901-ace1-395ba1129a4b None None] Publish callbacks ['neutron.plugins.ml2.plugin.SecurityGroupDbMixin._ensure_default_security_group_handler-7698345'] for port (22eb368a-bdff-4a32-851f-4cff3b179dd2), before_update {{(pid=110295) _notify_loop /usr/local/lib/python3.8/dist-packages/neutron_lib/callbacks/manager.py:176}}
Feb 16 01:51:51.772671 dv-neutron-802834-9-hyperv neutron-server[110295]: DEBUG neutron.plugins.ml2.db [None req-a7da0866-8992-4901-ace1-395ba1129a4b None None] For port 22eb368a-bdff-4a32-851f-4cff3b179dd2, host dv-neutron-802834-9-hyperv, got binding levels [PortBindingLevel(driver='openvswitch',host='dv-neutron-802834-9-hyperv',level=0,port_id=22eb368a-bdff-4a32-851f-4cff3b179dd2,segment=NetworkSegment(5758d881-9eb7-4a82-af0a-88b3e89343d1),segment_id=5758d881-9eb7-4a82-af0a-88b3e89343d1)] {{(pid=110295) get_binding_level_objs /opt/stack/neutron/neutron/plugins/ml2/db.py:74}}
Feb 16 01:51:51.772781 dv-neutron-802834-9-hyperv neutron-server[110295]: DEBUG neutron.api.rpc.handlers.dhcp_rpc [None req-f50d743f-197b-4a5f-89eb-7ff351fa373f None None] Network 22c2e583-9aab-4abc-aead-417951339ad9 requested from dv-neutron-802834-9-hyperv {{(pid=110295) get_network_info /opt/stack/neutron/neutron/api/rpc/handlers/dhcp_rpc.py:191}}
Feb 16 01:51:51.853188 dv-neutron-802834-9-hyperv neutron-server[110295]: DEBUG neutron.plugins.ml2.plugin [None req-4f438ced-6ba2-40ef-b066-2bcb4523346d None None] Current status of the port 15fdb808-ead4-44aa-9832-de7e56712d2e is: DOWN; New status is: ACTIVE {{(pid=110295) _update_individual_port_db_status /opt/stack/neutron/neutron/plugins/ml2/plugin.py:2232}}
Feb 16 01:51:51.853569 dv-neutron-802834-9-hyperv neutron-server[110295]: DEBUG neutron_lib.callbacks.manager [None req-4f438ced-6ba2-40ef-b066-2bcb4523346d None None] Publish callbacks ['neutron.plugins.ml2.plugin.SecurityGroupDbMixin._ensure_default_security_group_handler-7698345'] for port (15fdb808-ead4-44aa-9832-de7e56712d2e), before_update {{(pid=110295) _notify_loop /usr/local/lib/python3.8/dist-packages/neutron_lib/callbacks/manager.py:176}}
Feb 16 01:51:51.895990 dv-neutron-802834-9-hyperv neutron-server[110293]: DEBUG neutron_lib.callbacks.manager [None req-d9ba580c-96e5-417d-aa65-989ba907a059 tempest-QuotasNegativeTest-1134510419 tempest-QuotasNegativeTest-1134510419-project-admin] Subscribe: > subnet after_create 55550000 {{(pid=110293) subscribe /usr/local/lib/python3.8/dist-packages/neutron_lib/callbacks/manager.py:45}}
Feb 16 01:51:51.896387 dv-neutron-802834-9-hyperv neutron-server[110293]: DEBUG neutron_lib.callbacks.manager [None req-d9ba580c-96e5-417d-aa65-989ba907a059 tempest-QuotasNegativeTest-1134510419 tempest-QuotasNegativeTest-1134510419-project-admin] Subscribe: > subnet after_delete 55550000 {{(pid=110293) subscribe /usr/local/lib/python3.8/dist-packages/neutron_lib/callbacks/manager.py:45}}
Feb 16 01:51:51.897887 dv-neutron-802834-9-hyperv neutron-server[110293]: DEBUG neutron_lib.callbacks.manager [None req-d9ba580c-96e5-417d-aa65-989ba907a059 tempest-QuotasNegativeTest-1134510419 tempest-QuotasNegativeTest-1134510419-project-admin] Subscribe: > subnet before_create 55550000 {{(pid=110293) subscribe /usr/local/lib/python3.8/dist-packages/neutron_lib/callbacks/manager.py:45}}
Feb 16 01:51:51.898226 dv-neutron-802834-9-hyperv neutron-server[110293]: DEBUG neutron_lib.callbacks.manager [None req-d9ba580c-96e5-417d-aa65-989ba907a059 tempest-QuotasNegativeTest-1134510419 tempest-QuotasNegativeTest-1134510419-project-admin] Subscribe: > subnet before_update 55550000 {{(pid=110293) subscribe /usr/local/lib/python3.8/dist-packages/neutron_lib/callbacks/manager.py:45}}
Feb 16 01:51:51.898602 dv-neutron-802834-9-hyperv neutron-server[110293]: DEBUG neutron.services.segments.db [None req-d9ba580c-96e5-417d-aa65-989ba907a059 tempest-QuotasNegativeTest-1134510419 tempest-QuotasNegativeTest-1134510419-project-admin] neutron.services.segments.plugin.Plugin method get_segments called with arguments (,) {'filters': {'network_id': ['2a50c65d-ccf5-43a3-9594-0c9f18fa18bd']}} {{(pid=110293) wrapper /usr/local/lib/python3.8/dist-packages/oslo_log/helpers.py:65}}
Feb 16 01:51:51.983416 dv-neutron-802834-9-hyperv neutron-server[110293]: DEBUG neutron_lib.callbacks.manager [None req-840029eb-0b13-4ee3-9965-3d15d8cb9de7 admin admin] Publish callbacks [] for router_gateway (fff2151c-a9ed-4d4c-9743-5064fed1ed87), after_create {{(pid=110293) _notify_loop /usr/local/lib/python3.8/dist-packages/neutron_lib/callbacks/manager.py:176}}
Feb 16 01:51:51.984963 dv-neutron-802834-9-hyperv neutron-server[110294]: DEBUG neutron_lib.callbacks.manager [None req-eefc9940-65af-42c5-8ffa-91912676f25d admin admin] Publish callbacks [] for router_gateway (92fc5681-8593-4d39-814c-5433d08dd661), after_create {{(pid=110294) _notify_loop /usr/local/lib/python3.8/dist-packages/neutron_lib/callbacks/manager.py:176}}
Feb 16 01:51:52.044812 dv-neutron-802834-9-hyperv neutron-server[110293]: DEBUG neutron_lib.callbacks.manager [None req-cd034aed-34f2-48c1-ac7a-e907515990b7 tempest-NetworksTestDHCPv6-82971773 tempest-NetworksTestDHCPv6-82971773-project] Publish callbacks ['neutron.services.l3_router.l3_router_plugin.L3_NAT_dbonly_mixin._precommit_delete_port_callback-1672375'] for port (bd7912a1-aaab-4bad-ba6b-133e4045a421), precommit_delete {{(pid=110293) _notify_loop /usr/local/lib/python3.8/dist-packages/neutron_lib/callbacks/manager.py:176}}
Feb 16 01:51:52.066696 dv-neutron-802834-9-hyperv neutron-server[110293]: DEBUG neutron.plugins.ml2.plugin [None req-cd034aed-34f2-48c1-ac7a-e907515990b7 tempest-NetworksTestDHCPv6-82971773 tempest-NetworksTestDHCPv6-82971773-project] Calling delete_port for bd7912a1-aaab-4bad-ba6b-133e4045a421 owned by {{(pid=110293) delete_port /opt/stack/neutron/neutron/plugins/ml2/plugin.py:2056}}
Feb 16 01:51:52.081036 dv-neutron-802834-9-hyperv neutron-server[110295]: DEBUG neutron_lib.callbacks.manager [None req-a7da0866-8992-4901-ace1-395ba1129a4b None None] Publish callbacks ['neutron.plugins.ml2.plugin.SecurityGroupServerNotifierRpcMixin._notify_sg_on_port_change-7698294', 'neutron.plugins.ml2.ovo_rpc._ObjectChangeHandler.handle_event-166358', 'neutron.api.rpc.agentnotifiers.dhcp_rpc_agent_api.DhcpAgentNotifyAPI._native_event_send_dhcp_notification-1631149', 'neutron.db.l3_db.L3RpcNotifierMixin._notify_gateway_port_ip_changed-8779621367583', 'neutron.db.l3_dvrscheduler_db._notify_l3_agent_port_update-8779620864211', 'neutron.db.l3_hascheduler_db._notify_l3_agent_ha_port_update-8779620864229'] for port (22eb368a-bdff-4a32-851f-4cff3b179dd2), after_update {{(pid=110295) _notify_loop /usr/local/lib/python3.8/dist-packages/neutron_lib/callbacks/manager.py:176}}
Feb 16 01:51:52.134689 dv-neutron-802834-9-hyperv neutron-server[110295]: DEBUG neutron.plugins.ml2.db [None req-4f438ced-6ba2-40ef-b066-2bcb4523346d None None] For port 15fdb808-ead4-44aa-9832-de7e56712d2e, host dv-neutron-802834-9-hyperv, got binding levels [PortBindingLevel(driver='openvswitch',host='dv-neutron-802834-9-hyperv',level=0,port_id=15fdb808-ead4-44aa-9832-de7e56712d2e,segment=NetworkSegment(24f7b621-0990-469f-9ed3-3e9a79e34afd),segment_id=24f7b621-0990-469f-9ed3-3e9a79e34afd)] {{(pid=110295) get_binding_level_objs /opt/stack/neutron/neutron/plugins/ml2/db.py:74}}
Feb 16 01:51:52.185881 dv-neutron-802834-9-hyperv neutron-server[110295]: DEBUG neutron.api.rpc.handlers.resources_rpc [None req-a7da0866-8992-4901-ace1-395ba1129a4b None None] Pushing event updated for resources: {'Port': ['ID=22eb368a-bdff-4a32-851f-4cff3b179dd2,revision_number=3']} {{(pid=110295) push /opt/stack/neutron/neutron/api/rpc/handlers/resources_rpc.py:237}}
Feb 16 01:51:52.200492 dv-neutron-802834-9-hyperv neutron-server[110295]: DEBUG neutron_lib.callbacks.manager [None req-4f438ced-6ba2-40ef-b066-2bcb4523346d None None] Publish callbacks ['neutron.plugins.ml2.plugin.SecurityGroupServerNotifierRpcMixin._notify_sg_on_port_change-7698294', 'neutron.plugins.ml2.ovo_rpc._ObjectChangeHandler.handle_event-166358', 'neutron.api.rpc.agentnotifiers.dhcp_rpc_agent_api.DhcpAgentNotifyAPI._native_event_send_dhcp_notification-1631149', 'neutron.db.l3_db.L3RpcNotifierMixin._notify_gateway_port_ip_changed-8779621367583', 'neutron.db.l3_dvrscheduler_db._notify_l3_agent_port_update-8779620864211', 'neutron.db.l3_hascheduler_db._notify_l3_agent_ha_port_update-8779620864229'] for port (15fdb808-ead4-44aa-9832-de7e56712d2e), after_update {{(pid=110295) _notify_loop /usr/local/lib/python3.8/dist-packages/neutron_lib/callbacks/manager.py:176}}
Feb 16 01:51:52.201284 dv-neutron-802834-9-hyperv neutron-server[110295]: DEBUG neutron.plugins.ml2.rpc [None req-4f438ced-6ba2-40ef-b066-2bcb4523346d None None] Device 1e83283a-8c97-4ac2-8170-c4338b154c8f up at agent ovs-agent-dv-neutron-802834-9-hyperv {{(pid=110295) update_device_up /opt/stack/neutron/neutron/plugins/ml2/rpc.py:296}}
Feb 16 01:51:52.223201 dv-neutron-802834-9-hyperv neutron-server[110293]: DEBUG neutron.services.segments.db [None req-d9ba580c-96e5-417d-aa65-989ba907a059 tempest-QuotasNegativeTest-1134510419 tempest-QuotasNegativeTest-1134510419-project-admin] neutron.services.segments.plugin.Plugin method delete_segment called with arguments (, '3726c263-d4d4-4256-ab21-6296bbbd5346') {'for_net_delete': True} {{(pid=110293) wrapper /usr/local/lib/python3.8/dist-packages/oslo_log/helpers.py:65}}
Feb 16 01:51:52.227749 dv-neutron-802834-9-hyperv neutron-server[110293]: DEBUG neutron.services.segments.db [None req-d9ba580c-96e5-417d-aa65-989ba907a059 tempest-QuotasNegativeTest-1134510419 tempest-QuotasNegativeTest-1134510419-project-admin] neutron.services.segments.plugin.Plugin method get_segment called with arguments (, '3726c263-d4d4-4256-ab21-6296bbbd5346') {} {{(pid=110293) wrapper /usr/local/lib/python3.8/dist-packages/oslo_log/helpers.py:65}}
Feb 16 01:51:52.262276 dv-neutron-802834-9-hyperv neutron-server[110295]: DEBUG neutron.db.provisioning_blocks [None req-88a325cb-d96b-4bf0-b37b-be8da309f49d None None] Provisioning complete for port 22eb368a-bdff-4a32-851f-4cff3b179dd2 triggered by entity DHCP. {{(pid=110295) provisioning_complete /opt/stack/neutron/neutron/db/provisioning_blocks.py:139}}
Feb 16 01:51:52.262675 dv-neutron-802834-9-hyperv neutron-server[110295]: DEBUG neutron_lib.callbacks.manager [None req-88a325cb-d96b-4bf0-b37b-be8da309f49d None None] Publish callbacks ['neutron.plugins.ml2.plugin.Ml2Plugin._port_provisioned-7834136'] for port (22eb368a-bdff-4a32-851f-4cff3b179dd2), provisioning_complete {{(pid=110295) _notify_loop /usr/local/lib/python3.8/dist-packages/neutron_lib/callbacks/manager.py:176}}
Feb 16 01:51:52.281201 dv-neutron-802834-9-hyperv neutron-server[110293]: DEBUG neutron_lib.callbacks.manager [None req-40733e98-6cd2-4834-92f2-6479198e7a3e tempest-FloatingIPAdminTestJSON-1774324730 tempest-FloatingIPAdminTestJSON-1774324730-project] Publish callbacks [] for port (4c0f4e8f-1d12-4a54-b278-70536aa7965c), precommit_create {{(pid=110293) _notify_loop /usr/local/lib/python3.8/dist-packages/neutron_lib/callbacks/manager.py:176}}
Feb 16 01:51:52.324761 dv-neutron-802834-9-hyperv neutron-server[110293]: DEBUG neutron_lib.callbacks.manager [None req-d9ba580c-96e5-417d-aa65-989ba907a059 tempest-QuotasNegativeTest-1134510419 tempest-QuotasNegativeTest-1134510419-project-admin] Publish callbacks ['neutron.plugins.ml2.db._prevent_segment_delete_with_port_bound-8779621341507', 'neutron.services.segments.plugin.Plugin._prevent_segment_delete_with_subnet_associated-4064728'] for segment (3726c263-d4d4-4256-ab21-6296bbbd5346), before_delete {{(pid=110293) _notify_loop /usr/local/lib/python3.8/dist-packages/neutron_lib/callbacks/manager.py:176}}
Feb 16 01:51:52.335775 dv-neutron-802834-9-hyperv neutron-server[110294]: DEBUG neutron_lib.callbacks.manager [None req-e72c854b-8b2b-4a9b-9881-8e2ee31c50dc admin admin] Publish callbacks ['neutron.plugins.ml2.plugin.SecurityGroupDbMixin._ensure_default_security_group_handler-7698345'] for port (None), before_create {{(pid=110294) _notify_loop /usr/local/lib/python3.8/dist-packages/neutron_lib/callbacks/manager.py:176}}
Feb 16 01:51:52.405525 dv-neutron-802834-9-hyperv neutron-server[110295]: DEBUG neutron.plugins.ml2.plugin [None req-88a325cb-d96b-4bf0-b37b-be8da309f49d None None] Current status of the port 22eb368a-bdff-4a32-851f-4cff3b179dd2 is: ACTIVE; New status is: ACTIVE {{(pid=110295) _update_individual_port_db_status /opt/stack/neutron/neutron/plugins/ml2/plugin.py:2232}}
Feb 16 01:51:52.407933 dv-neutron-802834-9-hyperv neutron-server[110295]: DEBUG neutron.api.rpc.handlers.resources_rpc [None req-4f438ced-6ba2-40ef-b066-2bcb4523346d None None] Pushing event updated for resources: {'Port': ['ID=15fdb808-ead4-44aa-9832-de7e56712d2e,revision_number=3']} {{(pid=110295) push /opt/stack/neutron/neutron/api/rpc/handlers/resources_rpc.py:237}}
Feb 16 01:51:52.420752 dv-neutron-802834-9-hyperv neutron-server[110293]: DEBUG neutron_lib.callbacks.manager [None req-d9ba580c-96e5-417d-aa65-989ba907a059 tempest-QuotasNegativeTest-1134510419 tempest-QuotasNegativeTest-1134510419-project-admin] Publish callbacks ['neutron.plugins.ml2.plugin.Ml2Plugin._handle_segment_change-7840405'] for segment (3726c263-d4d4-4256-ab21-6296bbbd5346), precommit_delete {{(pid=110293) _notify_loop /usr/local/lib/python3.8/dist-packages/neutron_lib/callbacks/manager.py:176}}
Feb 16 01:51:52.428043 dv-neutron-802834-9-hyperv neutron-server[110294]: DEBUG neutron_lib.callbacks.manager [None req-eefc9940-65af-42c5-8ffa-91912676f25d admin admin] Publish callbacks ['neutron.services.l3_router.l3_router_plugin.L3_HA_NAT_db_mixin._after_router_create-1676002', 'neutron.services.l3_router.l3_router_plugin.DVRResourceOperationHandler._create_snat_interfaces_after_change-1673568'] for router (92fc5681-8593-4d39-814c-5433d08dd661), after_create {{(pid=110294) _notify_loop /usr/local/lib/python3.8/dist-packages/neutron_lib/callbacks/manager.py:176}}
Feb 16 01:51:52.430540 dv-neutron-802834-9-hyperv neutron-server[110295]: DEBUG neutron.db.provisioning_blocks [None req-88a325cb-d96b-4bf0-b37b-be8da309f49d None None] Provisioning complete for port 15fdb808-ead4-44aa-9832-de7e56712d2e triggered by entity DHCP. {{(pid=110295) provisioning_complete /opt/stack/neutron/neutron/db/provisioning_blocks.py:139}}
Feb 16 01:51:52.430927 dv-neutron-802834-9-hyperv neutron-server[110295]: DEBUG neutron_lib.callbacks.manager [None req-88a325cb-d96b-4bf0-b37b-be8da309f49d None None] Publish callbacks ['neutron.plugins.ml2.plugin.Ml2Plugin._port_provisioned-7834136'] for port (15fdb808-ead4-44aa-9832-de7e56712d2e), provisioning_complete {{(pid=110295) _notify_loop /usr/local/lib/python3.8/dist-packages/neutron_lib/callbacks/manager.py:176}}
Feb 16 01:51:52.456426 dv-neutron-802834-9-hyperv neutron-server[110293]: DEBUG neutron.plugins.ml2.drivers.type_vlan [None req-d9ba580c-96e5-417d-aa65-989ba907a059 tempest-QuotasNegativeTest-1134510419 tempest-QuotasNegativeTest-1134510419-project-admin] Releasing vlan 125 on physical network physnet1 to pool {{(pid=110293) release_segment /opt/stack/neutron/neutron/plugins/ml2/drivers/type_vlan.py:304}}
Feb 16 01:51:52.456839 dv-neutron-802834-9-hyperv neutron-server[110293]: DEBUG neutron_lib.callbacks.manager [None req-d9ba580c-96e5-417d-aa65-989ba907a059 tempest-QuotasNegativeTest-1134510419 tempest-QuotasNegativeTest-1134510419-project-admin] Publish callbacks ['neutron.plugins.ml2.plugin.Ml2Plugin._handle_segment_change-7840405', 'neutron.services.segments.plugin.NovaSegmentNotifier._notify_segment_deleted-4063662'] for segment (3726c263-d4d4-4256-ab21-6296bbbd5346), after_delete {{(pid=110293) _notify_loop /usr/local/lib/python3.8/dist-packages/neutron_lib/callbacks/manager.py:176}}
Feb 16 01:51:52.458908 dv-neutron-802834-9-hyperv neutron-server[110295]: DEBUG neutron.db.provisioning_blocks [None req-4f438ced-6ba2-40ef-b066-2bcb4523346d None None] Provisioning complete for port 1e83283a-8c97-4ac2-8170-c4338b154c8f triggered by entity L2. {{(pid=110295) provisioning_complete /opt/stack/neutron/neutron/db/provisioning_blocks.py:139}}
Feb 16 01:51:52.459190 dv-neutron-802834-9-hyperv neutron-server[110295]: DEBUG neutron_lib.callbacks.manager [None req-4f438ced-6ba2-40ef-b066-2bcb4523346d None None] Publish callbacks ['neutron.plugins.ml2.plugin.Ml2Plugin._port_provisioned-7834136'] for port (1e83283a-8c97-4ac2-8170-c4338b154c8f), provisioning_complete {{(pid=110295) _notify_loop /usr/local/lib/python3.8/dist-packages/neutron_lib/callbacks/manager.py:176}}
Feb 16 01:51:52.465094 dv-neutron-802834-9-hyperv neutron-server[110293]: /usr/lib/python3/dist-packages/secretstorage/dhcrypto.py:15: CryptographyDeprecationWarning: int_from_bytes is deprecated, use int.from_bytes instead
Feb 16 01:51:52.465094 dv-neutron-802834-9-hyperv neutron-server[110293]: from cryptography.utils import int_from_bytes
Feb 16 01:51:52.465094 dv-neutron-802834-9-hyperv neutron-server[110293]: /usr/lib/python3/dist-packages/secretstorage/util.py:19: CryptographyDeprecationWarning: int_from_bytes is deprecated, use int.from_bytes instead
Feb 16 01:51:52.465094 dv-neutron-802834-9-hyperv neutron-server[110293]: from cryptography.utils import int_from_bytes
Feb 16 01:51:52.465094 dv-neutron-802834-9-hyperv neutron-server[110293]: /opt/stack/neutron/neutron/extensions/quotasv2.py:141: UserWarning: Neutron quota engine will require "--force" parameter to set a quota limit without checking the resource usage.
Feb 16 01:51:52.465094 dv-neutron-802834-9-hyperv neutron-server[110293]: warnings.warn('Neutron quota engine will require "--force" '
Feb 16 01:51:52.465094 dv-neutron-802834-9-hyperv neutron-server[110293]: Traceback (most recent call last):
Feb 16 01:51:52.465094 dv-neutron-802834-9-hyperv neutron-server[110293]: File "/usr/local/lib/python3.8/dist-packages/eventlet/hubs/hub.py", line 476, in fire_timers
Feb 16 01:51:52.465094 dv-neutron-802834-9-hyperv neutron-server[110293]: timer()
Feb 16 01:51:52.465094 dv-neutron-802834-9-hyperv neutron-server[110293]: File "/usr/local/lib/python3.8/dist-packages/eventlet/hubs/timer.py", line 59, in __call__
Feb 16 01:51:52.465094 dv-neutron-802834-9-hyperv neutron-server[110293]: cb(*args, **kw)
Feb 16 01:51:52.465094 dv-neutron-802834-9-hyperv neutron-server[110293]: File "/opt/stack/neutron/neutron/common/utils.py", line 921, in wrapper
Feb 16 01:51:52.465094 dv-neutron-802834-9-hyperv neutron-server[110293]: return func(*args, **kwargs)
Feb 16 01:51:52.465094 dv-neutron-802834-9-hyperv neutron-server[110293]: File "/opt/stack/neutron/neutron/notifiers/batch_notifier.py", line 58, in synced_send
Feb 16 01:51:52.465094 dv-neutron-802834-9-hyperv neutron-server[110293]: self._notify()
Feb 16 01:51:52.465094 dv-neutron-802834-9-hyperv neutron-server[110293]: File "/opt/stack/neutron/neutron/notifiers/batch_notifier.py", line 69, in _notify
Feb 16 01:51:52.465094 dv-neutron-802834-9-hyperv neutron-server[110293]: self.callback(batched_events)
Feb 16 01:51:52.465094 dv-neutron-802834-9-hyperv neutron-server[110293]: File "/opt/stack/neutron/neutron/services/segments/plugin.py", line 211, in _send_notifications
Feb 16 01:51:52.465094 dv-neutron-802834-9-hyperv neutron-server[110293]: event.method(event)
Feb 16 01:51:52.465094 dv-neutron-802834-9-hyperv neutron-server[110293]: File "/opt/stack/neutron/neutron/services/segments/plugin.py", line 383, in _delete_nova_inventory
Feb 16 01:51:52.465094 dv-neutron-802834-9-hyperv neutron-server[110293]: aggregate_id = self._get_aggregate_id(event.segment_id)
Feb 16 01:51:52.465094 dv-neutron-802834-9-hyperv neutron-server[110293]: File "/opt/stack/neutron/neutron/services/segments/plugin.py", line 370, in _get_aggregate_id
