Jul 22 07:39:08.750555 dv-neutron-801707-1-hyperv neutron-server[100290]: DEBUG neutron.plugins.ml2.rpc [None req-2fc98d04-1c9e-4475-95cc-320d1d1828ce None None] Device d3e100fc-37ec-462b-a064-f34c5c029196 up at agent ovs-agent-dv-neutron-801707-1-hyperv {{(pid=100290) update_device_up /opt/stack/neutron/neutron/plugins/ml2/rpc.py:296}}
Jul 22 07:39:08.772683 dv-neutron-801707-1-hyperv neutron-server[100289]: DEBUG neutron.plugins.ml2.drivers.helpers [None req-38fd8b85-1227-42c2-be95-d5de30d5c7cc tempest-ExtraDHCPOptionsTestJSON-1660726320 tempest-ExtraDHCPOptionsTestJSON-1660726320-project] vlan segment allocate from pool success with {'vlan_id': 83, 'physical_network': 'physnet1'} {{(pid=100289) allocate_partially_specified_segment /opt/stack/neutron/neutron/plugins/ml2/drivers/helpers.py:153}}
Jul 22 07:39:08.798819 dv-neutron-801707-1-hyperv neutron-server[100290]: DEBUG neutron.db.l3_hamode_db [None req-afbb84c2-2ab2-42c3-8fa9-8c3e4d8f6eac None None] neutron.services.l3_router.l3_router_plugin.L3RouterPlugin method _process_sync_ha_data called with arguments (, [{'id': 'e7eebff4-d354-47a0-bd9c-5866a0b8f02a', 'name': 'tempest-ServersTestJSON-631761311-router', 'tenant_id': 'c71fbe12922c41ef96992fcbfbd2e4cd', 'admin_state_up': True, 'status': 'ACTIVE', 'external_gateway_info': {'network_id': 'e5db3f8a-4386-417a-86e5-dc6d61ff1442', 'external_fixed_ips': [{'subnet_id': 'cb95c85c-7e08-4bf3-9818-465e94504502', 'ip_address': '172.26.8.149'}], 'enable_snat': True}, 'gw_port_id': '8025ecb7-f67f-4eb2-889e-c537044aba9c', 'description': '', 'availability_zones': ['nova'], 'distributed': False, 'ha': False, 'ha_vr_id': 0, 'availability_zone_hints': [], 'routes': [], 'flavor_id': None, 'tags': [], 'created_at': '2021-07-22T07:38:58Z', 'updated_at': '2021-07-22T07:39:02Z', 'revision_number': 3, 'project_id': 'c71fbe12922c41ef96992fcbfbd2e4cd', 'gw_port': {'id': '8025ecb7-f67f-4eb2-889e-c537044aba9c', 'name': '', 'network_id': 'e5db3f8a-4386-417a-86e5-dc6d61ff1442', 'tenant_id': '', 'mac_address': 'fa:16:3e:34:f0:65', 'admin_state_up': True, 'status': 'DOWN', 'device_id': 'e7eebff4-d354-47a0-bd9c-5866a0b8f02a', 'device_owner': 'network:router_gateway', 'standard_attr_id': 54, 'fixed_ips': [{'subnet_id': 'cb95c85c-7e08-4bf3-9818-465e94504502', 'ip_address': '172.26.8.149', 'prefixlen': 24}], 'allowed_address_pairs': [], 'extra_dhcp_opts': [], 'security_groups': [], 'description': '', 'binding:vnic_type': 'normal', 'binding:profile': {}, 'binding:host_id': 'dv-neutron-801707-1-hyperv', 'binding:vif_type': 'ovs', 'binding:vif_details': {'connectivity': 'l2', 'port_filter': True, 'ovs_hybrid_plug': False, 'datapath_type': 'system', 'bridge_name': 'br-int'}, 'port_security_enabled': False, 'tags': [], 'created_at': '2021-07-22T07:38:59Z', 'updated_at': '2021-07-22T07:39:07Z', 'revision_number': 3, 'project_id': '', 'subnets': [{'id': 'cb95c85c-7e08-4bf3-9818-465e94504502', 'cidr': '172.26.8.0/24', 'gateway_ip': '172.26.8.1', 'dns_nameservers': [], 'ipv6_ra_mode': None, 'subnetpool_id': None}], 'extra_subnets': [], 'address_scopes': {4: None, 6: None}, 'mtu': 1500}, 'enable_snat': True, 'gw_port_host': 'dv-neutron-801707-1-hyperv'}], 'dv-neutron-801707-1-hyperv', False) {} {{(pid=100290) wrapper /usr/local/lib/python3.8/dist-packages/oslo_log/helpers.py:65}}
Jul 22 07:39:08.864178 dv-neutron-801707-1-hyperv neutron-server[100290]: DEBUG neutron.api.rpc.handlers.l3_rpc [None req-afbb84c2-2ab2-42c3-8fa9-8c3e4d8f6eac None None] The sync data for ids ['e7eebff4-d354-47a0-bd9c-5866a0b8f02a'] in dv-neutron-801707-1-hyperv is: [{'id': 'e7eebff4-d354-47a0-bd9c-5866a0b8f02a', 'name': 'tempest-ServersTestJSON-631761311-router', 'tenant_id': 'c71fbe12922c41ef96992fcbfbd2e4cd', 'admin_state_up': True, 'status': 'ACTIVE', 'external_gateway_info': {'network_id': 'e5db3f8a-4386-417a-86e5-dc6d61ff1442', 'external_fixed_ips': [{'subnet_id': 'cb95c85c-7e08-4bf3-9818-465e94504502', 'ip_address': '172.26.8.149'}], 'enable_snat': True}, 'gw_port_id': '8025ecb7-f67f-4eb2-889e-c537044aba9c', 'description': '', 'availability_zones': ['nova'], 'distributed': False, 'ha': False, 'ha_vr_id': 0, 'availability_zone_hints': [], 'routes': [], 'flavor_id': None, 'tags': [], 'created_at': '2021-07-22T07:38:58Z', 'updated_at': '2021-07-22T07:39:02Z', 'revision_number': 3, 'project_id': 'c71fbe12922c41ef96992fcbfbd2e4cd', 'gw_port': {'id': '8025ecb7-f67f-4eb2-889e-c537044aba9c', 'name': '', 'network_id': 'e5db3f8a-4386-417a-86e5-dc6d61ff1442', 'tenant_id': '', 'mac_address': 'fa:16:3e:34:f0:65', 'admin_state_up': True, 'status': 'DOWN', 'device_id': 'e7eebff4-d354-47a0-bd9c-5866a0b8f02a', 'device_owner': 'network:router_gateway', 'standard_attr_id': 54, 'fixed_ips': [{'subnet_id': 'cb95c85c-7e08-4bf3-9818-465e94504502', 'ip_address': '172.26.8.149', 'prefixlen': 24}], 'allowed_address_pairs': [], 'extra_dhcp_opts': [], 'security_groups': [], 'description': '', 'binding:vnic_type': 'normal', 'binding:profile': {}, 'binding:host_id': 'dv-neutron-801707-1-hyperv', 'binding:vif_type': 'ovs', 'binding:vif_details': {'connectivity': 'l2', 'port_filter': True, 'ovs_hybrid_plug': False, 'datapath_type': 'system', 'bridge_name': 'br-int'}, 'port_security_enabled': False, 'tags': [], 'created_at': '2021-07-22T07:38:59Z', 'updated_at': '2021-07-22T07:39:07Z', 'revision_number': 3, 'project_id': '', 'subnets': [{'id': 'cb95c85c-7e08-4bf3-9818-465e94504502', 'cidr': '172.26.8.0/24', 'gateway_ip': '172.26.8.1', 'dns_nameservers': [], 'ipv6_ra_mode': None, 'subnetpool_id': None}], 'extra_subnets': [], 'address_scopes': {4: None, 6: None}, 'mtu': 1500}, 'enable_snat': True, 'gw_port_host': 'dv-neutron-801707-1-hyperv'}] {{(pid=100290) sync_routers /opt/stack/neutron/neutron/api/rpc/handlers/l3_rpc.py:137}}
Jul 22 07:39:08.908694 dv-neutron-801707-1-hyperv neutron-server[100290]: DEBUG neutron.db.provisioning_blocks [None req-2fc98d04-1c9e-4475-95cc-320d1d1828ce None None] Provisioning complete for port d3e100fc-37ec-462b-a064-f34c5c029196 triggered by entity L2. {{(pid=100290) provisioning_complete /opt/stack/neutron/neutron/db/provisioning_blocks.py:139}}
Jul 22 07:39:08.909266 dv-neutron-801707-1-hyperv neutron-server[100290]: DEBUG neutron_lib.callbacks.manager [None req-2fc98d04-1c9e-4475-95cc-320d1d1828ce None None] Notify callbacks ['neutron.plugins.ml2.plugin.Ml2Plugin._port_provisioned-3920443'] for port, provisioning_complete {{(pid=100290) _notify_loop /usr/local/lib/python3.8/dist-packages/neutron_lib/callbacks/manager.py:192}}
Jul 22 07:39:08.962409 dv-neutron-801707-1-hyperv neutron-server[100288]: DEBUG neutron.wsgi [-] (100288) accepted ('10.222.0.24', 42026) {{(pid=100288) server /usr/local/lib/python3.8/dist-packages/eventlet/wsgi.py:982}}
Jul 22 07:39:09.009154 dv-neutron-801707-1-hyperv neutron-server[100288]: DEBUG neutron_lib.callbacks.manager [None req-f13b78d9-f0e7-49e5-bae0-845c8ce7aba7 admin admin] Notify callbacks [] for security_group, before_create {{(pid=100288) _notify_loop /usr/local/lib/python3.8/dist-packages/neutron_lib/callbacks/manager.py:192}}
Jul 22 07:39:09.022894 dv-neutron-801707-1-hyperv neutron-server[100288]: DEBUG neutron_lib.callbacks.manager [None req-2254dff8-60a5-4d3d-b6a0-ec726bd1f3e6 admin admin] Notify callbacks [] for security_group, precommit_create {{(pid=100288) _notify_loop /usr/local/lib/python3.8/dist-packages/neutron_lib/callbacks/manager.py:192}}
Jul 22 07:39:09.059659 dv-neutron-801707-1-hyperv neutron-server[100288]: DEBUG neutron.scheduler.l3_agent_scheduler [None req-7c67a76b-05cf-4444-87a9-d30e961c9798 admin admin] Router e7eebff4-d354-47a0-bd9c-5866a0b8f02a has already been hosted by L3 agent 32e37f65-17d2-4420-ba3f-ad5e619f1d02 {{(pid=100288) _get_candidates /opt/stack/neutron/neutron/scheduler/l3_agent_scheduler.py:127}}
Jul 22 07:39:09.069583 dv-neutron-801707-1-hyperv neutron-server[100290]: DEBUG neutron.plugins.ml2.rpc [None req-2fc98d04-1c9e-4475-95cc-320d1d1828ce None None] Device 4bf84a33-f91f-493f-8a4d-1301aad68a07 up at agent ovs-agent-dv-neutron-801707-1-hyperv {{(pid=100290) update_device_up /opt/stack/neutron/neutron/plugins/ml2/rpc.py:296}}
Jul 22 07:39:09.071431 dv-neutron-801707-1-hyperv neutron-server[100288]: DEBUG neutron_lib.callbacks.manager [None req-2254dff8-60a5-4d3d-b6a0-ec726bd1f3e6 admin admin] Notify callbacks ['neutron.plugins.ml2.ovo_rpc._ObjectChangeHandler.handle_event-576920'] for security_group, after_create {{(pid=100288) _notify_loop /usr/local/lib/python3.8/dist-packages/neutron_lib/callbacks/manager.py:192}}
Jul 22 07:39:09.112860 dv-neutron-801707-1-hyperv neutron-server[100289]: DEBUG neutron_lib.callbacks.manager [None req-38fd8b85-1227-42c2-be95-d5de30d5c7cc tempest-ExtraDHCPOptionsTestJSON-1660726320 tempest-ExtraDHCPOptionsTestJSON-1660726320-project] Notify callbacks ['neutron.plugins.ml2.plugin.Ml2Plugin._handle_segment_change-3915208'] for segment, precommit_create {{(pid=100289) _notify_loop /usr/local/lib/python3.8/dist-packages/neutron_lib/callbacks/manager.py:192}}
Jul 22 07:39:09.113386 dv-neutron-801707-1-hyperv neutron-server[100289]: INFO neutron.db.segments_db [None req-38fd8b85-1227-42c2-be95-d5de30d5c7cc tempest-ExtraDHCPOptionsTestJSON-1660726320 tempest-ExtraDHCPOptionsTestJSON-1660726320-project] Added segment 3dc3cff1-ac5d-4204-873b-a9a93f14111c of type vlan for network 2fae4d3a-ff68-478b-a11b-377148b0292e
Jul 22 07:39:09.126823 dv-neutron-801707-1-hyperv neutron-server[100289]: DEBUG neutron.api.rpc.handlers.resources_rpc [None req-38fd8b85-1227-42c2-be95-d5de30d5c7cc tempest-ExtraDHCPOptionsTestJSON-1660726320 tempest-ExtraDHCPOptionsTestJSON-1660726320-project] Pushing event updated for resources: {'SecurityGroup': ['ID=19a92008-eb1f-4d24-ba95-99b052fcce77,revision_number=1']} {{(pid=100289) push /opt/stack/neutron/neutron/api/rpc/handlers/resources_rpc.py:237}}
Jul 22 07:39:09.136708 dv-neutron-801707-1-hyperv neutron-server[100288]: INFO neutron.wsgi [None req-2254dff8-60a5-4d3d-b6a0-ec726bd1f3e6 admin admin] 10.222.0.24 "GET /v2.0/security-groups?tenant_id=b111a9fa431d4124a3bd426338b87bbd&name=default HTTP/1.1" status: 200 len: 2979 time: 1.0228899
Jul 22 07:39:09.144543 dv-neutron-801707-1-hyperv neutron-server[100290]: DEBUG neutron.db.provisioning_blocks [None req-ae387049-55da-4331-a20f-2624bfd4761c None None] Provisioning complete for port c3c85d48-4ea7-44f8-a86d-94bd87f64519 triggered by entity DHCP. {{(pid=100290) provisioning_complete /opt/stack/neutron/neutron/db/provisioning_blocks.py:139}}
Jul 22 07:39:09.144931 dv-neutron-801707-1-hyperv neutron-server[100290]: DEBUG neutron_lib.callbacks.manager [None req-ae387049-55da-4331-a20f-2624bfd4761c None None] Notify callbacks ['neutron.plugins.ml2.plugin.Ml2Plugin._port_provisioned-3920443'] for port, provisioning_complete {{(pid=100290) _notify_loop /usr/local/lib/python3.8/dist-packages/neutron_lib/callbacks/manager.py:192}}
Jul 22 07:39:09.147989 dv-neutron-801707-1-hyperv neutron-server[100288]: DEBUG neutron.wsgi [-] (100288) accepted ('10.222.0.24', 42028) {{(pid=100288) server /usr/local/lib/python3.8/dist-packages/eventlet/wsgi.py:982}}
Jul 22 07:39:09.191811 dv-neutron-801707-1-hyperv neutron-server[100290]: DEBUG neutron.plugins.ml2.plugin [None req-ae387049-55da-4331-a20f-2624bfd4761c None None] Port c3c85d48-4ea7-44f8-a86d-94bd87f64519 cannot update to ACTIVE because it is not bound. {{(pid=100290) _port_provisioned /opt/stack/neutron/neutron/plugins/ml2/plugin.py:337}}
Jul 22 07:39:09.197239 dv-neutron-801707-1-hyperv neutron-server[100290]: DEBUG neutron.db.provisioning_blocks [None req-2fc98d04-1c9e-4475-95cc-320d1d1828ce None None] Provisioning for port 4bf84a33-f91f-493f-8a4d-1301aad68a07 completed by entity L2. {{(pid=100290) provisioning_complete /opt/stack/neutron/neutron/db/provisioning_blocks.py:133}}
Jul 22 07:39:09.213369 dv-neutron-801707-1-hyperv neutron-server[100290]: DEBUG neutron.db.provisioning_blocks [None req-ae387049-55da-4331-a20f-2624bfd4761c None None] Provisioning complete for port 4bf84a33-f91f-493f-8a4d-1301aad68a07 triggered by entity DHCP. {{(pid=100290) provisioning_complete /opt/stack/neutron/neutron/db/provisioning_blocks.py:139}}
Jul 22 07:39:09.213852 dv-neutron-801707-1-hyperv neutron-server[100290]: DEBUG neutron_lib.callbacks.manager [None req-ae387049-55da-4331-a20f-2624bfd4761c None None] Notify callbacks ['neutron.plugins.ml2.plugin.Ml2Plugin._port_provisioned-3920443'] for port, provisioning_complete {{(pid=100290) _notify_loop /usr/local/lib/python3.8/dist-packages/neutron_lib/callbacks/manager.py:192}}
Jul 22 07:39:09.215811 dv-neutron-801707-1-hyperv neutron-server[100290]: DEBUG neutron.db.provisioning_blocks [None req-2fc98d04-1c9e-4475-95cc-320d1d1828ce None None] Provisioning complete for port 4bf84a33-f91f-493f-8a4d-1301aad68a07 triggered by entity L2. {{(pid=100290) provisioning_complete /opt/stack/neutron/neutron/db/provisioning_blocks.py:139}}
Jul 22 07:39:09.216794 dv-neutron-801707-1-hyperv neutron-server[100290]: DEBUG neutron_lib.callbacks.manager [None req-2fc98d04-1c9e-4475-95cc-320d1d1828ce None None] Notify callbacks ['neutron.plugins.ml2.plugin.Ml2Plugin._port_provisioned-3920443'] for port, provisioning_complete {{(pid=100290) _notify_loop /usr/local/lib/python3.8/dist-packages/neutron_lib/callbacks/manager.py:192}}
Jul 22 07:39:09.284783 dv-neutron-801707-1-hyperv neutron-server[100288]: DEBUG neutron.api.rpc.handlers.resources_rpc [None req-2254dff8-60a5-4d3d-b6a0-ec726bd1f3e6 admin admin] Pushing event updated for resources: {'SecurityGroup': ['ID=fd969c9b-97f9-416a-b2e4-c9f14c7e9759,revision_number=1']} {{(pid=100288) push /opt/stack/neutron/neutron/api/rpc/handlers/resources_rpc.py:237}}
Jul 22 07:39:09.291019 dv-neutron-801707-1-hyperv neutron-server[100289]: DEBUG neutron_lib.callbacks.manager [None req-38fd8b85-1227-42c2-be95-d5de30d5c7cc tempest-ExtraDHCPOptionsTestJSON-1660726320 tempest-ExtraDHCPOptionsTestJSON-1660726320-project] Notify callbacks ['neutron.services.auto_allocate.db._ensure_external_network_default_value_callback-8729555820014'] for network, precommit_create {{(pid=100289) _notify_loop /usr/local/lib/python3.8/dist-packages/neutron_lib/callbacks/manager.py:192}}
Jul 22 07:39:09.296729 dv-neutron-801707-1-hyperv neutron-server[100289]: DEBUG neutron_lib.callbacks.manager [None req-b70baaea-eb45-463b-9b82-5561f2c89c80 tempest-DHCPAgentSchedulersTestJSON-789081554 tempest-DHCPAgentSchedulersTestJSON-789081554-project] Notify callbacks [] for port, precommit_create {{(pid=100289) _notify_loop /usr/local/lib/python3.8/dist-packages/neutron_lib/callbacks/manager.py:192}}
Jul 22 07:39:09.308651 dv-neutron-801707-1-hyperv neutron-server[100289]: DEBUG neutron.objects.ports [None req-056259be-4d49-4202-a09e-48304f7c0264 tempest-ExternalNetworksTestJSON-1811210950 tempest-ExternalNetworksTestJSON-1811210950-project-admin] Time-cost: Fetching 0 ports in 0 security groups {{(pid=100289) get_objects /opt/stack/neutron/neutron/objects/ports.py:444}}
Jul 22 07:39:09.309119 dv-neutron-801707-1-hyperv neutron-server[100289]: DEBUG neutron_lib.callbacks.manager [None req-056259be-4d49-4202-a09e-48304f7c0264 tempest-ExternalNetworksTestJSON-1811210950 tempest-ExternalNetworksTestJSON-1811210950-project-admin] Notify callbacks ['neutron.plugins.ml2.ovo_rpc._ObjectChangeHandler.handle_event-538620', 'neutron.api.rpc.agentnotifiers.dhcp_rpc_agent_api.DhcpAgentNotifyAPI._native_event_send_dhcp_notification-535245'] for subnet, after_create {{(pid=100289) _notify_loop /usr/local/lib/python3.8/dist-packages/neutron_lib/callbacks/manager.py:192}}
Jul 22 07:39:09.370927 dv-neutron-801707-1-hyperv neutron-server[100289]: DEBUG neutron.db.provisioning_blocks [None req-b70baaea-eb45-463b-9b82-5561f2c89c80 tempest-DHCPAgentSchedulersTestJSON-789081554 tempest-DHCPAgentSchedulersTestJSON-789081554-project] Transition to ACTIVE for port object 29ded0ae-1f43-4733-bfcc-2e8951a88f6f will not be triggered until provisioned by entity DHCP. {{(pid=100289) add_provisioning_component /opt/stack/neutron/neutron/db/provisioning_blocks.py:73}}
Jul 22 07:39:09.400630 dv-neutron-801707-1-hyperv neutron-server[100289]: DEBUG neutron_lib.callbacks.manager [None req-ff838857-c256-4ce6-9261-989d73b4f6a2 admin admin] Notify callbacks [] for port, precommit_update {{(pid=100289) _notify_loop /usr/local/lib/python3.8/dist-packages/neutron_lib/callbacks/manager.py:192}}
Jul 22 07:39:09.405851 dv-neutron-801707-1-hyperv neutron-server[100288]: DEBUG neutron_lib.callbacks.manager [None req-f13b78d9-f0e7-49e5-bae0-845c8ce7aba7 admin admin] Notify callbacks [] for security_group, precommit_create {{(pid=100288) _notify_loop /usr/local/lib/python3.8/dist-packages/neutron_lib/callbacks/manager.py:192}}
Jul 22 07:39:09.426147 dv-neutron-801707-1-hyperv neutron-server[100289]: DEBUG neutron_lib.callbacks.manager [None req-ff838857-c256-4ce6-9261-989d73b4f6a2 admin admin] Notify callbacks ['neutron.plugins.ml2.plugin.SecurityGroupServerNotifierRpcMixin._notify_sg_on_port_change-3699749', 'neutron.plugins.ml2.ovo_rpc._ObjectChangeHandler.handle_event-212305', 'neutron.api.rpc.agentnotifiers.dhcp_rpc_agent_api.DhcpAgentNotifyAPI._native_event_send_dhcp_notification-535245', 'neutron.db.l3_db.L3RpcNotifierMixin._notify_gateway_port_ip_changed-8729556152634', 'neutron.db.l3_dvrscheduler_db._notify_l3_agent_port_update-8729555831179', 'neutron.db.l3_hascheduler_db._notify_l3_agent_ha_port_update-8729555831197'] for port, after_update {{(pid=100289) _notify_loop /usr/local/lib/python3.8/dist-packages/neutron_lib/callbacks/manager.py:192}}
Jul 22 07:39:09.427379 dv-neutron-801707-1-hyperv neutron-server[100289]: DEBUG neutron_lib.callbacks.manager [None req-ff838857-c256-4ce6-9261-989d73b4f6a2 admin admin] Notify callbacks ['neutron.api.rpc.agentnotifiers.dhcp_rpc_agent_api.DhcpAgentNotifyAPI._after_router_interface_created-535283', 'neutron.services.l3_router.l3_router_plugin.DVRResourceOperationHandler._update_snat_v6_addrs_after_intf_update-760740'] for router_interface, after_create {{(pid=100289) _notify_loop /usr/local/lib/python3.8/dist-packages/neutron_lib/callbacks/manager.py:192}}
Jul 22 07:39:09.451106 dv-neutron-801707-1-hyperv neutron-server[100288]: DEBUG neutron.plugins.ml2.plugin [None req-14e14e8a-7cdf-48be-a7ca-06637caa749a tempest-RoutersAdminNegativeIpV6Test-525848032 tempest-RoutersAdminNegativeIpV6Test-525848032-project-admin] Deleting port eca202ed-8335-49bc-a2b2-8f2bfa5c39ea {{(pid=100288) _pre_delete_port /opt/stack/neutron/neutron/plugins/ml2/plugin.py:1919}}
Jul 22 07:39:09.451622 dv-neutron-801707-1-hyperv neutron-server[100288]: DEBUG neutron_lib.callbacks.manager [None req-14e14e8a-7cdf-48be-a7ca-06637caa749a tempest-RoutersAdminNegativeIpV6Test-525848032 tempest-RoutersAdminNegativeIpV6Test-525848032-project-admin] Notify callbacks ['neutron.db.l3_db.L3_NAT_dbonly_mixin._prevent_l3_port_delete_callback-8729556150676'] for port, before_delete {{(pid=100288) _notify_loop /usr/local/lib/python3.8/dist-packages/neutron_lib/callbacks/manager.py:192}}
Jul 22 07:39:09.464321 dv-neutron-801707-1-hyperv neutron-server[100288]: DEBUG neutron_lib.callbacks.manager [None req-f13b78d9-f0e7-49e5-bae0-845c8ce7aba7 admin admin] Notify callbacks ['neutron.plugins.ml2.ovo_rpc._ObjectChangeHandler.handle_event-576920'] for security_group, after_create {{(pid=100288) _notify_loop /usr/local/lib/python3.8/dist-packages/neutron_lib/callbacks/manager.py:192}}
Jul 22 07:39:09.469002 dv-neutron-801707-1-hyperv neutron-server[100289]: DEBUG neutron.api.rpc.handlers.resources_rpc [None req-056259be-4d49-4202-a09e-48304f7c0264 tempest-ExternalNetworksTestJSON-1811210950 tempest-ExternalNetworksTestJSON-1811210950-project-admin] Pushing event updated for resources: {'Subnet': ['ID=8a1ddb1f-8f95-4ede-a22d-fd376d17711c,revision_number=0']} {{(pid=100289) push /opt/stack/neutron/neutron/api/rpc/handlers/resources_rpc.py:237}}
Jul 22 07:39:09.506008 dv-neutron-801707-1-hyperv neutron-server[100289]: DEBUG neutron_lib.callbacks.manager [None req-38fd8b85-1227-42c2-be95-d5de30d5c7cc tempest-ExtraDHCPOptionsTestJSON-1660726320 tempest-ExtraDHCPOptionsTestJSON-1660726320-project] Notify callbacks ['neutron.plugins.ml2.ovo_rpc._ObjectChangeHandler.handle_event-576809', 'neutron.api.rpc.agentnotifiers.dhcp_rpc_agent_api.DhcpAgentNotifyAPI._native_event_send_dhcp_notification-535245'] for network, after_create {{(pid=100289) _notify_loop /usr/local/lib/python3.8/dist-packages/neutron_lib/callbacks/manager.py:192}}
Jul 22 07:39:09.513453 dv-neutron-801707-1-hyperv neutron-server[100289]: DEBUG neutron.pecan_wsgi.hooks.policy_enforcement [None req-38fd8b85-1227-42c2-be95-d5de30d5c7cc tempest-ExtraDHCPOptionsTestJSON-1660726320 tempest-ExtraDHCPOptionsTestJSON-1660726320-project] Attributes excluded by policy engine: ['standard_attr_id', 'provider:network_type', 'provider:physical_network', 'provider:segmentation_id', 'vlan_transparent'] {{(pid=100289) _exclude_attributes_by_policy /opt/stack/neutron/neutron/pecan_wsgi/hooks/policy_enforcement.py:255}}
Jul 22 07:39:09.514379 dv-neutron-801707-1-hyperv neutron-server[100289]: DEBUG neutron_lib.callbacks.manager [None req-38fd8b85-1227-42c2-be95-d5de30d5c7cc tempest-ExtraDHCPOptionsTestJSON-1660726320 tempest-ExtraDHCPOptionsTestJSON-1660726320-project] Notify callbacks ['neutron.api.rpc.agentnotifiers.dhcp_rpc_agent_api.DhcpAgentNotifyAPI._send_dhcp_notification-535263'] for network, before_response {{(pid=100289) _notify_loop /usr/local/lib/python3.8/dist-packages/neutron_lib/callbacks/manager.py:192}}
Jul 22 07:39:09.540925 dv-neutron-801707-1-hyperv neutron-server[100290]: DEBUG neutron_lib.callbacks.manager [None req-ae387049-55da-4331-a20f-2624bfd4761c None None] Notify callbacks ['neutron.plugins.ml2.plugin.SecurityGroupDbMixin._ensure_default_security_group_handler-3698306'] for port, before_update {{(pid=100290) _notify_loop /usr/local/lib/python3.8/dist-packages/neutron_lib/callbacks/manager.py:192}}
Jul 22 07:39:09.565760 dv-neutron-801707-1-hyperv neutron-server[100290]: DEBUG neutron_lib.callbacks.manager [None req-2fc98d04-1c9e-4475-95cc-320d1d1828ce None None] Notify callbacks ['neutron.plugins.ml2.plugin.SecurityGroupDbMixin._ensure_default_security_group_handler-3698306'] for port, before_update {{(pid=100290) _notify_loop /usr/local/lib/python3.8/dist-packages/neutron_lib/callbacks/manager.py:192}}
Jul 22 07:39:09.567552 dv-neutron-801707-1-hyperv neutron-server[100288]: DEBUG neutron.api.rpc.agentnotifiers.l3_rpc_agent_api [None req-7c67a76b-05cf-4444-87a9-d30e961c9798 admin admin] Notify agent at l3_agent.dv-neutron-801707-1-hyperv the message routers_updated {{(pid=100288) _agent_notification /opt/stack/neutron/neutron/api/rpc/agentnotifiers/l3_rpc_agent_api.py:65}}
Jul 22 07:39:09.572083 dv-neutron-801707-1-hyperv neutron-server[100288]: INFO neutron.wsgi [None req-f13b78d9-f0e7-49e5-bae0-845c8ce7aba7 admin admin] 10.222.0.24 "GET /v2.0/security-groups?tenant_id=9f61cf68e4b343758aa35887ff95c5f1&name=default HTTP/1.1" status: 200 len: 2979 time: 0.6053531
Jul 22 07:39:09.581614 dv-neutron-801707-1-hyperv neutron-server[100288]: INFO neutron.wsgi [None req-7c67a76b-05cf-4444-87a9-d30e961c9798 admin admin] 10.222.0.24 "PUT /v2.0/routers/e7eebff4-d354-47a0-bd9c-5866a0b8f02a/add_router_interface HTTP/1.1" status: 200 len: 503 time: 4.7693591
Jul 22 07:39:09.582373 dv-neutron-801707-1-hyperv neutron-server[100288]: DEBUG neutron_lib.callbacks.manager [None req-f7db572b-d3f7-4e9f-a091-e54cea31546d admin admin] Notify callbacks [] for security_group, before_delete {{(pid=100288) _notify_loop /usr/local/lib/python3.8/dist-packages/neutron_lib/callbacks/manager.py:192}}
Jul 22 07:39:09.602035 dv-neutron-801707-1-hyperv neutron-server[100290]: DEBUG neutron.plugins.ml2.db [None req-ae387049-55da-4331-a20f-2624bfd4761c None None] For port 4bf84a33-f91f-493f-8a4d-1301aad68a07, host dv-neutron-801707-1-hyperv, got binding levels [PortBindingLevel(driver='openvswitch',host='dv-neutron-801707-1-hyperv',level=0,port_id=4bf84a33-f91f-493f-8a4d-1301aad68a07,segment=NetworkSegment(ffe53628-ff03-4095-b08e-1834cb222d0d),segment_id=ffe53628-ff03-4095-b08e-1834cb222d0d)] {{(pid=100290) get_binding_level_objs /opt/stack/neutron/neutron/plugins/ml2/db.py:74}}
Jul 22 07:39:09.611251 dv-neutron-801707-1-hyperv neutron-server[100290]: DEBUG neutron_lib.callbacks.manager [None req-ae387049-55da-4331-a20f-2624bfd4761c None None] Notify callbacks ['neutron.plugins.ml2.plugin.SecurityGroupServerNotifierRpcMixin._notify_sg_on_port_change-3699749', 'neutron.plugins.ml2.ovo_rpc._ObjectChangeHandler.handle_event-212305', 'neutron.api.rpc.agentnotifiers.dhcp_rpc_agent_api.DhcpAgentNotifyAPI._native_event_send_dhcp_notification-535245', 'neutron.db.l3_db.L3RpcNotifierMixin._notify_gateway_port_ip_changed-8729556152634', 'neutron.db.l3_dvrscheduler_db._notify_l3_agent_port_update-8729555831179', 'neutron.db.l3_hascheduler_db._notify_l3_agent_ha_port_update-8729555831197'] for port, after_update {{(pid=100290) _notify_loop /usr/local/lib/python3.8/dist-packages/neutron_lib/callbacks/manager.py:192}}
Jul 22 07:39:09.631909 dv-neutron-801707-1-hyperv neutron-server[100288]: DEBUG neutron_lib.callbacks.manager [None req-f7db572b-d3f7-4e9f-a091-e54cea31546d admin admin] Notify callbacks [] for security_group, precommit_delete {{(pid=100288) _notify_loop /usr/local/lib/python3.8/dist-packages/neutron_lib/callbacks/manager.py:192}}
Jul 22 07:39:09.646300 dv-neutron-801707-1-hyperv neutron-server[100289]: DEBUG neutron.api.rpc.handlers.resources_rpc [None req-38fd8b85-1227-42c2-be95-d5de30d5c7cc tempest-ExtraDHCPOptionsTestJSON-1660726320 tempest-ExtraDHCPOptionsTestJSON-1660726320-project] Pushing event updated for resources: {'Network': ['ID=2fae4d3a-ff68-478b-a11b-377148b0292e,revision_number=1']} {{(pid=100289) push /opt/stack/neutron/neutron/api/rpc/handlers/resources_rpc.py:237}}
Jul 22 07:39:09.648742 dv-neutron-801707-1-hyperv neutron-server[100289]: DEBUG neutron.wsgi [-] (100289) accepted ('10.222.0.24', 42030) {{(pid=100289) server /usr/local/lib/python3.8/dist-packages/eventlet/wsgi.py:982}}
Jul 22 07:39:09.675358 dv-neutron-801707-1-hyperv neutron-server[100290]: DEBUG neutron.plugins.ml2.rpc [None req-2fc98d04-1c9e-4475-95cc-320d1d1828ce None None] Network 2fae4d3a-ff68-478b-a11b-377148b0292e details requested by agent ovs-agent-dv-neutron-801707-1-hyperv with host dv-neutron-801707-1-hyperv {{(pid=100290) get_network_details /opt/stack/neutron/neutron/plugins/ml2/rpc.py:248}}
Jul 22 07:39:09.716260 dv-neutron-801707-1-hyperv neutron-server[100289]: DEBUG neutron.plugins.ml2.drivers.mech_agent [None req-056259be-4d49-4202-a09e-48304f7c0264 tempest-ExternalNetworksTestJSON-1811210950 tempest-ExternalNetworksTestJSON-1811210950-project-admin] Checking segment: {'id': 'f53abf52-217b-4fc6-9456-afdc452b2f77', 'network_type': 'vlan', 'physical_network': 'physnet1', 'segmentation_id': 57, 'network_id': '765c6bcc-30db-4fcf-bc9a-feb4ee0b7570'} for mappings: {'physnet1': 'br-data'} with network types: ['local', 'flat', 'vlan'] {{(pid=100289) check_segment_for_agent /opt/stack/neutron/neutron/plugins/ml2/drivers/mech_agent.py:352}}
Jul 22 07:39:09.717011 dv-neutron-801707-1-hyperv neutron-server[100289]: DEBUG neutron.scheduler.dhcp_agent_scheduler [None req-056259be-4d49-4202-a09e-48304f7c0264 tempest-ExternalNetworksTestJSON-1811210950 tempest-ExternalNetworksTestJSON-1811210950-project-admin] Network hostable DHCP agents. Network: 765c6bcc-30db-4fcf-bc9a-feb4ee0b7570, hostable agents: ['fc25ce93-8105-4372-b8bf-e932e0845ae1'], hosted agents: [] {{(pid=100289) _get_network_hostable_dhcp_agents /opt/stack/neutron/neutron/scheduler/dhcp_agent_scheduler.py:329}}
Jul 22 07:39:09.719325 dv-neutron-801707-1-hyperv neutron-server[100290]: DEBUG neutron_lib.db.api [None req-2fc98d04-1c9e-4475-95cc-320d1d1828ce None None] Retry wrapper got retriable exception: UPDATE statement on table 'standardattributes' expected to update 1 row(s); 0 were matched. {{(pid=100290) wrapped /usr/local/lib/python3.8/dist-packages/neutron_lib/db/api.py:183}}
Jul 22 07:39:09.719684 dv-neutron-801707-1-hyperv neutron-server[100290]: DEBUG oslo_db.api [None req-2fc98d04-1c9e-4475-95cc-320d1d1828ce None None] Performing DB retry for function neutron.plugins.ml2.plugin.Ml2Plugin.update_port_statuses {{(pid=100290) wrapper /usr/local/lib/python3.8/dist-packages/oslo_db/api.py:155}}
Jul 22 07:39:09.721806 dv-neutron-801707-1-hyperv neutron-server[100289]: DEBUG neutron.api.rpc.handlers.resources_rpc [None req-ff838857-c256-4ce6-9261-989d73b4f6a2 admin admin] Pushing event updated for resources: {'Port': ['ID=54e4411a-1c37-421d-9b3f-9385f066a31f,revision_number=2']} {{(pid=100289) push /opt/stack/neutron/neutron/api/rpc/handlers/resources_rpc.py:237}}
Jul 22 07:39:09.744231 dv-neutron-801707-1-hyperv neutron-server[100288]: DEBUG neutron.api.rpc.handlers.resources_rpc [None req-f13b78d9-f0e7-49e5-bae0-845c8ce7aba7 admin admin] Pushing event updated for resources: {'SecurityGroup': ['ID=7bd463e5-52ea-4dbe-8d19-77cbe516d65a,revision_number=1']} {{(pid=100288) push /opt/stack/neutron/neutron/api/rpc/handlers/resources_rpc.py:237}}
Jul 22 07:39:09.789009 dv-neutron-801707-1-hyperv neutron-server[100289]: DEBUG neutron_lib.callbacks.manager [None req-b70baaea-eb45-463b-9b82-5561f2c89c80 tempest-DHCPAgentSchedulersTestJSON-789081554 tempest-DHCPAgentSchedulersTestJSON-789081554-project] Notify callbacks ['neutron.plugins.ml2.plugin.SecurityGroupServerNotifierRpcMixin._notify_sg_on_port_change-3699749', 'neutron.plugins.ml2.ovo_rpc._ObjectChangeHandler.handle_event-212305', 'neutron.api.rpc.agentnotifiers.dhcp_rpc_agent_api.DhcpAgentNotifyAPI._native_event_send_dhcp_notification-535245', 'neutron.db.l3_dvrscheduler_db._notify_l3_agent_new_port-8729555831161'] for port, after_create {{(pid=100289) _notify_loop /usr/local/lib/python3.8/dist-packages/neutron_lib/callbacks/manager.py:192}}
Jul 22 07:39:09.793351 dv-neutron-801707-1-hyperv neutron-server[100289]: DEBUG neutron.scheduler.dhcp_agent_scheduler [None req-ff838857-c256-4ce6-9261-989d73b4f6a2 admin admin] Network 1fc5d824-b54e-44ba-b167-a5d31c0011e2 is already hosted by enough agents. {{(pid=100289) _get_dhcp_agents_hosting_network /opt/stack/neutron/neutron/scheduler/dhcp_agent_scheduler.py:275}}
Jul 22 07:39:09.800346 dv-neutron-801707-1-hyperv neutron-server[100288]: DEBUG neutron_lib.callbacks.manager [None req-14e14e8a-7cdf-48be-a7ca-06637caa749a tempest-RoutersAdminNegativeIpV6Test-525848032 tempest-RoutersAdminNegativeIpV6Test-525848032-project-admin] Notify callbacks ['neutron.services.l3_router.l3_router_plugin.L3_NAT_dbonly_mixin._precommit_delete_port_callback-287342'] for port, precommit_delete {{(pid=100288) _notify_loop /usr/local/lib/python3.8/dist-packages/neutron_lib/callbacks/manager.py:192}}
Jul 22 07:39:09.808945 dv-neutron-801707-1-hyperv neutron-server[100289]: INFO neutron.wsgi [None req-38fd8b85-1227-42c2-be95-d5de30d5c7cc tempest-ExtraDHCPOptionsTestJSON-1660726320 tempest-ExtraDHCPOptionsTestJSON-1660726320-project] 10.222.0.24 "POST /v2.0/networks HTTP/1.1" status: 201 len: 791 time: 3.2650635
Jul 22 07:39:09.859797 dv-neutron-801707-1-hyperv neutron-server[100288]: DEBUG neutron_lib.callbacks.manager [None req-f7db572b-d3f7-4e9f-a091-e54cea31546d admin admin] Notify callbacks ['neutron.plugins.ml2.ovo_rpc._ObjectChangeHandler.handle_event-576920'] for security_group, after_delete {{(pid=100288) _notify_loop /usr/local/lib/python3.8/dist-packages/neutron_lib/callbacks/manager.py:192}}
Jul 22 07:39:09.859797 dv-neutron-801707-1-hyperv neutron-server[100288]: DEBUG neutron_lib.callbacks.manager [None req-f7db572b-d3f7-4e9f-a091-e54cea31546d admin admin] Notify callbacks [] for security_group, before_response {{(pid=100288) _notify_loop /usr/local/lib/python3.8/dist-packages/neutron_lib/callbacks/manager.py:192}}
Jul 22 07:39:09.859797 dv-neutron-801707-1-hyperv neutron-server[100288]: INFO neutron.wsgi [None req-f7db572b-d3f7-4e9f-a091-e54cea31546d admin admin] 10.222.0.24 "DELETE /v2.0/security-groups/fd969c9b-97f9-416a-b2e4-c9f14c7e9759 HTTP/1.1" status: 204 len: 168 time: 0.6345463
Jul 22 07:39:09.859797 dv-neutron-801707-1-hyperv neutron-server[100288]: DEBUG neutron.wsgi [-] (100288) accepted ('10.222.0.24', 42038) {{(pid=100288) server /usr/local/lib/python3.8/dist-packages/eventlet/wsgi.py:982}}
Jul 22 07:39:09.862754 dv-neutron-801707-1-hyperv neutron-server[100289]: DEBUG neutron_lib.callbacks.manager [None req-7700e6f6-5d25-4616-9f0c-3369ee4646a9 admin admin] Notify callbacks [] for security_group, before_delete {{(pid=100289) _notify_loop /usr/local/lib/python3.8/dist-packages/neutron_lib/callbacks/manager.py:192}}
Jul 22 07:39:09.862754 dv-neutron-801707-1-hyperv neutron-server[100289]: DEBUG neutron.scheduler.base_scheduler [None req-ff838857-c256-4ce6-9261-989d73b4f6a2 admin admin] Resources bound (agent type, host, resource id): {{(pid=100289) schedule /opt/stack/neutron/neutron/scheduler/base_scheduler.py:57}}
Jul 22 07:39:09.862754 dv-neutron-801707-1-hyperv neutron-server[100289]: DEBUG neutron.scheduler.dhcp_agent_scheduler [None req-056259be-4d49-4202-a09e-48304f7c0264 tempest-ExternalNetworksTestJSON-1811210950 tempest-ExternalNetworksTestJSON-1811210950-project-admin] Network 765c6bcc-30db-4fcf-bc9a-feb4ee0b7570 is scheduled to be hosted by DHCP agent fc25ce93-8105-4372-b8bf-e932e0845ae1 with binding_index 1 {{(pid=100289) bind /opt/stack/neutron/neutron/scheduler/dhcp_agent_scheduler.py:227}}
Jul 22 07:39:09.873834 dv-neutron-801707-1-hyperv neutron-server[100290]: DEBUG neutron.api.rpc.handlers.resources_rpc [None req-ae387049-55da-4331-a20f-2624bfd4761c None None] Pushing event updated for resources: {'Port': ['ID=4bf84a33-f91f-493f-8a4d-1301aad68a07,revision_number=3']} {{(pid=100290) push /opt/stack/neutron/neutron/api/rpc/handlers/resources_rpc.py:237}}
Jul 22 07:39:09.912586 dv-neutron-801707-1-hyperv neutron-server[100288]: DEBUG neutron.api.v2.base [None req-dc05b752-8802-4cf2-a606-3fe95ba02dd3 tempest-ExtraDHCPOptionsTestJSON-1660726320 tempest-ExtraDHCPOptionsTestJSON-1660726320-project] Request body: {'subnet': {'network_id': '2fae4d3a-ff68-478b-a11b-377148b0292e', 'cidr': '172.20.0.0/28', 'ip_version': 4, 'gateway_ip': '172.20.0.1'}} {{(pid=100288) prepare_request_body /opt/stack/neutron/neutron/api/v2/base.py:729}}
Jul 22 07:39:09.921188 dv-neutron-801707-1-hyperv neutron-server[100289]: DEBUG neutron.scheduler.base_scheduler [None req-056259be-4d49-4202-a09e-48304f7c0264 tempest-ExternalNetworksTestJSON-1811210950 tempest-ExternalNetworksTestJSON-1811210950-project-admin] Resources bound (agent type, host, resource id): (DHCP agent, dv-neutron-801707-1-hyperv, 765c6bcc-30db-4fcf-bc9a-feb4ee0b7570) {{(pid=100289) schedule /opt/stack/neutron/neutron/scheduler/base_scheduler.py:57}}
Jul 22 07:39:09.933153 dv-neutron-801707-1-hyperv neutron-server[100290]: DEBUG neutron.api.rpc.handlers.dhcp_rpc [None req-732a76d0-b0bc-418d-a611-98a6bc68206e None None] Network 765c6bcc-30db-4fcf-bc9a-feb4ee0b7570 requested from dv-neutron-801707-1-hyperv {{(pid=100290) get_network_info /opt/stack/neutron/neutron/api/rpc/handlers/dhcp_rpc.py:218}}
Jul 22 07:39:09.972839 dv-neutron-801707-1-hyperv neutron-server[100289]: DEBUG neutron.pecan_wsgi.hooks.policy_enforcement [None req-056259be-4d49-4202-a09e-48304f7c0264 tempest-ExternalNetworksTestJSON-1811210950 tempest-ExternalNetworksTestJSON-1811210950-project-admin] Attributes excluded by policy engine: ['standard_attr_id', 'shared', 'network'] {{(pid=100289) _exclude_attributes_by_policy /opt/stack/neutron/neutron/pecan_wsgi/hooks/policy_enforcement.py:255}}
Jul 22 07:39:09.974866 dv-neutron-801707-1-hyperv neutron-server[100289]: DEBUG neutron_lib.callbacks.manager [None req-056259be-4d49-4202-a09e-48304f7c0264 tempest-ExternalNetworksTestJSON-1811210950 tempest-ExternalNetworksTestJSON-1811210950-project-admin] Notify callbacks ['neutron.api.rpc.agentnotifiers.dhcp_rpc_agent_api.DhcpAgentNotifyAPI._send_dhcp_notification-535263'] for subnet, before_response {{(pid=100289) _notify_loop /usr/local/lib/python3.8/dist-packages/neutron_lib/callbacks/manager.py:192}}
Jul 22 07:39:10.083048 dv-neutron-801707-1-hyperv neutron-server[100288]: DEBUG neutron.plugins.ml2.plugin [None req-14e14e8a-7cdf-48be-a7ca-06637caa749a tempest-RoutersAdminNegativeIpV6Test-525848032 tempest-RoutersAdminNegativeIpV6Test-525848032-project-admin] Calling delete_port for eca202ed-8335-49bc-a2b2-8f2bfa5c39ea owned by {{(pid=100288) delete_port /opt/stack/neutron/neutron/plugins/ml2/plugin.py:1992}}
Jul 22 07:39:10.088599 dv-neutron-801707-1-hyperv neutron-server[100288]: DEBUG neutron.api.rpc.handlers.resources_rpc [None req-f7db572b-d3f7-4e9f-a091-e54cea31546d admin admin] Pushing event deleted for resources: {'SecurityGroup': ['ID=fd969c9b-97f9-416a-b2e4-c9f14c7e9759,revision_number=None']} {{(pid=100288) push /opt/stack/neutron/neutron/api/rpc/handlers/resources_rpc.py:237}}
Jul 22 07:39:10.139902 dv-neutron-801707-1-hyperv neutron-server[100288]: DEBUG neutron.pecan_wsgi.hooks.quota_enforcement [None req-dc05b752-8802-4cf2-a606-3fe95ba02dd3 tempest-ExtraDHCPOptionsTestJSON-1660726320 tempest-ExtraDHCPOptionsTestJSON-1660726320-project] Made reservation on behalf of dec9cfc552f94cf8a0b2d91994bb7d0a for: {'subnet': 1} {{(pid=100288) before /opt/stack/neutron/neutron/pecan_wsgi/hooks/quota_enforcement.py:53}}
Jul 22 07:39:10.145359 dv-neutron-801707-1-hyperv neutron-server[100288]: DEBUG neutron_lib.callbacks.manager [None req-dc05b752-8802-4cf2-a606-3fe95ba02dd3 tempest-ExtraDHCPOptionsTestJSON-1660726320 tempest-ExtraDHCPOptionsTestJSON-1660726320-project] Notify callbacks ['neutron.services.segments.plugin.SegmentHostRoutes.host_routes_before_create-66372031'] for subnet, before_create {{(pid=100288) _notify_loop /usr/local/lib/python3.8/dist-packages/neutron_lib/callbacks/manager.py:192}}
Jul 22 07:39:10.162487 dv-neutron-801707-1-hyperv neutron-server[100289]: DEBUG neutron.scheduler.dhcp_agent_scheduler [None req-b70baaea-eb45-463b-9b82-5561f2c89c80 tempest-DHCPAgentSchedulersTestJSON-789081554 tempest-DHCPAgentSchedulersTestJSON-789081554-project] Network 422200be-a3aa-441e-98cb-de6c24dca33b is already hosted by enough agents. {{(pid=100289) _get_dhcp_agents_hosting_network /opt/stack/neutron/neutron/scheduler/dhcp_agent_scheduler.py:275}}
Jul 22 07:39:10.197410 dv-neutron-801707-1-hyperv neutron-server[100290]: DEBUG neutron.api.rpc.handlers.dhcp_rpc [None req-081b7485-f188-4623-89d7-9daa3c1c6ffb None None] Network 765c6bcc-30db-4fcf-bc9a-feb4ee0b7570 requested from dv-neutron-801707-1-hyperv {{(pid=100290) get_network_info /opt/stack/neutron/neutron/api/rpc/handlers/dhcp_rpc.py:218}}
Jul 22 07:39:10.231044 dv-neutron-801707-1-hyperv neutron-server[100289]: DEBUG neutron.scheduler.base_scheduler [None req-b70baaea-eb45-463b-9b82-5561f2c89c80 tempest-DHCPAgentSchedulersTestJSON-789081554 tempest-DHCPAgentSchedulersTestJSON-789081554-project] Resources bound (agent type, host, resource id): {{(pid=100289) schedule /opt/stack/neutron/neutron/scheduler/base_scheduler.py:57}}
Jul 22 07:39:10.247443 dv-neutron-801707-1-hyperv neutron-server[100289]: DEBUG neutron.db.l3_dvrscheduler_db [None req-b70baaea-eb45-463b-9b82-5561f2c89c80 tempest-DHCPAgentSchedulersTestJSON-789081554 tempest-DHCPAgentSchedulersTestJSON-789081554-project] Received port after_create {{(pid=100289) _notify_l3_agent_new_port /opt/stack/neutron/neutron/db/l3_dvrscheduler_db.py:535}}
Jul 22 07:39:10.253746 dv-neutron-801707-1-hyperv neutron-server[100289]: DEBUG neutron.pecan_wsgi.hooks.policy_enforcement [None req-b70baaea-eb45-463b-9b82-5561f2c89c80 tempest-DHCPAgentSchedulersTestJSON-789081554 tempest-DHCPAgentSchedulersTestJSON-789081554-project] Attributes excluded by policy engine: ['standard_attr_id', 'binding:profile', 'binding:host_id', 'binding:vif_type', 'binding:vif_details', 'network'] {{(pid=100289) _exclude_attributes_by_policy /opt/stack/neutron/neutron/pecan_wsgi/hooks/policy_enforcement.py:255}}
Jul 22 07:39:10.256641 dv-neutron-801707-1-hyperv neutron-server[100289]: DEBUG neutron_lib.callbacks.manager [None req-b70baaea-eb45-463b-9b82-5561f2c89c80 tempest-DHCPAgentSchedulersTestJSON-789081554 tempest-DHCPAgentSchedulersTestJSON-789081554-project] Notify callbacks ['neutron.notifiers.nova.Notifier._send_nova_notification-174234', 'neutron.api.rpc.agentnotifiers.dhcp_rpc_agent_api.DhcpAgentNotifyAPI._send_dhcp_notification-535263'] for port, before_response {{(pid=100289) _notify_loop /usr/local/lib/python3.8/dist-packages/neutron_lib/callbacks/manager.py:192}}
Jul 22 07:39:10.261556 dv-neutron-801707-1-hyperv neutron-server[100289]: DEBUG neutron_lib.callbacks.manager [None req-7700e6f6-5d25-4616-9f0c-3369ee4646a9 admin admin] Notify callbacks [] for security_group, precommit_delete {{(pid=100289) _notify_loop /usr/local/lib/python3.8/dist-packages/neutron_lib/callbacks/manager.py:192}}
Jul 22 07:39:10.283892 dv-neutron-801707-1-hyperv neutron-server[100289]: INFO neutron.wsgi [None req-056259be-4d49-4202-a09e-48304f7c0264 tempest-ExternalNetworksTestJSON-1811210950 tempest-ExternalNetworksTestJSON-1811210950-project-admin] 10.222.0.24 "POST /v2.0/subnets HTTP/1.1" status: 201 len: 802 time: 4.1906242
Jul 22 07:39:10.305924 dv-neutron-801707-1-hyperv neutron-server[100289]: DEBUG neutron.wsgi [-] (100289) accepted ('10.222.0.24', 42050) {{(pid=100289) server /usr/local/lib/python3.8/dist-packages/eventlet/wsgi.py:982}}
Jul 22 07:39:10.344583 dv-neutron-801707-1-hyperv neutron-server[100289]: DEBUG neutron.api.v2.base [None req-cc9e0573-f299-4e91-aeba-c7f4cc138fcd tempest-ExternalNetworksTestJSON-1811210950 tempest-ExternalNetworksTestJSON-1811210950-project-admin] Request body: {'floatingip': {'floating_network_id': '765c6bcc-30db-4fcf-bc9a-feb4ee0b7570'}} {{(pid=100289) prepare_request_body /opt/stack/neutron/neutron/api/v2/base.py:729}}
Jul 22 07:39:10.353778 dv-neutron-801707-1-hyperv neutron-server[100289]: DEBUG neutron.api.rpc.handlers.resources_rpc [None req-b70baaea-eb45-463b-9b82-5561f2c89c80 tempest-DHCPAgentSchedulersTestJSON-789081554 tempest-DHCPAgentSchedulersTestJSON-789081554-project] Pushing event updated for resources: {'Port': ['ID=29ded0ae-1f43-4733-bfcc-2e8951a88f6f,revision_number=1']} {{(pid=100289) push /opt/stack/neutron/neutron/api/rpc/handlers/resources_rpc.py:237}}
Jul 22 07:39:10.405274 dv-neutron-801707-1-hyperv neutron-server[100290]: DEBUG neutron.db.provisioning_blocks [None req-fb1c8305-f69c-4545-9fa0-196b3b29ba9c None None] Provisioning complete for port 54e4411a-1c37-421d-9b3f-9385f066a31f triggered by entity DHCP. {{(pid=100290) provisioning_complete /opt/stack/neutron/neutron/db/provisioning_blocks.py:139}}
Jul 22 07:39:10.405687 dv-neutron-801707-1-hyperv neutron-server[100290]: DEBUG neutron_lib.callbacks.manager [None req-fb1c8305-f69c-4545-9fa0-196b3b29ba9c None None] Notify callbacks ['neutron.plugins.ml2.plugin.Ml2Plugin._port_provisioned-3920443'] for port, provisioning_complete {{(pid=100290) _notify_loop /usr/local/lib/python3.8/dist-packages/neutron_lib/callbacks/manager.py:192}}
Jul 22 07:39:10.470402 dv-neutron-801707-1-hyperv neutron-server[100289]: DEBUG neutron_lib.callbacks.manager [None req-7700e6f6-5d25-4616-9f0c-3369ee4646a9 admin admin] Notify callbacks ['neutron.plugins.ml2.ovo_rpc._ObjectChangeHandler.handle_event-576920'] for security_group, after_delete {{(pid=100289) _notify_loop /usr/local/lib/python3.8/dist-packages/neutron_lib/callbacks/manager.py:192}}
Jul 22 07:39:10.480771 dv-neutron-801707-1-hyperv neutron-server[100289]: DEBUG neutron_lib.callbacks.manager [None req-7700e6f6-5d25-4616-9f0c-3369ee4646a9 admin admin] Notify callbacks [] for security_group, before_response {{(pid=100289) _notify_loop /usr/local/lib/python3.8/dist-packages/neutron_lib/callbacks/manager.py:192}}
Jul 22 07:39:10.482701 dv-neutron-801707-1-hyperv neutron-server[100289]: INFO neutron.wsgi [None req-7700e6f6-5d25-4616-9f0c-3369ee4646a9 admin admin] 10.222.0.24 "DELETE /v2.0/security-groups/7bd463e5-52ea-4dbe-8d19-77cbe516d65a HTTP/1.1" status: 204 len: 168 time: 0.7698846
Jul 22 07:39:10.487039 dv-neutron-801707-1-hyperv neutron-server[100289]: INFO neutron.wsgi [None req-b70baaea-eb45-463b-9b82-5561f2c89c80 tempest-DHCPAgentSchedulersTestJSON-789081554 tempest-DHCPAgentSchedulersTestJSON-789081554-project] 10.222.0.24 "POST /v2.0/ports HTTP/1.1" status: 201 len: 937 time: 5.0526440
Jul 22 07:39:10.489323 dv-neutron-801707-1-hyperv neutron-server[100288]: DEBUG neutron.wsgi [-] (100288) accepted ('10.222.0.24', 42058) {{(pid=100288) server /usr/local/lib/python3.8/dist-packages/eventlet/wsgi.py:982}}
Jul 22 07:39:10.506536 dv-neutron-801707-1-hyperv neutron-server[100289]: DEBUG neutron.api.rpc.handlers.resources_rpc [None req-7700e6f6-5d25-4616-9f0c-3369ee4646a9 admin admin] Pushing event deleted for resources: {'SecurityGroup': ['ID=7bd463e5-52ea-4dbe-8d19-77cbe516d65a,revision_number=None']} {{(pid=100289) push /opt/stack/neutron/neutron/api/rpc/handlers/resources_rpc.py:237}}
Jul 22 07:39:10.520004 dv-neutron-801707-1-hyperv neutron-server[100289]: DEBUG neutron.scheduler.l3_agent_scheduler [None req-ff838857-c256-4ce6-9261-989d73b4f6a2 admin admin] Router 38fd84d8-7316-4646-984d-9af57da2853d has already been hosted by L3 agent 32e37f65-17d2-4420-ba3f-ad5e619f1d02 {{(pid=100289) _get_candidates /opt/stack/neutron/neutron/scheduler/l3_agent_scheduler.py:127}}
Jul 22 07:39:10.578992 dv-neutron-801707-1-hyperv neutron-server[100290]: DEBUG neutron.plugins.ml2.plugin [None req-fb1c8305-f69c-4545-9fa0-196b3b29ba9c None None] Port 54e4411a-1c37-421d-9b3f-9385f066a31f cannot update to ACTIVE because it is not bound. {{(pid=100290) _port_provisioned /opt/stack/neutron/neutron/plugins/ml2/plugin.py:337}}
Jul 22 07:39:10.627728 dv-neutron-801707-1-hyperv neutron-server[100288]: DEBUG neutron_lib.callbacks.manager [None req-dc05b752-8802-4cf2-a606-3fe95ba02dd3 tempest-ExtraDHCPOptionsTestJSON-1660726320 tempest-ExtraDHCPOptionsTestJSON-1660726320-project] Notify callbacks ['neutron.plugins.ml2.ovo_rpc._ObjectChangeHandler.handle_event-538620', 'neutron.api.rpc.agentnotifiers.dhcp_rpc_agent_api.DhcpAgentNotifyAPI._native_event_send_dhcp_notification-535245', 'neutron.services.segments.plugin.NovaSegmentNotifier._notify_subnet_created-65820382', 'neutron.services.segments.plugin.SegmentHostRoutes.host_routes_after_create-66372045'] for subnet, after_create {{(pid=100288) _notify_loop /usr/local/lib/python3.8/dist-packages/neutron_lib/callbacks/manager.py:192}}
Jul 22 07:39:10.709880 dv-neutron-801707-1-hyperv neutron-server[100288]: DEBUG neutron.api.rpc.handlers.resources_rpc [None req-dc05b752-8802-4cf2-a606-3fe95ba02dd3 tempest-ExtraDHCPOptionsTestJSON-1660726320 tempest-ExtraDHCPOptionsTestJSON-1660726320-project] Pushing event updated for resources: {'Subnet': ['ID=18d95c0d-bfd3-49b6-ada0-852132e5ebc5,revision_number=0']} {{(pid=100288) push /opt/stack/neutron/neutron/api/rpc/handlers/resources_rpc.py:237}}
Jul 22 07:39:10.849064 dv-neutron-801707-1-hyperv neutron-server[100290]: DEBUG neutron.db.provisioning_blocks [None req-f5e9b248-c545-4c37-94ac-3b3d36817db9 None None] Provisioning for port 29ded0ae-1f43-4733-bfcc-2e8951a88f6f completed by entity DHCP. {{(pid=100290) provisioning_complete /opt/stack/neutron/neutron/db/provisioning_blocks.py:133}}
Jul 22 07:39:10.859443 dv-neutron-801707-1-hyperv neutron-server[100289]: DEBUG neutron.api.rpc.agentnotifiers.l3_rpc_agent_api [None req-ff838857-c256-4ce6-9261-989d73b4f6a2 admin admin] Notify agent at l3_agent.dv-neutron-801707-1-hyperv the message routers_updated {{(pid=100289) _agent_notification /opt/stack/neutron/neutron/api/rpc/agentnotifiers/l3_rpc_agent_api.py:65}}
Jul 22 07:39:10.870437 dv-neutron-801707-1-hyperv neutron-server[100290]: DEBUG neutron.db.provisioning_blocks [None req-f5e9b248-c545-4c37-94ac-3b3d36817db9 None None] Provisioning complete for port 29ded0ae-1f43-4733-bfcc-2e8951a88f6f triggered by entity DHCP. {{(pid=100290) provisioning_complete /opt/stack/neutron/neutron/db/provisioning_blocks.py:139}}
Jul 22 07:39:10.871241 dv-neutron-801707-1-hyperv neutron-server[100289]: INFO neutron.wsgi [None req-ff838857-c256-4ce6-9261-989d73b4f6a2 admin admin] 10.222.0.24 "PUT /v2.0/routers/38fd84d8-7316-4646-984d-9af57da2853d/add_router_interface HTTP/1.1" status: 200 len: 503 time: 7.3531199
Jul 22 07:39:10.871360 dv-neutron-801707-1-hyperv neutron-server[100290]: DEBUG neutron_lib.callbacks.manager [None req-f5e9b248-c545-4c37-94ac-3b3d36817db9 None None] Notify callbacks ['neutron.plugins.ml2.plugin.Ml2Plugin._port_provisioned-3920443'] for port, provisioning_complete {{(pid=100290) _notify_loop /usr/local/lib/python3.8/dist-packages/neutron_lib/callbacks/manager.py:192}}
Jul 22 07:39:10.872769 dv-neutron-801707-1-hyperv neutron-server[100289]: DEBUG neutron_lib.callbacks.manager [None req-cc9e0573-f299-4e91-aeba-c7f4cc138fcd tempest-ExternalNetworksTestJSON-1811210950 tempest-ExternalNetworksTestJSON-1811210950-project-admin] Notify callbacks [] for floatingip, before_create {{(pid=100289) _notify_loop /usr/local/lib/python3.8/dist-packages/neutron_lib/callbacks/manager.py:192}}
Jul 22 07:39:10.873809 dv-neutron-801707-1-hyperv neutron-server[100291]: DEBUG neutron.api.rpc.handlers.l3_rpc [None req-aa910b42-7e47-43ec-a5ef-948c8bee9fa9 None None] Sync routers for ids ['38fd84d8-7316-4646-984d-9af57da2853d'] in dv-neutron-801707-1-hyperv {{(pid=100291) sync_routers /opt/stack/neutron/neutron/api/rpc/handlers/l3_rpc.py:125}}
Jul 22 07:39:10.892548 dv-neutron-801707-1-hyperv neutron-server[100291]: DEBUG neutron.db.l3_dvrscheduler_db [None req-aa910b42-7e47-43ec-a5ef-948c8bee9fa9 None None] Routers {'38fd84d8-7316-4646-984d-9af57da2853d'} bound to L3 agent in host dv-neutron-801707-1-hyperv {{(pid=100291) _get_router_ids_for_agent /opt/stack/neutron/neutron/db/l3_dvrscheduler_db.py:420}}
