Jul 22 07:39:25.747112 dv-neutron-801707-1-hyperv neutron-server[100288]: INFO neutron.plugins.ml2.plugin [None req-d1d3a37c-1629-46ca-8818-b831f46fb97c tempest-PortsAdminExtendedAttrsTestJSON-855112503 tempest-PortsAdminExtendedAttrsTestJSON-855112503-project-admin] Attempt 5 to bind port d31f6ff3-9b13-403e-b96f-545575e0ac41
Jul 22 07:39:25.749615 dv-neutron-801707-1-hyperv neutron-server[100289]: DEBUG neutron_lib.callbacks.manager [None req-665b095c-1b5c-4f3d-818e-b8ff96bb9ac4 admin admin] Notify callbacks ['neutron.plugins.ml2.ovo_rpc._ObjectChangeHandler.handle_event-576920'] for security_group, after_delete {{(pid=100289) _notify_loop /usr/local/lib/python3.8/dist-packages/neutron_lib/callbacks/manager.py:192}}
Jul 22 07:39:25.750140 dv-neutron-801707-1-hyperv neutron-server[100290]: DEBUG neutron.db.provisioning_blocks [None req-cca63a95-806b-4f0a-b01c-b4b2418296d5 None None] Transition to ACTIVE for port object 5e149cc9-cda3-46f7-ac98-19eed5750bf5 will not be triggered until provisioned by entity DHCP. {{(pid=100290) add_provisioning_component /opt/stack/neutron/neutron/db/provisioning_blocks.py:73}}
Jul 22 07:39:25.753117 dv-neutron-801707-1-hyperv neutron-server[100289]: DEBUG neutron_lib.callbacks.manager [None req-665b095c-1b5c-4f3d-818e-b8ff96bb9ac4 admin admin] Notify callbacks [] for security_group, before_response {{(pid=100289) _notify_loop /usr/local/lib/python3.8/dist-packages/neutron_lib/callbacks/manager.py:192}}
Jul 22 07:39:25.758319 dv-neutron-801707-1-hyperv neutron-server[100289]: INFO neutron.wsgi [None req-665b095c-1b5c-4f3d-818e-b8ff96bb9ac4 admin admin] 10.222.0.24 "DELETE /v2.0/security-groups/8c40ca90-9651-447f-a883-32c25d53e2b0 HTTP/1.1" status: 204 len: 168 time: 0.2280755
Jul 22 07:39:25.762609 dv-neutron-801707-1-hyperv neutron-server[100290]: DEBUG neutron_lib.callbacks.manager [None req-cca63a95-806b-4f0a-b01c-b4b2418296d5 None None] Notify callbacks ['neutron.plugins.ml2.plugin.SecurityGroupServerNotifierRpcMixin._notify_sg_on_port_change-3699749', 'neutron.plugins.ml2.ovo_rpc._ObjectChangeHandler.handle_event-212305', 'neutron.api.rpc.agentnotifiers.dhcp_rpc_agent_api.DhcpAgentNotifyAPI._native_event_send_dhcp_notification-535245', 'neutron.db.l3_dvrscheduler_db._notify_l3_agent_new_port-8729555831161'] for port, after_create {{(pid=100290) _notify_loop /usr/local/lib/python3.8/dist-packages/neutron_lib/callbacks/manager.py:192}}
Jul 22 07:39:25.774747 dv-neutron-801707-1-hyperv neutron-server[100289]: DEBUG neutron.api.rpc.handlers.resources_rpc [None req-665b095c-1b5c-4f3d-818e-b8ff96bb9ac4 admin admin] Pushing event deleted for resources: {'SecurityGroup': ['ID=8c40ca90-9651-447f-a883-32c25d53e2b0,revision_number=None']} {{(pid=100289) push /opt/stack/neutron/neutron/api/rpc/handlers/resources_rpc.py:237}}
Jul 22 07:39:25.793977 dv-neutron-801707-1-hyperv neutron-server[100288]: DEBUG neutron.plugins.ml2.managers [None req-d1d3a37c-1629-46ca-8818-b831f46fb97c tempest-PortsAdminExtendedAttrsTestJSON-855112503 tempest-PortsAdminExtendedAttrsTestJSON-855112503-project-admin] Attempting to bind port d31f6ff3-9b13-403e-b96f-545575e0ac41 on host hv-neutron-8017 for vnic_type normal with profile {{(pid=100288) bind_port /opt/stack/neutron/neutron/plugins/ml2/managers.py:790}}
Jul 22 07:39:25.794593 dv-neutron-801707-1-hyperv neutron-server[100288]: DEBUG neutron.plugins.ml2.managers [None req-d1d3a37c-1629-46ca-8818-b831f46fb97c tempest-PortsAdminExtendedAttrsTestJSON-855112503 tempest-PortsAdminExtendedAttrsTestJSON-855112503-project-admin] Attempting to bind port d31f6ff3-9b13-403e-b96f-545575e0ac41 by drivers openvswitch,hyperv on host hv-neutron-8017 at level 0 using segments [{'id': 'f712a70c-2d50-437c-ab37-070451dae3a6', 'network_type': 'vlan', 'physical_network': 'physnet1', 'segmentation_id': 59, 'network_id': '75b04ca3-b4a4-4518-b25c-75a8b5cbffc9'}] {{(pid=100288) _bind_port_level /opt/stack/neutron/neutron/plugins/ml2/managers.py:815}}
Jul 22 07:39:25.795100 dv-neutron-801707-1-hyperv neutron-server[100288]: DEBUG neutron.plugins.ml2.drivers.mech_agent [None req-d1d3a37c-1629-46ca-8818-b831f46fb97c tempest-PortsAdminExtendedAttrsTestJSON-855112503 tempest-PortsAdminExtendedAttrsTestJSON-855112503-project-admin] Attempting to bind port d31f6ff3-9b13-403e-b96f-545575e0ac41 on network 75b04ca3-b4a4-4518-b25c-75a8b5cbffc9 {{(pid=100288) bind_port /opt/stack/neutron/neutron/plugins/ml2/drivers/mech_agent.py:85}}
Jul 22 07:39:25.863739 dv-neutron-801707-1-hyperv neutron-server[100288]: DEBUG neutron.plugins.ml2.drivers.mech_agent [None req-d1d3a37c-1629-46ca-8818-b831f46fb97c tempest-PortsAdminExtendedAttrsTestJSON-855112503 tempest-PortsAdminExtendedAttrsTestJSON-855112503-project-admin] Port d31f6ff3-9b13-403e-b96f-545575e0ac41 on network 75b04ca3-b4a4-4518-b25c-75a8b5cbffc9 not bound, no agent of type Open vSwitch agent registered on host hv-neutron-8017 {{(pid=100288) bind_port /opt/stack/neutron/neutron/plugins/ml2/drivers/mech_agent.py:97}}
Jul 22 07:39:25.869063 dv-neutron-801707-1-hyperv neutron-server[100288]: ERROR neutron.plugins.ml2.managers [None req-d1d3a37c-1629-46ca-8818-b831f46fb97c tempest-PortsAdminExtendedAttrsTestJSON-855112503 tempest-PortsAdminExtendedAttrsTestJSON-855112503-project-admin] Failed to bind port d31f6ff3-9b13-403e-b96f-545575e0ac41 on host hv-neutron-8017 for vnic_type normal using segments [{'id': 'f712a70c-2d50-437c-ab37-070451dae3a6', 'network_type': 'vlan', 'physical_network': 'physnet1', 'segmentation_id': 59, 'network_id': '75b04ca3-b4a4-4518-b25c-75a8b5cbffc9'}]
Jul 22 07:39:25.879658 dv-neutron-801707-1-hyperv neutron-server[100288]: INFO neutron.plugins.ml2.plugin [None req-d1d3a37c-1629-46ca-8818-b831f46fb97c tempest-PortsAdminExtendedAttrsTestJSON-855112503 tempest-PortsAdminExtendedAttrsTestJSON-855112503-project-admin] Attempt 6 to bind port d31f6ff3-9b13-403e-b96f-545575e0ac41
Jul 22 07:39:25.926372 dv-neutron-801707-1-hyperv neutron-server[100290]: DEBUG neutron.scheduler.dhcp_agent_scheduler [None req-cca63a95-806b-4f0a-b01c-b4b2418296d5 None None] Network b530807f-7a52-485f-9075-564dc175cb3d is already hosted by enough agents. {{(pid=100290) _get_dhcp_agents_hosting_network /opt/stack/neutron/neutron/scheduler/dhcp_agent_scheduler.py:275}}
Jul 22 07:39:25.929982 dv-neutron-801707-1-hyperv neutron-server[100290]: DEBUG neutron.scheduler.base_scheduler [None req-cca63a95-806b-4f0a-b01c-b4b2418296d5 None None] Resources bound (agent type, host, resource id): {{(pid=100290) schedule /opt/stack/neutron/neutron/scheduler/base_scheduler.py:57}}
Jul 22 07:39:25.938931 dv-neutron-801707-1-hyperv neutron-server[100291]: DEBUG neutron.db.agents_db [None req-f5337608-540d-4b0b-abb6-073c1632114e None None] Agent healthcheck: found 6 active agents {{(pid=100291) agent_health_check /opt/stack/neutron/neutron/db/agents_db.py:317}}
Jul 22 07:39:25.939951 dv-neutron-801707-1-hyperv neutron-server[100290]: DEBUG neutron.db.l3_dvrscheduler_db [None req-cca63a95-806b-4f0a-b01c-b4b2418296d5 None None] Received port after_create {{(pid=100290) _notify_l3_agent_new_port /opt/stack/neutron/neutron/db/l3_dvrscheduler_db.py:535}}
Jul 22 07:39:25.951915 dv-neutron-801707-1-hyperv neutron-server[100290]: DEBUG neutron.api.rpc.handlers.resources_rpc [None req-cca63a95-806b-4f0a-b01c-b4b2418296d5 None None] Pushing event updated for resources: {'Port': ['ID=5e149cc9-cda3-46f7-ac98-19eed5750bf5,revision_number=1']} {{(pid=100290) push /opt/stack/neutron/neutron/api/rpc/handlers/resources_rpc.py:237}}
Jul 22 07:39:25.973291 dv-neutron-801707-1-hyperv neutron-server[100288]: DEBUG neutron.plugins.ml2.managers [None req-d1d3a37c-1629-46ca-8818-b831f46fb97c tempest-PortsAdminExtendedAttrsTestJSON-855112503 tempest-PortsAdminExtendedAttrsTestJSON-855112503-project-admin] Attempting to bind port d31f6ff3-9b13-403e-b96f-545575e0ac41 on host hv-neutron-8017 for vnic_type normal with profile {{(pid=100288) bind_port /opt/stack/neutron/neutron/plugins/ml2/managers.py:790}}
Jul 22 07:39:25.973636 dv-neutron-801707-1-hyperv neutron-server[100288]: DEBUG neutron.plugins.ml2.managers [None req-d1d3a37c-1629-46ca-8818-b831f46fb97c tempest-PortsAdminExtendedAttrsTestJSON-855112503 tempest-PortsAdminExtendedAttrsTestJSON-855112503-project-admin] Attempting to bind port d31f6ff3-9b13-403e-b96f-545575e0ac41 by drivers openvswitch,hyperv on host hv-neutron-8017 at level 0 using segments [{'id': 'f712a70c-2d50-437c-ab37-070451dae3a6', 'network_type': 'vlan', 'physical_network': 'physnet1', 'segmentation_id': 59, 'network_id': '75b04ca3-b4a4-4518-b25c-75a8b5cbffc9'}] {{(pid=100288) _bind_port_level /opt/stack/neutron/neutron/plugins/ml2/managers.py:815}}
Jul 22 07:39:25.980612 dv-neutron-801707-1-hyperv neutron-server[100288]: DEBUG neutron.plugins.ml2.drivers.mech_agent [None req-d1d3a37c-1629-46ca-8818-b831f46fb97c tempest-PortsAdminExtendedAttrsTestJSON-855112503 tempest-PortsAdminExtendedAttrsTestJSON-855112503-project-admin] Attempting to bind port d31f6ff3-9b13-403e-b96f-545575e0ac41 on network 75b04ca3-b4a4-4518-b25c-75a8b5cbffc9 {{(pid=100288) bind_port /opt/stack/neutron/neutron/plugins/ml2/drivers/mech_agent.py:85}}
Jul 22 07:39:26.005188 dv-neutron-801707-1-hyperv neutron-server[100288]: DEBUG neutron.plugins.ml2.drivers.mech_agent [None req-d1d3a37c-1629-46ca-8818-b831f46fb97c tempest-PortsAdminExtendedAttrsTestJSON-855112503 tempest-PortsAdminExtendedAttrsTestJSON-855112503-project-admin] Port d31f6ff3-9b13-403e-b96f-545575e0ac41 on network 75b04ca3-b4a4-4518-b25c-75a8b5cbffc9 not bound, no agent of type Open vSwitch agent registered on host hv-neutron-8017 {{(pid=100288) bind_port /opt/stack/neutron/neutron/plugins/ml2/drivers/mech_agent.py:97}}
Jul 22 07:39:26.005530 dv-neutron-801707-1-hyperv neutron-server[100288]: ERROR neutron.plugins.ml2.managers [None req-d1d3a37c-1629-46ca-8818-b831f46fb97c tempest-PortsAdminExtendedAttrsTestJSON-855112503 tempest-PortsAdminExtendedAttrsTestJSON-855112503-project-admin] Failed to bind port d31f6ff3-9b13-403e-b96f-545575e0ac41 on host hv-neutron-8017 for vnic_type normal using segments [{'id': 'f712a70c-2d50-437c-ab37-070451dae3a6', 'network_type': 'vlan', 'physical_network': 'physnet1', 'segmentation_id': 59, 'network_id': '75b04ca3-b4a4-4518-b25c-75a8b5cbffc9'}]
Jul 22 07:39:26.020181 dv-neutron-801707-1-hyperv neutron-server[100288]: INFO neutron.plugins.ml2.plugin [None req-d1d3a37c-1629-46ca-8818-b831f46fb97c tempest-PortsAdminExtendedAttrsTestJSON-855112503 tempest-PortsAdminExtendedAttrsTestJSON-855112503-project-admin] Attempt 7 to bind port d31f6ff3-9b13-403e-b96f-545575e0ac41
Jul 22 07:39:26.102152 dv-neutron-801707-1-hyperv neutron-server[100289]: DEBUG neutron.wsgi [-] (100289) accepted ('10.222.0.24', 42552) {{(pid=100289) server /usr/local/lib/python3.8/dist-packages/eventlet/wsgi.py:982}}
Jul 22 07:39:26.115118 dv-neutron-801707-1-hyperv neutron-server[100288]: DEBUG neutron.plugins.ml2.managers [None req-d1d3a37c-1629-46ca-8818-b831f46fb97c tempest-PortsAdminExtendedAttrsTestJSON-855112503 tempest-PortsAdminExtendedAttrsTestJSON-855112503-project-admin] Attempting to bind port d31f6ff3-9b13-403e-b96f-545575e0ac41 on host hv-neutron-8017 for vnic_type normal with profile {{(pid=100288) bind_port /opt/stack/neutron/neutron/plugins/ml2/managers.py:790}}
Jul 22 07:39:26.115118 dv-neutron-801707-1-hyperv neutron-server[100288]: DEBUG neutron.plugins.ml2.managers [None req-d1d3a37c-1629-46ca-8818-b831f46fb97c tempest-PortsAdminExtendedAttrsTestJSON-855112503 tempest-PortsAdminExtendedAttrsTestJSON-855112503-project-admin] Attempting to bind port d31f6ff3-9b13-403e-b96f-545575e0ac41 by drivers openvswitch,hyperv on host hv-neutron-8017 at level 0 using segments [{'id': 'f712a70c-2d50-437c-ab37-070451dae3a6', 'network_type': 'vlan', 'physical_network': 'physnet1', 'segmentation_id': 59, 'network_id': '75b04ca3-b4a4-4518-b25c-75a8b5cbffc9'}] {{(pid=100288) _bind_port_level /opt/stack/neutron/neutron/plugins/ml2/managers.py:815}}
Jul 22 07:39:26.115118 dv-neutron-801707-1-hyperv neutron-server[100288]: DEBUG neutron.plugins.ml2.drivers.mech_agent [None req-d1d3a37c-1629-46ca-8818-b831f46fb97c tempest-PortsAdminExtendedAttrsTestJSON-855112503 tempest-PortsAdminExtendedAttrsTestJSON-855112503-project-admin] Attempting to bind port d31f6ff3-9b13-403e-b96f-545575e0ac41 on network 75b04ca3-b4a4-4518-b25c-75a8b5cbffc9 {{(pid=100288) bind_port /opt/stack/neutron/neutron/plugins/ml2/drivers/mech_agent.py:85}}
Jul 22 07:39:26.132900 dv-neutron-801707-1-hyperv neutron-server[100288]: DEBUG neutron.plugins.ml2.drivers.mech_agent [None req-d1d3a37c-1629-46ca-8818-b831f46fb97c tempest-PortsAdminExtendedAttrsTestJSON-855112503 tempest-PortsAdminExtendedAttrsTestJSON-855112503-project-admin] Port d31f6ff3-9b13-403e-b96f-545575e0ac41 on network 75b04ca3-b4a4-4518-b25c-75a8b5cbffc9 not bound, no agent of type Open vSwitch agent registered on host hv-neutron-8017 {{(pid=100288) bind_port /opt/stack/neutron/neutron/plugins/ml2/drivers/mech_agent.py:97}}
Jul 22 07:39:26.133236 dv-neutron-801707-1-hyperv neutron-server[100288]: ERROR neutron.plugins.ml2.managers [None req-d1d3a37c-1629-46ca-8818-b831f46fb97c tempest-PortsAdminExtendedAttrsTestJSON-855112503 tempest-PortsAdminExtendedAttrsTestJSON-855112503-project-admin] Failed to bind port d31f6ff3-9b13-403e-b96f-545575e0ac41 on host hv-neutron-8017 for vnic_type normal using segments [{'id': 'f712a70c-2d50-437c-ab37-070451dae3a6', 'network_type': 'vlan', 'physical_network': 'physnet1', 'segmentation_id': 59, 'network_id': '75b04ca3-b4a4-4518-b25c-75a8b5cbffc9'}]
Jul 22 07:39:26.140540 dv-neutron-801707-1-hyperv neutron-server[100290]: DEBUG neutron.plugins.ml2.managers [None req-cca63a95-806b-4f0a-b01c-b4b2418296d5 None None] Attempting to bind port 5e149cc9-cda3-46f7-ac98-19eed5750bf5 on host dv-neutron-801707-1-hyperv for vnic_type normal with profile {{(pid=100290) bind_port /opt/stack/neutron/neutron/plugins/ml2/managers.py:790}}
Jul 22 07:39:26.141248 dv-neutron-801707-1-hyperv neutron-server[100290]: DEBUG neutron.plugins.ml2.managers [None req-cca63a95-806b-4f0a-b01c-b4b2418296d5 None None] Attempting to bind port 5e149cc9-cda3-46f7-ac98-19eed5750bf5 by drivers openvswitch,hyperv on host dv-neutron-801707-1-hyperv at level 0 using segments [{'id': '34a15fc9-929c-4917-b6d7-e029228263c1', 'network_type': 'vlan', 'physical_network': 'physnet1', 'segmentation_id': 84, 'network_id': 'b530807f-7a52-485f-9075-564dc175cb3d'}] {{(pid=100290) _bind_port_level /opt/stack/neutron/neutron/plugins/ml2/managers.py:815}}
Jul 22 07:39:26.143643 dv-neutron-801707-1-hyperv neutron-server[100290]: DEBUG neutron.plugins.ml2.drivers.mech_agent [None req-cca63a95-806b-4f0a-b01c-b4b2418296d5 None None] Attempting to bind port 5e149cc9-cda3-46f7-ac98-19eed5750bf5 on network b530807f-7a52-485f-9075-564dc175cb3d {{(pid=100290) bind_port /opt/stack/neutron/neutron/plugins/ml2/drivers/mech_agent.py:85}}
Jul 22 07:39:26.154395 dv-neutron-801707-1-hyperv neutron-server[100288]: INFO neutron.plugins.ml2.plugin [None req-d1d3a37c-1629-46ca-8818-b831f46fb97c tempest-PortsAdminExtendedAttrsTestJSON-855112503 tempest-PortsAdminExtendedAttrsTestJSON-855112503-project-admin] Attempt 8 to bind port d31f6ff3-9b13-403e-b96f-545575e0ac41
Jul 22 07:39:26.156689 dv-neutron-801707-1-hyperv neutron-server[100290]: DEBUG neutron.plugins.ml2.drivers.mech_agent [None req-cca63a95-806b-4f0a-b01c-b4b2418296d5 None None] Checking agent: {'id': '11cdac98-83f2-4bd4-b180-773242a9532c', 'agent_type': 'Open vSwitch agent', 'binary': 'neutron-openvswitch-agent', 'topic': 'N/A', 'host': 'dv-neutron-801707-1-hyperv', 'admin_state_up': True, 'created_at': datetime.datetime(2021, 7, 22, 7, 31, 44), 'started_at': datetime.datetime(2021, 7, 22, 7, 32, 14), 'heartbeat_timestamp': datetime.datetime(2021, 7, 22, 7, 39, 14), 'description': None, 'resources_synced': None, 'availability_zone': None, 'alive': True, 'configurations': {'arp_responder_enabled': False, 'baremetal_smartnic': False, 'bridge_mappings': {'physnet1': 'br-data'}, 'datapath_type': 'system', 'devices': 0, 'enable_distributed_routing': False, 'extensions': [], 'in_distributed_mode': False, 'integration_bridge': 'br-int', 'l2_population': False, 'log_agent_heartbeats': False, 'ovs_capabilities': {'datapath_types': ['netdev', 'system'], 'iface_types': ['erspan', 'geneve', 'gre', 'internal', 'ip6erspan', 'ip6gre', 'lisp', 'patch', 'stt', 'system', 'tap', 'vxlan']}, 'ovs_hybrid_plug': False, 'resource_provider_bandwidths': {}, 'resource_provider_hypervisors': {'br-data': 'dv-neutron-801707-1-hyperv'}, 'resource_provider_inventory_defaults': {'allocation_ratio': 1.0, 'min_unit': 1, 'step_size': 1, 'reserved': 0}, 'tunnel_types': [], 'tunneling_ip': None, 'vhostuser_socket_dir': '/var/run/openvswitch'}, 'resource_versions': {'AddressGroup': '1.2', 'ConntrackHelper': '1.0', 'Log': '1.0', 'Network': '1.1', 'Port': '1.7', 'PortForwarding': '1.2', 'QosPolicy': '1.8', 'SecurityGroup': '1.4', 'SecurityGroupRule': '1.2', 'SubPort': '1.0', 'Subnet': '1.1', 'Trunk': '1.1'}} {{(pid=100290) bind_port /opt/stack/neutron/neutron/plugins/ml2/drivers/mech_agent.py:104}}
Jul 22 07:39:26.158178 dv-neutron-801707-1-hyperv neutron-server[100290]: DEBUG neutron.plugins.ml2.drivers.mech_agent [None req-cca63a95-806b-4f0a-b01c-b4b2418296d5 None None] Checking segment: {'id': '34a15fc9-929c-4917-b6d7-e029228263c1', 'network_type': 'vlan', 'physical_network': 'physnet1', 'segmentation_id': 84, 'network_id': 'b530807f-7a52-485f-9075-564dc175cb3d'} for mappings: {'physnet1': 'br-data'} with network types: ['local', 'flat', 'vlan'] {{(pid=100290) check_segment_for_agent /opt/stack/neutron/neutron/plugins/ml2/drivers/mech_agent.py:352}}
Jul 22 07:39:26.160997 dv-neutron-801707-1-hyperv neutron-server[100290]: DEBUG neutron_lib.callbacks.manager [None req-cca63a95-806b-4f0a-b01c-b4b2418296d5 None None] Notify callbacks [] for ovs_bridge_name, before_read {{(pid=100290) _notify_loop /usr/local/lib/python3.8/dist-packages/neutron_lib/callbacks/manager.py:192}}
Jul 22 07:39:26.162262 dv-neutron-801707-1-hyperv neutron-server[100290]: DEBUG neutron.plugins.ml2.drivers.mech_agent [None req-cca63a95-806b-4f0a-b01c-b4b2418296d5 None None] Bound using segment: {'id': '34a15fc9-929c-4917-b6d7-e029228263c1', 'network_type': 'vlan', 'physical_network': 'physnet1', 'segmentation_id': 84, 'network_id': 'b530807f-7a52-485f-9075-564dc175cb3d'} {{(pid=100290) bind_port /opt/stack/neutron/neutron/plugins/ml2/drivers/mech_agent.py:114}}
Jul 22 07:39:26.163816 dv-neutron-801707-1-hyperv neutron-server[100290]: DEBUG neutron.plugins.ml2.managers [None req-cca63a95-806b-4f0a-b01c-b4b2418296d5 None None] Bound port: 5e149cc9-cda3-46f7-ac98-19eed5750bf5, host: dv-neutron-801707-1-hyperv, vif_type: ovs, vif_details: {"connectivity": "l2", "port_filter": true, "ovs_hybrid_plug": false, "datapath_type": "system", "bridge_name": "br-int"}, binding_levels: [{'bound_driver': 'openvswitch', 'bound_segment': {'id': '34a15fc9-929c-4917-b6d7-e029228263c1', 'network_type': 'vlan', 'physical_network': 'physnet1', 'segmentation_id': 84, 'network_id': 'b530807f-7a52-485f-9075-564dc175cb3d'}}] {{(pid=100290) _bind_port_level /opt/stack/neutron/neutron/plugins/ml2/managers.py:928}}
Jul 22 07:39:26.164329 dv-neutron-801707-1-hyperv neutron-server[100290]: DEBUG neutron_lib.callbacks.manager [None req-cca63a95-806b-4f0a-b01c-b4b2418296d5 None None] Notify callbacks ['neutron.plugins.ml2.plugin.SecurityGroupDbMixin._ensure_default_security_group_handler-3698306'] for port, before_update {{(pid=100290) _notify_loop /usr/local/lib/python3.8/dist-packages/neutron_lib/callbacks/manager.py:192}}
Jul 22 07:39:26.185627 dv-neutron-801707-1-hyperv neutron-server[100288]: DEBUG neutron_lib.callbacks.manager [None req-4131eee0-b6fa-48a5-b2cb-09aab9df0fc9 admin admin] Notify callbacks [] for security_group, precommit_create {{(pid=100288) _notify_loop /usr/local/lib/python3.8/dist-packages/neutron_lib/callbacks/manager.py:192}}
Jul 22 07:39:26.222052 dv-neutron-801707-1-hyperv neutron-server[100289]: DEBUG neutron.pecan_wsgi.hooks.quota_enforcement [None req-8751e60c-0e76-4366-9727-c8b8fe71e730 tempest-ExternalNetworksTestJSON-1811210950 tempest-ExternalNetworksTestJSON-1811210950-project-admin] Made reservation on behalf of 8f9ea3414e0f4076b6795321f990fda4 for: {'network': 1} {{(pid=100289) before /opt/stack/neutron/neutron/pecan_wsgi/hooks/quota_enforcement.py:53}}
Jul 22 07:39:26.227452 dv-neutron-801707-1-hyperv neutron-server[100289]: DEBUG neutron_lib.callbacks.manager [None req-8751e60c-0e76-4366-9727-c8b8fe71e730 tempest-ExternalNetworksTestJSON-1811210950 tempest-ExternalNetworksTestJSON-1811210950-project-admin] Notify callbacks ['neutron.plugins.ml2.plugin.SecurityGroupDbMixin._ensure_default_security_group_handler-3698306'] for network, before_create {{(pid=100289) _notify_loop /usr/local/lib/python3.8/dist-packages/neutron_lib/callbacks/manager.py:192}}
Jul 22 07:39:26.267087 dv-neutron-801707-1-hyperv neutron-server[100289]: DEBUG neutron.wsgi [-] (100289) accepted ('10.222.0.35', 53677) {{(pid=100289) server /usr/local/lib/python3.8/dist-packages/eventlet/wsgi.py:982}}
Jul 22 07:39:26.286426 dv-neutron-801707-1-hyperv neutron-server[100289]: DEBUG neutron_lib.db.api [None req-eb6e677e-1986-4a0c-b87e-78f95f443cef tempest-AllowedAddressPairTestJSON-1751692687 tempest-AllowedAddressPairTestJSON-1751692687-project] Retry wrapper got retriable exception: (pymysql.err.OperationalError) (1213, 'Deadlock found when trying to get lock; try restarting transaction')
Jul 22 07:39:26.286426 dv-neutron-801707-1-hyperv neutron-server[100289]: [SQL: INSERT INTO reservations (project_id, id, expiration) VALUES (%(project_id)s, %(id)s, %(expiration)s)]
Jul 22 07:39:26.286426 dv-neutron-801707-1-hyperv neutron-server[100289]: [parameters: {'project_id': 'badfb2ca99114c57a958d48048de0f82', 'id': '389cac9a-d420-4b5b-b788-3f6374b2c7d9', 'expiration': datetime.datetime(2021, 7, 22, 7, 41, 26, 241406)}]
Jul 22 07:39:26.286426 dv-neutron-801707-1-hyperv neutron-server[100289]: (Background on this error at: http://sqlalche.me/e/14/e3q8) {{(pid=100289) wrapped /usr/local/lib/python3.8/dist-packages/neutron_lib/db/api.py:183}}
Jul 22 07:39:26.287217 dv-neutron-801707-1-hyperv neutron-server[100289]: DEBUG oslo_db.api [None req-eb6e677e-1986-4a0c-b87e-78f95f443cef tempest-AllowedAddressPairTestJSON-1751692687 tempest-AllowedAddressPairTestJSON-1751692687-project] Performing DB retry for function neutron.db.quota.driver_nolock.DbQuotaNoLockDriver.make_reservation {{(pid=100289) wrapper /usr/local/lib/python3.8/dist-packages/oslo_db/api.py:155}}
Jul 22 07:39:26.312420 dv-neutron-801707-1-hyperv neutron-server[100288]: INFO neutron.wsgi [req-b9b47efb-ec2d-499d-97c0-3e85ea438b72 req-9af8544f-b9c6-4f1a-bf19-a973ec513794 tempest-ServersTestJSON-1611009710 tempest-ServersTestJSON-1611009710-project] 10.222.0.24 "GET /v2.0/ports?device_id=d22c6666-8ac6-4584-a19f-611c68af5253 HTTP/1.1" status: 200 len: 210 time: 0.1217151
Jul 22 07:39:26.332611 dv-neutron-801707-1-hyperv neutron-server[100289]: DEBUG neutron.plugins.ml2.drivers.helpers [None req-8751e60c-0e76-4366-9727-c8b8fe71e730 tempest-ExternalNetworksTestJSON-1811210950 tempest-ExternalNetworksTestJSON-1811210950-project-admin] vlan segment allocate from pool success with {'vlan_id': 83, 'physical_network': 'physnet1'} {{(pid=100289) allocate_partially_specified_segment /opt/stack/neutron/neutron/plugins/ml2/drivers/helpers.py:153}}
Jul 22 07:39:26.333007 dv-neutron-801707-1-hyperv neutron-server[100288]: DEBUG neutron_lib.callbacks.manager [None req-4131eee0-b6fa-48a5-b2cb-09aab9df0fc9 admin admin] Notify callbacks ['neutron.plugins.ml2.ovo_rpc._ObjectChangeHandler.handle_event-576920'] for security_group, after_create {{(pid=100288) _notify_loop /usr/local/lib/python3.8/dist-packages/neutron_lib/callbacks/manager.py:192}}
Jul 22 07:39:26.336804 dv-neutron-801707-1-hyperv neutron-server[100288]: DEBUG neutron.plugins.ml2.managers [None req-d1d3a37c-1629-46ca-8818-b831f46fb97c tempest-PortsAdminExtendedAttrsTestJSON-855112503 tempest-PortsAdminExtendedAttrsTestJSON-855112503-project-admin] Attempting to bind port d31f6ff3-9b13-403e-b96f-545575e0ac41 on host hv-neutron-8017 for vnic_type normal with profile {{(pid=100288) bind_port /opt/stack/neutron/neutron/plugins/ml2/managers.py:790}}
Jul 22 07:39:26.337146 dv-neutron-801707-1-hyperv neutron-server[100288]: DEBUG neutron.plugins.ml2.managers [None req-d1d3a37c-1629-46ca-8818-b831f46fb97c tempest-PortsAdminExtendedAttrsTestJSON-855112503 tempest-PortsAdminExtendedAttrsTestJSON-855112503-project-admin] Attempting to bind port d31f6ff3-9b13-403e-b96f-545575e0ac41 by drivers openvswitch,hyperv on host hv-neutron-8017 at level 0 using segments [{'id': 'f712a70c-2d50-437c-ab37-070451dae3a6', 'network_type': 'vlan', 'physical_network': 'physnet1', 'segmentation_id': 59, 'network_id': '75b04ca3-b4a4-4518-b25c-75a8b5cbffc9'}] {{(pid=100288) _bind_port_level /opt/stack/neutron/neutron/plugins/ml2/managers.py:815}}
Jul 22 07:39:26.337493 dv-neutron-801707-1-hyperv neutron-server[100288]: DEBUG neutron.plugins.ml2.drivers.mech_agent [None req-d1d3a37c-1629-46ca-8818-b831f46fb97c tempest-PortsAdminExtendedAttrsTestJSON-855112503 tempest-PortsAdminExtendedAttrsTestJSON-855112503-project-admin] Attempting to bind port d31f6ff3-9b13-403e-b96f-545575e0ac41 on network 75b04ca3-b4a4-4518-b25c-75a8b5cbffc9 {{(pid=100288) bind_port /opt/stack/neutron/neutron/plugins/ml2/drivers/mech_agent.py:85}}
Jul 22 07:39:26.384547 dv-neutron-801707-1-hyperv neutron-server[100290]: DEBUG neutron.plugins.ml2.db [None req-cca63a95-806b-4f0a-b01c-b4b2418296d5 None None] For port 5e149cc9-cda3-46f7-ac98-19eed5750bf5, host dv-neutron-801707-1-hyperv, cleared binding levels {{(pid=100290) clear_binding_levels /opt/stack/neutron/neutron/plugins/ml2/db.py:87}}
Jul 22 07:39:26.396813 dv-neutron-801707-1-hyperv neutron-server[100290]: DEBUG neutron.plugins.ml2.db [None req-cca63a95-806b-4f0a-b01c-b4b2418296d5 None None] For port 5e149cc9-cda3-46f7-ac98-19eed5750bf5, host dv-neutron-801707-1-hyperv, set binding levels [PortBindingLevel(driver='openvswitch',host='dv-neutron-801707-1-hyperv',level=0,port_id=5e149cc9-cda3-46f7-ac98-19eed5750bf5,segment=NetworkSegment(34a15fc9-929c-4917-b6d7-e029228263c1),segment_id=34a15fc9-929c-4917-b6d7-e029228263c1)] {{(pid=100290) set_binding_levels /opt/stack/neutron/neutron/plugins/ml2/db.py:59}}
Jul 22 07:39:26.404761 dv-neutron-801707-1-hyperv neutron-server[100290]: DEBUG neutron_lib.callbacks.manager [None req-cca63a95-806b-4f0a-b01c-b4b2418296d5 None None] Notify callbacks ['neutron.plugins.ml2.plugin.SecurityGroupServerNotifierRpcMixin._notify_sg_on_port_change-3699749', 'neutron.plugins.ml2.ovo_rpc._ObjectChangeHandler.handle_event-212305', 'neutron.api.rpc.agentnotifiers.dhcp_rpc_agent_api.DhcpAgentNotifyAPI._native_event_send_dhcp_notification-535245', 'neutron.db.l3_db.L3RpcNotifierMixin._notify_gateway_port_ip_changed-8729556152634', 'neutron.db.l3_dvrscheduler_db._notify_l3_agent_port_update-8729555831179', 'neutron.db.l3_hascheduler_db._notify_l3_agent_ha_port_update-8729555831197'] for port, after_update {{(pid=100290) _notify_loop /usr/local/lib/python3.8/dist-packages/neutron_lib/callbacks/manager.py:192}}
Jul 22 07:39:26.472649 dv-neutron-801707-1-hyperv neutron-server[100288]: DEBUG neutron.plugins.ml2.drivers.mech_agent [None req-d1d3a37c-1629-46ca-8818-b831f46fb97c tempest-PortsAdminExtendedAttrsTestJSON-855112503 tempest-PortsAdminExtendedAttrsTestJSON-855112503-project-admin] Port d31f6ff3-9b13-403e-b96f-545575e0ac41 on network 75b04ca3-b4a4-4518-b25c-75a8b5cbffc9 not bound, no agent of type Open vSwitch agent registered on host hv-neutron-8017 {{(pid=100288) bind_port /opt/stack/neutron/neutron/plugins/ml2/drivers/mech_agent.py:97}}
Jul 22 07:39:26.472990 dv-neutron-801707-1-hyperv neutron-server[100288]: ERROR neutron.plugins.ml2.managers [None req-d1d3a37c-1629-46ca-8818-b831f46fb97c tempest-PortsAdminExtendedAttrsTestJSON-855112503 tempest-PortsAdminExtendedAttrsTestJSON-855112503-project-admin] Failed to bind port d31f6ff3-9b13-403e-b96f-545575e0ac41 on host hv-neutron-8017 for vnic_type normal using segments [{'id': 'f712a70c-2d50-437c-ab37-070451dae3a6', 'network_type': 'vlan', 'physical_network': 'physnet1', 'segmentation_id': 59, 'network_id': '75b04ca3-b4a4-4518-b25c-75a8b5cbffc9'}]
Jul 22 07:39:26.490159 dv-neutron-801707-1-hyperv neutron-server[100288]: DEBUG neutron.wsgi [-] (100288) accepted ('10.222.0.24', 42560) {{(pid=100288) server /usr/local/lib/python3.8/dist-packages/eventlet/wsgi.py:982}}
Jul 22 07:39:26.490662 dv-neutron-801707-1-hyperv neutron-server[100288]: INFO neutron.plugins.ml2.plugin [None req-d1d3a37c-1629-46ca-8818-b831f46fb97c tempest-PortsAdminExtendedAttrsTestJSON-855112503 tempest-PortsAdminExtendedAttrsTestJSON-855112503-project-admin] Attempt 9 to bind port d31f6ff3-9b13-403e-b96f-545575e0ac41
Jul 22 07:39:26.534698 dv-neutron-801707-1-hyperv neutron-server[100288]: DEBUG neutron.plugins.ml2.managers [None req-d1d3a37c-1629-46ca-8818-b831f46fb97c tempest-PortsAdminExtendedAttrsTestJSON-855112503 tempest-PortsAdminExtendedAttrsTestJSON-855112503-project-admin] Attempting to bind port d31f6ff3-9b13-403e-b96f-545575e0ac41 on host hv-neutron-8017 for vnic_type normal with profile {{(pid=100288) bind_port /opt/stack/neutron/neutron/plugins/ml2/managers.py:790}}
Jul 22 07:39:26.535042 dv-neutron-801707-1-hyperv neutron-server[100288]: DEBUG neutron.plugins.ml2.managers [None req-d1d3a37c-1629-46ca-8818-b831f46fb97c tempest-PortsAdminExtendedAttrsTestJSON-855112503 tempest-PortsAdminExtendedAttrsTestJSON-855112503-project-admin] Attempting to bind port d31f6ff3-9b13-403e-b96f-545575e0ac41 by drivers openvswitch,hyperv on host hv-neutron-8017 at level 0 using segments [{'id': 'f712a70c-2d50-437c-ab37-070451dae3a6', 'network_type': 'vlan', 'physical_network': 'physnet1', 'segmentation_id': 59, 'network_id': '75b04ca3-b4a4-4518-b25c-75a8b5cbffc9'}] {{(pid=100288) _bind_port_level /opt/stack/neutron/neutron/plugins/ml2/managers.py:815}}
Jul 22 07:39:26.535378 dv-neutron-801707-1-hyperv neutron-server[100288]: DEBUG neutron.plugins.ml2.drivers.mech_agent [None req-d1d3a37c-1629-46ca-8818-b831f46fb97c tempest-PortsAdminExtendedAttrsTestJSON-855112503 tempest-PortsAdminExtendedAttrsTestJSON-855112503-project-admin] Attempting to bind port d31f6ff3-9b13-403e-b96f-545575e0ac41 on network 75b04ca3-b4a4-4518-b25c-75a8b5cbffc9 {{(pid=100288) bind_port /opt/stack/neutron/neutron/plugins/ml2/drivers/mech_agent.py:85}}
Jul 22 07:39:26.542064 dv-neutron-801707-1-hyperv neutron-server[100290]: DEBUG neutron.api.rpc.handlers.resources_rpc [None req-cca63a95-806b-4f0a-b01c-b4b2418296d5 None None] Pushing event updated for resources: {'Port': ['ID=5e149cc9-cda3-46f7-ac98-19eed5750bf5,revision_number=2']} {{(pid=100290) push /opt/stack/neutron/neutron/api/rpc/handlers/resources_rpc.py:237}}
Jul 22 07:39:26.560583 dv-neutron-801707-1-hyperv neutron-server[100288]: INFO neutron.wsgi [None req-4131eee0-b6fa-48a5-b2cb-09aab9df0fc9 admin admin] 10.222.0.24 "GET /v2.0/security-groups?tenant_id=509bc8feedfa4d93949cefa4a8a1accd&name=default HTTP/1.1" status: 200 len: 2979 time: 2.2188857
Jul 22 07:39:26.561295 dv-neutron-801707-1-hyperv neutron-server[100288]: DEBUG neutron.api.rpc.handlers.resources_rpc [None req-4131eee0-b6fa-48a5-b2cb-09aab9df0fc9 admin admin] Pushing event updated for resources: {'SecurityGroup': ['ID=e7d16dda-ee49-4a6e-a061-544c7f394b0e,revision_number=1']} {{(pid=100288) push /opt/stack/neutron/neutron/api/rpc/handlers/resources_rpc.py:237}}
Jul 22 07:39:26.565451 dv-neutron-801707-1-hyperv neutron-server[100288]: DEBUG neutron.wsgi [-] (100288) accepted ('10.222.0.24', 42562) {{(pid=100288) server /usr/local/lib/python3.8/dist-packages/eventlet/wsgi.py:982}}
Jul 22 07:39:26.566353 dv-neutron-801707-1-hyperv neutron-server[100288]: DEBUG neutron_lib.callbacks.manager [None req-1d06c22d-ee2e-4d69-bbf4-291c2b0781e5 admin admin] Notify callbacks [] for security_group, before_create {{(pid=100288) _notify_loop /usr/local/lib/python3.8/dist-packages/neutron_lib/callbacks/manager.py:192}}
Jul 22 07:39:26.610709 dv-neutron-801707-1-hyperv neutron-server[100288]: DEBUG neutron.pecan_wsgi.hooks.quota_enforcement [req-3c39f644-6b7c-4c59-99aa-79307e634f50 req-1f271d1b-14d3-4fee-97e6-94a4732375cd tempest-ServersTestJSON-1611009710 tempest-ServersTestJSON-1611009710-project] Made reservation on behalf of c71fbe12922c41ef96992fcbfbd2e4cd for: {'port': 1} {{(pid=100288) before /opt/stack/neutron/neutron/pecan_wsgi/hooks/quota_enforcement.py:53}}
Jul 22 07:39:26.614287 dv-neutron-801707-1-hyperv neutron-server[100288]: DEBUG neutron_lib.callbacks.manager [req-3c39f644-6b7c-4c59-99aa-79307e634f50 req-1f271d1b-14d3-4fee-97e6-94a4732375cd tempest-ServersTestJSON-1611009710 tempest-ServersTestJSON-1611009710-project] Notify callbacks ['neutron.plugins.ml2.plugin.SecurityGroupDbMixin._ensure_default_security_group_handler-3698306'] for port, before_create {{(pid=100288) _notify_loop /usr/local/lib/python3.8/dist-packages/neutron_lib/callbacks/manager.py:192}}
Jul 22 07:39:26.626091 dv-neutron-801707-1-hyperv neutron-server[100288]: DEBUG neutron.plugins.ml2.drivers.mech_agent [None req-d1d3a37c-1629-46ca-8818-b831f46fb97c tempest-PortsAdminExtendedAttrsTestJSON-855112503 tempest-PortsAdminExtendedAttrsTestJSON-855112503-project-admin] Port d31f6ff3-9b13-403e-b96f-545575e0ac41 on network 75b04ca3-b4a4-4518-b25c-75a8b5cbffc9 not bound, no agent of type Open vSwitch agent registered on host hv-neutron-8017 {{(pid=100288) bind_port /opt/stack/neutron/neutron/plugins/ml2/drivers/mech_agent.py:97}}
Jul 22 07:39:26.626435 dv-neutron-801707-1-hyperv neutron-server[100288]: ERROR neutron.plugins.ml2.managers [None req-d1d3a37c-1629-46ca-8818-b831f46fb97c tempest-PortsAdminExtendedAttrsTestJSON-855112503 tempest-PortsAdminExtendedAttrsTestJSON-855112503-project-admin] Failed to bind port d31f6ff3-9b13-403e-b96f-545575e0ac41 on host hv-neutron-8017 for vnic_type normal using segments [{'id': 'f712a70c-2d50-437c-ab37-070451dae3a6', 'network_type': 'vlan', 'physical_network': 'physnet1', 'segmentation_id': 59, 'network_id': '75b04ca3-b4a4-4518-b25c-75a8b5cbffc9'}]
Jul 22 07:39:26.631012 dv-neutron-801707-1-hyperv neutron-server[100288]: INFO neutron.plugins.ml2.plugin [None req-d1d3a37c-1629-46ca-8818-b831f46fb97c tempest-PortsAdminExtendedAttrsTestJSON-855112503 tempest-PortsAdminExtendedAttrsTestJSON-855112503-project-admin] Attempt 10 to bind port d31f6ff3-9b13-403e-b96f-545575e0ac41
Jul 22 07:39:26.660079 dv-neutron-801707-1-hyperv neutron-server[100289]: INFO neutron.wsgi [req-429da157-a3cd-4281-b296-f098f7e2e0f9 req-3ae3c2f1-5fc8-4eaf-8fb4-f2ceb3e13b50 tempest-ServerActionsTestJSON-783968376 tempest-ServerActionsTestJSON-783968376-project] 10.222.0.24 "GET /v2.0/ports?device_id=c6acd56d-bb07-4664-803f-82a4c0af19a0 HTTP/1.1" status: 200 len: 210 time: 0.1646504
Jul 22 07:39:26.676339 dv-neutron-801707-1-hyperv neutron-server[100289]: DEBUG neutron_lib.callbacks.manager [None req-8751e60c-0e76-4366-9727-c8b8fe71e730 tempest-ExternalNetworksTestJSON-1811210950 tempest-ExternalNetworksTestJSON-1811210950-project-admin] Notify callbacks ['neutron.plugins.ml2.plugin.Ml2Plugin._handle_segment_change-3915208'] for segment, precommit_create {{(pid=100289) _notify_loop /usr/local/lib/python3.8/dist-packages/neutron_lib/callbacks/manager.py:192}}
Jul 22 07:39:26.678470 dv-neutron-801707-1-hyperv neutron-server[100289]: INFO neutron.db.segments_db [None req-8751e60c-0e76-4366-9727-c8b8fe71e730 tempest-ExternalNetworksTestJSON-1811210950 tempest-ExternalNetworksTestJSON-1811210950-project-admin] Added segment 91afc236-f64b-4fd0-a7da-28ed0141c074 of type vlan for network e7acff78-d4e4-48b8-8d38-57b426b6bf7e
Jul 22 07:39:26.696144 dv-neutron-801707-1-hyperv neutron-server[100288]: DEBUG neutron.plugins.ml2.managers [None req-d1d3a37c-1629-46ca-8818-b831f46fb97c tempest-PortsAdminExtendedAttrsTestJSON-855112503 tempest-PortsAdminExtendedAttrsTestJSON-855112503-project-admin] Attempting to bind port d31f6ff3-9b13-403e-b96f-545575e0ac41 on host hv-neutron-8017 for vnic_type normal with profile {{(pid=100288) bind_port /opt/stack/neutron/neutron/plugins/ml2/managers.py:790}}
Jul 22 07:39:26.696480 dv-neutron-801707-1-hyperv neutron-server[100288]: DEBUG neutron.plugins.ml2.managers [None req-d1d3a37c-1629-46ca-8818-b831f46fb97c tempest-PortsAdminExtendedAttrsTestJSON-855112503 tempest-PortsAdminExtendedAttrsTestJSON-855112503-project-admin] Attempting to bind port d31f6ff3-9b13-403e-b96f-545575e0ac41 by drivers openvswitch,hyperv on host hv-neutron-8017 at level 0 using segments [{'id': 'f712a70c-2d50-437c-ab37-070451dae3a6', 'network_type': 'vlan', 'physical_network': 'physnet1', 'segmentation_id': 59, 'network_id': '75b04ca3-b4a4-4518-b25c-75a8b5cbffc9'}] {{(pid=100288) _bind_port_level /opt/stack/neutron/neutron/plugins/ml2/managers.py:815}}
Jul 22 07:39:26.696827 dv-neutron-801707-1-hyperv neutron-server[100288]: DEBUG neutron.plugins.ml2.drivers.mech_agent [None req-d1d3a37c-1629-46ca-8818-b831f46fb97c tempest-PortsAdminExtendedAttrsTestJSON-855112503 tempest-PortsAdminExtendedAttrsTestJSON-855112503-project-admin] Attempting to bind port d31f6ff3-9b13-403e-b96f-545575e0ac41 on network 75b04ca3-b4a4-4518-b25c-75a8b5cbffc9 {{(pid=100288) bind_port /opt/stack/neutron/neutron/plugins/ml2/drivers/mech_agent.py:85}}
Jul 22 07:39:26.723625 dv-neutron-801707-1-hyperv neutron-server[100288]: DEBUG neutron.plugins.ml2.drivers.mech_agent [None req-d1d3a37c-1629-46ca-8818-b831f46fb97c tempest-PortsAdminExtendedAttrsTestJSON-855112503 tempest-PortsAdminExtendedAttrsTestJSON-855112503-project-admin] Port d31f6ff3-9b13-403e-b96f-545575e0ac41 on network 75b04ca3-b4a4-4518-b25c-75a8b5cbffc9 not bound, no agent of type Open vSwitch agent registered on host hv-neutron-8017 {{(pid=100288) bind_port /opt/stack/neutron/neutron/plugins/ml2/drivers/mech_agent.py:97}}
Jul 22 07:39:26.723965 dv-neutron-801707-1-hyperv neutron-server[100288]: ERROR neutron.plugins.ml2.managers [None req-d1d3a37c-1629-46ca-8818-b831f46fb97c tempest-PortsAdminExtendedAttrsTestJSON-855112503 tempest-PortsAdminExtendedAttrsTestJSON-855112503-project-admin] Failed to bind port d31f6ff3-9b13-403e-b96f-545575e0ac41 on host hv-neutron-8017 for vnic_type normal using segments [{'id': 'f712a70c-2d50-437c-ab37-070451dae3a6', 'network_type': 'vlan', 'physical_network': 'physnet1', 'segmentation_id': 59, 'network_id': '75b04ca3-b4a4-4518-b25c-75a8b5cbffc9'}]
Jul 22 07:39:26.724330 dv-neutron-801707-1-hyperv neutron-server[100288]: DEBUG neutron_lib.callbacks.manager [None req-d1d3a37c-1629-46ca-8818-b831f46fb97c tempest-PortsAdminExtendedAttrsTestJSON-855112503 tempest-PortsAdminExtendedAttrsTestJSON-855112503-project-admin] Notify callbacks ['neutron.plugins.ml2.plugin.SecurityGroupDbMixin._ensure_default_security_group_handler-3698306'] for port, before_update {{(pid=100288) _notify_loop /usr/local/lib/python3.8/dist-packages/neutron_lib/callbacks/manager.py:192}}
Jul 22 07:39:26.789817 dv-neutron-801707-1-hyperv neutron-server[100288]: DEBUG neutron_lib.callbacks.manager [None req-e7a58298-767f-4cef-ae5b-6a4d871d2cbd admin admin] Notify callbacks [] for security_group, before_delete {{(pid=100288) _notify_loop /usr/local/lib/python3.8/dist-packages/neutron_lib/callbacks/manager.py:192}}
Jul 22 07:39:26.858984 dv-neutron-801707-1-hyperv neutron-server[100290]: DEBUG neutron_lib.callbacks.manager [None req-6295b939-05df-4bb4-a6df-f8545535e98e None None] Notify callbacks ['neutron.services.segments.db._update_segment_host_mapping_for_agent-8729556300831', 'neutron.plugins.ml2.plugin.Ml2Plugin._retry_binding_revived_agents-3920490'] for agent, after_update {{(pid=100290) _notify_loop /usr/local/lib/python3.8/dist-packages/neutron_lib/callbacks/manager.py:192}}
Jul 22 07:39:26.860724 dv-neutron-801707-1-hyperv neutron-server[100289]: DEBUG neutron_lib.callbacks.manager [None req-8751e60c-0e76-4366-9727-c8b8fe71e730 tempest-ExternalNetworksTestJSON-1811210950 tempest-ExternalNetworksTestJSON-1811210950-project-admin] Notify callbacks ['neutron.services.auto_allocate.db._ensure_external_network_default_value_callback-8729555820014'] for network, precommit_create {{(pid=100289) _notify_loop /usr/local/lib/python3.8/dist-packages/neutron_lib/callbacks/manager.py:192}}
Jul 22 07:39:26.928009 dv-neutron-801707-1-hyperv neutron-server[100289]: INFO neutron.wsgi [None req-1087a2d4-7e33-4b8a-ac9d-dd0f9dd4ae50 admin admin] 10.222.0.24 "GET /v2.0/security-groups?tenant_id=dec9cfc552f94cf8a0b2d91994bb7d0a&name=default HTTP/1.1" status: 200 len: 2979 time: 0.8244138
Jul 22 07:39:26.928944 dv-neutron-801707-1-hyperv neutron-server[100289]: DEBUG neutron.wsgi [-] (100289) accepted ('10.222.0.24', 42564) {{(pid=100289) server /usr/local/lib/python3.8/dist-packages/eventlet/wsgi.py:982}}
Jul 22 07:39:26.973719 dv-neutron-801707-1-hyperv neutron-server[100288]: DEBUG neutron_lib.callbacks.manager [None req-e7a58298-767f-4cef-ae5b-6a4d871d2cbd admin admin] Notify callbacks [] for security_group, precommit_delete {{(pid=100288) _notify_loop /usr/local/lib/python3.8/dist-packages/neutron_lib/callbacks/manager.py:192}}
Jul 22 07:39:26.978648 dv-neutron-801707-1-hyperv neutron-server[100289]: DEBUG neutron_lib.callbacks.manager [None req-8751e60c-0e76-4366-9727-c8b8fe71e730 tempest-ExternalNetworksTestJSON-1811210950 tempest-ExternalNetworksTestJSON-1811210950-project-admin] Notify callbacks ['neutron.plugins.ml2.ovo_rpc._ObjectChangeHandler.handle_event-576809', 'neutron.api.rpc.agentnotifiers.dhcp_rpc_agent_api.DhcpAgentNotifyAPI._native_event_send_dhcp_notification-535245'] for network, after_create {{(pid=100289) _notify_loop /usr/local/lib/python3.8/dist-packages/neutron_lib/callbacks/manager.py:192}}
Jul 22 07:39:26.979827 dv-neutron-801707-1-hyperv neutron-server[100289]: DEBUG neutron.pecan_wsgi.hooks.policy_enforcement [None req-8751e60c-0e76-4366-9727-c8b8fe71e730 tempest-ExternalNetworksTestJSON-1811210950 tempest-ExternalNetworksTestJSON-1811210950-project-admin] Attributes excluded by policy engine: ['standard_attr_id', 'vlan_transparent'] {{(pid=100289) _exclude_attributes_by_policy /opt/stack/neutron/neutron/pecan_wsgi/hooks/policy_enforcement.py:255}}
Jul 22 07:39:26.980575 dv-neutron-801707-1-hyperv neutron-server[100289]: DEBUG neutron_lib.callbacks.manager [None req-8751e60c-0e76-4366-9727-c8b8fe71e730 tempest-ExternalNetworksTestJSON-1811210950 tempest-ExternalNetworksTestJSON-1811210950-project-admin] Notify callbacks ['neutron.api.rpc.agentnotifiers.dhcp_rpc_agent_api.DhcpAgentNotifyAPI._send_dhcp_notification-535263'] for network, before_response {{(pid=100289) _notify_loop /usr/local/lib/python3.8/dist-packages/neutron_lib/callbacks/manager.py:192}}
Jul 22 07:39:27.056346 dv-neutron-801707-1-hyperv neutron-server[100289]: DEBUG neutron.pecan_wsgi.hooks.policy_enforcement [req-fc72d644-34fd-452a-bbe3-7416b0f6eb47 req-70f48207-3831-4d09-ae23-87376fe6486b tempest-ServerActionsTestJSON-783968376 tempest-ServerActionsTestJSON-783968376-project] Attributes excluded by policy engine: ['standard_attr_id', 'vlan_transparent', 'provider:network_type', 'provider:physical_network', 'provider:segmentation_id'] {{(pid=100289) _exclude_attributes_by_policy /opt/stack/neutron/neutron/pecan_wsgi/hooks/policy_enforcement.py:255}}
Jul 22 07:39:27.057618 dv-neutron-801707-1-hyperv neutron-server[100289]: INFO neutron.wsgi [req-fc72d644-34fd-452a-bbe3-7416b0f6eb47 req-70f48207-3831-4d09-ae23-87376fe6486b tempest-ServerActionsTestJSON-783968376 tempest-ServerActionsTestJSON-783968376-project] 10.222.0.35 "GET /v2.0/networks?id=1fc5d824-b54e-44ba-b167-a5d31c0011e2 HTTP/1.1" status: 200 len: 812 time: 0.7472217
Jul 22 07:39:27.081262 dv-neutron-801707-1-hyperv neutron-server[100288]: DEBUG neutron.plugins.ml2.db [None req-d1d3a37c-1629-46ca-8818-b831f46fb97c tempest-PortsAdminExtendedAttrsTestJSON-855112503 tempest-PortsAdminExtendedAttrsTestJSON-855112503-project-admin] For port d31f6ff3-9b13-403e-b96f-545575e0ac41, host hv-neutron-8017, cleared binding levels {{(pid=100288) clear_binding_levels /opt/stack/neutron/neutron/plugins/ml2/db.py:87}}
Jul 22 07:39:27.081906 dv-neutron-801707-1-hyperv neutron-server[100288]: DEBUG neutron.plugins.ml2.db [None req-d1d3a37c-1629-46ca-8818-b831f46fb97c tempest-PortsAdminExtendedAttrsTestJSON-855112503 tempest-PortsAdminExtendedAttrsTestJSON-855112503-project-admin] Attempted to set empty binding levels {{(pid=100288) set_binding_levels /opt/stack/neutron/neutron/plugins/ml2/db.py:65}}
Jul 22 07:39:27.087650 dv-neutron-801707-1-hyperv neutron-server[100288]: DEBUG neutron.db.db_base_plugin_common [req-3c39f644-6b7c-4c59-99aa-79307e634f50 req-1f271d1b-14d3-4fee-97e6-94a4732375cd tempest-ServersTestJSON-1611009710 tempest-ServersTestJSON-1611009710-project] Allocated IP 172.20.0.14 (59d0bf03-1345-454a-8256-287d56bab357/f2541b99-56ab-4556-bc0d-5849d91d8c46/145691fb-e015-4df2-a2a8-dbfb108ab09f) {{(pid=100288) _store_ip_allocation /opt/stack/neutron/neutron/db/db_base_plugin_common.py:131}}
Jul 22 07:39:27.096300 dv-neutron-801707-1-hyperv neutron-server[100288]: DEBUG neutron_lib.callbacks.manager [None req-d1d3a37c-1629-46ca-8818-b831f46fb97c tempest-PortsAdminExtendedAttrsTestJSON-855112503 tempest-PortsAdminExtendedAttrsTestJSON-855112503-project-admin] Notify callbacks ['neutron.plugins.ml2.plugin.SecurityGroupServerNotifierRpcMixin._notify_sg_on_port_change-3699749', 'neutron.plugins.ml2.ovo_rpc._ObjectChangeHandler.handle_event-212305', 'neutron.api.rpc.agentnotifiers.dhcp_rpc_agent_api.DhcpAgentNotifyAPI._native_event_send_dhcp_notification-535245', 'neutron.db.l3_db.L3RpcNotifierMixin._notify_gateway_port_ip_changed-8729556152634', 'neutron.db.l3_dvrscheduler_db._notify_l3_agent_port_update-8729555831179', 'neutron.db.l3_hascheduler_db._notify_l3_agent_ha_port_update-8729555831197', 'neutron.services.segments.plugin.NovaSegmentNotifier._notify_port_updated-65820225'] for port, after_update {{(pid=100288) _notify_loop /usr/local/lib/python3.8/dist-packages/neutron_lib/callbacks/manager.py:192}}
Jul 22 07:39:27.098296 dv-neutron-801707-1-hyperv neutron-server[100289]: DEBUG neutron.api.rpc.handlers.resources_rpc [None req-8751e60c-0e76-4366-9727-c8b8fe71e730 tempest-ExternalNetworksTestJSON-1811210950 tempest-ExternalNetworksTestJSON-1811210950-project-admin] Pushing event updated for resources: {'Network': ['ID=e7acff78-d4e4-48b8-8d38-57b426b6bf7e,revision_number=1']} {{(pid=100289) push /opt/stack/neutron/neutron/api/rpc/handlers/resources_rpc.py:237}}
Jul 22 07:39:27.113696 dv-neutron-801707-1-hyperv neutron-server[100290]: DEBUG neutron.plugins.ml2.rpc [None req-2fc98d04-1c9e-4475-95cc-320d1d1828ce None None] Network e7acff78-d4e4-48b8-8d38-57b426b6bf7e details requested by agent ovs-agent-dv-neutron-801707-1-hyperv with host dv-neutron-801707-1-hyperv {{(pid=100290) get_network_details /opt/stack/neutron/neutron/plugins/ml2/rpc.py:248}}
Jul 22 07:39:27.143063 dv-neutron-801707-1-hyperv neutron-server[100289]: DEBUG neutron_lib.callbacks.manager [None req-59eb5eef-fca8-41ea-970d-ce7f72423aab admin admin] Notify callbacks [] for security_group, before_delete {{(pid=100289) _notify_loop /usr/local/lib/python3.8/dist-packages/neutron_lib/callbacks/manager.py:192}}
Jul 22 07:39:27.165245 dv-neutron-801707-1-hyperv neutron-server[100288]: DEBUG neutron.api.rpc.handlers.resources_rpc [None req-d1d3a37c-1629-46ca-8818-b831f46fb97c tempest-PortsAdminExtendedAttrsTestJSON-855112503 tempest-PortsAdminExtendedAttrsTestJSON-855112503-project-admin] Pushing event updated for resources: {'Port': ['ID=d31f6ff3-9b13-403e-b96f-545575e0ac41,revision_number=3']} {{(pid=100288) push /opt/stack/neutron/neutron/api/rpc/handlers/resources_rpc.py:237}}
Jul 22 07:39:27.168476 dv-neutron-801707-1-hyperv neutron-server[100288]: DEBUG neutron.plugins.ml2.plugin [None req-d1d3a37c-1629-46ca-8818-b831f46fb97c tempest-PortsAdminExtendedAttrsTestJSON-855112503 tempest-PortsAdminExtendedAttrsTestJSON-855112503-project-admin] In _notify_port_updated(), no bound segment for port d31f6ff3-9b13-403e-b96f-545575e0ac41 on network 75b04ca3-b4a4-4518-b25c-75a8b5cbffc9 {{(pid=100288) _notify_port_updated /opt/stack/neutron/neutron/plugins/ml2/plugin.py:872}}
Jul 22 07:39:27.169990 dv-neutron-801707-1-hyperv neutron-server[100288]: DEBUG neutron.pecan_wsgi.hooks.policy_enforcement [None req-d1d3a37c-1629-46ca-8818-b831f46fb97c tempest-PortsAdminExtendedAttrsTestJSON-855112503 tempest-PortsAdminExtendedAttrsTestJSON-855112503-project-admin] Attributes excluded by policy engine: ['standard_attr_id'] {{(pid=100288) _exclude_attributes_by_policy /opt/stack/neutron/neutron/pecan_wsgi/hooks/policy_enforcement.py:255}}
Jul 22 07:39:27.170683 dv-neutron-801707-1-hyperv neutron-server[100288]: DEBUG neutron_lib.callbacks.manager [None req-d1d3a37c-1629-46ca-8818-b831f46fb97c tempest-PortsAdminExtendedAttrsTestJSON-855112503 tempest-PortsAdminExtendedAttrsTestJSON-855112503-project-admin] Notify callbacks ['neutron.notifiers.nova.Notifier._send_nova_notification-174234'] for port, before_response {{(pid=100288) _notify_loop /usr/local/lib/python3.8/dist-packages/neutron_lib/callbacks/manager.py:192}}
Jul 22 07:39:27.175143 dv-neutron-801707-1-hyperv neutron-server[100288]: INFO neutron.wsgi [None req-d1d3a37c-1629-46ca-8818-b831f46fb97c tempest-PortsAdminExtendedAttrsTestJSON-855112503 tempest-PortsAdminExtendedAttrsTestJSON-855112503-project-admin] 10.222.0.24 "PUT /v2.0/ports/d31f6ff3-9b13-403e-b96f-545575e0ac41 HTTP/1.1" status: 200 len: 976 time: 3.6638324
Jul 22 07:39:27.194241 dv-neutron-801707-1-hyperv neutron-server[100289]: DEBUG neutron.wsgi [-] (100289) accepted ('10.222.0.24', 42566) {{(pid=100289) server /usr/local/lib/python3.8/dist-packages/eventlet/wsgi.py:982}}
