Jan 12 08:34:29.791147 dv-neutron-799625-9-hyperv neutron-server[103252]: DEBUG neutron.api.v2.base [None req-edf108d9-f1da-4ee6-b5bc-e4c8cd166dfb tempest-ExternalNetworksAdminNegativeTestJSON-5103353 tempest-ExternalNetworksAdminNegativeTestJSON-5103353-project-admin] Request body: {'port': {'name': 'tempest-ExternalNetworksAdminNegativeTestJSON-1152024082', 'network_id': '266f1422-8e81-4c38-82a6-5d7e6625fffd', 'fixed_ips': [{'ip_address': '172.26.6.248'}]}} {{(pid=103252) prepare_request_body /opt/stack/neutron/neutron/api/v2/base.py:729}}
Jan 12 08:34:29.808252 dv-neutron-799625-9-hyperv neutron-server[103253]: DEBUG neutron.db.l3_dvrscheduler_db [None req-0180a4a2-f306-4007-960c-7b6835470a11 admin admin] Received port after_create {{(pid=103253) _notify_l3_agent_new_port /opt/stack/neutron/neutron/db/l3_dvrscheduler_db.py:535}}
Jan 12 08:34:29.822739 dv-neutron-799625-9-hyperv neutron-server[103254]: DEBUG neutron.scheduler.dhcp_agent_scheduler [None req-0ef4a4bb-268f-4848-9081-2a34028a7730 None None] Network f138f23e-2763-4f17-a54d-699b464ff116 is already hosted by enough agents. {{(pid=103254) _get_dhcp_agents_hosting_network /opt/stack/neutron/neutron/scheduler/dhcp_agent_scheduler.py:275}}
Jan 12 08:34:29.851173 dv-neutron-799625-9-hyperv neutron-server[103254]: DEBUG neutron.plugins.ml2.plugin [None req-68466de8-ec72-48c3-91cb-de15ae9a068e None None] Current status of the port d896d73c-1cb9-45ae-ad72-514ead5440fe is: ACTIVE; New status is: ACTIVE {{(pid=103254) _update_individual_port_db_status /opt/stack/neutron/neutron/plugins/ml2/plugin.py:2213}}
Jan 12 08:34:29.867946 dv-neutron-799625-9-hyperv neutron-server[103254]: DEBUG neutron.scheduler.base_scheduler [None req-0ef4a4bb-268f-4848-9081-2a34028a7730 None None] Resources bound (agent type, host, resource id): {{(pid=103254) schedule /opt/stack/neutron/neutron/scheduler/base_scheduler.py:57}}
Jan 12 08:34:29.869381 dv-neutron-799625-9-hyperv neutron-server[103254]: DEBUG neutron.db.l3_dvrscheduler_db [None req-0ef4a4bb-268f-4848-9081-2a34028a7730 None None] Received port after_create {{(pid=103254) _notify_l3_agent_new_port /opt/stack/neutron/neutron/db/l3_dvrscheduler_db.py:535}}
Jan 12 08:34:29.872440 dv-neutron-799625-9-hyperv neutron-server[103254]: DEBUG neutron.api.rpc.handlers.resources_rpc [None req-0ef4a4bb-268f-4848-9081-2a34028a7730 None None] Pushing event updated for resources: {'Port': ['ID=e0899a46-340a-4e9d-bd80-749a47877e18,revision_number=1']} {{(pid=103254) push /opt/stack/neutron/neutron/api/rpc/handlers/resources_rpc.py:237}}
Jan 12 08:34:29.880990 dv-neutron-799625-9-hyperv neutron-server[103254]: DEBUG neutron.db.provisioning_blocks [None req-49cce445-3c35-433d-b31c-d4770f5824a4 None None] Provisioning complete for port e112b036-fab2-4083-82a7-570fc8bc7620 triggered by entity DHCP. {{(pid=103254) provisioning_complete /opt/stack/neutron/neutron/db/provisioning_blocks.py:139}}
Jan 12 08:34:29.881389 dv-neutron-799625-9-hyperv neutron-server[103254]: DEBUG neutron_lib.callbacks.manager [None req-49cce445-3c35-433d-b31c-d4770f5824a4 None None] Publish callbacks ['neutron.plugins.ml2.plugin.Ml2Plugin._port_provisioned-980486'] for port (e112b036-fab2-4083-82a7-570fc8bc7620), provisioning_complete {{(pid=103254) _notify_loop /usr/local/lib/python3.8/dist-packages/neutron_lib/callbacks/manager.py:176}}
Jan 12 08:34:29.900359 dv-neutron-799625-9-hyperv neutron-server[103252]: DEBUG neutron.api.rpc.handlers.resources_rpc [None req-460f341b-8902-4b65-8b5a-e647ad919baa tempest-PortsAdminExtendedAttrsTestJSON-1049232745 tempest-PortsAdminExtendedAttrsTestJSON-1049232745-project-admin] Pushing event updated for resources: {'Port': ['ID=f8019979-ce70-4076-bca6-4231d92a2645,revision_number=1']} {{(pid=103252) push /opt/stack/neutron/neutron/api/rpc/handlers/resources_rpc.py:237}}
Jan 12 08:34:29.912586 dv-neutron-799625-9-hyperv neutron-server[103253]: DEBUG neutron.scheduler.dhcp_agent_scheduler [None req-834cf249-4056-4a12-b388-4ddda63e9a73 tempest-FloatingIPAdminTestJSON-1229761363 tempest-FloatingIPAdminTestJSON-1229761363-project] Network 266f1422-8e81-4c38-82a6-5d7e6625fffd is already hosted by enough agents. {{(pid=103253) _get_dhcp_agents_hosting_network /opt/stack/neutron/neutron/scheduler/dhcp_agent_scheduler.py:275}}
Jan 12 08:34:29.916257 dv-neutron-799625-9-hyperv neutron-server[103252]: DEBUG neutron.plugins.ml2.drivers.mech_agent [None req-460f341b-8902-4b65-8b5a-e647ad919baa tempest-PortsAdminExtendedAttrsTestJSON-1049232745 tempest-PortsAdminExtendedAttrsTestJSON-1049232745-project-admin] Checking segment: {'id': '36af31a0-42c4-48bd-b6ca-748f600417ec', 'network_type': 'vlan', 'physical_network': 'physnet1', 'segmentation_id': 171, 'network_id': 'e0b65dcb-dd26-4654-96ac-777776516c3e'} for mappings: {'physnet1': 'br-data'} with network types: ['local', 'flat', 'vlan'] {{(pid=103252) check_segment_for_agent /opt/stack/neutron/neutron/plugins/ml2/drivers/mech_agent.py:371}}
Jan 12 08:34:29.916510 dv-neutron-799625-9-hyperv neutron-server[103252]: DEBUG neutron.scheduler.dhcp_agent_scheduler [None req-460f341b-8902-4b65-8b5a-e647ad919baa tempest-PortsAdminExtendedAttrsTestJSON-1049232745 tempest-PortsAdminExtendedAttrsTestJSON-1049232745-project-admin] Network hostable DHCP agents. Network: e0b65dcb-dd26-4654-96ac-777776516c3e, hostable agents: ['216955e5-f93f-4fa5-971e-bd600a7b954d'], hosted agents: [] {{(pid=103252) _get_network_hostable_dhcp_agents /opt/stack/neutron/neutron/scheduler/dhcp_agent_scheduler.py:329}}
Jan 12 08:34:29.919905 dv-neutron-799625-9-hyperv neutron-server[103252]: DEBUG neutron_lib.callbacks.manager [None req-13efbac6-7248-43fb-9af9-37671a218269 admin admin] Publish callbacks ['neutron.services.l3_router.l3_router_plugin.L3_HA_NAT_db_mixin._after_router_create-16283540', 'neutron.services.l3_router.l3_router_plugin.DVRResourceOperationHandler._create_snat_interfaces_after_change-16278290'] for router (58015e17-3ed4-42ec-8d30-c13a62231863), after_create {{(pid=103252) _notify_loop /usr/local/lib/python3.8/dist-packages/neutron_lib/callbacks/manager.py:176}}
Jan 12 08:34:29.927662 dv-neutron-799625-9-hyperv neutron-server[103252]: DEBUG neutron.pecan_wsgi.hooks.quota_enforcement [None req-edf108d9-f1da-4ee6-b5bc-e4c8cd166dfb tempest-ExternalNetworksAdminNegativeTestJSON-5103353 tempest-ExternalNetworksAdminNegativeTestJSON-5103353-project-admin] Made reservation on behalf of ad879276c1d04117bc24aa66bd0cfdce for: {'port': 1} {{(pid=103252) before /opt/stack/neutron/neutron/pecan_wsgi/hooks/quota_enforcement.py:53}}
Jan 12 08:34:29.930622 dv-neutron-799625-9-hyperv neutron-server[103252]: DEBUG neutron_lib.callbacks.manager [None req-edf108d9-f1da-4ee6-b5bc-e4c8cd166dfb tempest-ExternalNetworksAdminNegativeTestJSON-5103353 tempest-ExternalNetworksAdminNegativeTestJSON-5103353-project-admin] Publish callbacks ['neutron.plugins.ml2.plugin.SecurityGroupDbMixin._ensure_default_security_group_handler-983211'] for port (None), before_create {{(pid=103252) _notify_loop /usr/local/lib/python3.8/dist-packages/neutron_lib/callbacks/manager.py:176}}
Jan 12 08:34:29.959766 dv-neutron-799625-9-hyperv neutron-server[103253]: DEBUG neutron_lib.callbacks.manager [None req-8c7744a5-f616-48a2-8375-d5c249c3e5ab tempest-MeteringIpV6TestJSON-587253212 tempest-MeteringIpV6TestJSON-587253212-project-admin] Publish callbacks [] for metering_label (None), before_response {{(pid=103253) _notify_loop /usr/local/lib/python3.8/dist-packages/neutron_lib/callbacks/manager.py:176}}
Jan 12 08:34:29.964839 dv-neutron-799625-9-hyperv neutron-server[103253]: INFO neutron.wsgi [None req-8c7744a5-f616-48a2-8375-d5c249c3e5ab tempest-MeteringIpV6TestJSON-587253212 tempest-MeteringIpV6TestJSON-587253212-project-admin] 10.222.0.35 "DELETE /v2.0/metering/metering-labels/f9b6cb96-7981-4940-8498-e93502cf9801 HTTP/1.1" status: 204 len: 168 time: 1.0406189
Jan 12 08:34:29.964839 dv-neutron-799625-9-hyperv neutron-server[103253]: DEBUG neutron.scheduler.base_scheduler [None req-834cf249-4056-4a12-b388-4ddda63e9a73 tempest-FloatingIPAdminTestJSON-1229761363 tempest-FloatingIPAdminTestJSON-1229761363-project] Resources bound (agent type, host, resource id): {{(pid=103253) schedule /opt/stack/neutron/neutron/scheduler/base_scheduler.py:57}}
Jan 12 08:34:29.967915 dv-neutron-799625-9-hyperv neutron-server[103253]: DEBUG neutron.wsgi [-] (103253) accepted ('10.222.0.35', 59260) {{(pid=103253) server /usr/local/lib/python3.8/dist-packages/eventlet/wsgi.py:1004}}
Jan 12 08:34:29.978827 dv-neutron-799625-9-hyperv neutron-server[103252]: DEBUG neutron_lib.callbacks.manager [None req-edf108d9-f1da-4ee6-b5bc-e4c8cd166dfb tempest-ExternalNetworksAdminNegativeTestJSON-5103353 tempest-ExternalNetworksAdminNegativeTestJSON-5103353-project-admin] Publish callbacks [] for security_group (None), before_create {{(pid=103252) _notify_loop /usr/local/lib/python3.8/dist-packages/neutron_lib/callbacks/manager.py:176}}
Jan 12 08:34:29.985554 dv-neutron-799625-9-hyperv neutron-server[103253]: DEBUG neutron.db.l3_dvrscheduler_db [None req-834cf249-4056-4a12-b388-4ddda63e9a73 tempest-FloatingIPAdminTestJSON-1229761363 tempest-FloatingIPAdminTestJSON-1229761363-project] Received port after_create {{(pid=103253) _notify_l3_agent_new_port /opt/stack/neutron/neutron/db/l3_dvrscheduler_db.py:535}}
Jan 12 08:34:29.990044 dv-neutron-799625-9-hyperv neutron-server[103253]: DEBUG neutron.db.db_base_plugin_common [None req-af3bc2ac-6c84-42ca-a243-6c5ff012286c admin admin] Allocated IP 172.26.6.73 (266f1422-8e81-4c38-82a6-5d7e6625fffd/4c90c293-dc0d-4a8a-8afc-a571bc0e77b1/7668d8df-fcfe-4fc8-85d0-c9a6643ec303) {{(pid=103253) _store_ip_allocation /opt/stack/neutron/neutron/db/db_base_plugin_common.py:131}}
Jan 12 08:34:29.994580 dv-neutron-799625-9-hyperv neutron-server[103252]: DEBUG neutron.scheduler.dhcp_agent_scheduler [None req-460f341b-8902-4b65-8b5a-e647ad919baa tempest-PortsAdminExtendedAttrsTestJSON-1049232745 tempest-PortsAdminExtendedAttrsTestJSON-1049232745-project-admin] Network e0b65dcb-dd26-4654-96ac-777776516c3e is scheduled to be hosted by DHCP agent 216955e5-f93f-4fa5-971e-bd600a7b954d with binding_index 1 {{(pid=103252) bind /opt/stack/neutron/neutron/scheduler/dhcp_agent_scheduler.py:227}}
Jan 12 08:34:30.008086 dv-neutron-799625-9-hyperv neutron-server[103254]: DEBUG neutron.plugins.ml2.managers [None req-0ef4a4bb-268f-4848-9081-2a34028a7730 None None] Attempting to bind port e0899a46-340a-4e9d-bd80-749a47877e18 on host dv-neutron-799625-9-hyperv for vnic_type normal with profile {{(pid=103254) bind_port /opt/stack/neutron/neutron/plugins/ml2/managers.py:795}}
Jan 12 08:34:30.008500 dv-neutron-799625-9-hyperv neutron-server[103254]: DEBUG neutron.plugins.ml2.managers [None req-0ef4a4bb-268f-4848-9081-2a34028a7730 None None] Attempting to bind port e0899a46-340a-4e9d-bd80-749a47877e18 by drivers openvswitch,hyperv on host dv-neutron-799625-9-hyperv at level 0 using segments [{'id': 'f86b3de3-b807-4111-a306-09000d74bb56', 'network_type': 'vlan', 'physical_network': 'physnet1', 'segmentation_id': 154, 'network_id': 'f138f23e-2763-4f17-a54d-699b464ff116'}] {{(pid=103254) _bind_port_level /opt/stack/neutron/neutron/plugins/ml2/managers.py:820}}
Jan 12 08:34:30.010536 dv-neutron-799625-9-hyperv neutron-server[103254]: DEBUG neutron.plugins.ml2.drivers.mech_agent [None req-0ef4a4bb-268f-4848-9081-2a34028a7730 None None] Attempting to bind port e0899a46-340a-4e9d-bd80-749a47877e18 on network f138f23e-2763-4f17-a54d-699b464ff116 {{(pid=103254) bind_port /opt/stack/neutron/neutron/plugins/ml2/drivers/mech_agent.py:91}}
Jan 12 08:34:30.010663 dv-neutron-799625-9-hyperv neutron-server[103253]: DEBUG neutron.api.rpc.handlers.resources_rpc [None req-834cf249-4056-4a12-b388-4ddda63e9a73 tempest-FloatingIPAdminTestJSON-1229761363 tempest-FloatingIPAdminTestJSON-1229761363-project] Pushing event updated for resources: {'Port': ['ID=09556553-f0d4-4e8d-b22d-15a89dc15b25,revision_number=1']} {{(pid=103253) push /opt/stack/neutron/neutron/api/rpc/handlers/resources_rpc.py:237}}
Jan 12 08:34:30.020174 dv-neutron-799625-9-hyperv neutron-server[103254]: DEBUG neutron.plugins.ml2.drivers.mech_agent [None req-0ef4a4bb-268f-4848-9081-2a34028a7730 None None] Checking agent: {'id': '785f0b2d-3a8b-44bd-80d4-d2d027ca9b60', 'agent_type': 'Open vSwitch agent', 'binary': 'neutron-openvswitch-agent', 'topic': 'N/A', 'host': 'dv-neutron-799625-9-hyperv', 'admin_state_up': True, 'created_at': datetime.datetime(2022, 1, 12, 8, 27, 14), 'started_at': datetime.datetime(2022, 1, 12, 8, 27, 44), 'heartbeat_timestamp': datetime.datetime(2022, 1, 12, 8, 34, 14), 'description': None, 'resources_synced': None, 'availability_zone': None, 'alive': True, 'configurations': {'arp_responder_enabled': False, 'baremetal_smartnic': False, 'bridge_mappings': {'physnet1': 'br-data'}, 'datapath_type': 'system', 'devices': 0, 'enable_distributed_routing': False, 'extensions': [], 'in_distributed_mode': False, 'integration_bridge': 'br-int', 'l2_population': False, 'log_agent_heartbeats': False, 'ovs_capabilities': {'datapath_types': ['netdev', 'system'], 'iface_types': ['erspan', 'geneve', 'gre', 'internal', 'ip6erspan', 'ip6gre', 'lisp', 'patch', 'stt', 'system', 'tap', 'vxlan']}, 'ovs_hybrid_plug': False, 'resource_provider_bandwidths': {}, 'resource_provider_hypervisors': {'br-data': 'dv-neutron-799625-9-hyperv'}, 'resource_provider_inventory_defaults': {'allocation_ratio': 1.0, 'min_unit': 1, 'step_size': 1, 'reserved': 0}, 'resource_provider_packet_processing_inventory_defaults': {'allocation_ratio': 1.0, 'min_unit': 1, 'step_size': 1, 'reserved': 0}, 'resource_provider_packet_processing_with_direction': {}, 'resource_provider_packet_processing_without_direction': {}, 'tunnel_types': [], 'tunneling_ip': None, 'vhostuser_socket_dir': '/var/run/openvswitch'}, 'resource_versions': {'AddressGroup': '1.2', 'ConntrackHelper': '1.0', 'LocalIPAssociation': '1.0', 'Log': '1.0', 'Network': '1.1', 'Port': '1.7', 'PortForwarding': '1.2', 'QosPolicy': '1.10', 'SecurityGroup': '1.5', 'SecurityGroupRule': '1.2', 'SubPort': '1.0', 'Subnet': '1.1', 'Trunk': '1.1'}} {{(pid=103254) bind_port /opt/stack/neutron/neutron/plugins/ml2/drivers/mech_agent.py:110}}
Jan 12 08:34:30.020600 dv-neutron-799625-9-hyperv neutron-server[103254]: DEBUG neutron.plugins.ml2.drivers.mech_agent [None req-0ef4a4bb-268f-4848-9081-2a34028a7730 None None] Checking segment: {'id': 'f86b3de3-b807-4111-a306-09000d74bb56', 'network_type': 'vlan', 'physical_network': 'physnet1', 'segmentation_id': 154, 'network_id': 'f138f23e-2763-4f17-a54d-699b464ff116'} for mappings: {'physnet1': 'br-data'} with network types: ['local', 'flat', 'vlan'] {{(pid=103254) check_segment_for_agent /opt/stack/neutron/neutron/plugins/ml2/drivers/mech_agent.py:371}}
Jan 12 08:34:30.021122 dv-neutron-799625-9-hyperv neutron-server[103254]: DEBUG neutron_lib.callbacks.manager [None req-0ef4a4bb-268f-4848-9081-2a34028a7730 None None] Publish callbacks [] for ovs_bridge_name (None), before_read {{(pid=103254) _notify_loop /usr/local/lib/python3.8/dist-packages/neutron_lib/callbacks/manager.py:176}}
Jan 12 08:34:30.021529 dv-neutron-799625-9-hyperv neutron-server[103254]: DEBUG neutron.plugins.ml2.drivers.mech_agent [None req-0ef4a4bb-268f-4848-9081-2a34028a7730 None None] Bound using segment: {'id': 'f86b3de3-b807-4111-a306-09000d74bb56', 'network_type': 'vlan', 'physical_network': 'physnet1', 'segmentation_id': 154, 'network_id': 'f138f23e-2763-4f17-a54d-699b464ff116'} {{(pid=103254) bind_port /opt/stack/neutron/neutron/plugins/ml2/drivers/mech_agent.py:120}}
Jan 12 08:34:30.022091 dv-neutron-799625-9-hyperv neutron-server[103254]: DEBUG neutron.plugins.ml2.managers [None req-0ef4a4bb-268f-4848-9081-2a34028a7730 None None] Bound port: e0899a46-340a-4e9d-bd80-749a47877e18, host: dv-neutron-799625-9-hyperv, vif_type: ovs, vif_details: {"connectivity": "l2", "port_filter": true, "ovs_hybrid_plug": false, "datapath_type": "system", "bridge_name": "br-int"}, binding_levels: [{'bound_driver': 'openvswitch', 'bound_segment': {'id': 'f86b3de3-b807-4111-a306-09000d74bb56', 'network_type': 'vlan', 'physical_network': 'physnet1', 'segmentation_id': 154, 'network_id': 'f138f23e-2763-4f17-a54d-699b464ff116'}}] {{(pid=103254) _bind_port_level /opt/stack/neutron/neutron/plugins/ml2/managers.py:932}}
Jan 12 08:34:30.022577 dv-neutron-799625-9-hyperv neutron-server[103254]: DEBUG neutron_lib.callbacks.manager [None req-0ef4a4bb-268f-4848-9081-2a34028a7730 None None] Publish callbacks ['neutron.plugins.ml2.plugin.SecurityGroupDbMixin._ensure_default_security_group_handler-983211'] for port (e0899a46-340a-4e9d-bd80-749a47877e18), before_update {{(pid=103254) _notify_loop /usr/local/lib/python3.8/dist-packages/neutron_lib/callbacks/manager.py:176}}
Jan 12 08:34:30.038590 dv-neutron-799625-9-hyperv neutron-server[103253]: DEBUG neutron.pecan_wsgi.hooks.quota_enforcement [None req-711183dc-3420-4ebf-8fbc-33c736570b9c tempest-DHCPAgentSchedulersTestJSON-2128045049 tempest-DHCPAgentSchedulersTestJSON-2128045049-project] Made reservation on behalf of 2a5128854d2940e588b9ee5f2b02faff for: {'port': 1} {{(pid=103253) before /opt/stack/neutron/neutron/pecan_wsgi/hooks/quota_enforcement.py:53}}
Jan 12 08:34:30.066715 dv-neutron-799625-9-hyperv neutron-server[103253]: DEBUG neutron_lib.callbacks.manager [None req-711183dc-3420-4ebf-8fbc-33c736570b9c tempest-DHCPAgentSchedulersTestJSON-2128045049 tempest-DHCPAgentSchedulersTestJSON-2128045049-project] Publish callbacks ['neutron.plugins.ml2.plugin.SecurityGroupDbMixin._ensure_default_security_group_handler-983211'] for port (None), before_create {{(pid=103253) _notify_loop /usr/local/lib/python3.8/dist-packages/neutron_lib/callbacks/manager.py:176}}
Jan 12 08:34:30.069600 dv-neutron-799625-9-hyperv neutron-server[103252]: DEBUG neutron.scheduler.base_scheduler [None req-460f341b-8902-4b65-8b5a-e647ad919baa tempest-PortsAdminExtendedAttrsTestJSON-1049232745 tempest-PortsAdminExtendedAttrsTestJSON-1049232745-project-admin] Resources bound (agent type, host, resource id): (DHCP agent, dv-neutron-799625-9-hyperv, e0b65dcb-dd26-4654-96ac-777776516c3e) {{(pid=103252) schedule /opt/stack/neutron/neutron/scheduler/base_scheduler.py:57}}
Jan 12 08:34:30.083930 dv-neutron-799625-9-hyperv neutron-server[103252]: DEBUG neutron.db.l3_dvrscheduler_db [None req-460f341b-8902-4b65-8b5a-e647ad919baa tempest-PortsAdminExtendedAttrsTestJSON-1049232745 tempest-PortsAdminExtendedAttrsTestJSON-1049232745-project-admin] Received port after_create {{(pid=103252) _notify_l3_agent_new_port /opt/stack/neutron/neutron/db/l3_dvrscheduler_db.py:535}}
Jan 12 08:34:30.090734 dv-neutron-799625-9-hyperv neutron-server[103254]: DEBUG neutron.api.rpc.handlers.dhcp_rpc [None req-252bfca0-de1c-4a94-aad5-9a323fc1f127 None None] Network e0b65dcb-dd26-4654-96ac-777776516c3e requested from dv-neutron-799625-9-hyperv {{(pid=103254) get_network_info /opt/stack/neutron/neutron/api/rpc/handlers/dhcp_rpc.py:219}}
Jan 12 08:34:30.099921 dv-neutron-799625-9-hyperv neutron-server[103253]: INFO neutron.wsgi [None req-b3095a4d-f3ee-4ced-a9ec-05076d21e389 tempest-MeteringIpV6TestJSON-587253212 tempest-MeteringIpV6TestJSON-587253212-project-admin] 10.222.0.35 "GET /v2.0/metering/metering-labels?id=f9b6cb96-7981-4940-8498-e93502cf9801 HTTP/1.1" status: 200 len: 216 time: 0.1231883
Jan 12 08:34:30.101674 dv-neutron-799625-9-hyperv neutron-server[103252]: DEBUG neutron.wsgi [-] (103252) accepted ('10.222.0.35', 59262) {{(pid=103252) server /usr/local/lib/python3.8/dist-packages/eventlet/wsgi.py:1004}}
Jan 12 08:34:30.140479 dv-neutron-799625-9-hyperv neutron-server[103252]: INFO neutron.wsgi [None req-b7a0c455-ddb8-4f72-99cb-930341a6caae tempest-MeteringIpV6TestJSON-587253212 tempest-MeteringIpV6TestJSON-587253212-project-admin] 10.222.0.35 "GET /v2.0/metering/metering-label-rules?id=33 HTTP/1.1" status: 200 len: 221 time: 0.0298223
Jan 12 08:34:30.140479 dv-neutron-799625-9-hyperv neutron-server[103252]: DEBUG neutron.plugins.ml2.managers [None req-460f341b-8902-4b65-8b5a-e647ad919baa tempest-PortsAdminExtendedAttrsTestJSON-1049232745 tempest-PortsAdminExtendedAttrsTestJSON-1049232745-project-admin] Attempting to bind port f8019979-ce70-4076-bca6-4231d92a2645 on host hv-neutron-7996 for vnic_type normal with profile {{(pid=103252) bind_port /opt/stack/neutron/neutron/plugins/ml2/managers.py:795}}
Jan 12 08:34:30.140479 dv-neutron-799625-9-hyperv neutron-server[103252]: DEBUG neutron.plugins.ml2.managers [None req-460f341b-8902-4b65-8b5a-e647ad919baa tempest-PortsAdminExtendedAttrsTestJSON-1049232745 tempest-PortsAdminExtendedAttrsTestJSON-1049232745-project-admin] Attempting to bind port f8019979-ce70-4076-bca6-4231d92a2645 by drivers openvswitch,hyperv on host hv-neutron-7996 at level 0 using segments [{'id': '36af31a0-42c4-48bd-b6ca-748f600417ec', 'network_type': 'vlan', 'physical_network': 'physnet1', 'segmentation_id': 171, 'network_id': 'e0b65dcb-dd26-4654-96ac-777776516c3e'}] {{(pid=103252) _bind_port_level /opt/stack/neutron/neutron/plugins/ml2/managers.py:820}}
Jan 12 08:34:30.140479 dv-neutron-799625-9-hyperv neutron-server[103252]: DEBUG neutron.plugins.ml2.drivers.mech_agent [None req-460f341b-8902-4b65-8b5a-e647ad919baa tempest-PortsAdminExtendedAttrsTestJSON-1049232745 tempest-PortsAdminExtendedAttrsTestJSON-1049232745-project-admin] Attempting to bind port f8019979-ce70-4076-bca6-4231d92a2645 on network e0b65dcb-dd26-4654-96ac-777776516c3e {{(pid=103252) bind_port /opt/stack/neutron/neutron/plugins/ml2/drivers/mech_agent.py:91}}
Jan 12 08:34:30.144344 dv-neutron-799625-9-hyperv neutron-server[103252]: DEBUG neutron.wsgi [-] (103252) accepted ('10.222.0.35', 59264) {{(pid=103252) server /usr/local/lib/python3.8/dist-packages/eventlet/wsgi.py:1004}}
Jan 12 08:34:30.169457 dv-neutron-799625-9-hyperv neutron-server[103252]: DEBUG neutron.plugins.ml2.drivers.mech_agent [None req-460f341b-8902-4b65-8b5a-e647ad919baa tempest-PortsAdminExtendedAttrsTestJSON-1049232745 tempest-PortsAdminExtendedAttrsTestJSON-1049232745-project-admin] Port f8019979-ce70-4076-bca6-4231d92a2645 on network e0b65dcb-dd26-4654-96ac-777776516c3e not bound, no agent of type Open vSwitch agent registered on host hv-neutron-7996 {{(pid=103252) bind_port /opt/stack/neutron/neutron/plugins/ml2/drivers/mech_agent.py:103}}
Jan 12 08:34:30.170301 dv-neutron-799625-9-hyperv neutron-server[103252]: ERROR neutron.plugins.ml2.managers [None req-460f341b-8902-4b65-8b5a-e647ad919baa tempest-PortsAdminExtendedAttrsTestJSON-1049232745 tempest-PortsAdminExtendedAttrsTestJSON-1049232745-project-admin] Failed to bind port f8019979-ce70-4076-bca6-4231d92a2645 on host hv-neutron-7996 for vnic_type normal using segments [{'id': '36af31a0-42c4-48bd-b6ca-748f600417ec', 'network_type': 'vlan', 'physical_network': 'physnet1', 'segmentation_id': 171, 'network_id': 'e0b65dcb-dd26-4654-96ac-777776516c3e'}]
Jan 12 08:34:30.179832 dv-neutron-799625-9-hyperv neutron-server[103252]: INFO neutron.plugins.ml2.plugin [None req-460f341b-8902-4b65-8b5a-e647ad919baa tempest-PortsAdminExtendedAttrsTestJSON-1049232745 tempest-PortsAdminExtendedAttrsTestJSON-1049232745-project-admin] Attempt 2 to bind port f8019979-ce70-4076-bca6-4231d92a2645
Jan 12 08:34:30.186247 dv-neutron-799625-9-hyperv neutron-server[103252]: INFO neutron.wsgi [None req-ba05a7e0-c434-41db-8e1c-d1a32cf35fb2 tempest-MeteringIpV6TestJSON-587253212 tempest-MeteringIpV6TestJSON-587253212-project-admin] 10.222.0.35 "GET /v2.0/metering/metering-labels?id=33 HTTP/1.1" status: 200 len: 216 time: 0.0375683
Jan 12 08:34:30.194504 dv-neutron-799625-9-hyperv neutron-server[103253]: DEBUG neutron.wsgi [-] (103253) accepted ('10.222.0.35', 59266) {{(pid=103253) server /usr/local/lib/python3.8/dist-packages/eventlet/wsgi.py:1004}}
Jan 12 08:34:30.199027 dv-neutron-799625-9-hyperv neutron-server[103253]: DEBUG neutron.notifiers.nova [None req-711183dc-3420-4ebf-8fbc-33c736570b9c tempest-DHCPAgentSchedulersTestJSON-2128045049 tempest-DHCPAgentSchedulersTestJSON-2128045049-project] device_id is not set on port b851f657-4621-426c-9317-607ef9a68a20 yet. {{(pid=103253) _can_notify /opt/stack/neutron/neutron/notifiers/nova.py:190}}
Jan 12 08:34:30.218201 dv-neutron-799625-9-hyperv neutron-server[103252]: DEBUG neutron.plugins.ml2.managers [None req-460f341b-8902-4b65-8b5a-e647ad919baa tempest-PortsAdminExtendedAttrsTestJSON-1049232745 tempest-PortsAdminExtendedAttrsTestJSON-1049232745-project-admin] Attempting to bind port f8019979-ce70-4076-bca6-4231d92a2645 on host hv-neutron-7996 for vnic_type normal with profile {{(pid=103252) bind_port /opt/stack/neutron/neutron/plugins/ml2/managers.py:795}}
Jan 12 08:34:30.218531 dv-neutron-799625-9-hyperv neutron-server[103252]: DEBUG neutron.plugins.ml2.managers [None req-460f341b-8902-4b65-8b5a-e647ad919baa tempest-PortsAdminExtendedAttrsTestJSON-1049232745 tempest-PortsAdminExtendedAttrsTestJSON-1049232745-project-admin] Attempting to bind port f8019979-ce70-4076-bca6-4231d92a2645 by drivers openvswitch,hyperv on host hv-neutron-7996 at level 0 using segments [{'id': '36af31a0-42c4-48bd-b6ca-748f600417ec', 'network_type': 'vlan', 'physical_network': 'physnet1', 'segmentation_id': 171, 'network_id': 'e0b65dcb-dd26-4654-96ac-777776516c3e'}] {{(pid=103252) _bind_port_level /opt/stack/neutron/neutron/plugins/ml2/managers.py:820}}
Jan 12 08:34:30.218864 dv-neutron-799625-9-hyperv neutron-server[103252]: DEBUG neutron.plugins.ml2.drivers.mech_agent [None req-460f341b-8902-4b65-8b5a-e647ad919baa tempest-PortsAdminExtendedAttrsTestJSON-1049232745 tempest-PortsAdminExtendedAttrsTestJSON-1049232745-project-admin] Attempting to bind port f8019979-ce70-4076-bca6-4231d92a2645 on network e0b65dcb-dd26-4654-96ac-777776516c3e {{(pid=103252) bind_port /opt/stack/neutron/neutron/plugins/ml2/drivers/mech_agent.py:91}}
Jan 12 08:34:30.234607 dv-neutron-799625-9-hyperv neutron-server[103252]: DEBUG neutron_lib.callbacks.manager [None req-edf108d9-f1da-4ee6-b5bc-e4c8cd166dfb tempest-ExternalNetworksAdminNegativeTestJSON-5103353 tempest-ExternalNetworksAdminNegativeTestJSON-5103353-project-admin] Publish callbacks [] for security_group (98831d80-8590-4d28-847b-17fe448c22be), precommit_create {{(pid=103252) _notify_loop /usr/local/lib/python3.8/dist-packages/neutron_lib/callbacks/manager.py:176}}
Jan 12 08:34:30.240865 dv-neutron-799625-9-hyperv neutron-server[103252]: DEBUG neutron.plugins.ml2.drivers.mech_agent [None req-460f341b-8902-4b65-8b5a-e647ad919baa tempest-PortsAdminExtendedAttrsTestJSON-1049232745 tempest-PortsAdminExtendedAttrsTestJSON-1049232745-project-admin] Port f8019979-ce70-4076-bca6-4231d92a2645 on network e0b65dcb-dd26-4654-96ac-777776516c3e not bound, no agent of type Open vSwitch agent registered on host hv-neutron-7996 {{(pid=103252) bind_port /opt/stack/neutron/neutron/plugins/ml2/drivers/mech_agent.py:103}}
Jan 12 08:34:30.241464 dv-neutron-799625-9-hyperv neutron-server[103252]: ERROR neutron.plugins.ml2.managers [None req-460f341b-8902-4b65-8b5a-e647ad919baa tempest-PortsAdminExtendedAttrsTestJSON-1049232745 tempest-PortsAdminExtendedAttrsTestJSON-1049232745-project-admin] Failed to bind port f8019979-ce70-4076-bca6-4231d92a2645 on host hv-neutron-7996 for vnic_type normal using segments [{'id': '36af31a0-42c4-48bd-b6ca-748f600417ec', 'network_type': 'vlan', 'physical_network': 'physnet1', 'segmentation_id': 171, 'network_id': 'e0b65dcb-dd26-4654-96ac-777776516c3e'}]
Jan 12 08:34:30.246438 dv-neutron-799625-9-hyperv neutron-server[103252]: INFO neutron.plugins.ml2.plugin [None req-460f341b-8902-4b65-8b5a-e647ad919baa tempest-PortsAdminExtendedAttrsTestJSON-1049232745 tempest-PortsAdminExtendedAttrsTestJSON-1049232745-project-admin] Attempt 3 to bind port f8019979-ce70-4076-bca6-4231d92a2645
Jan 12 08:34:30.251397 dv-neutron-799625-9-hyperv neutron-server[103252]: DEBUG neutron_lib.callbacks.manager [None req-edf108d9-f1da-4ee6-b5bc-e4c8cd166dfb tempest-ExternalNetworksAdminNegativeTestJSON-5103353 tempest-ExternalNetworksAdminNegativeTestJSON-5103353-project-admin] Publish callbacks ['neutron.plugins.ml2.ovo_rpc._ObjectChangeHandler.handle_event-16697412'] for security_group (98831d80-8590-4d28-847b-17fe448c22be), after_create {{(pid=103252) _notify_loop /usr/local/lib/python3.8/dist-packages/neutron_lib/callbacks/manager.py:176}}
Jan 12 08:34:30.269437 dv-neutron-799625-9-hyperv neutron-server[103252]: DEBUG neutron.notifiers.nova [None req-edf108d9-f1da-4ee6-b5bc-e4c8cd166dfb tempest-ExternalNetworksAdminNegativeTestJSON-5103353 tempest-ExternalNetworksAdminNegativeTestJSON-5103353-project-admin] device_id is not set on port d77ba695-256c-4ac3-a180-d4d090f8a383 yet. {{(pid=103252) _can_notify /opt/stack/neutron/neutron/notifiers/nova.py:190}}
Jan 12 08:34:30.289943 dv-neutron-799625-9-hyperv neutron-server[103252]: DEBUG neutron.plugins.ml2.managers [None req-460f341b-8902-4b65-8b5a-e647ad919baa tempest-PortsAdminExtendedAttrsTestJSON-1049232745 tempest-PortsAdminExtendedAttrsTestJSON-1049232745-project-admin] Attempting to bind port f8019979-ce70-4076-bca6-4231d92a2645 on host hv-neutron-7996 for vnic_type normal with profile {{(pid=103252) bind_port /opt/stack/neutron/neutron/plugins/ml2/managers.py:795}}
Jan 12 08:34:30.290441 dv-neutron-799625-9-hyperv neutron-server[103252]: DEBUG neutron.plugins.ml2.managers [None req-460f341b-8902-4b65-8b5a-e647ad919baa tempest-PortsAdminExtendedAttrsTestJSON-1049232745 tempest-PortsAdminExtendedAttrsTestJSON-1049232745-project-admin] Attempting to bind port f8019979-ce70-4076-bca6-4231d92a2645 by drivers openvswitch,hyperv on host hv-neutron-7996 at level 0 using segments [{'id': '36af31a0-42c4-48bd-b6ca-748f600417ec', 'network_type': 'vlan', 'physical_network': 'physnet1', 'segmentation_id': 171, 'network_id': 'e0b65dcb-dd26-4654-96ac-777776516c3e'}] {{(pid=103252) _bind_port_level /opt/stack/neutron/neutron/plugins/ml2/managers.py:820}}
Jan 12 08:34:30.290781 dv-neutron-799625-9-hyperv neutron-server[103252]: DEBUG neutron.plugins.ml2.drivers.mech_agent [None req-460f341b-8902-4b65-8b5a-e647ad919baa tempest-PortsAdminExtendedAttrsTestJSON-1049232745 tempest-PortsAdminExtendedAttrsTestJSON-1049232745-project-admin] Attempting to bind port f8019979-ce70-4076-bca6-4231d92a2645 on network e0b65dcb-dd26-4654-96ac-777776516c3e {{(pid=103252) bind_port /opt/stack/neutron/neutron/plugins/ml2/drivers/mech_agent.py:91}}
Jan 12 08:34:30.361100 dv-neutron-799625-9-hyperv neutron-server[103252]: DEBUG neutron.scheduler.l3_agent_scheduler [None req-13efbac6-7248-43fb-9af9-37671a218269 admin admin] Router 58015e17-3ed4-42ec-8d30-c13a62231863 is scheduled to L3 agent b83b7edb-a23c-4c93-81a5-98addfaa8077 with binding_index 1 {{(pid=103252) bind_router /opt/stack/neutron/neutron/scheduler/l3_agent_scheduler.py:209}}
Jan 12 08:34:30.361275 dv-neutron-799625-9-hyperv neutron-server[103254]: DEBUG neutron.plugins.ml2.plugin [None req-49cce445-3c35-433d-b31c-d4770f5824a4 None None] Current status of the port e112b036-fab2-4083-82a7-570fc8bc7620 is: DOWN; New status is: ACTIVE {{(pid=103254) _update_individual_port_db_status /opt/stack/neutron/neutron/plugins/ml2/plugin.py:2213}}
Jan 12 08:34:30.361513 dv-neutron-799625-9-hyperv neutron-server[103254]: DEBUG neutron_lib.callbacks.manager [None req-49cce445-3c35-433d-b31c-d4770f5824a4 None None] Publish callbacks ['neutron.plugins.ml2.plugin.SecurityGroupDbMixin._ensure_default_security_group_handler-983211'] for port (e112b036-fab2-4083-82a7-570fc8bc7620), before_update {{(pid=103254) _notify_loop /usr/local/lib/python3.8/dist-packages/neutron_lib/callbacks/manager.py:176}}
Jan 12 08:34:30.370262 dv-neutron-799625-9-hyperv neutron-server[103252]: DEBUG neutron.plugins.ml2.drivers.mech_agent [None req-460f341b-8902-4b65-8b5a-e647ad919baa tempest-PortsAdminExtendedAttrsTestJSON-1049232745 tempest-PortsAdminExtendedAttrsTestJSON-1049232745-project-admin] Port f8019979-ce70-4076-bca6-4231d92a2645 on network e0b65dcb-dd26-4654-96ac-777776516c3e not bound, no agent of type Open vSwitch agent registered on host hv-neutron-7996 {{(pid=103252) bind_port /opt/stack/neutron/neutron/plugins/ml2/drivers/mech_agent.py:103}}
Jan 12 08:34:30.370588 dv-neutron-799625-9-hyperv neutron-server[103252]: ERROR neutron.plugins.ml2.managers [None req-460f341b-8902-4b65-8b5a-e647ad919baa tempest-PortsAdminExtendedAttrsTestJSON-1049232745 tempest-PortsAdminExtendedAttrsTestJSON-1049232745-project-admin] Failed to bind port f8019979-ce70-4076-bca6-4231d92a2645 on host hv-neutron-7996 for vnic_type normal using segments [{'id': '36af31a0-42c4-48bd-b6ca-748f600417ec', 'network_type': 'vlan', 'physical_network': 'physnet1', 'segmentation_id': 171, 'network_id': 'e0b65dcb-dd26-4654-96ac-777776516c3e'}]
Jan 12 08:34:30.377375 dv-neutron-799625-9-hyperv neutron-server[103252]: INFO neutron.plugins.ml2.plugin [None req-460f341b-8902-4b65-8b5a-e647ad919baa tempest-PortsAdminExtendedAttrsTestJSON-1049232745 tempest-PortsAdminExtendedAttrsTestJSON-1049232745-project-admin] Attempt 4 to bind port f8019979-ce70-4076-bca6-4231d92a2645
Jan 12 08:34:30.379425 dv-neutron-799625-9-hyperv neutron-server[103254]: DEBUG neutron.plugins.ml2.db [None req-0ef4a4bb-268f-4848-9081-2a34028a7730 None None] For port e0899a46-340a-4e9d-bd80-749a47877e18, host dv-neutron-799625-9-hyperv, cleared binding levels {{(pid=103254) clear_binding_levels /opt/stack/neutron/neutron/plugins/ml2/db.py:87}}
Jan 12 08:34:30.389021 dv-neutron-799625-9-hyperv neutron-server[103252]: DEBUG neutron.api.rpc.handlers.resources_rpc [None req-edf108d9-f1da-4ee6-b5bc-e4c8cd166dfb tempest-ExternalNetworksAdminNegativeTestJSON-5103353 tempest-ExternalNetworksAdminNegativeTestJSON-5103353-project-admin] Pushing event updated for resources: {'SecurityGroup': ['ID=98831d80-8590-4d28-847b-17fe448c22be,revision_number=1']} {{(pid=103252) push /opt/stack/neutron/neutron/api/rpc/handlers/resources_rpc.py:237}}
Jan 12 08:34:30.407005 dv-neutron-799625-9-hyperv neutron-server[103253]: INFO neutron.wsgi [None req-8ca7f642-4335-4f3c-8d06-3b7c8b65ce37 tempest-MeteringIpV6TestJSON-587253212 tempest-MeteringIpV6TestJSON-587253212-project-admin] 10.222.0.35 "GET /v2.0/metering/metering-labels/9632b7ac-a43f-4f78-a529-273a23fa9f46 HTTP/1.1" status: 200 len: 473 time: 0.1921401
Jan 12 08:34:30.407088 dv-neutron-799625-9-hyperv neutron-server[103254]: DEBUG neutron.plugins.ml2.db [None req-0ef4a4bb-268f-4848-9081-2a34028a7730 None None] For port e0899a46-340a-4e9d-bd80-749a47877e18, host dv-neutron-799625-9-hyperv, set binding levels [PortBindingLevel(driver='openvswitch',host='dv-neutron-799625-9-hyperv',level=0,port_id=e0899a46-340a-4e9d-bd80-749a47877e18,segment=NetworkSegment(f86b3de3-b807-4111-a306-09000d74bb56),segment_id=f86b3de3-b807-4111-a306-09000d74bb56)] {{(pid=103254) set_binding_levels /opt/stack/neutron/neutron/plugins/ml2/db.py:59}}
Jan 12 08:34:30.418121 dv-neutron-799625-9-hyperv neutron-server[103252]: DEBUG neutron.wsgi [-] (103252) accepted ('10.222.0.35', 59268) {{(pid=103252) server /usr/local/lib/python3.8/dist-packages/eventlet/wsgi.py:1004}}
Jan 12 08:34:30.418652 dv-neutron-799625-9-hyperv neutron-server[103254]: DEBUG neutron_lib.callbacks.manager [None req-0ef4a4bb-268f-4848-9081-2a34028a7730 None None] Publish callbacks ['neutron.plugins.ml2.plugin.SecurityGroupServerNotifierRpcMixin._notify_sg_on_port_change-1033580', 'neutron.plugins.ml2.ovo_rpc._ObjectChangeHandler.handle_event-32423', 'neutron.api.rpc.agentnotifiers.dhcp_rpc_agent_api.DhcpAgentNotifyAPI._native_event_send_dhcp_notification-16288517', 'neutron.db.l3_db.L3RpcNotifierMixin._notify_gateway_port_ip_changed-8743387686485', 'neutron.db.l3_dvrscheduler_db._notify_l3_agent_port_update-8743387113512', 'neutron.db.l3_hascheduler_db._notify_l3_agent_ha_port_update-8743387113530'] for port (e0899a46-340a-4e9d-bd80-749a47877e18), after_update {{(pid=103254) _notify_loop /usr/local/lib/python3.8/dist-packages/neutron_lib/callbacks/manager.py:176}}
Jan 12 08:34:30.429877 dv-neutron-799625-9-hyperv neutron-server[103252]: DEBUG neutron.plugins.ml2.managers [None req-460f341b-8902-4b65-8b5a-e647ad919baa tempest-PortsAdminExtendedAttrsTestJSON-1049232745 tempest-PortsAdminExtendedAttrsTestJSON-1049232745-project-admin] Attempting to bind port f8019979-ce70-4076-bca6-4231d92a2645 on host hv-neutron-7996 for vnic_type normal with profile {{(pid=103252) bind_port /opt/stack/neutron/neutron/plugins/ml2/managers.py:795}}
Jan 12 08:34:30.430229 dv-neutron-799625-9-hyperv neutron-server[103252]: DEBUG neutron.plugins.ml2.managers [None req-460f341b-8902-4b65-8b5a-e647ad919baa tempest-PortsAdminExtendedAttrsTestJSON-1049232745 tempest-PortsAdminExtendedAttrsTestJSON-1049232745-project-admin] Attempting to bind port f8019979-ce70-4076-bca6-4231d92a2645 by drivers openvswitch,hyperv on host hv-neutron-7996 at level 0 using segments [{'id': '36af31a0-42c4-48bd-b6ca-748f600417ec', 'network_type': 'vlan', 'physical_network': 'physnet1', 'segmentation_id': 171, 'network_id': 'e0b65dcb-dd26-4654-96ac-777776516c3e'}] {{(pid=103252) _bind_port_level /opt/stack/neutron/neutron/plugins/ml2/managers.py:820}}
Jan 12 08:34:30.430990 dv-neutron-799625-9-hyperv neutron-server[103252]: DEBUG neutron.plugins.ml2.drivers.mech_agent [None req-460f341b-8902-4b65-8b5a-e647ad919baa tempest-PortsAdminExtendedAttrsTestJSON-1049232745 tempest-PortsAdminExtendedAttrsTestJSON-1049232745-project-admin] Attempting to bind port f8019979-ce70-4076-bca6-4231d92a2645 on network e0b65dcb-dd26-4654-96ac-777776516c3e {{(pid=103252) bind_port /opt/stack/neutron/neutron/plugins/ml2/drivers/mech_agent.py:91}}
Jan 12 08:34:30.464292 dv-neutron-799625-9-hyperv neutron-server[103254]: DEBUG neutron.plugins.ml2.db [None req-49cce445-3c35-433d-b31c-d4770f5824a4 None None] For port e112b036-fab2-4083-82a7-570fc8bc7620, host dv-neutron-799625-9-hyperv, got binding levels [PortBindingLevel(driver='openvswitch',host='dv-neutron-799625-9-hyperv',level=0,port_id=e112b036-fab2-4083-82a7-570fc8bc7620,segment=NetworkSegment(d39c5515-37ef-4421-b0ba-410b5ce5099e),segment_id=d39c5515-37ef-4421-b0ba-410b5ce5099e)] {{(pid=103254) get_binding_level_objs /opt/stack/neutron/neutron/plugins/ml2/db.py:74}}
Jan 12 08:34:30.481612 dv-neutron-799625-9-hyperv neutron-server[103254]: DEBUG neutron_lib.callbacks.manager [None req-49cce445-3c35-433d-b31c-d4770f5824a4 None None] Publish callbacks ['neutron.plugins.ml2.plugin.SecurityGroupServerNotifierRpcMixin._notify_sg_on_port_change-1033580', 'neutron.plugins.ml2.ovo_rpc._ObjectChangeHandler.handle_event-32423', 'neutron.api.rpc.agentnotifiers.dhcp_rpc_agent_api.DhcpAgentNotifyAPI._native_event_send_dhcp_notification-16288517', 'neutron.db.l3_db.L3RpcNotifierMixin._notify_gateway_port_ip_changed-8743387686485', 'neutron.db.l3_dvrscheduler_db._notify_l3_agent_port_update-8743387113512', 'neutron.db.l3_hascheduler_db._notify_l3_agent_ha_port_update-8743387113530'] for port (e112b036-fab2-4083-82a7-570fc8bc7620), after_update {{(pid=103254) _notify_loop /usr/local/lib/python3.8/dist-packages/neutron_lib/callbacks/manager.py:176}}
Jan 12 08:34:30.498295 dv-neutron-799625-9-hyperv neutron-server[103253]: DEBUG neutron_lib.callbacks.manager [None req-834cf249-4056-4a12-b388-4ddda63e9a73 tempest-FloatingIPAdminTestJSON-1229761363 tempest-FloatingIPAdminTestJSON-1229761363-project] Publish callbacks [] for floatingip (651d413f-cfee-47cb-8d50-d375903fcc92), precommit_create {{(pid=103253) _notify_loop /usr/local/lib/python3.8/dist-packages/neutron_lib/callbacks/manager.py:176}}
Jan 12 08:34:30.507541 dv-neutron-799625-9-hyperv neutron-server[103252]: INFO neutron.wsgi [None req-d69cb016-c897-48df-9a05-045865dc7a6f tempest-MeteringIpV6TestJSON-587253212 tempest-MeteringIpV6TestJSON-587253212-project-admin] 10.222.0.35 "GET /v2.0/metering/metering-label-rules/9ce28605-d58f-4c6f-b87e-2dd456e9ed3f HTTP/1.1" status: 200 len: 459 time: 0.0843930
Jan 12 08:34:30.508600 dv-neutron-799625-9-hyperv neutron-server[103254]: DEBUG neutron.api.rpc.handlers.resources_rpc [None req-0ef4a4bb-268f-4848-9081-2a34028a7730 None None] Pushing event updated for resources: {'Port': ['ID=e0899a46-340a-4e9d-bd80-749a47877e18,revision_number=2']} {{(pid=103254) push /opt/stack/neutron/neutron/api/rpc/handlers/resources_rpc.py:237}}
Jan 12 08:34:30.509965 dv-neutron-799625-9-hyperv neutron-server[103252]: DEBUG neutron.plugins.ml2.drivers.mech_agent [None req-460f341b-8902-4b65-8b5a-e647ad919baa tempest-PortsAdminExtendedAttrsTestJSON-1049232745 tempest-PortsAdminExtendedAttrsTestJSON-1049232745-project-admin] Port f8019979-ce70-4076-bca6-4231d92a2645 on network e0b65dcb-dd26-4654-96ac-777776516c3e not bound, no agent of type Open vSwitch agent registered on host hv-neutron-7996 {{(pid=103252) bind_port /opt/stack/neutron/neutron/plugins/ml2/drivers/mech_agent.py:103}}
Jan 12 08:34:30.510101 dv-neutron-799625-9-hyperv neutron-server[103252]: ERROR neutron.plugins.ml2.managers [None req-460f341b-8902-4b65-8b5a-e647ad919baa tempest-PortsAdminExtendedAttrsTestJSON-1049232745 tempest-PortsAdminExtendedAttrsTestJSON-1049232745-project-admin] Failed to bind port f8019979-ce70-4076-bca6-4231d92a2645 on host hv-neutron-7996 for vnic_type normal using segments [{'id': '36af31a0-42c4-48bd-b6ca-748f600417ec', 'network_type': 'vlan', 'physical_network': 'physnet1', 'segmentation_id': 171, 'network_id': 'e0b65dcb-dd26-4654-96ac-777776516c3e'}]
Jan 12 08:34:30.512347 dv-neutron-799625-9-hyperv neutron-server[103252]: DEBUG neutron.wsgi [-] (103252) accepted ('10.222.0.35', 59270) {{(pid=103252) server /usr/local/lib/python3.8/dist-packages/eventlet/wsgi.py:1004}}
Jan 12 08:34:30.514219 dv-neutron-799625-9-hyperv neutron-server[103252]: INFO neutron.plugins.ml2.plugin [None req-460f341b-8902-4b65-8b5a-e647ad919baa tempest-PortsAdminExtendedAttrsTestJSON-1049232745 tempest-PortsAdminExtendedAttrsTestJSON-1049232745-project-admin] Attempt 5 to bind port f8019979-ce70-4076-bca6-4231d92a2645
Jan 12 08:34:30.570763 dv-neutron-799625-9-hyperv neutron-server[103254]: DEBUG neutron.api.rpc.handlers.resources_rpc [None req-49cce445-3c35-433d-b31c-d4770f5824a4 None None] Pushing event updated for resources: {'Port': ['ID=e112b036-fab2-4083-82a7-570fc8bc7620,revision_number=3']} {{(pid=103254) push /opt/stack/neutron/neutron/api/rpc/handlers/resources_rpc.py:237}}
Jan 12 08:34:30.595001 dv-neutron-799625-9-hyperv neutron-server[103252]: DEBUG neutron.plugins.ml2.managers [None req-460f341b-8902-4b65-8b5a-e647ad919baa tempest-PortsAdminExtendedAttrsTestJSON-1049232745 tempest-PortsAdminExtendedAttrsTestJSON-1049232745-project-admin] Attempting to bind port f8019979-ce70-4076-bca6-4231d92a2645 on host hv-neutron-7996 for vnic_type normal with profile {{(pid=103252) bind_port /opt/stack/neutron/neutron/plugins/ml2/managers.py:795}}
Jan 12 08:34:30.595346 dv-neutron-799625-9-hyperv neutron-server[103252]: DEBUG neutron.plugins.ml2.managers [None req-460f341b-8902-4b65-8b5a-e647ad919baa tempest-PortsAdminExtendedAttrsTestJSON-1049232745 tempest-PortsAdminExtendedAttrsTestJSON-1049232745-project-admin] Attempting to bind port f8019979-ce70-4076-bca6-4231d92a2645 by drivers openvswitch,hyperv on host hv-neutron-7996 at level 0 using segments [{'id': '36af31a0-42c4-48bd-b6ca-748f600417ec', 'network_type': 'vlan', 'physical_network': 'physnet1', 'segmentation_id': 171, 'network_id': 'e0b65dcb-dd26-4654-96ac-777776516c3e'}] {{(pid=103252) _bind_port_level /opt/stack/neutron/neutron/plugins/ml2/managers.py:820}}
Jan 12 08:34:30.595686 dv-neutron-799625-9-hyperv neutron-server[103252]: DEBUG neutron.plugins.ml2.drivers.mech_agent [None req-460f341b-8902-4b65-8b5a-e647ad919baa tempest-PortsAdminExtendedAttrsTestJSON-1049232745 tempest-PortsAdminExtendedAttrsTestJSON-1049232745-project-admin] Attempting to bind port f8019979-ce70-4076-bca6-4231d92a2645 on network e0b65dcb-dd26-4654-96ac-777776516c3e {{(pid=103252) bind_port /opt/stack/neutron/neutron/plugins/ml2/drivers/mech_agent.py:91}}
Jan 12 08:34:30.606868 dv-neutron-799625-9-hyperv neutron-server[103252]: DEBUG neutron.plugins.ml2.drivers.mech_agent [None req-460f341b-8902-4b65-8b5a-e647ad919baa tempest-PortsAdminExtendedAttrsTestJSON-1049232745 tempest-PortsAdminExtendedAttrsTestJSON-1049232745-project-admin] Port f8019979-ce70-4076-bca6-4231d92a2645 on network e0b65dcb-dd26-4654-96ac-777776516c3e not bound, no agent of type Open vSwitch agent registered on host hv-neutron-7996 {{(pid=103252) bind_port /opt/stack/neutron/neutron/plugins/ml2/drivers/mech_agent.py:103}}
Jan 12 08:34:30.607165 dv-neutron-799625-9-hyperv neutron-server[103252]: ERROR neutron.plugins.ml2.managers [None req-460f341b-8902-4b65-8b5a-e647ad919baa tempest-PortsAdminExtendedAttrsTestJSON-1049232745 tempest-PortsAdminExtendedAttrsTestJSON-1049232745-project-admin] Failed to bind port f8019979-ce70-4076-bca6-4231d92a2645 on host hv-neutron-7996 for vnic_type normal using segments [{'id': '36af31a0-42c4-48bd-b6ca-748f600417ec', 'network_type': 'vlan', 'physical_network': 'physnet1', 'segmentation_id': 171, 'network_id': 'e0b65dcb-dd26-4654-96ac-777776516c3e'}]
Jan 12 08:34:30.611873 dv-neutron-799625-9-hyperv neutron-server[103252]: INFO neutron.plugins.ml2.plugin [None req-460f341b-8902-4b65-8b5a-e647ad919baa tempest-PortsAdminExtendedAttrsTestJSON-1049232745 tempest-PortsAdminExtendedAttrsTestJSON-1049232745-project-admin] Attempt 6 to bind port f8019979-ce70-4076-bca6-4231d92a2645
Jan 12 08:34:30.625159 dv-neutron-799625-9-hyperv neutron-server[103254]: DEBUG neutron.db.provisioning_blocks [None req-e81a67cb-1f16-4bf9-ae26-07dd9aab36f6 None None] Provisioning complete for port e112b036-fab2-4083-82a7-570fc8bc7620 triggered by entity DHCP. {{(pid=103254) provisioning_complete /opt/stack/neutron/neutron/db/provisioning_blocks.py:139}}
Jan 12 08:34:30.625693 dv-neutron-799625-9-hyperv neutron-server[103254]: DEBUG neutron_lib.callbacks.manager [None req-e81a67cb-1f16-4bf9-ae26-07dd9aab36f6 None None] Publish callbacks ['neutron.plugins.ml2.plugin.Ml2Plugin._port_provisioned-980486'] for port (e112b036-fab2-4083-82a7-570fc8bc7620), provisioning_complete {{(pid=103254) _notify_loop /usr/local/lib/python3.8/dist-packages/neutron_lib/callbacks/manager.py:176}}
Jan 12 08:34:30.709240 dv-neutron-799625-9-hyperv neutron-server[103252]: DEBUG neutron.plugins.ml2.managers [None req-460f341b-8902-4b65-8b5a-e647ad919baa tempest-PortsAdminExtendedAttrsTestJSON-1049232745 tempest-PortsAdminExtendedAttrsTestJSON-1049232745-project-admin] Attempting to bind port f8019979-ce70-4076-bca6-4231d92a2645 on host hv-neutron-7996 for vnic_type normal with profile {{(pid=103252) bind_port /opt/stack/neutron/neutron/plugins/ml2/managers.py:795}}
Jan 12 08:34:30.709807 dv-neutron-799625-9-hyperv neutron-server[103252]: DEBUG neutron.plugins.ml2.managers [None req-460f341b-8902-4b65-8b5a-e647ad919baa tempest-PortsAdminExtendedAttrsTestJSON-1049232745 tempest-PortsAdminExtendedAttrsTestJSON-1049232745-project-admin] Attempting to bind port f8019979-ce70-4076-bca6-4231d92a2645 by drivers openvswitch,hyperv on host hv-neutron-7996 at level 0 using segments [{'id': '36af31a0-42c4-48bd-b6ca-748f600417ec', 'network_type': 'vlan', 'physical_network': 'physnet1', 'segmentation_id': 171, 'network_id': 'e0b65dcb-dd26-4654-96ac-777776516c3e'}] {{(pid=103252) _bind_port_level /opt/stack/neutron/neutron/plugins/ml2/managers.py:820}}
Jan 12 08:34:30.710298 dv-neutron-799625-9-hyperv neutron-server[103252]: DEBUG neutron.plugins.ml2.drivers.mech_agent [None req-460f341b-8902-4b65-8b5a-e647ad919baa tempest-PortsAdminExtendedAttrsTestJSON-1049232745 tempest-PortsAdminExtendedAttrsTestJSON-1049232745-project-admin] Attempting to bind port f8019979-ce70-4076-bca6-4231d92a2645 on network e0b65dcb-dd26-4654-96ac-777776516c3e {{(pid=103252) bind_port /opt/stack/neutron/neutron/plugins/ml2/drivers/mech_agent.py:91}}
Jan 12 08:34:30.723845 dv-neutron-799625-9-hyperv neutron-server[103252]: DEBUG neutron.plugins.ml2.drivers.mech_agent [None req-460f341b-8902-4b65-8b5a-e647ad919baa tempest-PortsAdminExtendedAttrsTestJSON-1049232745 tempest-PortsAdminExtendedAttrsTestJSON-1049232745-project-admin] Port f8019979-ce70-4076-bca6-4231d92a2645 on network e0b65dcb-dd26-4654-96ac-777776516c3e not bound, no agent of type Open vSwitch agent registered on host hv-neutron-7996 {{(pid=103252) bind_port /opt/stack/neutron/neutron/plugins/ml2/drivers/mech_agent.py:103}}
Jan 12 08:34:30.724385 dv-neutron-799625-9-hyperv neutron-server[103252]: ERROR neutron.plugins.ml2.managers [None req-460f341b-8902-4b65-8b5a-e647ad919baa tempest-PortsAdminExtendedAttrsTestJSON-1049232745 tempest-PortsAdminExtendedAttrsTestJSON-1049232745-project-admin] Failed to bind port f8019979-ce70-4076-bca6-4231d92a2645 on host hv-neutron-7996 for vnic_type normal using segments [{'id': '36af31a0-42c4-48bd-b6ca-748f600417ec', 'network_type': 'vlan', 'physical_network': 'physnet1', 'segmentation_id': 171, 'network_id': 'e0b65dcb-dd26-4654-96ac-777776516c3e'}]
Jan 12 08:34:30.726778 dv-neutron-799625-9-hyperv neutron-server[103252]: INFO neutron.plugins.ml2.plugin [None req-460f341b-8902-4b65-8b5a-e647ad919baa tempest-PortsAdminExtendedAttrsTestJSON-1049232745 tempest-PortsAdminExtendedAttrsTestJSON-1049232745-project-admin] Attempt 7 to bind port f8019979-ce70-4076-bca6-4231d92a2645
Jan 12 08:34:30.739443 dv-neutron-799625-9-hyperv neutron-server[103254]: DEBUG neutron.plugins.ml2.plugin [None req-e81a67cb-1f16-4bf9-ae26-07dd9aab36f6 None None] Current status of the port e112b036-fab2-4083-82a7-570fc8bc7620 is: ACTIVE; New status is: ACTIVE {{(pid=103254) _update_individual_port_db_status /opt/stack/neutron/neutron/plugins/ml2/plugin.py:2213}}
Jan 12 08:34:30.766143 dv-neutron-799625-9-hyperv neutron-server[103252]: DEBUG neutron.api.rpc.agentnotifiers.l3_rpc_agent_api [None req-13efbac6-7248-43fb-9af9-37671a218269 admin admin] Notify agent at l3_agent.dv-neutron-799625-9-hyperv the message routers_updated {{(pid=103252) _agent_notification /opt/stack/neutron/neutron/api/rpc/agentnotifiers/l3_rpc_agent_api.py:65}}
