Mar 09 21:37:43.227939 dv-neutron-798961-31-hyperv neutron-server[103845]: DEBUG neutron.scheduler.base_scheduler [None req-6242e59f-2df1-4ab0-bff6-bcdcdd45993b None None] Resources bound (agent type, host, resource id): {{(pid=103845) schedule /opt/stack/neutron/neutron/scheduler/base_scheduler.py:57}}
Mar 09 21:37:43.240100 dv-neutron-798961-31-hyperv neutron-server[103843]: DEBUG neutron.plugins.ml2.drivers.helpers [None req-e1141b01-384f-4c76-9127-471d760865ba tempest-AllowedAddressPairIpV6TestJSON-80551832 tempest-AllowedAddressPairIpV6TestJSON-80551832-project] vlan segment allocate from pool success with {'physical_network': 'physnet1', 'vlan_id': 238} {{(pid=103843) allocate_partially_specified_segment /opt/stack/neutron/neutron/plugins/ml2/drivers/helpers.py:153}}
Mar 09 21:37:43.269101 dv-neutron-798961-31-hyperv neutron-server[103845]: DEBUG neutron.db.l3_dvrscheduler_db [None req-6242e59f-2df1-4ab0-bff6-bcdcdd45993b None None] Received port after_create {{(pid=103845) _notify_l3_agent_new_port /opt/stack/neutron/neutron/db/l3_dvrscheduler_db.py:536}}
Mar 09 21:37:43.280941 dv-neutron-798961-31-hyperv neutron-server[103843]: DEBUG neutron_lib.callbacks.manager [None req-e1141b01-384f-4c76-9127-471d760865ba tempest-AllowedAddressPairIpV6TestJSON-80551832 tempest-AllowedAddressPairIpV6TestJSON-80551832-project] Publish callbacks ['neutron.plugins.ml2.plugin.Ml2Plugin._handle_segment_change-3515955'] for segment (c3f022c8-6553-4b26-b174-354ae0f9d647), precommit_create {{(pid=103843) _notify_loop /usr/local/lib/python3.8/dist-packages/neutron_lib/callbacks/manager.py:176}}
Mar 09 21:37:43.281606 dv-neutron-798961-31-hyperv neutron-server[103843]: INFO neutron.db.segments_db [None req-e1141b01-384f-4c76-9127-471d760865ba tempest-AllowedAddressPairIpV6TestJSON-80551832 tempest-AllowedAddressPairIpV6TestJSON-80551832-project] Added segment c3f022c8-6553-4b26-b174-354ae0f9d647 of type vlan for network a472d3e2-fd2b-4f32-b8d9-b78bf356dcfb
Mar 09 21:37:43.285264 dv-neutron-798961-31-hyperv neutron-server[103843]: DEBUG neutron_lib.callbacks.manager [None req-7f5ec123-c86a-4931-b348-e88970d3f2e1 admin admin] Publish callbacks [] for security_group (d6281e12-f637-425f-b0ac-51a406245df0), precommit_create {{(pid=103843) _notify_loop /usr/local/lib/python3.8/dist-packages/neutron_lib/callbacks/manager.py:176}}
Mar 09 21:37:43.315294 dv-neutron-798961-31-hyperv neutron-server[103843]: DEBUG neutron_lib.callbacks.manager [None req-7f5ec123-c86a-4931-b348-e88970d3f2e1 admin admin] Publish callbacks ['neutron.plugins.ml2.ovo_rpc._ObjectChangeHandler.handle_event-314802'] for security_group (d6281e12-f637-425f-b0ac-51a406245df0), after_create {{(pid=103843) _notify_loop /usr/local/lib/python3.8/dist-packages/neutron_lib/callbacks/manager.py:176}}
Mar 09 21:37:43.330076 dv-neutron-798961-31-hyperv neutron-server[103843]: DEBUG neutron.plugins.ml2.drivers.helpers [None req-7f5ec123-c86a-4931-b348-e88970d3f2e1 admin admin] vlan segment allocate from pool success with {'physical_network': 'physnet1', 'vlan_id': 217} {{(pid=103843) allocate_partially_specified_segment /opt/stack/neutron/neutron/plugins/ml2/drivers/helpers.py:153}}
Mar 09 21:37:43.344011 dv-neutron-798961-31-hyperv neutron-server[103843]: DEBUG neutron_lib.callbacks.manager [None req-7f5ec123-c86a-4931-b348-e88970d3f2e1 admin admin] Publish callbacks ['neutron.plugins.ml2.plugin.Ml2Plugin._handle_segment_change-3515955'] for segment (59aa3c1c-e89e-47db-8a9d-d54a35857f53), precommit_create {{(pid=103843) _notify_loop /usr/local/lib/python3.8/dist-packages/neutron_lib/callbacks/manager.py:176}}
Mar 09 21:37:43.344559 dv-neutron-798961-31-hyperv neutron-server[103843]: INFO neutron.db.segments_db [None req-7f5ec123-c86a-4931-b348-e88970d3f2e1 admin admin] Added segment 59aa3c1c-e89e-47db-8a9d-d54a35857f53 of type vlan for network 48b9609a-5708-4aea-8664-1d70df007e49
Mar 09 21:37:43.347062 dv-neutron-798961-31-hyperv neutron-server[103845]: DEBUG neutron.api.rpc.handlers.resources_rpc [None req-6242e59f-2df1-4ab0-bff6-bcdcdd45993b None None] Pushing event updated for resources: {'Port': ['ID=0fb24105-237c-4319-abab-a686b49a5a13,revision_number=1']} {{(pid=103845) push /opt/stack/neutron/neutron/api/rpc/handlers/resources_rpc.py:237}}
Mar 09 21:37:43.363435 dv-neutron-798961-31-hyperv neutron-server[103845]: DEBUG neutron.api.rpc.callbacks.version_manager [None req-6242e59f-2df1-4ab0-bff6-bcdcdd45993b None None] Version for resource type AddressGroup changed None to 1.2 on consumer Open vSwitch agent@dv-neutron-798961-31-hyperv {{(pid=103845) _set_version /opt/stack/neutron/neutron/api/rpc/callbacks/version_manager.py:113}}
Mar 09 21:37:43.364516 dv-neutron-798961-31-hyperv neutron-server[103845]: DEBUG neutron.api.rpc.callbacks.version_manager [None req-6242e59f-2df1-4ab0-bff6-bcdcdd45993b None None] Version for resource type ConntrackHelper changed None to 1.0 on consumer Open vSwitch agent@dv-neutron-798961-31-hyperv {{(pid=103845) _set_version /opt/stack/neutron/neutron/api/rpc/callbacks/version_manager.py:113}}
Mar 09 21:37:43.365152 dv-neutron-798961-31-hyperv neutron-server[103845]: DEBUG neutron.api.rpc.callbacks.version_manager [None req-6242e59f-2df1-4ab0-bff6-bcdcdd45993b None None] Version for resource type LocalIPAssociation changed None to 1.0 on consumer Open vSwitch agent@dv-neutron-798961-31-hyperv {{(pid=103845) _set_version /opt/stack/neutron/neutron/api/rpc/callbacks/version_manager.py:113}}
Mar 09 21:37:43.365499 dv-neutron-798961-31-hyperv neutron-server[103845]: DEBUG neutron.api.rpc.callbacks.version_manager [None req-6242e59f-2df1-4ab0-bff6-bcdcdd45993b None None] Version for resource type Log changed None to 1.0 on consumer Open vSwitch agent@dv-neutron-798961-31-hyperv {{(pid=103845) _set_version /opt/stack/neutron/neutron/api/rpc/callbacks/version_manager.py:113}}
Mar 09 21:37:43.365903 dv-neutron-798961-31-hyperv neutron-server[103845]: DEBUG neutron.api.rpc.callbacks.version_manager [None req-6242e59f-2df1-4ab0-bff6-bcdcdd45993b None None] Version for resource type Network changed None to 1.1 on consumer Open vSwitch agent@dv-neutron-798961-31-hyperv {{(pid=103845) _set_version /opt/stack/neutron/neutron/api/rpc/callbacks/version_manager.py:113}}
Mar 09 21:37:43.366264 dv-neutron-798961-31-hyperv neutron-server[103845]: DEBUG neutron.api.rpc.callbacks.version_manager [None req-6242e59f-2df1-4ab0-bff6-bcdcdd45993b None None] Version for resource type Port changed None to 1.7 on consumer Open vSwitch agent@dv-neutron-798961-31-hyperv {{(pid=103845) _set_version /opt/stack/neutron/neutron/api/rpc/callbacks/version_manager.py:113}}
Mar 09 21:37:43.366657 dv-neutron-798961-31-hyperv neutron-server[103845]: DEBUG neutron.api.rpc.callbacks.version_manager [None req-6242e59f-2df1-4ab0-bff6-bcdcdd45993b None None] Version for resource type PortForwarding changed None to 1.3 on consumer Open vSwitch agent@dv-neutron-798961-31-hyperv {{(pid=103845) _set_version /opt/stack/neutron/neutron/api/rpc/callbacks/version_manager.py:113}}
Mar 09 21:37:43.367000 dv-neutron-798961-31-hyperv neutron-server[103845]: DEBUG neutron.api.rpc.callbacks.version_manager [None req-6242e59f-2df1-4ab0-bff6-bcdcdd45993b None None] Version for resource type QosPolicy changed None to 1.10 on consumer Open vSwitch agent@dv-neutron-798961-31-hyperv {{(pid=103845) _set_version /opt/stack/neutron/neutron/api/rpc/callbacks/version_manager.py:113}}
Mar 09 21:37:43.367375 dv-neutron-798961-31-hyperv neutron-server[103845]: DEBUG neutron.api.rpc.callbacks.version_manager [None req-6242e59f-2df1-4ab0-bff6-bcdcdd45993b None None] Version for resource type SecurityGroup changed None to 1.5 on consumer Open vSwitch agent@dv-neutron-798961-31-hyperv {{(pid=103845) _set_version /opt/stack/neutron/neutron/api/rpc/callbacks/version_manager.py:113}}
Mar 09 21:37:43.368284 dv-neutron-798961-31-hyperv neutron-server[103845]: DEBUG neutron.api.rpc.callbacks.version_manager [None req-6242e59f-2df1-4ab0-bff6-bcdcdd45993b None None] Version for resource type SecurityGroupRule changed None to 1.2 on consumer Open vSwitch agent@dv-neutron-798961-31-hyperv {{(pid=103845) _set_version /opt/stack/neutron/neutron/api/rpc/callbacks/version_manager.py:113}}
Mar 09 21:37:43.368625 dv-neutron-798961-31-hyperv neutron-server[103845]: DEBUG neutron.api.rpc.callbacks.version_manager [None req-6242e59f-2df1-4ab0-bff6-bcdcdd45993b None None] Version for resource type SubPort changed None to 1.0 on consumer Open vSwitch agent@dv-neutron-798961-31-hyperv {{(pid=103845) _set_version /opt/stack/neutron/neutron/api/rpc/callbacks/version_manager.py:113}}
Mar 09 21:37:43.369039 dv-neutron-798961-31-hyperv neutron-server[103845]: DEBUG neutron.api.rpc.callbacks.version_manager [None req-6242e59f-2df1-4ab0-bff6-bcdcdd45993b None None] Version for resource type Subnet changed None to 1.1 on consumer Open vSwitch agent@dv-neutron-798961-31-hyperv {{(pid=103845) _set_version /opt/stack/neutron/neutron/api/rpc/callbacks/version_manager.py:113}}
Mar 09 21:37:43.369371 dv-neutron-798961-31-hyperv neutron-server[103845]: DEBUG neutron.api.rpc.callbacks.version_manager [None req-6242e59f-2df1-4ab0-bff6-bcdcdd45993b None None] Version for resource type Trunk changed None to 1.1 on consumer Open vSwitch agent@dv-neutron-798961-31-hyperv {{(pid=103845) _set_version /opt/stack/neutron/neutron/api/rpc/callbacks/version_manager.py:113}}
Mar 09 21:37:43.370696 dv-neutron-798961-31-hyperv neutron-server[103845]: DEBUG neutron.api.rpc.callbacks.version_manager [None req-6242e59f-2df1-4ab0-bff6-bcdcdd45993b None None] Tracked resource versions report:
Mar 09 21:37:43.370696 dv-neutron-798961-31-hyperv neutron-server[103845]: pushed versions:
Mar 09 21:37:43.370696 dv-neutron-798961-31-hyperv neutron-server[103845]: { 'AddressGroup': {'1.2'},
Mar 09 21:37:43.370696 dv-neutron-798961-31-hyperv neutron-server[103845]: 'ConntrackHelper': {'1.0'},
Mar 09 21:37:43.370696 dv-neutron-798961-31-hyperv neutron-server[103845]: 'LocalIPAssociation': {'1.0'},
Mar 09 21:37:43.370696 dv-neutron-798961-31-hyperv neutron-server[103845]: 'Log': {'1.0'},
Mar 09 21:37:43.370696 dv-neutron-798961-31-hyperv neutron-server[103845]: 'Network': {'1.1'},
Mar 09 21:37:43.370696 dv-neutron-798961-31-hyperv neutron-server[103845]: 'Port': {'1.7'},
Mar 09 21:37:43.370696 dv-neutron-798961-31-hyperv neutron-server[103845]: 'PortForwarding': {'1.3'},
Mar 09 21:37:43.370696 dv-neutron-798961-31-hyperv neutron-server[103845]: 'QosPolicy': {'1.10'},
Mar 09 21:37:43.370696 dv-neutron-798961-31-hyperv neutron-server[103845]: 'SecurityGroup': {'1.5'},
Mar 09 21:37:43.370696 dv-neutron-798961-31-hyperv neutron-server[103845]: 'SecurityGroupRule': {'1.2'},
Mar 09 21:37:43.370696 dv-neutron-798961-31-hyperv neutron-server[103845]: 'SubPort': {'1.0'},
Mar 09 21:37:43.370696 dv-neutron-798961-31-hyperv neutron-server[103845]: 'Subnet': {'1.1'},
Mar 09 21:37:43.370696 dv-neutron-798961-31-hyperv neutron-server[103845]: 'Trunk': {'1.1'}}
Mar 09 21:37:43.370696 dv-neutron-798961-31-hyperv neutron-server[103845]: consumer versions:
Mar 09 21:37:43.370696 dv-neutron-798961-31-hyperv neutron-server[103845]: { DHCP agent@dv-neutron-798961-31-hyperv: {},
Mar 09 21:37:43.370696 dv-neutron-798961-31-hyperv neutron-server[103845]: HyperV agent@hv-neutron-7989: {},
Mar 09 21:37:43.370696 dv-neutron-798961-31-hyperv neutron-server[103845]: L3 agent@dv-neutron-798961-31-hyperv: {},
Mar 09 21:37:43.370696 dv-neutron-798961-31-hyperv neutron-server[103845]: Metadata agent@dv-neutron-798961-31-hyperv: {},
Mar 09 21:37:43.370696 dv-neutron-798961-31-hyperv neutron-server[103845]: Metering agent@dv-neutron-798961-31-hyperv: {},
Mar 09 21:37:43.370696 dv-neutron-798961-31-hyperv neutron-server[103845]: Open vSwitch agent@dv-neutron-798961-31-hyperv: { 'AddressGroup': '1.2',
Mar 09 21:37:43.370696 dv-neutron-798961-31-hyperv neutron-server[103845]: 'ConntrackHelper': '1.0',
Mar 09 21:37:43.370696 dv-neutron-798961-31-hyperv neutron-server[103845]: 'LocalIPAssociation': '1.0',
Mar 09 21:37:43.370696 dv-neutron-798961-31-hyperv neutron-server[103845]: 'Log': '1.0',
Mar 09 21:37:43.370696 dv-neutron-798961-31-hyperv neutron-server[103845]: 'Network': '1.1',
Mar 09 21:37:43.370696 dv-neutron-798961-31-hyperv neutron-server[103845]: 'Port': '1.7',
Mar 09 21:37:43.370696 dv-neutron-798961-31-hyperv neutron-server[103845]: 'PortForwarding': '1.3',
Mar 09 21:37:43.370696 dv-neutron-798961-31-hyperv neutron-server[103845]: 'QosPolicy': '1.10',
Mar 09 21:37:43.370696 dv-neutron-798961-31-hyperv neutron-server[103845]: 'SecurityGroup': '1.5',
Mar 09 21:37:43.370696 dv-neutron-798961-31-hyperv neutron-server[103845]: 'SecurityGroupRule': '1.2',
Mar 09 21:37:43.370696 dv-neutron-798961-31-hyperv neutron-server[103845]: 'SubPort': '1.0',
Mar 09 21:37:43.370696 dv-neutron-798961-31-hyperv neutron-server[103845]: 'Subnet': '1.1',
Mar 09 21:37:43.370696 dv-neutron-798961-31-hyperv neutron-server[103845]: 'Trunk': '1.1'}}
Mar 09 21:37:43.370696 dv-neutron-798961-31-hyperv neutron-server[103845]: {{(pid=103845) report /opt/stack/neutron/neutron/api/rpc/callbacks/version_manager.py:175}}
Mar 09 21:37:43.381058 dv-neutron-798961-31-hyperv neutron-server[103845]: DEBUG neutron.plugins.ml2.managers [None req-6242e59f-2df1-4ab0-bff6-bcdcdd45993b None None] Attempting to bind port 0fb24105-237c-4319-abab-a686b49a5a13 on host dv-neutron-798961-31-hyperv for vnic_type normal with profile {{(pid=103845) bind_port /opt/stack/neutron/neutron/plugins/ml2/managers.py:795}}
Mar 09 21:37:43.381977 dv-neutron-798961-31-hyperv neutron-server[103845]: DEBUG neutron.plugins.ml2.managers [None req-6242e59f-2df1-4ab0-bff6-bcdcdd45993b None None] Attempting to bind port 0fb24105-237c-4319-abab-a686b49a5a13 by drivers openvswitch,hyperv on host dv-neutron-798961-31-hyperv at level 0 using segments [{'id': '5686c9cb-ea5b-4ce5-a950-c87a27830244', 'network_type': 'vlan', 'physical_network': 'physnet1', 'segmentation_id': 213, 'network_id': 'bd2c4d1f-3a82-4700-a9cc-0c7ac2ad62d8'}] {{(pid=103845) _bind_port_level /opt/stack/neutron/neutron/plugins/ml2/managers.py:820}}
Mar 09 21:37:43.382349 dv-neutron-798961-31-hyperv neutron-server[103845]: DEBUG neutron.plugins.ml2.drivers.mech_agent [None req-6242e59f-2df1-4ab0-bff6-bcdcdd45993b None None] Attempting to bind port 0fb24105-237c-4319-abab-a686b49a5a13 on network bd2c4d1f-3a82-4700-a9cc-0c7ac2ad62d8 {{(pid=103845) bind_port /opt/stack/neutron/neutron/plugins/ml2/drivers/mech_agent.py:91}}
Mar 09 21:37:43.389186 dv-neutron-798961-31-hyperv neutron-server[103845]: DEBUG neutron.plugins.ml2.drivers.mech_agent [None req-6242e59f-2df1-4ab0-bff6-bcdcdd45993b None None] Checking agent: {'id': '9ebef21e-6452-4734-8045-912643870adb', 'agent_type': 'Open vSwitch agent', 'binary': 'neutron-openvswitch-agent', 'topic': 'N/A', 'host': 'dv-neutron-798961-31-hyperv', 'admin_state_up': True, 'created_at': datetime.datetime(2022, 3, 9, 21, 30, 20), 'started_at': datetime.datetime(2022, 3, 9, 21, 30, 50), 'heartbeat_timestamp': datetime.datetime(2022, 3, 9, 21, 37, 20), 'description': None, 'resources_synced': None, 'availability_zone': None, 'alive': True, 'configurations': {'arp_responder_enabled': False, 'baremetal_smartnic': False, 'bridge_mappings': {'physnet1': 'br-data'}, 'datapath_type': 'system', 'devices': 0, 'enable_distributed_routing': False, 'extensions': [], 'in_distributed_mode': False, 'integration_bridge': 'br-int', 'l2_population': False, 'log_agent_heartbeats': False, 'ovs_capabilities': {'datapath_types': ['netdev', 'system'], 'iface_types': ['erspan', 'geneve', 'gre', 'internal', 'ip6erspan', 'ip6gre', 'lisp', 'patch', 'stt', 'system', 'tap', 'vxlan']}, 'ovs_hybrid_plug': False, 'resource_provider_bandwidths': {}, 'resource_provider_hypervisors': {'br-data': 'dv-neutron-798961-31-hyperv'}, 'resource_provider_inventory_defaults': {'allocation_ratio': 1.0, 'min_unit': 1, 'step_size': 1, 'reserved': 0}, 'resource_provider_packet_processing_inventory_defaults': {'allocation_ratio': 1.0, 'min_unit': 1, 'step_size': 1, 'reserved': 0}, 'resource_provider_packet_processing_with_direction': {}, 'resource_provider_packet_processing_without_direction': {}, 'tunnel_types': [], 'tunneling_ip': None, 'vhostuser_socket_dir': '/var/run/openvswitch'}, 'resource_versions': {'AddressGroup': '1.2', 'ConntrackHelper': '1.0', 'LocalIPAssociation': '1.0', 'Log': '1.0', 'Network': '1.1', 'Port': '1.7', 'PortForwarding': '1.3', 'QosPolicy': '1.10', 'SecurityGroup': '1.5', 'SecurityGroupRule': '1.2', 'SubPort': '1.0', 'Subnet': '1.1', 'Trunk': '1.1'}} {{(pid=103845) bind_port /opt/stack/neutron/neutron/plugins/ml2/drivers/mech_agent.py:110}}
Mar 09 21:37:43.389561 dv-neutron-798961-31-hyperv neutron-server[103845]: DEBUG neutron.plugins.ml2.drivers.mech_agent [None req-6242e59f-2df1-4ab0-bff6-bcdcdd45993b None None] Checking segment: {'id': '5686c9cb-ea5b-4ce5-a950-c87a27830244', 'network_type': 'vlan', 'physical_network': 'physnet1', 'segmentation_id': 213, 'network_id': 'bd2c4d1f-3a82-4700-a9cc-0c7ac2ad62d8'} for mappings: {'physnet1': 'br-data'} with network types: ['local', 'flat', 'vlan'] {{(pid=103845) check_segment_for_agent /opt/stack/neutron/neutron/plugins/ml2/drivers/mech_agent.py:373}}
Mar 09 21:37:43.391622 dv-neutron-798961-31-hyperv neutron-server[103843]: DEBUG neutron_lib.callbacks.manager [None req-7f5ec123-c86a-4931-b348-e88970d3f2e1 admin admin] Publish callbacks ['neutron.services.auto_allocate.db._ensure_external_network_default_value_callback-8736690211687'] for network (48b9609a-5708-4aea-8664-1d70df007e49), precommit_create {{(pid=103843) _notify_loop /usr/local/lib/python3.8/dist-packages/neutron_lib/callbacks/manager.py:176}}
Mar 09 21:37:43.394185 dv-neutron-798961-31-hyperv neutron-server[103845]: DEBUG neutron_lib.callbacks.manager [None req-6242e59f-2df1-4ab0-bff6-bcdcdd45993b None None] Publish callbacks [] for ovs_bridge_name (None), before_read {{(pid=103845) _notify_loop /usr/local/lib/python3.8/dist-packages/neutron_lib/callbacks/manager.py:176}}
Mar 09 21:37:43.395463 dv-neutron-798961-31-hyperv neutron-server[103845]: DEBUG neutron.plugins.ml2.drivers.mech_agent [None req-6242e59f-2df1-4ab0-bff6-bcdcdd45993b None None] Bound using segment: {'id': '5686c9cb-ea5b-4ce5-a950-c87a27830244', 'network_type': 'vlan', 'physical_network': 'physnet1', 'segmentation_id': 213, 'network_id': 'bd2c4d1f-3a82-4700-a9cc-0c7ac2ad62d8'} {{(pid=103845) bind_port /opt/stack/neutron/neutron/plugins/ml2/drivers/mech_agent.py:120}}
Mar 09 21:37:43.395979 dv-neutron-798961-31-hyperv neutron-server[103845]: DEBUG neutron.plugins.ml2.managers [None req-6242e59f-2df1-4ab0-bff6-bcdcdd45993b None None] Bound port: 0fb24105-237c-4319-abab-a686b49a5a13, host: dv-neutron-798961-31-hyperv, vif_type: ovs, vif_details: {"connectivity": "l2", "port_filter": true, "ovs_hybrid_plug": false, "datapath_type": "system", "bridge_name": "br-int"}, binding_levels: [{'bound_driver': 'openvswitch', 'bound_segment': {'id': '5686c9cb-ea5b-4ce5-a950-c87a27830244', 'network_type': 'vlan', 'physical_network': 'physnet1', 'segmentation_id': 213, 'network_id': 'bd2c4d1f-3a82-4700-a9cc-0c7ac2ad62d8'}}] {{(pid=103845) _bind_port_level /opt/stack/neutron/neutron/plugins/ml2/managers.py:932}}
Mar 09 21:37:43.396373 dv-neutron-798961-31-hyperv neutron-server[103845]: DEBUG neutron_lib.callbacks.manager [None req-6242e59f-2df1-4ab0-bff6-bcdcdd45993b None None] Publish callbacks ['neutron.plugins.ml2.plugin.SecurityGroupDbMixin._ensure_default_security_group_handler-3484283'] for port (0fb24105-237c-4319-abab-a686b49a5a13), before_update {{(pid=103845) _notify_loop /usr/local/lib/python3.8/dist-packages/neutron_lib/callbacks/manager.py:176}}
Mar 09 21:37:43.484955 dv-neutron-798961-31-hyperv neutron-server[103843]: DEBUG neutron_lib.callbacks.manager [None req-7f5ec123-c86a-4931-b348-e88970d3f2e1 admin admin] Publish callbacks ['neutron.plugins.ml2.ovo_rpc._ObjectChangeHandler.handle_event-314819', 'neutron.api.rpc.agentnotifiers.dhcp_rpc_agent_api.DhcpAgentNotifyAPI._native_event_send_dhcp_notification-567633'] for network (48b9609a-5708-4aea-8664-1d70df007e49), after_create {{(pid=103843) _notify_loop /usr/local/lib/python3.8/dist-packages/neutron_lib/callbacks/manager.py:176}}
Mar 09 21:37:43.486444 dv-neutron-798961-31-hyperv neutron-server[103843]: DEBUG neutron.pecan_wsgi.hooks.policy_enforcement [None req-7f5ec123-c86a-4931-b348-e88970d3f2e1 admin admin] Attributes excluded by policy engine: ['standard_attr_id', 'vlan_transparent'] {{(pid=103843) _exclude_attributes_by_policy /opt/stack/neutron/neutron/pecan_wsgi/hooks/policy_enforcement.py:255}}
Mar 09 21:37:43.487283 dv-neutron-798961-31-hyperv neutron-server[103843]: DEBUG neutron_lib.callbacks.manager [None req-7f5ec123-c86a-4931-b348-e88970d3f2e1 admin admin] Publish callbacks ['neutron.api.rpc.agentnotifiers.dhcp_rpc_agent_api.DhcpAgentNotifyAPI._send_dhcp_notification-567619'] for network (None), before_response {{(pid=103843) _notify_loop /usr/local/lib/python3.8/dist-packages/neutron_lib/callbacks/manager.py:176}}
Mar 09 21:37:43.488818 dv-neutron-798961-31-hyperv neutron-server[103845]: DEBUG neutron.plugins.ml2.db [None req-6242e59f-2df1-4ab0-bff6-bcdcdd45993b None None] For port 0fb24105-237c-4319-abab-a686b49a5a13, host dv-neutron-798961-31-hyperv, cleared binding levels {{(pid=103845) clear_binding_levels /opt/stack/neutron/neutron/plugins/ml2/db.py:87}}
Mar 09 21:37:43.494410 dv-neutron-798961-31-hyperv neutron-server[103845]: DEBUG neutron.plugins.ml2.db [None req-6242e59f-2df1-4ab0-bff6-bcdcdd45993b None None] For port 0fb24105-237c-4319-abab-a686b49a5a13, host dv-neutron-798961-31-hyperv, set binding levels [PortBindingLevel(driver='openvswitch',host='dv-neutron-798961-31-hyperv',level=0,port_id=0fb24105-237c-4319-abab-a686b49a5a13,segment=NetworkSegment(5686c9cb-ea5b-4ce5-a950-c87a27830244),segment_id=5686c9cb-ea5b-4ce5-a950-c87a27830244)] {{(pid=103845) set_binding_levels /opt/stack/neutron/neutron/plugins/ml2/db.py:59}}
Mar 09 21:37:43.495081 dv-neutron-798961-31-hyperv neutron-server[103843]: DEBUG neutron_lib.callbacks.manager [None req-e1141b01-384f-4c76-9127-471d760865ba tempest-AllowedAddressPairIpV6TestJSON-80551832 tempest-AllowedAddressPairIpV6TestJSON-80551832-project] Publish callbacks ['neutron.services.auto_allocate.db._ensure_external_network_default_value_callback-8736690211687'] for network (a472d3e2-fd2b-4f32-b8d9-b78bf356dcfb), precommit_create {{(pid=103843) _notify_loop /usr/local/lib/python3.8/dist-packages/neutron_lib/callbacks/manager.py:176}}
Mar 09 21:37:43.502453 dv-neutron-798961-31-hyperv neutron-server[103845]: DEBUG neutron_lib.callbacks.manager [None req-6242e59f-2df1-4ab0-bff6-bcdcdd45993b None None] Publish callbacks ['neutron.plugins.ml2.plugin.SecurityGroupServerNotifierRpcMixin._notify_sg_on_port_change-3484344', 'neutron.plugins.ml2.ovo_rpc._ObjectChangeHandler.handle_event-909849', 'neutron.api.rpc.agentnotifiers.dhcp_rpc_agent_api.DhcpAgentNotifyAPI._native_event_send_dhcp_notification-567633', 'neutron.db.l3_db.L3RpcNotifierMixin._notify_gateway_port_ip_changed-8736690713061', 'neutron.db.l3_dvrscheduler_db._notify_l3_agent_port_update-8736690192918', 'neutron.db.l3_hascheduler_db._notify_l3_agent_ha_port_update-8736690192936'] for port (0fb24105-237c-4319-abab-a686b49a5a13), after_update {{(pid=103845) _notify_loop /usr/local/lib/python3.8/dist-packages/neutron_lib/callbacks/manager.py:176}}
Mar 09 21:37:43.578465 dv-neutron-798961-31-hyperv neutron-server[103843]: DEBUG neutron.api.rpc.handlers.resources_rpc [None req-7f5ec123-c86a-4931-b348-e88970d3f2e1 admin admin] Pushing event updated for resources: {'Network': ['ID=48b9609a-5708-4aea-8664-1d70df007e49,revision_number=1']} {{(pid=103843) push /opt/stack/neutron/neutron/api/rpc/handlers/resources_rpc.py:237}}
Mar 09 21:37:43.581213 dv-neutron-798961-31-hyperv neutron-server[103845]: DEBUG neutron.api.rpc.handlers.resources_rpc [None req-6242e59f-2df1-4ab0-bff6-bcdcdd45993b None None] Pushing event updated for resources: {'Port': ['ID=0fb24105-237c-4319-abab-a686b49a5a13,revision_number=2']} {{(pid=103845) push /opt/stack/neutron/neutron/api/rpc/handlers/resources_rpc.py:237}}
Mar 09 21:37:43.588446 dv-neutron-798961-31-hyperv neutron-server[103843]: DEBUG neutron.api.rpc.handlers.resources_rpc [None req-7f5ec123-c86a-4931-b348-e88970d3f2e1 admin admin] Pushing event updated for resources: {'SecurityGroup': ['ID=d6281e12-f637-425f-b0ac-51a406245df0,revision_number=1']} {{(pid=103843) push /opt/stack/neutron/neutron/api/rpc/handlers/resources_rpc.py:237}}
Mar 09 21:37:43.593620 dv-neutron-798961-31-hyperv neutron-server[103845]: DEBUG neutron.plugins.ml2.rpc [None req-e596150b-ed51-4db0-b8e3-00bb32fba4ee None None] Network 48b9609a-5708-4aea-8664-1d70df007e49 details requested by agent ovs-agent-dv-neutron-798961-31-hyperv with host dv-neutron-798961-31-hyperv {{(pid=103845) get_network_details /opt/stack/neutron/neutron/plugins/ml2/rpc.py:248}}
Mar 09 21:37:43.600180 dv-neutron-798961-31-hyperv neutron-server[103844]: DEBUG neutron_lib.callbacks.manager [None req-0258cc13-3940-4678-b7dd-8bd985670656 admin admin] Publish callbacks [] for router_gateway (dff97b5b-5e85-4bc6-ad32-3d2a85806c24), before_create {{(pid=103844) _notify_loop /usr/local/lib/python3.8/dist-packages/neutron_lib/callbacks/manager.py:176}}
Mar 09 21:37:43.605899 dv-neutron-798961-31-hyperv neutron-server[103843]: DEBUG neutron_lib.db.resource_extend [None req-e1141b01-384f-4c76-9127-471d760865ba tempest-AllowedAddressPairIpV6TestJSON-80551832 tempest-AllowedAddressPairIpV6TestJSON-80551832-project] It took 0.10 seconds to run function 'neutron_lib.db.resource_extend.apply_funcs' {{(pid=103843) wrapper /usr/local/lib/python3.8/dist-packages/oslo_utils/timeutils.py:386}}
Mar 09 21:37:43.620536 dv-neutron-798961-31-hyperv neutron-server[103843]: DEBUG neutron_lib.callbacks.manager [None req-8088b743-8d38-4991-ada7-9234142ee9df admin admin] Publish callbacks [] for security_group (147f0a74-b633-44f2-be49-41f906263c99), precommit_create {{(pid=103843) _notify_loop /usr/local/lib/python3.8/dist-packages/neutron_lib/callbacks/manager.py:176}}
Mar 09 21:37:43.639670 dv-neutron-798961-31-hyperv neutron-server[103844]: DEBUG neutron_lib.callbacks.manager [None req-0258cc13-3940-4678-b7dd-8bd985670656 admin admin] Publish callbacks ['neutron.plugins.ml2.plugin.SecurityGroupDbMixin._ensure_default_security_group_handler-3484283'] for port (None), before_create {{(pid=103844) _notify_loop /usr/local/lib/python3.8/dist-packages/neutron_lib/callbacks/manager.py:176}}
Mar 09 21:37:43.647704 dv-neutron-798961-31-hyperv neutron-server[103843]: DEBUG neutron_lib.callbacks.manager [None req-8088b743-8d38-4991-ada7-9234142ee9df admin admin] Publish callbacks ['neutron.plugins.ml2.ovo_rpc._ObjectChangeHandler.handle_event-314802'] for security_group (147f0a74-b633-44f2-be49-41f906263c99), after_create {{(pid=103843) _notify_loop /usr/local/lib/python3.8/dist-packages/neutron_lib/callbacks/manager.py:176}}
Mar 09 21:37:43.665034 dv-neutron-798961-31-hyperv neutron-server[103843]: INFO neutron.wsgi [None req-7f5ec123-c86a-4931-b348-e88970d3f2e1 admin admin] 10.222.0.20 "POST /v2.0/networks HTTP/1.1" status: 201 len: 884 time: 1.0628023
Mar 09 21:37:43.673105 dv-neutron-798961-31-hyperv neutron-server[103844]: DEBUG neutron.wsgi [-] (103844) accepted ('10.222.0.20', 41624) {{(pid=103844) server /usr/local/lib/python3.8/dist-packages/eventlet/wsgi.py:1004}}
Mar 09 21:37:43.685062 dv-neutron-798961-31-hyperv neutron-server[103844]: DEBUG neutron.api.v2.base [None req-ff0030ba-59ec-4cf7-a413-269e30c8e01b admin admin] Request body: {'subnet': {'network_id': '48b9609a-5708-4aea-8664-1d70df007e49', 'cidr': '172.20.0.0/28', 'name': 'tempest-ServerActionsTestJSON-134019896-subnet', 'tenant_id': 'd8ac2e022a4e4996bed5ba237c3e5ecb', 'enable_dhcp': True, 'ip_version': 4}} {{(pid=103844) prepare_request_body /opt/stack/neutron/neutron/api/v2/base.py:729}}
Mar 09 21:37:43.719535 dv-neutron-798961-31-hyperv neutron-server[103843]: DEBUG neutron_lib.callbacks.manager [None req-e1141b01-384f-4c76-9127-471d760865ba tempest-AllowedAddressPairIpV6TestJSON-80551832 tempest-AllowedAddressPairIpV6TestJSON-80551832-project] Publish callbacks ['neutron.plugins.ml2.ovo_rpc._ObjectChangeHandler.handle_event-314819', 'neutron.api.rpc.agentnotifiers.dhcp_rpc_agent_api.DhcpAgentNotifyAPI._native_event_send_dhcp_notification-567633'] for network (a472d3e2-fd2b-4f32-b8d9-b78bf356dcfb), after_create {{(pid=103843) _notify_loop /usr/local/lib/python3.8/dist-packages/neutron_lib/callbacks/manager.py:176}}
Mar 09 21:37:43.728294 dv-neutron-798961-31-hyperv neutron-server[103843]: DEBUG neutron.pecan_wsgi.hooks.policy_enforcement [None req-e1141b01-384f-4c76-9127-471d760865ba tempest-AllowedAddressPairIpV6TestJSON-80551832 tempest-AllowedAddressPairIpV6TestJSON-80551832-project] Attributes excluded by policy engine: ['standard_attr_id', 'provider:network_type', 'provider:physical_network', 'provider:segmentation_id', 'vlan_transparent'] {{(pid=103843) _exclude_attributes_by_policy /opt/stack/neutron/neutron/pecan_wsgi/hooks/policy_enforcement.py:255}}
Mar 09 21:37:43.729177 dv-neutron-798961-31-hyperv neutron-server[103843]: DEBUG neutron_lib.callbacks.manager [None req-e1141b01-384f-4c76-9127-471d760865ba tempest-AllowedAddressPairIpV6TestJSON-80551832 tempest-AllowedAddressPairIpV6TestJSON-80551832-project] Publish callbacks ['neutron.api.rpc.agentnotifiers.dhcp_rpc_agent_api.DhcpAgentNotifyAPI._send_dhcp_notification-567619'] for network (None), before_response {{(pid=103843) _notify_loop /usr/local/lib/python3.8/dist-packages/neutron_lib/callbacks/manager.py:176}}
Mar 09 21:37:43.748684 dv-neutron-798961-31-hyperv neutron-server[103843]: DEBUG neutron.plugins.ml2.drivers.helpers [None req-8088b743-8d38-4991-ada7-9234142ee9df admin admin] vlan segment allocate from pool success with {'physical_network': 'physnet1', 'vlan_id': 219} {{(pid=103843) allocate_partially_specified_segment /opt/stack/neutron/neutron/plugins/ml2/drivers/helpers.py:153}}
Mar 09 21:37:43.785878 dv-neutron-798961-31-hyperv neutron-server[103844]: DEBUG neutron.pecan_wsgi.hooks.quota_enforcement [None req-ff0030ba-59ec-4cf7-a413-269e30c8e01b admin admin] Made reservation on behalf of d8ac2e022a4e4996bed5ba237c3e5ecb for: {'subnet': 1} {{(pid=103844) before /opt/stack/neutron/neutron/pecan_wsgi/hooks/quota_enforcement.py:53}}
Mar 09 21:37:43.789971 dv-neutron-798961-31-hyperv neutron-server[103844]: DEBUG neutron_lib.callbacks.manager [None req-ff0030ba-59ec-4cf7-a413-269e30c8e01b admin admin] Publish callbacks [] for subnet (None), before_create {{(pid=103844) _notify_loop /usr/local/lib/python3.8/dist-packages/neutron_lib/callbacks/manager.py:176}}
Mar 09 21:37:43.798729 dv-neutron-798961-31-hyperv neutron-server[103843]: DEBUG neutron.api.rpc.handlers.resources_rpc [None req-8088b743-8d38-4991-ada7-9234142ee9df admin admin] Pushing event updated for resources: {'SecurityGroup': ['ID=147f0a74-b633-44f2-be49-41f906263c99,revision_number=1']} {{(pid=103843) push /opt/stack/neutron/neutron/api/rpc/handlers/resources_rpc.py:237}}
Mar 09 21:37:43.815828 dv-neutron-798961-31-hyperv neutron-server[103843]: INFO neutron.wsgi [None req-e1141b01-384f-4c76-9127-471d760865ba tempest-AllowedAddressPairIpV6TestJSON-80551832 tempest-AllowedAddressPairIpV6TestJSON-80551832-project] 10.222.0.20 "POST /v2.0/networks HTTP/1.1" status: 201 len: 797 time: 1.4107985
Mar 09 21:37:43.823216 dv-neutron-798961-31-hyperv neutron-server[103843]: DEBUG neutron.wsgi [-] (103843) accepted ('10.222.0.20', 41632) {{(pid=103843) server /usr/local/lib/python3.8/dist-packages/eventlet/wsgi.py:1004}}
Mar 09 21:37:43.828977 dv-neutron-798961-31-hyperv neutron-server[103843]: DEBUG neutron.api.v2.base [None req-f018a266-f41e-430b-b6f9-0f15a01b3913 tempest-AllowedAddressPairIpV6TestJSON-80551832 tempest-AllowedAddressPairIpV6TestJSON-80551832-project] Request body: {'subnet': {'network_id': 'a472d3e2-fd2b-4f32-b8d9-b78bf356dcfb', 'cidr': '2001:db8::/64', 'ip_version': 6, 'gateway_ip': '2001:db8::1'}} {{(pid=103843) prepare_request_body /opt/stack/neutron/neutron/api/v2/base.py:729}}
Mar 09 21:37:43.904144 dv-neutron-798961-31-hyperv neutron-server[103844]: DEBUG neutron.wsgi [-] (103844) accepted ('10.222.0.20', 41634) {{(pid=103844) server /usr/local/lib/python3.8/dist-packages/eventlet/wsgi.py:1004}}
Mar 09 21:37:44.008001 dv-neutron-798961-31-hyperv neutron-server[103843]: DEBUG neutron_lib.callbacks.manager [None req-8088b743-8d38-4991-ada7-9234142ee9df admin admin] Publish callbacks ['neutron.plugins.ml2.plugin.Ml2Plugin._handle_segment_change-3515955'] for segment (808910f4-3ab6-4921-b43b-c84474288027), precommit_create {{(pid=103843) _notify_loop /usr/local/lib/python3.8/dist-packages/neutron_lib/callbacks/manager.py:176}}
Mar 09 21:37:44.008595 dv-neutron-798961-31-hyperv neutron-server[103843]: INFO neutron.db.segments_db [None req-8088b743-8d38-4991-ada7-9234142ee9df admin admin] Added segment 808910f4-3ab6-4921-b43b-c84474288027 of type vlan for network a53699ec-d764-41ae-bfbe-983d7a24cb5b
Mar 09 21:37:44.026128 dv-neutron-798961-31-hyperv neutron-server[103844]: DEBUG neutron.db.db_base_plugin_common [None req-0258cc13-3940-4678-b7dd-8bd985670656 admin admin] Allocated IP 172.26.3.166 (fbdf1fb6-230a-4163-a1ea-f06e86f857e8/ca313bfe-97fc-42ee-8453-9463a07474da/5ba6fedd-7070-4c85-b10f-b2c2a7001675) {{(pid=103844) _store_ip_allocation /opt/stack/neutron/neutron/db/db_base_plugin_common.py:131}}
Mar 09 21:37:44.060999 dv-neutron-798961-31-hyperv neutron-server[103843]: DEBUG neutron.pecan_wsgi.hooks.quota_enforcement [None req-f018a266-f41e-430b-b6f9-0f15a01b3913 tempest-AllowedAddressPairIpV6TestJSON-80551832 tempest-AllowedAddressPairIpV6TestJSON-80551832-project] Made reservation on behalf of 39602ed4ceb640d7a0ad7cbcbbcb6ee5 for: {'subnet': 1} {{(pid=103843) before /opt/stack/neutron/neutron/pecan_wsgi/hooks/quota_enforcement.py:53}}
Mar 09 21:37:44.064616 dv-neutron-798961-31-hyperv neutron-server[103845]: DEBUG neutron_lib.callbacks.manager [None req-542bd66d-4343-4c14-b924-cb9f07907804 None None] Publish callbacks ['neutron.services.segments.db._update_segment_host_mapping_for_agent-8736690732418', 'neutron.plugins.ml2.plugin.Ml2Plugin._retry_binding_revived_agents-3506314'] for agent (b770241f-2a7d-464f-9d4d-1a9fc6e1b011), after_update {{(pid=103845) _notify_loop /usr/local/lib/python3.8/dist-packages/neutron_lib/callbacks/manager.py:176}}
Mar 09 21:37:44.066588 dv-neutron-798961-31-hyperv neutron-server[103843]: DEBUG neutron_lib.callbacks.manager [None req-f018a266-f41e-430b-b6f9-0f15a01b3913 tempest-AllowedAddressPairIpV6TestJSON-80551832 tempest-AllowedAddressPairIpV6TestJSON-80551832-project] Publish callbacks [] for subnet (None), before_create {{(pid=103843) _notify_loop /usr/local/lib/python3.8/dist-packages/neutron_lib/callbacks/manager.py:176}}
Mar 09 21:37:44.122758 dv-neutron-798961-31-hyperv neutron-server[103843]: DEBUG neutron.api.rpc.handlers.resources_rpc [None req-e1141b01-384f-4c76-9127-471d760865ba tempest-AllowedAddressPairIpV6TestJSON-80551832 tempest-AllowedAddressPairIpV6TestJSON-80551832-project] Pushing event updated for resources: {'Network': ['ID=a472d3e2-fd2b-4f32-b8d9-b78bf356dcfb,revision_number=1']} {{(pid=103843) push /opt/stack/neutron/neutron/api/rpc/handlers/resources_rpc.py:237}}
Mar 09 21:37:44.134217 dv-neutron-798961-31-hyperv neutron-server[103845]: DEBUG neutron.plugins.ml2.rpc [None req-e596150b-ed51-4db0-b8e3-00bb32fba4ee None None] Network a472d3e2-fd2b-4f32-b8d9-b78bf356dcfb details requested by agent ovs-agent-dv-neutron-798961-31-hyperv with host dv-neutron-798961-31-hyperv {{(pid=103845) get_network_details /opt/stack/neutron/neutron/plugins/ml2/rpc.py:248}}
Mar 09 21:37:44.169693 dv-neutron-798961-31-hyperv neutron-server[103843]: DEBUG neutron_lib.callbacks.manager [None req-8088b743-8d38-4991-ada7-9234142ee9df admin admin] Publish callbacks ['neutron.services.auto_allocate.db._ensure_external_network_default_value_callback-8736690211687'] for network (a53699ec-d764-41ae-bfbe-983d7a24cb5b), precommit_create {{(pid=103843) _notify_loop /usr/local/lib/python3.8/dist-packages/neutron_lib/callbacks/manager.py:176}}
Mar 09 21:37:44.278205 dv-neutron-798961-31-hyperv neutron-server[103843]: DEBUG neutron_lib.callbacks.manager [None req-8088b743-8d38-4991-ada7-9234142ee9df admin admin] Publish callbacks ['neutron.plugins.ml2.ovo_rpc._ObjectChangeHandler.handle_event-314819', 'neutron.api.rpc.agentnotifiers.dhcp_rpc_agent_api.DhcpAgentNotifyAPI._native_event_send_dhcp_notification-567633'] for network (a53699ec-d764-41ae-bfbe-983d7a24cb5b), after_create {{(pid=103843) _notify_loop /usr/local/lib/python3.8/dist-packages/neutron_lib/callbacks/manager.py:176}}
Mar 09 21:37:44.279229 dv-neutron-798961-31-hyperv neutron-server[103843]: DEBUG neutron.pecan_wsgi.hooks.policy_enforcement [None req-8088b743-8d38-4991-ada7-9234142ee9df admin admin] Attributes excluded by policy engine: ['standard_attr_id', 'vlan_transparent'] {{(pid=103843) _exclude_attributes_by_policy /opt/stack/neutron/neutron/pecan_wsgi/hooks/policy_enforcement.py:255}}
Mar 09 21:37:44.279859 dv-neutron-798961-31-hyperv neutron-server[103843]: DEBUG neutron_lib.callbacks.manager [None req-8088b743-8d38-4991-ada7-9234142ee9df admin admin] Publish callbacks ['neutron.api.rpc.agentnotifiers.dhcp_rpc_agent_api.DhcpAgentNotifyAPI._send_dhcp_notification-567619'] for network (None), before_response {{(pid=103843) _notify_loop /usr/local/lib/python3.8/dist-packages/neutron_lib/callbacks/manager.py:176}}
Mar 09 21:37:44.342541 dv-neutron-798961-31-hyperv neutron-server[103844]: DEBUG neutron_lib.callbacks.manager [None req-ff0030ba-59ec-4cf7-a413-269e30c8e01b admin admin] Publish callbacks ['neutron.plugins.ml2.ovo_rpc._ObjectChangeHandler.handle_event-320231', 'neutron.api.rpc.agentnotifiers.dhcp_rpc_agent_api.DhcpAgentNotifyAPI._native_event_send_dhcp_notification-567633'] for subnet (e2fc352f-768c-4b1a-8ec0-32271dfbb1a5), after_create {{(pid=103844) _notify_loop /usr/local/lib/python3.8/dist-packages/neutron_lib/callbacks/manager.py:176}}
Mar 09 21:37:44.377231 dv-neutron-798961-31-hyperv neutron-server[103844]: DEBUG neutron.api.v2.base [None req-fa52a82d-2e41-4d8c-a02e-d7db4a07b332 tempest-PortsAdminExtendedAttrsTestJSON-322118908 tempest-PortsAdminExtendedAttrsTestJSON-322118908-project] Request body: {'network': {'name': 'tempest-PortsAdminExtendedAttrsTestJSON-test-network-1151433326'}} {{(pid=103844) prepare_request_body /opt/stack/neutron/neutron/api/v2/base.py:729}}
Mar 09 21:37:44.388207 dv-neutron-798961-31-hyperv neutron-server[103843]: INFO neutron.wsgi [None req-8088b743-8d38-4991-ada7-9234142ee9df admin admin] 10.222.0.20 "POST /v2.0/networks HTTP/1.1" status: 201 len: 884 time: 1.7435410
Mar 09 21:37:44.396468 dv-neutron-798961-31-hyperv neutron-server[103843]: DEBUG neutron.wsgi [-] (103843) accepted ('10.222.0.20', 41654) {{(pid=103843) server /usr/local/lib/python3.8/dist-packages/eventlet/wsgi.py:1004}}
Mar 09 21:37:44.419367 dv-neutron-798961-31-hyperv neutron-server[103843]: DEBUG neutron.api.v2.base [None req-cc7a83ba-436e-4ddd-a6ce-45cb0b67b455 admin admin] Request body: {'subnet': {'network_id': 'a53699ec-d764-41ae-bfbe-983d7a24cb5b', 'cidr': '172.20.0.0/28', 'name': 'tempest-ServersTestManualDisk-889286909-subnet', 'tenant_id': 'e9049ef51b93433190e65fc47186ad6d', 'enable_dhcp': True, 'ip_version': 4}} {{(pid=103843) prepare_request_body /opt/stack/neutron/neutron/api/v2/base.py:729}}
Mar 09 21:37:44.442117 dv-neutron-798961-31-hyperv neutron-server[103843]: DEBUG neutron.api.rpc.handlers.resources_rpc [None req-8088b743-8d38-4991-ada7-9234142ee9df admin admin] Pushing event updated for resources: {'Network': ['ID=a53699ec-d764-41ae-bfbe-983d7a24cb5b,revision_number=1']} {{(pid=103843) push /opt/stack/neutron/neutron/api/rpc/handlers/resources_rpc.py:237}}
Mar 09 21:37:44.453978 dv-neutron-798961-31-hyperv neutron-server[103845]: DEBUG neutron.plugins.ml2.rpc [None req-e596150b-ed51-4db0-b8e3-00bb32fba4ee None None] Network a53699ec-d764-41ae-bfbe-983d7a24cb5b details requested by agent ovs-agent-dv-neutron-798961-31-hyperv with host dv-neutron-798961-31-hyperv {{(pid=103845) get_network_details /opt/stack/neutron/neutron/plugins/ml2/rpc.py:248}}
Mar 09 21:37:44.501332 dv-neutron-798961-31-hyperv neutron-server[103843]: DEBUG neutron.pecan_wsgi.hooks.quota_enforcement [None req-cc7a83ba-436e-4ddd-a6ce-45cb0b67b455 admin admin] Made reservation on behalf of e9049ef51b93433190e65fc47186ad6d for: {'subnet': 1} {{(pid=103843) before /opt/stack/neutron/neutron/pecan_wsgi/hooks/quota_enforcement.py:53}}
Mar 09 21:37:44.504357 dv-neutron-798961-31-hyperv neutron-server[103843]: DEBUG neutron_lib.callbacks.manager [None req-cc7a83ba-436e-4ddd-a6ce-45cb0b67b455 admin admin] Publish callbacks [] for subnet (None), before_create {{(pid=103843) _notify_loop /usr/local/lib/python3.8/dist-packages/neutron_lib/callbacks/manager.py:176}}
Mar 09 21:37:44.510353 dv-neutron-798961-31-hyperv neutron-server[103844]: DEBUG neutron.api.rpc.handlers.resources_rpc [None req-ff0030ba-59ec-4cf7-a413-269e30c8e01b admin admin] Pushing event updated for resources: {'Subnet': ['ID=e2fc352f-768c-4b1a-8ec0-32271dfbb1a5,revision_number=0']} {{(pid=103844) push /opt/stack/neutron/neutron/api/rpc/handlers/resources_rpc.py:237}}
Mar 09 21:37:44.547370 dv-neutron-798961-31-hyperv neutron-server[103844]: DEBUG neutron_lib.callbacks.manager [None req-0258cc13-3940-4678-b7dd-8bd985670656 admin admin] Publish callbacks [] for port (5ba6fedd-7070-4c85-b10f-b2c2a7001675), precommit_create {{(pid=103844) _notify_loop /usr/local/lib/python3.8/dist-packages/neutron_lib/callbacks/manager.py:176}}
Mar 09 21:37:44.549779 dv-neutron-798961-31-hyperv neutron-server[103844]: DEBUG neutron.plugins.ml2.drivers.mech_agent [None req-ff0030ba-59ec-4cf7-a413-269e30c8e01b admin admin] Checking segment: {'id': '59aa3c1c-e89e-47db-8a9d-d54a35857f53', 'network_type': 'vlan', 'physical_network': 'physnet1', 'segmentation_id': 217, 'network_id': '48b9609a-5708-4aea-8664-1d70df007e49'} for mappings: {'physnet1': 'br-data'} with network types: ['local', 'flat', 'vlan'] {{(pid=103844) check_segment_for_agent /opt/stack/neutron/neutron/plugins/ml2/drivers/mech_agent.py:373}}
Mar 09 21:37:44.550161 dv-neutron-798961-31-hyperv neutron-server[103844]: DEBUG neutron.scheduler.dhcp_agent_scheduler [None req-ff0030ba-59ec-4cf7-a413-269e30c8e01b admin admin] Network hostable DHCP agents. Network: 48b9609a-5708-4aea-8664-1d70df007e49, hostable agents: ['b770241f-2a7d-464f-9d4d-1a9fc6e1b011'], hosted agents: [] {{(pid=103844) _get_network_hostable_dhcp_agents /opt/stack/neutron/neutron/scheduler/dhcp_agent_scheduler.py:329}}
Mar 09 21:37:44.561184 dv-neutron-798961-31-hyperv neutron-server[103844]: DEBUG neutron.pecan_wsgi.hooks.quota_enforcement [None req-fa52a82d-2e41-4d8c-a02e-d7db4a07b332 tempest-PortsAdminExtendedAttrsTestJSON-322118908 tempest-PortsAdminExtendedAttrsTestJSON-322118908-project] Made reservation on behalf of f1a863543e3247c3825280b39cca03d6 for: {'network': 1} {{(pid=103844) before /opt/stack/neutron/neutron/pecan_wsgi/hooks/quota_enforcement.py:53}}
Mar 09 21:37:44.574903 dv-neutron-798961-31-hyperv neutron-server[103844]: DEBUG neutron_lib.callbacks.manager [None req-fa52a82d-2e41-4d8c-a02e-d7db4a07b332 tempest-PortsAdminExtendedAttrsTestJSON-322118908 tempest-PortsAdminExtendedAttrsTestJSON-322118908-project] Publish callbacks ['neutron.plugins.ml2.plugin.SecurityGroupDbMixin._ensure_default_security_group_handler-3484283'] for network (None), before_create {{(pid=103844) _notify_loop /usr/local/lib/python3.8/dist-packages/neutron_lib/callbacks/manager.py:176}}
Mar 09 21:37:44.585361 dv-neutron-798961-31-hyperv neutron-server[103843]: DEBUG neutron_lib.callbacks.manager [None req-f018a266-f41e-430b-b6f9-0f15a01b3913 tempest-AllowedAddressPairIpV6TestJSON-80551832 tempest-AllowedAddressPairIpV6TestJSON-80551832-project] Publish callbacks ['neutron.plugins.ml2.ovo_rpc._ObjectChangeHandler.handle_event-320231', 'neutron.api.rpc.agentnotifiers.dhcp_rpc_agent_api.DhcpAgentNotifyAPI._native_event_send_dhcp_notification-567633'] for subnet (89559ad8-9eeb-49f9-bfea-9a979efee673), after_create {{(pid=103843) _notify_loop /usr/local/lib/python3.8/dist-packages/neutron_lib/callbacks/manager.py:176}}
Mar 09 21:37:44.589094 dv-neutron-798961-31-hyperv neutron-server[103844]: DEBUG neutron_lib.callbacks.manager [None req-fa52a82d-2e41-4d8c-a02e-d7db4a07b332 tempest-PortsAdminExtendedAttrsTestJSON-322118908 tempest-PortsAdminExtendedAttrsTestJSON-322118908-project] Publish callbacks [] for security_group (None), before_create {{(pid=103844) _notify_loop /usr/local/lib/python3.8/dist-packages/neutron_lib/callbacks/manager.py:176}}
Mar 09 21:37:44.682167 dv-neutron-798961-31-hyperv neutron-server[103843]: DEBUG neutron.wsgi [-] (103843) accepted ('10.222.0.20', 41660) {{(pid=103843) server /usr/local/lib/python3.8/dist-packages/eventlet/wsgi.py:1004}}
Mar 09 21:37:44.701456 dv-neutron-798961-31-hyperv neutron-server[103844]: DEBUG neutron.scheduler.dhcp_agent_scheduler [None req-ff0030ba-59ec-4cf7-a413-269e30c8e01b admin admin] Network 48b9609a-5708-4aea-8664-1d70df007e49 is scheduled to be hosted by DHCP agent b770241f-2a7d-464f-9d4d-1a9fc6e1b011 with binding_index 1 {{(pid=103844) bind /opt/stack/neutron/neutron/scheduler/dhcp_agent_scheduler.py:227}}
Mar 09 21:37:44.711396 dv-neutron-798961-31-hyperv neutron-server[103844]: DEBUG neutron_lib.callbacks.manager [None req-0258cc13-3940-4678-b7dd-8bd985670656 admin admin] Publish callbacks ['neutron.plugins.ml2.plugin.SecurityGroupServerNotifierRpcMixin._notify_sg_on_port_change-3484344', 'neutron.plugins.ml2.ovo_rpc._ObjectChangeHandler.handle_event-909849', 'neutron.api.rpc.agentnotifiers.dhcp_rpc_agent_api.DhcpAgentNotifyAPI._native_event_send_dhcp_notification-567633', 'neutron.db.l3_dvrscheduler_db._notify_l3_agent_new_port-8736690192900'] for port (5ba6fedd-7070-4c85-b10f-b2c2a7001675), after_create {{(pid=103844) _notify_loop /usr/local/lib/python3.8/dist-packages/neutron_lib/callbacks/manager.py:176}}
Mar 09 21:37:44.715083 dv-neutron-798961-31-hyperv neutron-server[103843]: DEBUG neutron.api.rpc.handlers.resources_rpc [None req-f018a266-f41e-430b-b6f9-0f15a01b3913 tempest-AllowedAddressPairIpV6TestJSON-80551832 tempest-AllowedAddressPairIpV6TestJSON-80551832-project] Pushing event updated for resources: {'Subnet': ['ID=89559ad8-9eeb-49f9-bfea-9a979efee673,revision_number=0']} {{(pid=103843) push /opt/stack/neutron/neutron/api/rpc/handlers/resources_rpc.py:237}}
Mar 09 21:37:44.759118 dv-neutron-798961-31-hyperv neutron-server[103843]: DEBUG neutron.plugins.ml2.drivers.mech_agent [None req-f018a266-f41e-430b-b6f9-0f15a01b3913 tempest-AllowedAddressPairIpV6TestJSON-80551832 tempest-AllowedAddressPairIpV6TestJSON-80551832-project] Checking segment: {'id': 'c3f022c8-6553-4b26-b174-354ae0f9d647', 'network_type': 'vlan', 'physical_network': 'physnet1', 'segmentation_id': 238, 'network_id': 'a472d3e2-fd2b-4f32-b8d9-b78bf356dcfb'} for mappings: {'physnet1': 'br-data'} with network types: ['local', 'flat', 'vlan'] {{(pid=103843) check_segment_for_agent /opt/stack/neutron/neutron/plugins/ml2/drivers/mech_agent.py:373}}
Mar 09 21:37:44.762981 dv-neutron-798961-31-hyperv neutron-server[103843]: DEBUG neutron.scheduler.dhcp_agent_scheduler [None req-f018a266-f41e-430b-b6f9-0f15a01b3913 tempest-AllowedAddressPairIpV6TestJSON-80551832 tempest-AllowedAddressPairIpV6TestJSON-80551832-project] Network hostable DHCP agents. Network: a472d3e2-fd2b-4f32-b8d9-b78bf356dcfb, hostable agents: ['b770241f-2a7d-464f-9d4d-1a9fc6e1b011'], hosted agents: [] {{(pid=103843) _get_network_hostable_dhcp_agents /opt/stack/neutron/neutron/scheduler/dhcp_agent_scheduler.py:329}}
Mar 09 21:37:44.799570 dv-neutron-798961-31-hyperv neutron-server[103844]: DEBUG neutron.scheduler.dhcp_agent_scheduler [None req-0258cc13-3940-4678-b7dd-8bd985670656 admin admin] Network fbdf1fb6-230a-4163-a1ea-f06e86f857e8 is already hosted by enough agents. {{(pid=103844) _get_dhcp_agents_hosting_network /opt/stack/neutron/neutron/scheduler/dhcp_agent_scheduler.py:275}}
Mar 09 21:37:44.802293 dv-neutron-798961-31-hyperv neutron-server[103844]: DEBUG neutron.api.rpc.handlers.resources_rpc [None req-0258cc13-3940-4678-b7dd-8bd985670656 admin admin] Pushing event updated for resources: {'Port': ['ID=5ba6fedd-7070-4c85-b10f-b2c2a7001675,revision_number=1']} {{(pid=103844) push /opt/stack/neutron/neutron/api/rpc/handlers/resources_rpc.py:237}}
Mar 09 21:37:44.810657 dv-neutron-798961-31-hyperv neutron-server[103844]: DEBUG neutron.scheduler.base_scheduler [None req-0258cc13-3940-4678-b7dd-8bd985670656 admin admin] Resources bound (agent type, host, resource id): {{(pid=103844) schedule /opt/stack/neutron/neutron/scheduler/base_scheduler.py:57}}
Mar 09 21:37:44.814868 dv-neutron-798961-31-hyperv neutron-server[103844]: DEBUG neutron.scheduler.base_scheduler [None req-ff0030ba-59ec-4cf7-a413-269e30c8e01b admin admin] Resources bound (agent type, host, resource id): (DHCP agent, dv-neutron-798961-31-hyperv, 48b9609a-5708-4aea-8664-1d70df007e49) {{(pid=103844) schedule /opt/stack/neutron/neutron/scheduler/base_scheduler.py:57}}
Mar 09 21:37:44.825469 dv-neutron-798961-31-hyperv neutron-server[103845]: DEBUG neutron.api.rpc.handlers.dhcp_rpc [None req-bf65f6fe-0b4f-4f2d-be80-7cfe66be50fe None None] Network 48b9609a-5708-4aea-8664-1d70df007e49 requested from dv-neutron-798961-31-hyperv {{(pid=103845) get_network_info /opt/stack/neutron/neutron/api/rpc/handlers/dhcp_rpc.py:191}}
