Oct 12 13:07:09.192897 dv-neutron-797121-10-hyperv neutron-server[94874]: INFO neutron.wsgi [req-ba09fe4f-e351-41ba-8f5c-f1c515ae0559 req-9424a93e-fe38-4bf0-9868-505e7fb4857f service neutron] 10.222.0.32 "GET /v2.0/networks/bd589b51-88c3-4229-b476-cb4ab063eb07?fields=provider%3Aphysical_network&fields=provider%3Anetwork_type HTTP/1.1" status: 200 len: 281 time: 1.1552300
Oct 12 13:07:09.253803 dv-neutron-797121-10-hyperv neutron-server[94874]: INFO neutron.wsgi [None req-49e90318-0372-4c96-8431-ec2128e7c7b6 tempest-AllowedAddressPairTestJSON-1282878051 tempest-AllowedAddressPairTestJSON-1282878051-project] 10.222.0.32 "POST /v2.0/ports HTTP/1.1" status: 201 len: 998 time: 5.0051904
Oct 12 13:07:09.254432 dv-neutron-797121-10-hyperv neutron-server[94873]: DEBUG neutron.wsgi [-] (94873) accepted ('10.222.0.32', 59452) {{(pid=94873) server /usr/local/lib/python3.8/dist-packages/eventlet/wsgi.py:982}}
Oct 12 13:07:09.274778 dv-neutron-797121-10-hyperv neutron-server[94874]: DEBUG neutron_lib.callbacks.manager [None req-a8900366-baeb-4454-95f2-581967df3013 tempest-PortsAdminExtendedAttrsIpV6TestJSON-1147131855 tempest-PortsAdminExtendedAttrsIpV6TestJSON-1147131855-project-admin] Notify callbacks ['neutron.plugins.ml2.plugin.SecurityGroupDbMixin._ensure_default_security_group_handler-33061398'] for port, before_update {{(pid=94874) _notify_loop /usr/local/lib/python3.8/dist-packages/neutron_lib/callbacks/manager.py:192}}
Oct 12 13:07:09.285035 dv-neutron-797121-10-hyperv neutron-server[94874]: INFO neutron.api.v2.resource [None req-ec681435-0f7f-4a9a-a237-389cfa25d11c tempest-RoutersAdminNegativeTest-1379818773 tempest-RoutersAdminNegativeTest-1379818773-project-admin] create failed (client error): There was a conflict when trying to complete your request.
Oct 12 13:07:09.288494 dv-neutron-797121-10-hyperv neutron-server[94874]: INFO neutron.wsgi [None req-ec681435-0f7f-4a9a-a237-389cfa25d11c tempest-RoutersAdminNegativeTest-1379818773 tempest-RoutersAdminNegativeTest-1379818773-project-admin] 10.222.0.32 "POST /v2.0/routers HTTP/1.1" status: 409 len: 371 time: 4.7774537
Oct 12 13:07:09.292497 dv-neutron-797121-10-hyperv neutron-server[94874]: DEBUG neutron.wsgi [-] (94874) accepted ('10.222.0.32', 59454) {{(pid=94874) server /usr/local/lib/python3.8/dist-packages/eventlet/wsgi.py:982}}
Oct 12 13:07:09.299877 dv-neutron-797121-10-hyperv neutron-server[94873]: DEBUG neutron_lib.callbacks.manager [None req-6c30a03a-e3c3-4a57-b18e-7611c0c0f2e5 tempest-FloatingIPAdminTestJSON-2073856343 tempest-FloatingIPAdminTestJSON-2073856343-project] Notify callbacks ['neutron.plugins.ml2.plugin.SecurityGroupDbMixin._ensure_default_security_group_handler-33061398'] for port, before_update {{(pid=94873) _notify_loop /usr/local/lib/python3.8/dist-packages/neutron_lib/callbacks/manager.py:192}}
Oct 12 13:07:09.484625 dv-neutron-797121-10-hyperv neutron-server[94875]: DEBUG neutron.plugins.ml2.rpc [None req-10cf7b9b-9bbc-42bb-825c-441c2db8b672 None None] Device 43d58a87-a0ce-4f5f-afa3-cd5cf5a6c188 up at agent ovs-agent-dv-neutron-797121-10-hyperv {{(pid=94875) update_device_up /opt/stack/neutron/neutron/plugins/ml2/rpc.py:296}}
Oct 12 13:07:09.519579 dv-neutron-797121-10-hyperv neutron-server[94873]: DEBUG neutron_lib.callbacks.manager [None req-c6e19999-b3fa-4f0d-8f3a-1b65cba3e5d8 tempest-ServersTestManualDisk-714015046 tempest-ServersTestManualDisk-714015046-project] Notify callbacks [] for port, precommit_update {{(pid=94873) _notify_loop /usr/local/lib/python3.8/dist-packages/neutron_lib/callbacks/manager.py:192}}
Oct 12 13:07:09.566412 dv-neutron-797121-10-hyperv neutron-server[94873]: DEBUG neutron_lib.callbacks.manager [None req-c6e19999-b3fa-4f0d-8f3a-1b65cba3e5d8 tempest-ServersTestManualDisk-714015046 tempest-ServersTestManualDisk-714015046-project] Notify callbacks ['neutron.plugins.ml2.plugin.SecurityGroupServerNotifierRpcMixin._notify_sg_on_port_change-33061868', 'neutron.plugins.ml2.ovo_rpc._ObjectChangeHandler.handle_event-405547', 'neutron.api.rpc.agentnotifiers.dhcp_rpc_agent_api.DhcpAgentNotifyAPI._native_event_send_dhcp_notification-761458', 'neutron.db.l3_db.L3RpcNotifierMixin._notify_gateway_port_ip_changed-8729839572246', 'neutron.db.l3_dvrscheduler_db._notify_l3_agent_port_update-8729839103955', 'neutron.db.l3_hascheduler_db._notify_l3_agent_ha_port_update-8729839103973'] for port, after_update {{(pid=94873) _notify_loop /usr/local/lib/python3.8/dist-packages/neutron_lib/callbacks/manager.py:192}}
Oct 12 13:07:09.628644 dv-neutron-797121-10-hyperv neutron-server[94875]: DEBUG neutron.db.provisioning_blocks [None req-c68afbec-c45c-4c0c-9a68-cc102aceabf1 None None] Provisioning complete for port b0fed1c2-718b-4629-9587-11b551c492a3 triggered by entity DHCP. {{(pid=94875) provisioning_complete /opt/stack/neutron/neutron/db/provisioning_blocks.py:139}}
Oct 12 13:07:09.629027 dv-neutron-797121-10-hyperv neutron-server[94875]: DEBUG neutron_lib.callbacks.manager [None req-c68afbec-c45c-4c0c-9a68-cc102aceabf1 None None] Notify callbacks ['neutron.plugins.ml2.plugin.Ml2Plugin._port_provisioned-33359760'] for port, provisioning_complete {{(pid=94875) _notify_loop /usr/local/lib/python3.8/dist-packages/neutron_lib/callbacks/manager.py:192}}
Oct 12 13:07:09.673520 dv-neutron-797121-10-hyperv neutron-server[94873]: DEBUG neutron_lib.callbacks.manager [None req-b7a351e5-3025-4cff-85fb-8ff9ead4ed4d tempest-NetworksTest-104163846 tempest-NetworksTest-104163846-project] Notify callbacks ['neutron.plugins.ml2.ovo_rpc._ObjectChangeHandler.handle_event-535924', 'neutron.api.rpc.agentnotifiers.dhcp_rpc_agent_api.DhcpAgentNotifyAPI._native_event_send_dhcp_notification-761458'] for subnet, after_create {{(pid=94873) _notify_loop /usr/local/lib/python3.8/dist-packages/neutron_lib/callbacks/manager.py:192}}
Oct 12 13:07:09.740464 dv-neutron-797121-10-hyperv neutron-server[94873]: INFO neutron.wsgi [req-bdff4ea6-9c98-410c-afd0-f84bee496205 req-ba19f14a-c316-4970-949f-35d6b17a0009 tempest-ServerActionsTestJSON-702851191 tempest-ServerActionsTestJSON-702851191-project] 10.222.0.32 "GET /v2.0/ports?device_id=06e7f3fd-59f3-4138-b7d9-b646b6567808 HTTP/1.1" status: 200 len: 210 time: 0.1815400
Oct 12 13:07:09.762973 dv-neutron-797121-10-hyperv neutron-server[94875]: DEBUG neutron.plugins.ml2.plugin [None req-c68afbec-c45c-4c0c-9a68-cc102aceabf1 None None] Port b0fed1c2-718b-4629-9587-11b551c492a3 cannot update to ACTIVE because it is not bound. {{(pid=94875) _port_provisioned /opt/stack/neutron/neutron/plugins/ml2/plugin.py:338}}
Oct 12 13:07:09.785762 dv-neutron-797121-10-hyperv neutron-server[94875]: DEBUG neutron.db.provisioning_blocks [None req-10cf7b9b-9bbc-42bb-825c-441c2db8b672 None None] Provisioning complete for port 43d58a87-a0ce-4f5f-afa3-cd5cf5a6c188 triggered by entity L2. {{(pid=94875) provisioning_complete /opt/stack/neutron/neutron/db/provisioning_blocks.py:139}}
Oct 12 13:07:09.786137 dv-neutron-797121-10-hyperv neutron-server[94875]: DEBUG neutron_lib.callbacks.manager [None req-10cf7b9b-9bbc-42bb-825c-441c2db8b672 None None] Notify callbacks ['neutron.plugins.ml2.plugin.Ml2Plugin._port_provisioned-33359760'] for port, provisioning_complete {{(pid=94875) _notify_loop /usr/local/lib/python3.8/dist-packages/neutron_lib/callbacks/manager.py:192}}
Oct 12 13:07:09.822160 dv-neutron-797121-10-hyperv neutron-server[94874]: DEBUG neutron.plugins.ml2.plugin [None req-3e0c11c5-cf3f-4a8c-a5fa-07f4dac33354 tempest-RoutersAdminNegativeTest-1379818773 tempest-RoutersAdminNegativeTest-1379818773-project-admin] Deleting port 3183ac6e-a9ad-4a56-8761-d4df7044ba86 {{(pid=94874) _pre_delete_port /opt/stack/neutron/neutron/plugins/ml2/plugin.py:1932}}
Oct 12 13:07:09.823090 dv-neutron-797121-10-hyperv neutron-server[94874]: DEBUG neutron_lib.callbacks.manager [None req-3e0c11c5-cf3f-4a8c-a5fa-07f4dac33354 tempest-RoutersAdminNegativeTest-1379818773 tempest-RoutersAdminNegativeTest-1379818773-project-admin] Notify callbacks ['neutron.db.l3_db.L3_NAT_dbonly_mixin._prevent_l3_port_delete_callback-8729839598502'] for port, before_delete {{(pid=94874) _notify_loop /usr/local/lib/python3.8/dist-packages/neutron_lib/callbacks/manager.py:192}}
Oct 12 13:07:09.853620 dv-neutron-797121-10-hyperv neutron-server[94873]: DEBUG neutron_lib.callbacks.manager [None req-c6e19999-b3fa-4f0d-8f3a-1b65cba3e5d8 tempest-ServersTestManualDisk-714015046 tempest-ServersTestManualDisk-714015046-project] Notify callbacks ['neutron.services.l3_router.l3_router_plugin.DVRResourceOperationHandler._create_dvr_floating_gw_port-597162'] for floatingip, after_create {{(pid=94873) _notify_loop /usr/local/lib/python3.8/dist-packages/neutron_lib/callbacks/manager.py:192}}
Oct 12 13:07:09.865113 dv-neutron-797121-10-hyperv neutron-server[94875]: DEBUG neutron.db.provisioning_blocks [None req-c68afbec-c45c-4c0c-9a68-cc102aceabf1 None None] Provisioning complete for port 43d58a87-a0ce-4f5f-afa3-cd5cf5a6c188 triggered by entity DHCP. {{(pid=94875) provisioning_complete /opt/stack/neutron/neutron/db/provisioning_blocks.py:139}}
Oct 12 13:07:09.866582 dv-neutron-797121-10-hyperv neutron-server[94875]: DEBUG neutron_lib.callbacks.manager [None req-c68afbec-c45c-4c0c-9a68-cc102aceabf1 None None] Notify callbacks ['neutron.plugins.ml2.plugin.Ml2Plugin._port_provisioned-33359760'] for port, provisioning_complete {{(pid=94875) _notify_loop /usr/local/lib/python3.8/dist-packages/neutron_lib/callbacks/manager.py:192}}
Oct 12 13:07:09.944741 dv-neutron-797121-10-hyperv neutron-server[94873]: DEBUG neutron_lib.callbacks.manager [req-e88fdfa1-04b9-4041-a301-3d110936f131 req-3eece0a4-1463-4801-887a-a59f5b42a0ee tempest-ServersTestJSON-393622087 tempest-ServersTestJSON-393622087-project] Notify callbacks ['neutron.plugins.ml2.plugin.SecurityGroupServerNotifierRpcMixin._notify_sg_on_port_change-33061868', 'neutron.plugins.ml2.ovo_rpc._ObjectChangeHandler.handle_event-405547', 'neutron.api.rpc.agentnotifiers.dhcp_rpc_agent_api.DhcpAgentNotifyAPI._native_event_send_dhcp_notification-761458', 'neutron.db.l3_dvrscheduler_db._notify_l3_agent_new_port-8729839103937'] for port, after_create {{(pid=94873) _notify_loop /usr/local/lib/python3.8/dist-packages/neutron_lib/callbacks/manager.py:192}}
Oct 12 13:07:10.112707 dv-neutron-797121-10-hyperv neutron-server[94873]: DEBUG neutron.pecan_wsgi.hooks.policy_enforcement [None req-f0584da8-7eb4-4fbb-b9e3-87810689b3b6 tempest-AllowedAddressPairTestJSON-1282878051 tempest-AllowedAddressPairTestJSON-1282878051-project] Attributes excluded by policy engine: ['standard_attr_id', 'binding:profile', 'binding:host_id', 'binding:vif_type', 'binding:vif_details'] {{(pid=94873) _exclude_attributes_by_policy /opt/stack/neutron/neutron/pecan_wsgi/hooks/policy_enforcement.py:255}}
Oct 12 13:07:10.134695 dv-neutron-797121-10-hyperv neutron-server[94873]: DEBUG neutron.pecan_wsgi.hooks.policy_enforcement [None req-f0584da8-7eb4-4fbb-b9e3-87810689b3b6 tempest-AllowedAddressPairTestJSON-1282878051 tempest-AllowedAddressPairTestJSON-1282878051-project] Attributes excluded by policy engine: ['standard_attr_id', 'binding:profile', 'binding:host_id', 'binding:vif_type', 'binding:vif_details'] {{(pid=94873) _exclude_attributes_by_policy /opt/stack/neutron/neutron/pecan_wsgi/hooks/policy_enforcement.py:255}}
Oct 12 13:07:10.154586 dv-neutron-797121-10-hyperv neutron-server[94875]: DEBUG neutron.db.provisioning_blocks [None req-c68afbec-c45c-4c0c-9a68-cc102aceabf1 None None] Provisioning complete for port 6e834a86-1dd7-4d65-9a19-d4f47cc9f940 triggered by entity DHCP. {{(pid=94875) provisioning_complete /opt/stack/neutron/neutron/db/provisioning_blocks.py:139}}
Oct 12 13:07:10.154957 dv-neutron-797121-10-hyperv neutron-server[94875]: DEBUG neutron_lib.callbacks.manager [None req-c68afbec-c45c-4c0c-9a68-cc102aceabf1 None None] Notify callbacks ['neutron.plugins.ml2.plugin.Ml2Plugin._port_provisioned-33359760'] for port, provisioning_complete {{(pid=94875) _notify_loop /usr/local/lib/python3.8/dist-packages/neutron_lib/callbacks/manager.py:192}}
Oct 12 13:07:10.159818 dv-neutron-797121-10-hyperv neutron-server[94873]: DEBUG neutron.pecan_wsgi.hooks.policy_enforcement [None req-f0584da8-7eb4-4fbb-b9e3-87810689b3b6 tempest-AllowedAddressPairTestJSON-1282878051 tempest-AllowedAddressPairTestJSON-1282878051-project] Attributes excluded by policy engine: ['standard_attr_id', 'binding:profile', 'binding:host_id', 'binding:vif_type', 'binding:vif_details'] {{(pid=94873) _exclude_attributes_by_policy /opt/stack/neutron/neutron/pecan_wsgi/hooks/policy_enforcement.py:255}}
Oct 12 13:07:10.164969 dv-neutron-797121-10-hyperv neutron-server[94873]: INFO neutron.wsgi [None req-f0584da8-7eb4-4fbb-b9e3-87810689b3b6 tempest-AllowedAddressPairTestJSON-1282878051 tempest-AllowedAddressPairTestJSON-1282878051-project] 10.222.0.32 "GET /v2.0/ports HTTP/1.1" status: 200 len: 2466 time: 0.8968272
Oct 12 13:07:10.207257 dv-neutron-797121-10-hyperv neutron-server[94874]: DEBUG neutron.wsgi [-] (94874) accepted ('10.222.0.32', 59478) {{(pid=94874) server /usr/local/lib/python3.8/dist-packages/eventlet/wsgi.py:982}}
Oct 12 13:07:10.223109 dv-neutron-797121-10-hyperv neutron-server[94873]: DEBUG neutron_lib.callbacks.manager [None req-c6e19999-b3fa-4f0d-8f3a-1b65cba3e5d8 tempest-ServersTestManualDisk-714015046 tempest-ServersTestManualDisk-714015046-project] Notify callbacks ['neutron.notifiers.nova.Notifier._send_nova_notification-462671'] for floatingip, before_response {{(pid=94873) _notify_loop /usr/local/lib/python3.8/dist-packages/neutron_lib/callbacks/manager.py:192}}
Oct 12 13:07:10.240080 dv-neutron-797121-10-hyperv neutron-server[94873]: INFO neutron.wsgi [None req-c6e19999-b3fa-4f0d-8f3a-1b65cba3e5d8 tempest-ServersTestManualDisk-714015046 tempest-ServersTestManualDisk-714015046-project] 10.222.0.32 "POST /v2.0/floatingips HTTP/1.1" status: 201 len: 693 time: 6.9640405
Oct 12 13:07:10.249559 dv-neutron-797121-10-hyperv neutron-server[94873]: DEBUG neutron.api.rpc.handlers.resources_rpc [None req-b7a351e5-3025-4cff-85fb-8ff9ead4ed4d tempest-NetworksTest-104163846 tempest-NetworksTest-104163846-project] Pushing event updated for resources: {'Subnet': ['ID=a939e0c0-89ae-441d-8eda-67767d796fee,revision_number=0']} {{(pid=94873) push /opt/stack/neutron/neutron/api/rpc/handlers/resources_rpc.py:237}}
Oct 12 13:07:10.252026 dv-neutron-797121-10-hyperv neutron-server[94873]: DEBUG neutron.api.rpc.handlers.resources_rpc [None req-c6e19999-b3fa-4f0d-8f3a-1b65cba3e5d8 tempest-ServersTestManualDisk-714015046 tempest-ServersTestManualDisk-714015046-project] Pushing event updated for resources: {'Port': ['ID=73fcb6e6-cfce-43ae-a5c9-b7e9d2d71f0a,revision_number=2']} {{(pid=94873) push /opt/stack/neutron/neutron/api/rpc/handlers/resources_rpc.py:237}}
Oct 12 13:07:10.282215 dv-neutron-797121-10-hyperv neutron-server[94875]: DEBUG neutron.plugins.ml2.plugin [None req-c68afbec-c45c-4c0c-9a68-cc102aceabf1 None None] Port 6e834a86-1dd7-4d65-9a19-d4f47cc9f940 cannot update to ACTIVE because it is not bound. {{(pid=94875) _port_provisioned /opt/stack/neutron/neutron/plugins/ml2/plugin.py:338}}
Oct 12 13:07:10.301599 dv-neutron-797121-10-hyperv neutron-server[94873]: DEBUG neutron.scheduler.dhcp_agent_scheduler [req-e88fdfa1-04b9-4041-a301-3d110936f131 req-3eece0a4-1463-4801-887a-a59f5b42a0ee tempest-ServersTestJSON-393622087 tempest-ServersTestJSON-393622087-project] Network 93024fd2-6cf5-4c79-8d99-b8de712da2a2 is already hosted by enough agents. {{(pid=94873) _get_dhcp_agents_hosting_network /opt/stack/neutron/neutron/scheduler/dhcp_agent_scheduler.py:275}}
Oct 12 13:07:10.306797 dv-neutron-797121-10-hyperv neutron-server[94874]: DEBUG neutron.notifiers.nova [None req-a8900366-baeb-4454-95f2-581967df3013 tempest-PortsAdminExtendedAttrsIpV6TestJSON-1147131855 tempest-PortsAdminExtendedAttrsIpV6TestJSON-1147131855-project-admin] device_id is not set on port aa5d2a76-953f-4e5b-a80d-bb75693e4510 yet. {{(pid=94874) _can_notify /opt/stack/neutron/neutron/notifiers/nova.py:190}}
Oct 12 13:07:10.311754 dv-neutron-797121-10-hyperv neutron-server[94875]: DEBUG neutron.api.rpc.handlers.dhcp_rpc [None req-1abd4fe3-63e0-4e39-9cfe-a0fb5da4eb13 None None] get_active_networks_info from dv-neutron-797121-10-hyperv {{(pid=94875) get_active_networks_info /opt/stack/neutron/neutron/api/rpc/handlers/dhcp_rpc.py:158}}
Oct 12 13:07:10.341768 dv-neutron-797121-10-hyperv neutron-server[94873]: DEBUG neutron.scheduler.base_scheduler [req-e88fdfa1-04b9-4041-a301-3d110936f131 req-3eece0a4-1463-4801-887a-a59f5b42a0ee tempest-ServersTestJSON-393622087 tempest-ServersTestJSON-393622087-project] Resources bound (agent type, host, resource id): {{(pid=94873) schedule /opt/stack/neutron/neutron/scheduler/base_scheduler.py:57}}
Oct 12 13:07:10.413940 dv-neutron-797121-10-hyperv neutron-server[94874]: DEBUG neutron_lib.callbacks.manager [None req-3e0c11c5-cf3f-4a8c-a5fa-07f4dac33354 tempest-RoutersAdminNegativeTest-1379818773 tempest-RoutersAdminNegativeTest-1379818773-project-admin] Notify callbacks ['neutron.services.l3_router.l3_router_plugin.L3_NAT_dbonly_mixin._precommit_delete_port_callback-581895'] for port, precommit_delete {{(pid=94874) _notify_loop /usr/local/lib/python3.8/dist-packages/neutron_lib/callbacks/manager.py:192}}
Oct 12 13:07:10.432031 dv-neutron-797121-10-hyperv neutron-server[94874]: DEBUG neutron.plugins.ml2.plugin [None req-3e0c11c5-cf3f-4a8c-a5fa-07f4dac33354 tempest-RoutersAdminNegativeTest-1379818773 tempest-RoutersAdminNegativeTest-1379818773-project-admin] Calling delete_port for 3183ac6e-a9ad-4a56-8761-d4df7044ba86 owned by {{(pid=94874) delete_port /opt/stack/neutron/neutron/plugins/ml2/plugin.py:2010}}
Oct 12 13:07:10.562236 dv-neutron-797121-10-hyperv neutron-server[94875]: DEBUG neutron.db.provisioning_blocks [None req-2272950b-8147-4d59-a600-3e3ff8d5f413 None None] Provisioning complete for port b0fed1c2-718b-4629-9587-11b551c492a3 triggered by entity DHCP. {{(pid=94875) provisioning_complete /opt/stack/neutron/neutron/db/provisioning_blocks.py:139}}
Oct 12 13:07:10.562671 dv-neutron-797121-10-hyperv neutron-server[94875]: DEBUG neutron_lib.callbacks.manager [None req-2272950b-8147-4d59-a600-3e3ff8d5f413 None None] Notify callbacks ['neutron.plugins.ml2.plugin.Ml2Plugin._port_provisioned-33359760'] for port, provisioning_complete {{(pid=94875) _notify_loop /usr/local/lib/python3.8/dist-packages/neutron_lib/callbacks/manager.py:192}}
Oct 12 13:07:10.715224 dv-neutron-797121-10-hyperv neutron-server[94873]: DEBUG neutron.db.l3_dvrscheduler_db [req-e88fdfa1-04b9-4041-a301-3d110936f131 req-3eece0a4-1463-4801-887a-a59f5b42a0ee tempest-ServersTestJSON-393622087 tempest-ServersTestJSON-393622087-project] Received port after_create {{(pid=94873) _notify_l3_agent_new_port /opt/stack/neutron/neutron/db/l3_dvrscheduler_db.py:535}}
Oct 12 13:07:10.722009 dv-neutron-797121-10-hyperv neutron-server[94873]: DEBUG neutron.pecan_wsgi.hooks.policy_enforcement [req-e88fdfa1-04b9-4041-a301-3d110936f131 req-3eece0a4-1463-4801-887a-a59f5b42a0ee tempest-ServersTestJSON-393622087 tempest-ServersTestJSON-393622087-project] Attributes excluded by policy engine: ['standard_attr_id', 'binding:profile', 'binding:host_id', 'binding:vif_type', 'binding:vif_details', 'network'] {{(pid=94873) _exclude_attributes_by_policy /opt/stack/neutron/neutron/pecan_wsgi/hooks/policy_enforcement.py:255}}
Oct 12 13:07:10.723116 dv-neutron-797121-10-hyperv neutron-server[94873]: DEBUG neutron_lib.callbacks.manager [req-e88fdfa1-04b9-4041-a301-3d110936f131 req-3eece0a4-1463-4801-887a-a59f5b42a0ee tempest-ServersTestJSON-393622087 tempest-ServersTestJSON-393622087-project] Notify callbacks ['neutron.notifiers.nova.Notifier._send_nova_notification-462671'] for port, before_response {{(pid=94873) _notify_loop /usr/local/lib/python3.8/dist-packages/neutron_lib/callbacks/manager.py:192}}
Oct 12 13:07:10.741209 dv-neutron-797121-10-hyperv neutron-server[94875]: DEBUG neutron.plugins.ml2.plugin [None req-2272950b-8147-4d59-a600-3e3ff8d5f413 None None] Port b0fed1c2-718b-4629-9587-11b551c492a3 cannot update to ACTIVE because it is not bound. {{(pid=94875) _port_provisioned /opt/stack/neutron/neutron/plugins/ml2/plugin.py:338}}
Oct 12 13:07:10.827348 dv-neutron-797121-10-hyperv neutron-server[94874]: DEBUG neutron_lib.callbacks.manager [None req-a8900366-baeb-4454-95f2-581967df3013 tempest-PortsAdminExtendedAttrsIpV6TestJSON-1147131855 tempest-PortsAdminExtendedAttrsIpV6TestJSON-1147131855-project-admin] Notify callbacks [] for port, precommit_update {{(pid=94874) _notify_loop /usr/local/lib/python3.8/dist-packages/neutron_lib/callbacks/manager.py:192}}
Oct 12 13:07:10.888621 dv-neutron-797121-10-hyperv neutron-server[94874]: DEBUG neutron_lib.callbacks.manager [None req-a8900366-baeb-4454-95f2-581967df3013 tempest-PortsAdminExtendedAttrsIpV6TestJSON-1147131855 tempest-PortsAdminExtendedAttrsIpV6TestJSON-1147131855-project-admin] Notify callbacks ['neutron.plugins.ml2.plugin.SecurityGroupServerNotifierRpcMixin._notify_sg_on_port_change-33061868', 'neutron.plugins.ml2.ovo_rpc._ObjectChangeHandler.handle_event-405547', 'neutron.api.rpc.agentnotifiers.dhcp_rpc_agent_api.DhcpAgentNotifyAPI._native_event_send_dhcp_notification-761458', 'neutron.db.l3_db.L3RpcNotifierMixin._notify_gateway_port_ip_changed-8729839572246', 'neutron.db.l3_dvrscheduler_db._notify_l3_agent_port_update-8729839103955', 'neutron.db.l3_hascheduler_db._notify_l3_agent_ha_port_update-8729839103973', 'neutron.services.segments.plugin.NovaSegmentNotifier._notify_port_updated-3889046'] for port, after_update {{(pid=94874) _notify_loop /usr/local/lib/python3.8/dist-packages/neutron_lib/callbacks/manager.py:192}}
Oct 12 13:07:10.906572 dv-neutron-797121-10-hyperv neutron-server[94874]: DEBUG neutron.pecan_wsgi.hooks.policy_enforcement [req-4c279bfd-7b51-42ed-a4c4-4e6c32c4bdfe req-84ebcd1e-21ff-4a64-8d82-2cb4c39f4312 tempest-ServersTestJSON-393622087 tempest-ServersTestJSON-393622087-project] Attributes excluded by policy engine: ['standard_attr_id', 'binding:profile', 'binding:host_id', 'binding:vif_type', 'binding:vif_details'] {{(pid=94874) _exclude_attributes_by_policy /opt/stack/neutron/neutron/pecan_wsgi/hooks/policy_enforcement.py:255}}
Oct 12 13:07:10.909955 dv-neutron-797121-10-hyperv neutron-server[94874]: INFO neutron.wsgi [req-4c279bfd-7b51-42ed-a4c4-4e6c32c4bdfe req-84ebcd1e-21ff-4a64-8d82-2cb4c39f4312 tempest-ServersTestJSON-393622087 tempest-ServersTestJSON-393622087-project] 10.222.0.32 "GET /v2.0/ports?device_id=86eb9337-c733-475f-91cc-3d7920a4f90b HTTP/1.1" status: 200 len: 932 time: 0.9659679
Oct 12 13:07:10.990273 dv-neutron-797121-10-hyperv neutron-server[94875]: DEBUG neutron.db.provisioning_blocks [None req-2272950b-8147-4d59-a600-3e3ff8d5f413 None None] Provisioning complete for port 6e834a86-1dd7-4d65-9a19-d4f47cc9f940 triggered by entity DHCP. {{(pid=94875) provisioning_complete /opt/stack/neutron/neutron/db/provisioning_blocks.py:139}}
Oct 12 13:07:10.991404 dv-neutron-797121-10-hyperv neutron-server[94875]: DEBUG neutron_lib.callbacks.manager [None req-2272950b-8147-4d59-a600-3e3ff8d5f413 None None] Notify callbacks ['neutron.plugins.ml2.plugin.Ml2Plugin._port_provisioned-33359760'] for port, provisioning_complete {{(pid=94875) _notify_loop /usr/local/lib/python3.8/dist-packages/neutron_lib/callbacks/manager.py:192}}
Oct 12 13:07:11.074766 dv-neutron-797121-10-hyperv neutron-server[94874]: DEBUG neutron.api.rpc.handlers.resources_rpc [None req-a8900366-baeb-4454-95f2-581967df3013 tempest-PortsAdminExtendedAttrsIpV6TestJSON-1147131855 tempest-PortsAdminExtendedAttrsIpV6TestJSON-1147131855-project-admin] Pushing event updated for resources: {'Port': ['ID=aa5d2a76-953f-4e5b-a80d-bb75693e4510,revision_number=2']} {{(pid=94874) push /opt/stack/neutron/neutron/api/rpc/handlers/resources_rpc.py:237}}
Oct 12 13:07:11.077857 dv-neutron-797121-10-hyperv neutron-server[94873]: INFO neutron.wsgi [req-e88fdfa1-04b9-4041-a301-3d110936f131 req-3eece0a4-1463-4801-887a-a59f5b42a0ee tempest-ServersTestJSON-393622087 tempest-ServersTestJSON-393622087-project] 10.222.0.36 "POST /v2.0/ports HTTP/1.1" status: 201 len: 934 time: 4.2549031
Oct 12 13:07:11.078751 dv-neutron-797121-10-hyperv neutron-server[94873]: DEBUG neutron.plugins.ml2.drivers.mech_agent [None req-b7a351e5-3025-4cff-85fb-8ff9ead4ed4d tempest-NetworksTest-104163846 tempest-NetworksTest-104163846-project] Checking segment: {'id': '33ba1fda-e466-48ee-8d0b-7349c009be33', 'network_type': 'vlan', 'physical_network': 'physnet1', 'segmentation_id': 581, 'network_id': '21b068e0-cc0f-4ae4-b968-61239bf34129'} for mappings: {'physnet1': 'br-data'} with network types: ['local', 'flat', 'vlan'] {{(pid=94873) check_segment_for_agent /opt/stack/neutron/neutron/plugins/ml2/drivers/mech_agent.py:358}}
Oct 12 13:07:11.079211 dv-neutron-797121-10-hyperv neutron-server[94873]: DEBUG neutron.scheduler.dhcp_agent_scheduler [None req-b7a351e5-3025-4cff-85fb-8ff9ead4ed4d tempest-NetworksTest-104163846 tempest-NetworksTest-104163846-project] Network hostable DHCP agents. Network: 21b068e0-cc0f-4ae4-b968-61239bf34129, hostable agents: ['e28c81b7-439c-41f2-a2eb-56e3c4d0abd0'], hosted agents: [] {{(pid=94873) _get_network_hostable_dhcp_agents /opt/stack/neutron/neutron/scheduler/dhcp_agent_scheduler.py:329}}
Oct 12 13:07:11.099599 dv-neutron-797121-10-hyperv neutron-server[94873]: DEBUG neutron.api.rpc.handlers.resources_rpc [None req-3eece0a4-1463-4801-887a-a59f5b42a0ee tempest-ServersTestJSON-393622087 tempest-ServersTestJSON-393622087-project] Pushing event updated for resources: {'Port': ['ID=3aa2aee9-efdd-4ed4-8cfe-f668ebbb25cc,revision_number=1']} {{(pid=94873) push /opt/stack/neutron/neutron/api/rpc/handlers/resources_rpc.py:237}}
Oct 12 13:07:11.118724 dv-neutron-797121-10-hyperv neutron-server[94874]: DEBUG neutron.plugins.ml2.managers [None req-a8900366-baeb-4454-95f2-581967df3013 tempest-PortsAdminExtendedAttrsIpV6TestJSON-1147131855 tempest-PortsAdminExtendedAttrsIpV6TestJSON-1147131855-project-admin] Attempting to bind port aa5d2a76-953f-4e5b-a80d-bb75693e4510 on host hv-neutron-7971 for vnic_type normal with profile {{(pid=94874) bind_port /opt/stack/neutron/neutron/plugins/ml2/managers.py:790}}
Oct 12 13:07:11.120810 dv-neutron-797121-10-hyperv neutron-server[94874]: DEBUG neutron.plugins.ml2.managers [None req-a8900366-baeb-4454-95f2-581967df3013 tempest-PortsAdminExtendedAttrsIpV6TestJSON-1147131855 tempest-PortsAdminExtendedAttrsIpV6TestJSON-1147131855-project-admin] Attempting to bind port aa5d2a76-953f-4e5b-a80d-bb75693e4510 by drivers openvswitch,hyperv on host hv-neutron-7971 at level 0 using segments [{'id': '3af34191-dabb-4ea2-9d18-2c63f8fea4b1', 'network_type': 'vlan', 'physical_network': 'physnet1', 'segmentation_id': 571, 'network_id': 'a5910f49-71e4-44d5-bb46-9a62ad713316'}] {{(pid=94874) _bind_port_level /opt/stack/neutron/neutron/plugins/ml2/managers.py:815}}
Oct 12 13:07:11.122374 dv-neutron-797121-10-hyperv neutron-server[94874]: DEBUG neutron.plugins.ml2.drivers.mech_agent [None req-a8900366-baeb-4454-95f2-581967df3013 tempest-PortsAdminExtendedAttrsIpV6TestJSON-1147131855 tempest-PortsAdminExtendedAttrsIpV6TestJSON-1147131855-project-admin] Attempting to bind port aa5d2a76-953f-4e5b-a80d-bb75693e4510 on network a5910f49-71e4-44d5-bb46-9a62ad713316 {{(pid=94874) bind_port /opt/stack/neutron/neutron/plugins/ml2/drivers/mech_agent.py:91}}
Oct 12 13:07:11.145314 dv-neutron-797121-10-hyperv neutron-server[94875]: DEBUG neutron_lib.callbacks.manager [None req-7c4460ef-b026-4cdc-ad93-66fb6fba7b35 None None] Notify callbacks ['neutron.services.segments.db._update_segment_host_mapping_for_agent-8729839545070', 'neutron.plugins.ml2.plugin.Ml2Plugin._retry_binding_revived_agents-33358955'] for agent, after_update {{(pid=94875) _notify_loop /usr/local/lib/python3.8/dist-packages/neutron_lib/callbacks/manager.py:192}}
Oct 12 13:07:11.156185 dv-neutron-797121-10-hyperv neutron-server[94874]: INFO neutron.wsgi [req-4c279bfd-7b51-42ed-a4c4-4e6c32c4bdfe req-a14c9d30-0cc2-4243-8248-cd2805bcc8dc tempest-ServersTestJSON-393622087 tempest-ServersTestJSON-393622087-project] 10.222.0.32 "GET /v2.0/security-groups?id=458bec4d-cd0c-4aad-acbc-21877f34759a&fields=id&fields=name HTTP/1.1" status: 200 len: 312 time: 0.2105403
Oct 12 13:07:11.166749 dv-neutron-797121-10-hyperv neutron-server[94875]: DEBUG neutron.plugins.ml2.plugin [None req-2272950b-8147-4d59-a600-3e3ff8d5f413 None None] Port 6e834a86-1dd7-4d65-9a19-d4f47cc9f940 cannot update to ACTIVE because it is not bound. {{(pid=94875) _port_provisioned /opt/stack/neutron/neutron/plugins/ml2/plugin.py:338}}
Oct 12 13:07:11.170562 dv-neutron-797121-10-hyperv neutron-server[94874]: DEBUG neutron.plugins.ml2.drivers.mech_agent [None req-a8900366-baeb-4454-95f2-581967df3013 tempest-PortsAdminExtendedAttrsIpV6TestJSON-1147131855 tempest-PortsAdminExtendedAttrsIpV6TestJSON-1147131855-project-admin] Port aa5d2a76-953f-4e5b-a80d-bb75693e4510 on network a5910f49-71e4-44d5-bb46-9a62ad713316 not bound, no agent of type Open vSwitch agent registered on host hv-neutron-7971 {{(pid=94874) bind_port /opt/stack/neutron/neutron/plugins/ml2/drivers/mech_agent.py:103}}
Oct 12 13:07:11.176435 dv-neutron-797121-10-hyperv neutron-server[94874]: ERROR neutron.plugins.ml2.managers [None req-a8900366-baeb-4454-95f2-581967df3013 tempest-PortsAdminExtendedAttrsIpV6TestJSON-1147131855 tempest-PortsAdminExtendedAttrsIpV6TestJSON-1147131855-project-admin] Failed to bind port aa5d2a76-953f-4e5b-a80d-bb75693e4510 on host hv-neutron-7971 for vnic_type normal using segments [{'id': '3af34191-dabb-4ea2-9d18-2c63f8fea4b1', 'network_type': 'vlan', 'physical_network': 'physnet1', 'segmentation_id': 571, 'network_id': 'a5910f49-71e4-44d5-bb46-9a62ad713316'}]
Oct 12 13:07:11.179599 dv-neutron-797121-10-hyperv neutron-server[94874]: INFO neutron.plugins.ml2.plugin [None req-a8900366-baeb-4454-95f2-581967df3013 tempest-PortsAdminExtendedAttrsIpV6TestJSON-1147131855 tempest-PortsAdminExtendedAttrsIpV6TestJSON-1147131855-project-admin] Attempt 2 to bind port aa5d2a76-953f-4e5b-a80d-bb75693e4510
Oct 12 13:07:11.205398 dv-neutron-797121-10-hyperv neutron-server[94874]: DEBUG neutron_lib.callbacks.manager [None req-3e0c11c5-cf3f-4a8c-a5fa-07f4dac33354 tempest-RoutersAdminNegativeTest-1379818773 tempest-RoutersAdminNegativeTest-1379818773-project-admin] Notify callbacks ['neutron.plugins.ml2.plugin.SecurityGroupServerNotifierRpcMixin._notify_sg_on_port_change-33061868', 'neutron.plugins.ml2.ovo_rpc._ObjectChangeHandler.handle_event-405547', 'neutron.api.rpc.agentnotifiers.dhcp_rpc_agent_api.DhcpAgentNotifyAPI._native_event_send_dhcp_notification-761458', 'neutron.db.l3_db.L3RpcNotifierMixin._notify_routers_callback-8729839572228', 'neutron.db.l3_dvrscheduler_db._notify_port_delete-8729839103946', 'neutron.services.segments.plugin.NovaSegmentNotifier._notify_port_created_or_deleted-3889039'] for port, after_delete {{(pid=94874) _notify_loop /usr/local/lib/python3.8/dist-packages/neutron_lib/callbacks/manager.py:192}}
Oct 12 13:07:11.220597 dv-neutron-797121-10-hyperv neutron-server[94874]: DEBUG neutron.plugins.ml2.plugin [None req-639048d1-10fe-47c3-94e3-6ac9243df8de tempest-AllowedAddressPairTestJSON-1282878051 tempest-AllowedAddressPairTestJSON-1282878051-project] Deleting port 6e834a86-1dd7-4d65-9a19-d4f47cc9f940 {{(pid=94874) _pre_delete_port /opt/stack/neutron/neutron/plugins/ml2/plugin.py:1932}}
Oct 12 13:07:11.228480 dv-neutron-797121-10-hyperv neutron-server[94874]: DEBUG neutron_lib.callbacks.manager [None req-639048d1-10fe-47c3-94e3-6ac9243df8de tempest-AllowedAddressPairTestJSON-1282878051 tempest-AllowedAddressPairTestJSON-1282878051-project] Notify callbacks ['neutron.db.l3_db.L3_NAT_dbonly_mixin._prevent_l3_port_delete_callback-8729839598502'] for port, before_delete {{(pid=94874) _notify_loop /usr/local/lib/python3.8/dist-packages/neutron_lib/callbacks/manager.py:192}}
Oct 12 13:07:11.238953 dv-neutron-797121-10-hyperv neutron-server[94873]: INFO neutron.wsgi [req-fc05ec50-eded-469c-a624-aaf6475e99aa req-2da88384-1493-4b01-b919-762f9c68e598 tempest-ServersTestManualDisk-714015046 tempest-ServersTestManualDisk-714015046-project] 10.222.0.32 "GET /v2.0/security-groups?name=tempest-securitygroup--1693801519&fields=id&tenant_id=d62ce17df7de491a8d56195323a5e8d3 HTTP/1.1" status: 200 len: 267 time: 0.5121305
Oct 12 13:07:11.277089 dv-neutron-797121-10-hyperv neutron-server[94875]: INFO neutron.scheduler.dhcp_agent_scheduler [None req-1abd4fe3-63e0-4e39-9cfe-a0fb5da4eb13 None None] Agent e28c81b7-439c-41f2-a2eb-56e3c4d0abd0 already present
Oct 12 13:07:11.277514 dv-neutron-797121-10-hyperv neutron-server[94875]: DEBUG neutron.scheduler.dhcp_agent_scheduler [None req-1abd4fe3-63e0-4e39-9cfe-a0fb5da4eb13 None None] Network 21b068e0-cc0f-4ae4-b968-61239bf34129 is scheduled to be hosted by DHCP agent e28c81b7-439c-41f2-a2eb-56e3c4d0abd0 with binding_index 1 {{(pid=94875) bind /opt/stack/neutron/neutron/scheduler/dhcp_agent_scheduler.py:227}}
Oct 12 13:07:11.278182 dv-neutron-797121-10-hyperv neutron-server[94875]: DEBUG neutron.scheduler.dhcp_agent_scheduler [None req-1abd4fe3-63e0-4e39-9cfe-a0fb5da4eb13 None None] Resources bound (agent type, host, resource id): (DHCP agent, dv-neutron-797121-10-hyperv, 21b068e0-cc0f-4ae4-b968-61239bf34129) {{(pid=94875) auto_schedule_networks /opt/stack/neutron/neutron/scheduler/dhcp_agent_scheduler.py:104}}
Oct 12 13:07:11.290006 dv-neutron-797121-10-hyperv neutron-server[94873]: DEBUG neutron.scheduler.dhcp_agent_scheduler [None req-b7a351e5-3025-4cff-85fb-8ff9ead4ed4d tempest-NetworksTest-104163846 tempest-NetworksTest-104163846-project] Network 21b068e0-cc0f-4ae4-b968-61239bf34129 is scheduled to be hosted by DHCP agent e28c81b7-439c-41f2-a2eb-56e3c4d0abd0 with binding_index 1 {{(pid=94873) bind /opt/stack/neutron/neutron/scheduler/dhcp_agent_scheduler.py:227}}
Oct 12 13:07:11.383071 dv-neutron-797121-10-hyperv neutron-server[94873]: DEBUG neutron.wsgi [req-e88fdfa1-04b9-4041-a301-3d110936f131 req-94b07d57-3a25-4c32-b3e9-5604eaaf8ddc tempest-ServersTestJSON-393622087 tempest-ServersTestJSON-393622087-project] http://10.222.0.32:9696/v2.0/extensions returned with HTTP 200 {{(pid=94873) __call__ /opt/stack/neutron/neutron/wsgi.py:729}}
Oct 12 13:07:11.384606 dv-neutron-797121-10-hyperv neutron-server[94873]: INFO neutron.wsgi [req-e88fdfa1-04b9-4041-a301-3d110936f131 req-94b07d57-3a25-4c32-b3e9-5604eaaf8ddc tempest-ServersTestJSON-393622087 tempest-ServersTestJSON-393622087-project] 10.222.0.36 "GET /v2.0/extensions HTTP/1.1" status: 200 len: 13641 time: 0.0701597
Oct 12 13:07:11.389964 dv-neutron-797121-10-hyperv neutron-server[94874]: DEBUG neutron.plugins.ml2.managers [None req-a8900366-baeb-4454-95f2-581967df3013 tempest-PortsAdminExtendedAttrsIpV6TestJSON-1147131855 tempest-PortsAdminExtendedAttrsIpV6TestJSON-1147131855-project-admin] Attempting to bind port aa5d2a76-953f-4e5b-a80d-bb75693e4510 on host hv-neutron-7971 for vnic_type normal with profile {{(pid=94874) bind_port /opt/stack/neutron/neutron/plugins/ml2/managers.py:790}}
Oct 12 13:07:11.390243 dv-neutron-797121-10-hyperv neutron-server[94874]: DEBUG neutron.plugins.ml2.managers [None req-a8900366-baeb-4454-95f2-581967df3013 tempest-PortsAdminExtendedAttrsIpV6TestJSON-1147131855 tempest-PortsAdminExtendedAttrsIpV6TestJSON-1147131855-project-admin] Attempting to bind port aa5d2a76-953f-4e5b-a80d-bb75693e4510 by drivers openvswitch,hyperv on host hv-neutron-7971 at level 0 using segments [{'id': '3af34191-dabb-4ea2-9d18-2c63f8fea4b1', 'network_type': 'vlan', 'physical_network': 'physnet1', 'segmentation_id': 571, 'network_id': 'a5910f49-71e4-44d5-bb46-9a62ad713316'}] {{(pid=94874) _bind_port_level /opt/stack/neutron/neutron/plugins/ml2/managers.py:815}}
Oct 12 13:07:11.390570 dv-neutron-797121-10-hyperv neutron-server[94874]: DEBUG neutron.plugins.ml2.drivers.mech_agent [None req-a8900366-baeb-4454-95f2-581967df3013 tempest-PortsAdminExtendedAttrsIpV6TestJSON-1147131855 tempest-PortsAdminExtendedAttrsIpV6TestJSON-1147131855-project-admin] Attempting to bind port aa5d2a76-953f-4e5b-a80d-bb75693e4510 on network a5910f49-71e4-44d5-bb46-9a62ad713316 {{(pid=94874) bind_port /opt/stack/neutron/neutron/plugins/ml2/drivers/mech_agent.py:91}}
Oct 12 13:07:11.397457 dv-neutron-797121-10-hyperv neutron-server[94873]: DEBUG neutron.scheduler.base_scheduler [None req-b7a351e5-3025-4cff-85fb-8ff9ead4ed4d tempest-NetworksTest-104163846 tempest-NetworksTest-104163846-project] Resources bound (agent type, host, resource id): (DHCP agent, dv-neutron-797121-10-hyperv, 21b068e0-cc0f-4ae4-b968-61239bf34129) {{(pid=94873) schedule /opt/stack/neutron/neutron/scheduler/base_scheduler.py:57}}
Oct 12 13:07:11.406257 dv-neutron-797121-10-hyperv neutron-server[94874]: DEBUG neutron.api.rpc.handlers.resources_rpc [None req-3e0c11c5-cf3f-4a8c-a5fa-07f4dac33354 tempest-RoutersAdminNegativeTest-1379818773 tempest-RoutersAdminNegativeTest-1379818773-project-admin] Pushing event deleted for resources: {'Port': ['ID=3183ac6e-a9ad-4a56-8761-d4df7044ba86,revision_number=None']} {{(pid=94874) push /opt/stack/neutron/neutron/api/rpc/handlers/resources_rpc.py:237}}
Oct 12 13:07:11.418469 dv-neutron-797121-10-hyperv neutron-server[94873]: DEBUG neutron.pecan_wsgi.hooks.policy_enforcement [None req-b7a351e5-3025-4cff-85fb-8ff9ead4ed4d tempest-NetworksTest-104163846 tempest-NetworksTest-104163846-project] Attributes excluded by policy engine: ['standard_attr_id', 'shared', 'network'] {{(pid=94873) _exclude_attributes_by_policy /opt/stack/neutron/neutron/pecan_wsgi/hooks/policy_enforcement.py:255}}
Oct 12 13:07:11.419894 dv-neutron-797121-10-hyperv neutron-server[94873]: DEBUG neutron_lib.callbacks.manager [None req-b7a351e5-3025-4cff-85fb-8ff9ead4ed4d tempest-NetworksTest-104163846 tempest-NetworksTest-104163846-project] Notify callbacks ['neutron.api.rpc.agentnotifiers.dhcp_rpc_agent_api.DhcpAgentNotifyAPI._send_dhcp_notification-761444'] for subnet, before_response {{(pid=94873) _notify_loop /usr/local/lib/python3.8/dist-packages/neutron_lib/callbacks/manager.py:192}}
Oct 12 13:07:11.445745 dv-neutron-797121-10-hyperv neutron-server[94874]: DEBUG neutron.plugins.ml2.drivers.mech_agent [None req-a8900366-baeb-4454-95f2-581967df3013 tempest-PortsAdminExtendedAttrsIpV6TestJSON-1147131855 tempest-PortsAdminExtendedAttrsIpV6TestJSON-1147131855-project-admin] Port aa5d2a76-953f-4e5b-a80d-bb75693e4510 on network a5910f49-71e4-44d5-bb46-9a62ad713316 not bound, no agent of type Open vSwitch agent registered on host hv-neutron-7971 {{(pid=94874) bind_port /opt/stack/neutron/neutron/plugins/ml2/drivers/mech_agent.py:103}}
Oct 12 13:07:11.446119 dv-neutron-797121-10-hyperv neutron-server[94874]: ERROR neutron.plugins.ml2.managers [None req-a8900366-baeb-4454-95f2-581967df3013 tempest-PortsAdminExtendedAttrsIpV6TestJSON-1147131855 tempest-PortsAdminExtendedAttrsIpV6TestJSON-1147131855-project-admin] Failed to bind port aa5d2a76-953f-4e5b-a80d-bb75693e4510 on host hv-neutron-7971 for vnic_type normal using segments [{'id': '3af34191-dabb-4ea2-9d18-2c63f8fea4b1', 'network_type': 'vlan', 'physical_network': 'physnet1', 'segmentation_id': 571, 'network_id': 'a5910f49-71e4-44d5-bb46-9a62ad713316'}]
Oct 12 13:07:11.475872 dv-neutron-797121-10-hyperv neutron-server[94874]: INFO neutron.plugins.ml2.plugin [None req-a8900366-baeb-4454-95f2-581967df3013 tempest-PortsAdminExtendedAttrsIpV6TestJSON-1147131855 tempest-PortsAdminExtendedAttrsIpV6TestJSON-1147131855-project-admin] Attempt 3 to bind port aa5d2a76-953f-4e5b-a80d-bb75693e4510
Oct 12 13:07:11.496677 dv-neutron-797121-10-hyperv neutron-server[94874]: INFO neutron.wsgi [req-9bd63e5a-992b-4abb-9c5c-f76694fecc2d req-0e691043-dff7-493d-8300-a4551a0c5191 tempest-ServerActionsTestJSON-702851191 tempest-ServerActionsTestJSON-702851191-project] 10.222.0.32 "GET /v2.0/ports?device_id=06e7f3fd-59f3-4138-b7d9-b646b6567808 HTTP/1.1" status: 200 len: 210 time: 0.1002812
Oct 12 13:07:11.539987 dv-neutron-797121-10-hyperv neutron-server[94873]: INFO neutron.wsgi [None req-b7a351e5-3025-4cff-85fb-8ff9ead4ed4d tempest-NetworksTest-104163846 tempest-NetworksTest-104163846-project] 10.222.0.32 "POST /v2.0/subnets HTTP/1.1" status: 201 len: 792 time: 4.5042131
Oct 12 13:07:11.544049 dv-neutron-797121-10-hyperv neutron-server[94873]: DEBUG neutron.wsgi [-] (94873) accepted ('10.222.0.32', 59510) {{(pid=94873) server /usr/local/lib/python3.8/dist-packages/eventlet/wsgi.py:982}}
Oct 12 13:07:11.546263 dv-neutron-797121-10-hyperv neutron-server[94873]: DEBUG neutron_lib.callbacks.manager [None req-6c30a03a-e3c3-4a57-b18e-7611c0c0f2e5 tempest-FloatingIPAdminTestJSON-2073856343 tempest-FloatingIPAdminTestJSON-2073856343-project] Notify callbacks [] for port, precommit_update {{(pid=94873) _notify_loop /usr/local/lib/python3.8/dist-packages/neutron_lib/callbacks/manager.py:192}}
Oct 12 13:07:11.551268 dv-neutron-797121-10-hyperv neutron-server[94874]: DEBUG neutron.plugins.ml2.managers [None req-a8900366-baeb-4454-95f2-581967df3013 tempest-PortsAdminExtendedAttrsIpV6TestJSON-1147131855 tempest-PortsAdminExtendedAttrsIpV6TestJSON-1147131855-project-admin] Attempting to bind port aa5d2a76-953f-4e5b-a80d-bb75693e4510 on host hv-neutron-7971 for vnic_type normal with profile {{(pid=94874) bind_port /opt/stack/neutron/neutron/plugins/ml2/managers.py:790}}
Oct 12 13:07:11.551801 dv-neutron-797121-10-hyperv neutron-server[94874]: DEBUG neutron.plugins.ml2.managers [None req-a8900366-baeb-4454-95f2-581967df3013 tempest-PortsAdminExtendedAttrsIpV6TestJSON-1147131855 tempest-PortsAdminExtendedAttrsIpV6TestJSON-1147131855-project-admin] Attempting to bind port aa5d2a76-953f-4e5b-a80d-bb75693e4510 by drivers openvswitch,hyperv on host hv-neutron-7971 at level 0 using segments [{'id': '3af34191-dabb-4ea2-9d18-2c63f8fea4b1', 'network_type': 'vlan', 'physical_network': 'physnet1', 'segmentation_id': 571, 'network_id': 'a5910f49-71e4-44d5-bb46-9a62ad713316'}] {{(pid=94874) _bind_port_level /opt/stack/neutron/neutron/plugins/ml2/managers.py:815}}
Oct 12 13:07:11.552440 dv-neutron-797121-10-hyperv neutron-server[94874]: DEBUG neutron.plugins.ml2.drivers.mech_agent [None req-a8900366-baeb-4454-95f2-581967df3013 tempest-PortsAdminExtendedAttrsIpV6TestJSON-1147131855 tempest-PortsAdminExtendedAttrsIpV6TestJSON-1147131855-project-admin] Attempting to bind port aa5d2a76-953f-4e5b-a80d-bb75693e4510 on network a5910f49-71e4-44d5-bb46-9a62ad713316 {{(pid=94874) bind_port /opt/stack/neutron/neutron/plugins/ml2/drivers/mech_agent.py:91}}
Oct 12 13:07:11.581767 dv-neutron-797121-10-hyperv neutron-server[94874]: DEBUG neutron.plugins.ml2.drivers.mech_agent [None req-a8900366-baeb-4454-95f2-581967df3013 tempest-PortsAdminExtendedAttrsIpV6TestJSON-1147131855 tempest-PortsAdminExtendedAttrsIpV6TestJSON-1147131855-project-admin] Port aa5d2a76-953f-4e5b-a80d-bb75693e4510 on network a5910f49-71e4-44d5-bb46-9a62ad713316 not bound, no agent of type Open vSwitch agent registered on host hv-neutron-7971 {{(pid=94874) bind_port /opt/stack/neutron/neutron/plugins/ml2/drivers/mech_agent.py:103}}
Oct 12 13:07:11.582171 dv-neutron-797121-10-hyperv neutron-server[94874]: ERROR neutron.plugins.ml2.managers [None req-a8900366-baeb-4454-95f2-581967df3013 tempest-PortsAdminExtendedAttrsIpV6TestJSON-1147131855 tempest-PortsAdminExtendedAttrsIpV6TestJSON-1147131855-project-admin] Failed to bind port aa5d2a76-953f-4e5b-a80d-bb75693e4510 on host hv-neutron-7971 for vnic_type normal using segments [{'id': '3af34191-dabb-4ea2-9d18-2c63f8fea4b1', 'network_type': 'vlan', 'physical_network': 'physnet1', 'segmentation_id': 571, 'network_id': 'a5910f49-71e4-44d5-bb46-9a62ad713316'}]
Oct 12 13:07:11.584939 dv-neutron-797121-10-hyperv neutron-server[94874]: DEBUG neutron_lib.callbacks.manager [None req-639048d1-10fe-47c3-94e3-6ac9243df8de tempest-AllowedAddressPairTestJSON-1282878051 tempest-AllowedAddressPairTestJSON-1282878051-project] Notify callbacks ['neutron.services.l3_router.l3_router_plugin.L3_NAT_dbonly_mixin._precommit_delete_port_callback-581895'] for port, precommit_delete {{(pid=94874) _notify_loop /usr/local/lib/python3.8/dist-packages/neutron_lib/callbacks/manager.py:192}}
Oct 12 13:07:11.589752 dv-neutron-797121-10-hyperv neutron-server[94874]: INFO neutron.plugins.ml2.plugin [None req-a8900366-baeb-4454-95f2-581967df3013 tempest-PortsAdminExtendedAttrsIpV6TestJSON-1147131855 tempest-PortsAdminExtendedAttrsIpV6TestJSON-1147131855-project-admin] Attempt 4 to bind port aa5d2a76-953f-4e5b-a80d-bb75693e4510
Oct 12 13:07:11.609749 dv-neutron-797121-10-hyperv neutron-server[94874]: DEBUG neutron_lib.callbacks.manager [None req-3e0c11c5-cf3f-4a8c-a5fa-07f4dac33354 tempest-RoutersAdminNegativeTest-1379818773 tempest-RoutersAdminNegativeTest-1379818773-project-admin] Notify callbacks ['neutron.notifiers.nova.Notifier._send_nova_notification-462671'] for port, before_response {{(pid=94874) _notify_loop /usr/local/lib/python3.8/dist-packages/neutron_lib/callbacks/manager.py:192}}
Oct 12 13:07:11.613083 dv-neutron-797121-10-hyperv neutron-server[94874]: INFO neutron.wsgi [None req-3e0c11c5-cf3f-4a8c-a5fa-07f4dac33354 tempest-RoutersAdminNegativeTest-1379818773 tempest-RoutersAdminNegativeTest-1379818773-project-admin] 10.222.0.32 "DELETE /v2.0/ports/3183ac6e-a9ad-4a56-8761-d4df7044ba86 HTTP/1.1" status: 204 len: 168 time: 2.3032861
Oct 12 13:07:11.617041 dv-neutron-797121-10-hyperv neutron-server[94874]: DEBUG neutron.plugins.ml2.plugin [None req-639048d1-10fe-47c3-94e3-6ac9243df8de tempest-AllowedAddressPairTestJSON-1282878051 tempest-AllowedAddressPairTestJSON-1282878051-project] Calling delete_port for 6e834a86-1dd7-4d65-9a19-d4f47cc9f940 owned by {{(pid=94874) delete_port /opt/stack/neutron/neutron/plugins/ml2/plugin.py:2010}}
Oct 12 13:07:11.635091 dv-neutron-797121-10-hyperv neutron-server[94874]: DEBUG neutron.plugins.ml2.managers [None req-a8900366-baeb-4454-95f2-581967df3013 tempest-PortsAdminExtendedAttrsIpV6TestJSON-1147131855 tempest-PortsAdminExtendedAttrsIpV6TestJSON-1147131855-project-admin] Attempting to bind port aa5d2a76-953f-4e5b-a80d-bb75693e4510 on host hv-neutron-7971 for vnic_type normal with profile {{(pid=94874) bind_port /opt/stack/neutron/neutron/plugins/ml2/managers.py:790}}
Oct 12 13:07:11.635955 dv-neutron-797121-10-hyperv neutron-server[94874]: DEBUG neutron.plugins.ml2.managers [None req-a8900366-baeb-4454-95f2-581967df3013 tempest-PortsAdminExtendedAttrsIpV6TestJSON-1147131855 tempest-PortsAdminExtendedAttrsIpV6TestJSON-1147131855-project-admin] Attempting to bind port aa5d2a76-953f-4e5b-a80d-bb75693e4510 by drivers openvswitch,hyperv on host hv-neutron-7971 at level 0 using segments [{'id': '3af34191-dabb-4ea2-9d18-2c63f8fea4b1', 'network_type': 'vlan', 'physical_network': 'physnet1', 'segmentation_id': 571, 'network_id': 'a5910f49-71e4-44d5-bb46-9a62ad713316'}] {{(pid=94874) _bind_port_level /opt/stack/neutron/neutron/plugins/ml2/managers.py:815}}
Oct 12 13:07:11.636753 dv-neutron-797121-10-hyperv neutron-server[94874]: DEBUG neutron.plugins.ml2.drivers.mech_agent [None req-a8900366-baeb-4454-95f2-581967df3013 tempest-PortsAdminExtendedAttrsIpV6TestJSON-1147131855 tempest-PortsAdminExtendedAttrsIpV6TestJSON-1147131855-project-admin] Attempting to bind port aa5d2a76-953f-4e5b-a80d-bb75693e4510 on network a5910f49-71e4-44d5-bb46-9a62ad713316 {{(pid=94874) bind_port /opt/stack/neutron/neutron/plugins/ml2/drivers/mech_agent.py:91}}
Oct 12 13:07:11.652793 dv-neutron-797121-10-hyperv neutron-server[94873]: DEBUG neutron.pecan_wsgi.hooks.policy_enforcement [req-fc05ec50-eded-469c-a624-aaf6475e99aa req-8a1cba9a-d924-4556-8b87-0001159f33a4 tempest-ServersTestManualDisk-714015046 tempest-ServersTestManualDisk-714015046-project] Attributes excluded by policy engine: ['standard_attr_id', 'vlan_transparent', 'provider:network_type', 'provider:physical_network', 'provider:segmentation_id'] {{(pid=94873) _exclude_attributes_by_policy /opt/stack/neutron/neutron/pecan_wsgi/hooks/policy_enforcement.py:255}}
Oct 12 13:07:11.654804 dv-neutron-797121-10-hyperv neutron-server[94873]: INFO neutron.wsgi [req-fc05ec50-eded-469c-a624-aaf6475e99aa req-8a1cba9a-d924-4556-8b87-0001159f33a4 tempest-ServersTestManualDisk-714015046 tempest-ServersTestManualDisk-714015046-project] 10.222.0.32 "GET /v2.0/networks?id=c4c88fea-7419-4e76-baeb-8478cc982982 HTTP/1.1" status: 200 len: 812 time: 0.3894625
Oct 12 13:07:11.657699 dv-neutron-797121-10-hyperv neutron-server[94874]: DEBUG neutron.plugins.ml2.drivers.mech_agent [None req-a8900366-baeb-4454-95f2-581967df3013 tempest-PortsAdminExtendedAttrsIpV6TestJSON-1147131855 tempest-PortsAdminExtendedAttrsIpV6TestJSON-1147131855-project-admin] Port aa5d2a76-953f-4e5b-a80d-bb75693e4510 on network a5910f49-71e4-44d5-bb46-9a62ad713316 not bound, no agent of type Open vSwitch agent registered on host hv-neutron-7971 {{(pid=94874) bind_port /opt/stack/neutron/neutron/plugins/ml2/drivers/mech_agent.py:103}}
Oct 12 13:07:11.658137 dv-neutron-797121-10-hyperv neutron-server[94874]: ERROR neutron.plugins.ml2.managers [None req-a8900366-baeb-4454-95f2-581967df3013 tempest-PortsAdminExtendedAttrsIpV6TestJSON-1147131855 tempest-PortsAdminExtendedAttrsIpV6TestJSON-1147131855-project-admin] Failed to bind port aa5d2a76-953f-4e5b-a80d-bb75693e4510 on host hv-neutron-7971 for vnic_type normal using segments [{'id': '3af34191-dabb-4ea2-9d18-2c63f8fea4b1', 'network_type': 'vlan', 'physical_network': 'physnet1', 'segmentation_id': 571, 'network_id': 'a5910f49-71e4-44d5-bb46-9a62ad713316'}]
