Sep 02 16:01:21.380865 dv-neutron-797120-9-hyperv neutron-server[101762]: DEBUG neutron.pecan_wsgi.hooks.policy_enforcement [req-35a9be6a-45d3-4e16-88db-e71072614c94 req-ec9f396b-18e7-4096-895b-3c0d42681c9c tempest-ServerActionsTestJSON-485607710 tempest-ServerActionsTestJSON-485607710-project] Attributes excluded by policy engine: ['standard_attr_id', 'binding:profile', 'binding:host_id', 'binding:vif_type', 'binding:vif_details', 'network'] {{(pid=101762) _exclude_attributes_by_policy /opt/stack/neutron/neutron/pecan_wsgi/hooks/policy_enforcement.py:255}}
Sep 02 16:01:21.380865 dv-neutron-797120-9-hyperv neutron-server[101762]: DEBUG neutron_lib.callbacks.manager [req-35a9be6a-45d3-4e16-88db-e71072614c94 req-ec9f396b-18e7-4096-895b-3c0d42681c9c tempest-ServerActionsTestJSON-485607710 tempest-ServerActionsTestJSON-485607710-project] Notify callbacks ['neutron.notifiers.nova.Notifier._send_nova_notification-32981'] for port, before_response {{(pid=101762) _notify_loop /usr/local/lib/python3.8/dist-packages/neutron_lib/callbacks/manager.py:192}}
Sep 02 16:01:21.393619 dv-neutron-797120-9-hyperv neutron-server[101764]: DEBUG neutron_lib.callbacks.manager [None req-dff9f68e-34ef-4780-90c3-2b7f50e758b4 None None] Notify callbacks ['neutron.plugins.ml2.plugin.SecurityGroupServerNotifierRpcMixin._notify_sg_on_port_change-899697', 'neutron.plugins.ml2.ovo_rpc._ObjectChangeHandler.handle_event-412570', 'neutron.api.rpc.agentnotifiers.dhcp_rpc_agent_api.DhcpAgentNotifyAPI._native_event_send_dhcp_notification-7872465', 'neutron.db.l3_db.L3RpcNotifierMixin._notify_gateway_port_ip_changed-8757459579859', 'neutron.db.l3_dvrscheduler_db._notify_l3_agent_port_update-8757459109524', 'neutron.db.l3_hascheduler_db._notify_l3_agent_ha_port_update-8757459109542'] for port, after_update {{(pid=101764) _notify_loop /usr/local/lib/python3.8/dist-packages/neutron_lib/callbacks/manager.py:192}}
Sep 02 16:01:21.406058 dv-neutron-797120-9-hyperv neutron-server[101763]: DEBUG neutron.db.db_base_plugin_common [None req-472f3fa6-18e0-4ffa-8c7e-d6da9d14bfa7 tempest-RoutersIpV6AdminTest-553187240 tempest-RoutersIpV6AdminTest-553187240-project] Allocated IP 172.26.6.93 (1fc1d8b9-d605-4fa8-b5ae-8e0166010ea0/7946317b-178a-4e04-a8be-aa35af5982cc/8cb460f0-f6df-4592-bac5-0eb2dd4d80f7) {{(pid=101763) _store_ip_allocation /opt/stack/neutron/neutron/db/db_base_plugin_common.py:131}}
Sep 02 16:01:21.456755 dv-neutron-797120-9-hyperv neutron-server[101763]: DEBUG neutron_lib.callbacks.manager [None req-7eb1f800-0b77-47a3-b06a-50afde15228c admin admin] Notify callbacks [] for security_group, before_delete {{(pid=101763) _notify_loop /usr/local/lib/python3.8/dist-packages/neutron_lib/callbacks/manager.py:192}}
Sep 02 16:01:21.659787 dv-neutron-797120-9-hyperv neutron-server[101764]: DEBUG neutron.api.rpc.handlers.resources_rpc [None req-dff9f68e-34ef-4780-90c3-2b7f50e758b4 None None] Pushing event updated for resources: {'Port': ['ID=7aae539a-396b-4d99-90b1-26ccd52500ea,revision_number=3']} {{(pid=101764) push /opt/stack/neutron/neutron/api/rpc/handlers/resources_rpc.py:237}}
Sep 02 16:01:21.659922 dv-neutron-797120-9-hyperv neutron-server[101763]: INFO neutron.wsgi [req-522f51ae-0fdf-455a-8501-b42ede2100ac req-b8cad8a7-b7ce-4bec-8929-2728bb91f12b tempest-ServerActionsTestJSON-485607710 tempest-ServerActionsTestJSON-485607710-project] 10.222.0.54 "GET /v2.0/security-groups?id=87d2a2e1-c22e-4b45-9933-f3acd2eb2d3e&fields=id&fields=name HTTP/1.1" status: 200 len: 312 time: 0.1556499
Sep 02 16:01:21.660512 dv-neutron-797120-9-hyperv neutron-server[101762]: DEBUG neutron_lib.callbacks.manager [None req-375295bb-68e0-4ca3-a3e5-2f6b1f59178a tempest-ExternalNetworksAdminNegativeTestJSON-1059474080 tempest-ExternalNetworksAdminNegativeTestJSON-1059474080-project-admin] Notify callbacks [] for port, precommit_update {{(pid=101762) _notify_loop /usr/local/lib/python3.8/dist-packages/neutron_lib/callbacks/manager.py:192}}
Sep 02 16:01:21.660926 dv-neutron-797120-9-hyperv neutron-server[101763]: DEBUG neutron_lib.callbacks.manager [None req-7eb1f800-0b77-47a3-b06a-50afde15228c admin admin] Notify callbacks [] for security_group, precommit_delete {{(pid=101763) _notify_loop /usr/local/lib/python3.8/dist-packages/neutron_lib/callbacks/manager.py:192}}
Sep 02 16:01:21.660926 dv-neutron-797120-9-hyperv neutron-server[101763]: INFO neutron.db.l3_db [None req-04e2e236-5bfc-4fac-95f8-a1271a5236b5 tempest-FloatingIPAdminTestJSON-1990071810 tempest-FloatingIPAdminTestJSON-1990071810-project-admin] Floating IP 2d2ce53b-b290-4a2a-89ba-08b52c5fff6c associated. External IP: 172.26.6.242, port: 53970a15-5969-42b3-9d9e-1fc3473d0a55.
Sep 02 16:01:21.660926 dv-neutron-797120-9-hyperv neutron-server[101763]: DEBUG neutron_lib.callbacks.manager [None req-6e130ac7-48d0-43c9-bb1b-aaf199e65169 admin admin] Notify callbacks [] for security_group, before_delete {{(pid=101763) _notify_loop /usr/local/lib/python3.8/dist-packages/neutron_lib/callbacks/manager.py:192}}
Sep 02 16:01:21.691450 dv-neutron-797120-9-hyperv neutron-server[101763]: DEBUG neutron_lib.callbacks.manager [None req-6e130ac7-48d0-43c9-bb1b-aaf199e65169 admin admin] Notify callbacks [] for security_group, precommit_delete {{(pid=101763) _notify_loop /usr/local/lib/python3.8/dist-packages/neutron_lib/callbacks/manager.py:192}}
Sep 02 16:01:21.711149 dv-neutron-797120-9-hyperv neutron-server[101764]: DEBUG neutron.db.provisioning_blocks [None req-efd3ad47-5f68-4822-81e0-3376e5b47e5a None None] Provisioning for port 8ff1b472-5a5c-48c8-a33d-a72537346968 completed by entity DHCP. {{(pid=101764) provisioning_complete /opt/stack/neutron/neutron/db/provisioning_blocks.py:133}}
Sep 02 16:01:21.726953 dv-neutron-797120-9-hyperv neutron-server[101764]: DEBUG neutron.db.provisioning_blocks [None req-efd3ad47-5f68-4822-81e0-3376e5b47e5a None None] Provisioning complete for port 8ff1b472-5a5c-48c8-a33d-a72537346968 triggered by entity DHCP. {{(pid=101764) provisioning_complete /opt/stack/neutron/neutron/db/provisioning_blocks.py:139}}
Sep 02 16:01:21.726953 dv-neutron-797120-9-hyperv neutron-server[101764]: DEBUG neutron_lib.callbacks.manager [None req-efd3ad47-5f68-4822-81e0-3376e5b47e5a None None] Notify callbacks ['neutron.plugins.ml2.plugin.Ml2Plugin._port_provisioned-663517'] for port, provisioning_complete {{(pid=101764) _notify_loop /usr/local/lib/python3.8/dist-packages/neutron_lib/callbacks/manager.py:192}}
Sep 02 16:01:21.727382 dv-neutron-797120-9-hyperv neutron-server[101763]: DEBUG neutron_lib.callbacks.manager [None req-472f3fa6-18e0-4ffa-8c7e-d6da9d14bfa7 tempest-RoutersIpV6AdminTest-553187240 tempest-RoutersIpV6AdminTest-553187240-project] Notify callbacks [] for port, precommit_create {{(pid=101763) _notify_loop /usr/local/lib/python3.8/dist-packages/neutron_lib/callbacks/manager.py:192}}
Sep 02 16:01:21.770909 dv-neutron-797120-9-hyperv neutron-server[101764]: DEBUG neutron.plugins.ml2.plugin [None req-efd3ad47-5f68-4822-81e0-3376e5b47e5a None None] Port 8ff1b472-5a5c-48c8-a33d-a72537346968 cannot update to ACTIVE because it is not bound. {{(pid=101764) _port_provisioned /opt/stack/neutron/neutron/plugins/ml2/plugin.py:337}}
Sep 02 16:01:21.866131 dv-neutron-797120-9-hyperv neutron-server[101762]: INFO neutron.wsgi [req-870f1fa9-c1f6-440d-96e9-653348aa8ac1 req-76080dc8-2e13-478f-b480-c98e38a5a4f1 tempest-ServersTestJSON-728281074 tempest-ServersTestJSON-728281074-project] 10.222.0.54 "GET /v2.0/ports?device_id=e5455770-6ef7-452b-9af0-2f2db5c1ddcd HTTP/1.1" status: 200 len: 210 time: 0.0459864
Sep 02 16:01:21.897454 dv-neutron-797120-9-hyperv neutron-server[101762]: INFO neutron.wsgi [req-35a9be6a-45d3-4e16-88db-e71072614c94 req-ec9f396b-18e7-4096-895b-3c0d42681c9c tempest-ServerActionsTestJSON-485607710 tempest-ServerActionsTestJSON-485607710-project] 10.222.0.55 "POST /v2.0/ports HTTP/1.1" status: 201 len: 933 time: 2.6781173
Sep 02 16:01:21.899114 dv-neutron-797120-9-hyperv neutron-server[101763]: DEBUG neutron_lib.callbacks.manager [None req-3a78b2a5-44e1-45f7-937a-770635e4be93 tempest-NetworksTestDHCPv6-2117002669 tempest-NetworksTestDHCPv6-2117002669-project] Notify callbacks ['neutron.plugins.ml2.plugin.SecurityGroupServerNotifierRpcMixin._notify_sg_on_port_change-899697', 'neutron.plugins.ml2.ovo_rpc._ObjectChangeHandler.handle_event-412570', 'neutron.api.rpc.agentnotifiers.dhcp_rpc_agent_api.DhcpAgentNotifyAPI._native_event_send_dhcp_notification-7872465', 'neutron.db.l3_db.L3RpcNotifierMixin._notify_routers_callback-8757459579841', 'neutron.db.l3_dvrscheduler_db._notify_port_delete-8757459109515', 'neutron.services.segments.plugin.NovaSegmentNotifier._notify_port_created_or_deleted-6068475'] for port, after_delete {{(pid=101763) _notify_loop /usr/local/lib/python3.8/dist-packages/neutron_lib/callbacks/manager.py:192}}
Sep 02 16:01:21.940141 dv-neutron-797120-9-hyperv neutron-server[101763]: DEBUG neutron.api.rpc.handlers.resources_rpc [None req-3a78b2a5-44e1-45f7-937a-770635e4be93 tempest-NetworksTestDHCPv6-2117002669 tempest-NetworksTestDHCPv6-2117002669-project] Pushing event deleted for resources: {'Port': ['ID=b904275b-a1b3-42e0-9b88-5b42e27a6bd8,revision_number=None']} {{(pid=101763) push /opt/stack/neutron/neutron/api/rpc/handlers/resources_rpc.py:237}}
Sep 02 16:01:21.986768 dv-neutron-797120-9-hyperv neutron-server[101762]: DEBUG neutron_lib.callbacks.manager [None req-375295bb-68e0-4ca3-a3e5-2f6b1f59178a tempest-ExternalNetworksAdminNegativeTestJSON-1059474080 tempest-ExternalNetworksAdminNegativeTestJSON-1059474080-project-admin] Notify callbacks ['neutron.plugins.ml2.plugin.SecurityGroupServerNotifierRpcMixin._notify_sg_on_port_change-899697', 'neutron.plugins.ml2.ovo_rpc._ObjectChangeHandler.handle_event-412570', 'neutron.api.rpc.agentnotifiers.dhcp_rpc_agent_api.DhcpAgentNotifyAPI._native_event_send_dhcp_notification-7872465', 'neutron.db.l3_db.L3RpcNotifierMixin._notify_gateway_port_ip_changed-8757459579859', 'neutron.db.l3_dvrscheduler_db._notify_l3_agent_port_update-8757459109524', 'neutron.db.l3_hascheduler_db._notify_l3_agent_ha_port_update-8757459109542', 'neutron.services.segments.plugin.NovaSegmentNotifier._notify_port_updated-5211325'] for port, after_update {{(pid=101762) _notify_loop /usr/local/lib/python3.8/dist-packages/neutron_lib/callbacks/manager.py:192}}
Sep 02 16:01:21.998369 dv-neutron-797120-9-hyperv neutron-server[101763]: DEBUG neutron.scheduler.l3_agent_scheduler [None req-04e2e236-5bfc-4fac-95f8-a1271a5236b5 tempest-FloatingIPAdminTestJSON-1990071810 tempest-FloatingIPAdminTestJSON-1990071810-project-admin] Router 28d05367-640a-46ed-90b3-5087e272dffc has already been hosted by L3 agent 8031f719-7f40-4179-9202-11a0733ae79c {{(pid=101763) _get_candidates /opt/stack/neutron/neutron/scheduler/l3_agent_scheduler.py:126}}
Sep 02 16:01:22.003736 dv-neutron-797120-9-hyperv neutron-server[101763]: DEBUG neutron_lib.callbacks.manager [None req-3a78b2a5-44e1-45f7-937a-770635e4be93 tempest-NetworksTestDHCPv6-2117002669 tempest-NetworksTestDHCPv6-2117002669-project] Notify callbacks ['neutron.notifiers.nova.Notifier._send_nova_notification-32981'] for port, before_response {{(pid=101763) _notify_loop /usr/local/lib/python3.8/dist-packages/neutron_lib/callbacks/manager.py:192}}
Sep 02 16:01:22.006267 dv-neutron-797120-9-hyperv neutron-server[101763]: INFO neutron.wsgi [None req-3a78b2a5-44e1-45f7-937a-770635e4be93 tempest-NetworksTestDHCPv6-2117002669 tempest-NetworksTestDHCPv6-2117002669-project] 10.222.0.54 "DELETE /v2.0/ports/b904275b-a1b3-42e0-9b88-5b42e27a6bd8 HTTP/1.1" status: 204 len: 168 time: 2.3946092
Sep 02 16:01:22.008910 dv-neutron-797120-9-hyperv neutron-server[101763]: DEBUG neutron.wsgi [-] (101763) accepted ('10.222.0.54', 58560) {{(pid=101763) server /usr/local/lib/python3.8/dist-packages/eventlet/wsgi.py:982}}
Sep 02 16:01:22.040883 dv-neutron-797120-9-hyperv neutron-server[101762]: DEBUG neutron.pecan_wsgi.hooks.quota_enforcement [req-129b43a5-0c1f-4109-ab4d-890d2e9867e1 req-fa9acbe2-2cb9-4939-816f-ed456251eb59 tempest-ServersTestJSON-728281074 tempest-ServersTestJSON-728281074-project] Made reservation on behalf of 73f609fa01554ac4a073defafbe37bf3 for: {'port': 1} {{(pid=101762) before /opt/stack/neutron/neutron/pecan_wsgi/hooks/quota_enforcement.py:53}}
Sep 02 16:01:22.050688 dv-neutron-797120-9-hyperv neutron-server[101762]: DEBUG neutron_lib.callbacks.manager [req-129b43a5-0c1f-4109-ab4d-890d2e9867e1 req-fa9acbe2-2cb9-4939-816f-ed456251eb59 tempest-ServersTestJSON-728281074 tempest-ServersTestJSON-728281074-project] Notify callbacks ['neutron.plugins.ml2.plugin.SecurityGroupDbMixin._ensure_default_security_group_handler-899502'] for port, before_create {{(pid=101762) _notify_loop /usr/local/lib/python3.8/dist-packages/neutron_lib/callbacks/manager.py:192}}
Sep 02 16:01:22.131662 dv-neutron-797120-9-hyperv neutron-server[101762]: DEBUG neutron.api.rpc.handlers.resources_rpc [None req-375295bb-68e0-4ca3-a3e5-2f6b1f59178a tempest-ExternalNetworksAdminNegativeTestJSON-1059474080 tempest-ExternalNetworksAdminNegativeTestJSON-1059474080-project-admin] Pushing event updated for resources: {'Port': ['ID=ebc3eff9-cd57-4cc7-b778-84a9393c3090,revision_number=2']} {{(pid=101762) push /opt/stack/neutron/neutron/api/rpc/handlers/resources_rpc.py:237}}
Sep 02 16:01:22.203888 dv-neutron-797120-9-hyperv neutron-server[101762]: DEBUG neutron_lib.callbacks.manager [None req-375295bb-68e0-4ca3-a3e5-2f6b1f59178a tempest-ExternalNetworksAdminNegativeTestJSON-1059474080 tempest-ExternalNetworksAdminNegativeTestJSON-1059474080-project-admin] Notify callbacks ['neutron.services.l3_router.l3_router_plugin.DVRResourceOperationHandler._create_dvr_floating_gw_port-8316170'] for floatingip, after_create {{(pid=101762) _notify_loop /usr/local/lib/python3.8/dist-packages/neutron_lib/callbacks/manager.py:192}}
Sep 02 16:01:22.290316 dv-neutron-797120-9-hyperv neutron-server[101762]: DEBUG neutron_lib.callbacks.manager [None req-375295bb-68e0-4ca3-a3e5-2f6b1f59178a tempest-ExternalNetworksAdminNegativeTestJSON-1059474080 tempest-ExternalNetworksAdminNegativeTestJSON-1059474080-project-admin] Notify callbacks ['neutron.notifiers.nova.Notifier._send_nova_notification-32981'] for floatingip, before_response {{(pid=101762) _notify_loop /usr/local/lib/python3.8/dist-packages/neutron_lib/callbacks/manager.py:192}}
Sep 02 16:01:22.291645 dv-neutron-797120-9-hyperv neutron-server[101762]: INFO neutron.wsgi [None req-375295bb-68e0-4ca3-a3e5-2f6b1f59178a tempest-ExternalNetworksAdminNegativeTestJSON-1059474080 tempest-ExternalNetworksAdminNegativeTestJSON-1059474080-project-admin] 10.222.0.54 "POST /v2.0/floatingips HTTP/1.1" status: 201 len: 693 time: 4.5653591
Sep 02 16:01:22.294833 dv-neutron-797120-9-hyperv neutron-server[101762]: DEBUG neutron.wsgi [-] (101762) accepted ('10.222.0.54', 58562) {{(pid=101762) server /usr/local/lib/python3.8/dist-packages/eventlet/wsgi.py:982}}
Sep 02 16:01:22.301384 dv-neutron-797120-9-hyperv neutron-server[101762]: DEBUG neutron.api.v2.base [None req-bc2bf5ff-5b27-4016-b65a-c6d7f13636a8 tempest-ExternalNetworksAdminNegativeTestJSON-1059474080 tempest-ExternalNetworksAdminNegativeTestJSON-1059474080-project-admin] Request body: {'port': {'name': 'tempest-ExternalNetworksAdminNegativeTestJSON-2125555605', 'network_id': '1fc1d8b9-d605-4fa8-b5ae-8e0166010ea0', 'fixed_ips': [{'ip_address': '172.26.6.131'}]}} {{(pid=101762) prepare_request_body /opt/stack/neutron/neutron/api/v2/base.py:730}}
Sep 02 16:01:22.323413 dv-neutron-797120-9-hyperv neutron-server[101762]: DEBUG neutron.db.db_base_plugin_common [req-129b43a5-0c1f-4109-ab4d-890d2e9867e1 req-fa9acbe2-2cb9-4939-816f-ed456251eb59 tempest-ServersTestJSON-728281074 tempest-ServersTestJSON-728281074-project] Allocated IP 172.20.0.7 (2e4ca4c4-4d85-48a9-b256-67d2543555d9/1b45f487-c90a-42c5-a6be-454d7755eee0/d2d84bd1-3cf3-442e-a8ab-8ef5afc9afcb) {{(pid=101762) _store_ip_allocation /opt/stack/neutron/neutron/db/db_base_plugin_common.py:131}}
Sep 02 16:01:22.340700 dv-neutron-797120-9-hyperv neutron-server[101763]: DEBUG neutron_lib.callbacks.manager [None req-6e130ac7-48d0-43c9-bb1b-aaf199e65169 admin admin] Notify callbacks ['neutron.plugins.ml2.ovo_rpc._ObjectChangeHandler.handle_event-7901382'] for security_group, after_delete {{(pid=101763) _notify_loop /usr/local/lib/python3.8/dist-packages/neutron_lib/callbacks/manager.py:192}}
Sep 02 16:01:22.340700 dv-neutron-797120-9-hyperv neutron-server[101763]: DEBUG neutron_lib.callbacks.manager [None req-6e130ac7-48d0-43c9-bb1b-aaf199e65169 admin admin] Notify callbacks [] for security_group, before_response {{(pid=101763) _notify_loop /usr/local/lib/python3.8/dist-packages/neutron_lib/callbacks/manager.py:192}}
Sep 02 16:01:22.345510 dv-neutron-797120-9-hyperv neutron-server[101763]: INFO neutron.wsgi [None req-6e130ac7-48d0-43c9-bb1b-aaf199e65169 admin admin] 10.222.0.54 "DELETE /v2.0/security-groups/3aa2e49a-5b00-4762-80eb-5cf1380782c6 HTTP/1.1" status: 204 len: 168 time: 1.0831811
Sep 02 16:01:22.346899 dv-neutron-797120-9-hyperv neutron-server[101763]: DEBUG neutron_lib.callbacks.manager [None req-472f3fa6-18e0-4ffa-8c7e-d6da9d14bfa7 tempest-RoutersIpV6AdminTest-553187240 tempest-RoutersIpV6AdminTest-553187240-project] Notify callbacks ['neutron.plugins.ml2.plugin.SecurityGroupServerNotifierRpcMixin._notify_sg_on_port_change-899697', 'neutron.plugins.ml2.ovo_rpc._ObjectChangeHandler.handle_event-412570', 'neutron.api.rpc.agentnotifiers.dhcp_rpc_agent_api.DhcpAgentNotifyAPI._native_event_send_dhcp_notification-7872465', 'neutron.db.l3_dvrscheduler_db._notify_l3_agent_new_port-8757459109506', 'neutron.services.segments.plugin.NovaSegmentNotifier._notify_port_created_or_deleted-6068475'] for port, after_create {{(pid=101763) _notify_loop /usr/local/lib/python3.8/dist-packages/neutron_lib/callbacks/manager.py:192}}
Sep 02 16:01:22.349370 dv-neutron-797120-9-hyperv neutron-server[101763]: DEBUG neutron_lib.callbacks.manager [None req-7eb1f800-0b77-47a3-b06a-50afde15228c admin admin] Notify callbacks ['neutron.plugins.ml2.ovo_rpc._ObjectChangeHandler.handle_event-7901382'] for security_group, after_delete {{(pid=101763) _notify_loop /usr/local/lib/python3.8/dist-packages/neutron_lib/callbacks/manager.py:192}}
Sep 02 16:01:22.352012 dv-neutron-797120-9-hyperv neutron-server[101763]: DEBUG neutron_lib.callbacks.manager [None req-7eb1f800-0b77-47a3-b06a-50afde15228c admin admin] Notify callbacks [] for security_group, before_response {{(pid=101763) _notify_loop /usr/local/lib/python3.8/dist-packages/neutron_lib/callbacks/manager.py:192}}
Sep 02 16:01:22.353347 dv-neutron-797120-9-hyperv neutron-server[101763]: INFO neutron.wsgi [None req-7eb1f800-0b77-47a3-b06a-50afde15228c admin admin] 10.222.0.54 "DELETE /v2.0/security-groups/fea4926a-84f8-4398-9153-ec29e1c9a825 HTTP/1.1" status: 204 len: 168 time: 1.2457905
Sep 02 16:01:22.517816 dv-neutron-797120-9-hyperv neutron-server[101763]: DEBUG neutron.api.rpc.handlers.resources_rpc [None req-6e130ac7-48d0-43c9-bb1b-aaf199e65169 admin admin] Pushing event deleted for resources: {'SecurityGroup': ['ID=3aa2e49a-5b00-4762-80eb-5cf1380782c6,revision_number=None']} {{(pid=101763) push /opt/stack/neutron/neutron/api/rpc/handlers/resources_rpc.py:237}}
Sep 02 16:01:22.517816 dv-neutron-797120-9-hyperv neutron-server[101763]: DEBUG neutron.scheduler.dhcp_agent_scheduler [None req-472f3fa6-18e0-4ffa-8c7e-d6da9d14bfa7 tempest-RoutersIpV6AdminTest-553187240 tempest-RoutersIpV6AdminTest-553187240-project] Network 1fc1d8b9-d605-4fa8-b5ae-8e0166010ea0 is already hosted by enough agents. {{(pid=101763) _get_dhcp_agents_hosting_network /opt/stack/neutron/neutron/scheduler/dhcp_agent_scheduler.py:275}}
Sep 02 16:01:22.519328 dv-neutron-797120-9-hyperv neutron-server[101762]: DEBUG neutron.pecan_wsgi.hooks.quota_enforcement [None req-bc2bf5ff-5b27-4016-b65a-c6d7f13636a8 tempest-ExternalNetworksAdminNegativeTestJSON-1059474080 tempest-ExternalNetworksAdminNegativeTestJSON-1059474080-project-admin] Made reservation on behalf of 839fcb62362c4e4487fd5ed66cd8eee6 for: {'port': 1} {{(pid=101762) before /opt/stack/neutron/neutron/pecan_wsgi/hooks/quota_enforcement.py:53}}
Sep 02 16:01:22.519328 dv-neutron-797120-9-hyperv neutron-server[101762]: DEBUG neutron_lib.callbacks.manager [None req-bc2bf5ff-5b27-4016-b65a-c6d7f13636a8 tempest-ExternalNetworksAdminNegativeTestJSON-1059474080 tempest-ExternalNetworksAdminNegativeTestJSON-1059474080-project-admin] Notify callbacks ['neutron.plugins.ml2.plugin.SecurityGroupDbMixin._ensure_default_security_group_handler-899502'] for port, before_create {{(pid=101762) _notify_loop /usr/local/lib/python3.8/dist-packages/neutron_lib/callbacks/manager.py:192}}
Sep 02 16:01:22.541836 dv-neutron-797120-9-hyperv neutron-server[101762]: DEBUG neutron.wsgi [req-35a9be6a-45d3-4e16-88db-e71072614c94 req-bd9657da-f825-48f3-9641-b32a11402bd9 tempest-ServerActionsTestJSON-485607710 tempest-ServerActionsTestJSON-485607710-project] http://10.222.0.54:9696/v2.0/extensions returned with HTTP 200 {{(pid=101762) __call__ /opt/stack/neutron/neutron/wsgi.py:729}}
Sep 02 16:01:22.542913 dv-neutron-797120-9-hyperv neutron-server[101762]: INFO neutron.wsgi [req-35a9be6a-45d3-4e16-88db-e71072614c94 req-bd9657da-f825-48f3-9641-b32a11402bd9 tempest-ServerActionsTestJSON-485607710 tempest-ServerActionsTestJSON-485607710-project] 10.222.0.55 "GET /v2.0/extensions HTTP/1.1" status: 200 len: 13640 time: 0.0207753
Sep 02 16:01:22.559889 dv-neutron-797120-9-hyperv neutron-server[101762]: DEBUG neutron_lib.callbacks.manager [None req-bc2bf5ff-5b27-4016-b65a-c6d7f13636a8 tempest-ExternalNetworksAdminNegativeTestJSON-1059474080 tempest-ExternalNetworksAdminNegativeTestJSON-1059474080-project-admin] Notify callbacks [] for security_group, before_create {{(pid=101762) _notify_loop /usr/local/lib/python3.8/dist-packages/neutron_lib/callbacks/manager.py:192}}
Sep 02 16:01:22.560514 dv-neutron-797120-9-hyperv neutron-server[101763]: DEBUG neutron.pecan_wsgi.hooks.policy_enforcement [None req-a0b6a016-56be-44ac-88a0-fcadf65d25e7 tempest-NetworksTestDHCPv6-2117002669 tempest-NetworksTestDHCPv6-2117002669-project] Attributes excluded by policy engine: ['standard_attr_id', 'shared', 'segment_id'] {{(pid=101763) _exclude_attributes_by_policy /opt/stack/neutron/neutron/pecan_wsgi/hooks/policy_enforcement.py:255}}
Sep 02 16:01:22.562613 dv-neutron-797120-9-hyperv neutron-server[101763]: DEBUG neutron.pecan_wsgi.hooks.policy_enforcement [None req-a0b6a016-56be-44ac-88a0-fcadf65d25e7 tempest-NetworksTestDHCPv6-2117002669 tempest-NetworksTestDHCPv6-2117002669-project] Attributes excluded by policy engine: ['standard_attr_id', 'shared', 'segment_id'] {{(pid=101763) _exclude_attributes_by_policy /opt/stack/neutron/neutron/pecan_wsgi/hooks/policy_enforcement.py:255}}
Sep 02 16:01:22.567000 dv-neutron-797120-9-hyperv neutron-server[101763]: INFO neutron.wsgi [None req-a0b6a016-56be-44ac-88a0-fcadf65d25e7 tempest-NetworksTestDHCPv6-2117002669 tempest-NetworksTestDHCPv6-2117002669-project] 10.222.0.54 "GET /v2.0/subnets HTTP/1.1" status: 200 len: 1477 time: 0.5543351
Sep 02 16:01:22.567000 dv-neutron-797120-9-hyperv neutron-server[101763]: DEBUG neutron.scheduler.base_scheduler [None req-472f3fa6-18e0-4ffa-8c7e-d6da9d14bfa7 tempest-RoutersIpV6AdminTest-553187240 tempest-RoutersIpV6AdminTest-553187240-project] Resources bound (agent type, host, resource id): {{(pid=101763) schedule /opt/stack/neutron/neutron/scheduler/base_scheduler.py:57}}
Sep 02 16:01:22.575259 dv-neutron-797120-9-hyperv neutron-server[101762]: DEBUG neutron.wsgi [-] (101762) accepted ('10.222.0.54', 58568) {{(pid=101762) server /usr/local/lib/python3.8/dist-packages/eventlet/wsgi.py:982}}
Sep 02 16:01:22.578678 dv-neutron-797120-9-hyperv neutron-server[101763]: DEBUG neutron.db.l3_dvrscheduler_db [None req-472f3fa6-18e0-4ffa-8c7e-d6da9d14bfa7 tempest-RoutersIpV6AdminTest-553187240 tempest-RoutersIpV6AdminTest-553187240-project] Received port after_create {{(pid=101763) _notify_l3_agent_new_port /opt/stack/neutron/neutron/db/l3_dvrscheduler_db.py:535}}
Sep 02 16:01:22.581088 dv-neutron-797120-9-hyperv neutron-server[101763]: DEBUG neutron.api.rpc.handlers.resources_rpc [None req-7eb1f800-0b77-47a3-b06a-50afde15228c admin admin] Pushing event deleted for resources: {'SecurityGroup': ['ID=fea4926a-84f8-4398-9153-ec29e1c9a825,revision_number=None']} {{(pid=101763) push /opt/stack/neutron/neutron/api/rpc/handlers/resources_rpc.py:237}}
Sep 02 16:01:22.622189 dv-neutron-797120-9-hyperv neutron-server[101763]: DEBUG neutron.api.rpc.handlers.resources_rpc [None req-472f3fa6-18e0-4ffa-8c7e-d6da9d14bfa7 tempest-RoutersIpV6AdminTest-553187240 tempest-RoutersIpV6AdminTest-553187240-project] Pushing event updated for resources: {'Port': ['ID=8cb460f0-f6df-4592-bac5-0eb2dd4d80f7,revision_number=1']} {{(pid=101763) push /opt/stack/neutron/neutron/api/rpc/handlers/resources_rpc.py:237}}
Sep 02 16:01:22.634109 dv-neutron-797120-9-hyperv neutron-server[101764]: DEBUG neutron.plugins.ml2.rpc [None req-dff9f68e-34ef-4780-90c3-2b7f50e758b4 None None] Device 7aae539a-396b-4d99-90b1-26ccd52500ea up at agent ovs-agent-dv-neutron-797120-9-hyperv {{(pid=101764) update_device_up /opt/stack/neutron/neutron/plugins/ml2/rpc.py:296}}
Sep 02 16:01:22.706822 dv-neutron-797120-9-hyperv neutron-server[101762]: DEBUG neutron.db.db_base_plugin_v2 [None req-9f97c4de-25ad-43ec-bc6b-f315e3705cc3 tempest-NetworksTestDHCPv6-2117002669 tempest-NetworksTestDHCPv6-2117002669-project] Deleting subnet e5ffe6d6-a5ad-48c1-b77c-2198b33abd1c {{(pid=101762) delete_subnet /opt/stack/neutron/neutron/db/db_base_plugin_v2.py:1056}}
Sep 02 16:01:22.736086 dv-neutron-797120-9-hyperv neutron-server[101762]: DEBUG neutron_lib.callbacks.manager [None req-9f97c4de-25ad-43ec-bc6b-f315e3705cc3 tempest-NetworksTestDHCPv6-2117002669 tempest-NetworksTestDHCPv6-2117002669-project] Notify callbacks [] for subnet, before_delete {{(pid=101762) _notify_loop /usr/local/lib/python3.8/dist-packages/neutron_lib/callbacks/manager.py:192}}
Sep 02 16:01:22.745101 dv-neutron-797120-9-hyperv neutron-server[101764]: DEBUG neutron.db.provisioning_blocks [None req-dff9f68e-34ef-4780-90c3-2b7f50e758b4 None None] Provisioning complete for port 7aae539a-396b-4d99-90b1-26ccd52500ea triggered by entity L2. {{(pid=101764) provisioning_complete /opt/stack/neutron/neutron/db/provisioning_blocks.py:139}}
Sep 02 16:01:22.745481 dv-neutron-797120-9-hyperv neutron-server[101764]: DEBUG neutron_lib.callbacks.manager [None req-dff9f68e-34ef-4780-90c3-2b7f50e758b4 None None] Notify callbacks ['neutron.plugins.ml2.plugin.Ml2Plugin._port_provisioned-663517'] for port, provisioning_complete {{(pid=101764) _notify_loop /usr/local/lib/python3.8/dist-packages/neutron_lib/callbacks/manager.py:192}}
Sep 02 16:01:22.824012 dv-neutron-797120-9-hyperv neutron-server[101762]: DEBUG neutron_lib.callbacks.manager [None req-9f97c4de-25ad-43ec-bc6b-f315e3705cc3 tempest-NetworksTestDHCPv6-2117002669 tempest-NetworksTestDHCPv6-2117002669-project] Notify callbacks ['neutron.services.segments.plugin.Plugin._validate_auto_address_subnet_delete-4929072'] for subnet, precommit_delete_associations {{(pid=101762) _notify_loop /usr/local/lib/python3.8/dist-packages/neutron_lib/callbacks/manager.py:192}}
Sep 02 16:01:22.933713 dv-neutron-797120-9-hyperv neutron-server[101763]: DEBUG neutron.api.rpc.agentnotifiers.l3_rpc_agent_api [None req-04e2e236-5bfc-4fac-95f8-a1271a5236b5 tempest-FloatingIPAdminTestJSON-1990071810 tempest-FloatingIPAdminTestJSON-1990071810-project-admin] Notify agent at l3_agent.dv-neutron-797120-9-hyperv the message routers_updated {{(pid=101763) _agent_notification /opt/stack/neutron/neutron/api/rpc/agentnotifiers/l3_rpc_agent_api.py:65}}
Sep 02 16:01:22.936911 dv-neutron-797120-9-hyperv neutron-server[101762]: DEBUG neutron_lib.callbacks.manager [req-129b43a5-0c1f-4109-ab4d-890d2e9867e1 req-fa9acbe2-2cb9-4939-816f-ed456251eb59 tempest-ServersTestJSON-728281074 tempest-ServersTestJSON-728281074-project] Notify callbacks [] for port, precommit_create {{(pid=101762) _notify_loop /usr/local/lib/python3.8/dist-packages/neutron_lib/callbacks/manager.py:192}}
Sep 02 16:01:22.950605 dv-neutron-797120-9-hyperv neutron-server[101764]: DEBUG neutron.api.rpc.handlers.l3_rpc [None req-b405bb99-014f-44d6-9af5-257addfc977e None None] Sync routers for ids ['28d05367-640a-46ed-90b3-5087e272dffc'] in dv-neutron-797120-9-hyperv {{(pid=101764) sync_routers /opt/stack/neutron/neutron/api/rpc/handlers/l3_rpc.py:125}}
Sep 02 16:01:22.971939 dv-neutron-797120-9-hyperv neutron-server[101764]: DEBUG neutron.db.l3_dvrscheduler_db [None req-b405bb99-014f-44d6-9af5-257addfc977e None None] Routers {'28d05367-640a-46ed-90b3-5087e272dffc'} bound to L3 agent in host dv-neutron-797120-9-hyperv {{(pid=101764) _get_router_ids_for_agent /opt/stack/neutron/neutron/db/l3_dvrscheduler_db.py:420}}
Sep 02 16:01:22.973584 dv-neutron-797120-9-hyperv neutron-server[101764]: DEBUG neutron.db.l3_hamode_db [None req-b405bb99-014f-44d6-9af5-257addfc977e None None] neutron.services.l3_router.l3_router_plugin.L3RouterPlugin method get_ha_sync_data_for_host called with arguments (, 'dv-neutron-797120-9-hyperv', Agent(admin_state_up=True,agent_type='L3 agent',availability_zone='nova',binary='neutron-l3-agent',configurations={"agent_mode": "legacy", "ex_gw_ports": 3, "extensions": [], "floating_ips": 0, "handle_internal_only_routers": true, "interface_driver": "openvswitch", "interfaces": 2, "log_agent_heartbeats": false, "routers": 3},created_at=2021-09-02T15:53:04Z,description=,heartbeat_timestamp=2021-09-02T16:01:04Z,host='dv-neutron-797120-9-hyperv',id=8031f719-7f40-4179-9202-11a0733ae79c,load=0,resource_versions=,resources_synced=,started_at=2021-09-02T15:53:05Z,topic='l3_agent')) {'router_ids': ['28d05367-640a-46ed-90b3-5087e272dffc'], 'active': True} {{(pid=101764) wrapper /usr/local/lib/python3.8/dist-packages/oslo_log/helpers.py:65}}
Sep 02 16:01:23.001830 dv-neutron-797120-9-hyperv neutron-server[101762]: DEBUG neutron.db.provisioning_blocks [req-129b43a5-0c1f-4109-ab4d-890d2e9867e1 req-fa9acbe2-2cb9-4939-816f-ed456251eb59 tempest-ServersTestJSON-728281074 tempest-ServersTestJSON-728281074-project] Transition to ACTIVE for port object d2d84bd1-3cf3-442e-a8ab-8ef5afc9afcb will not be triggered until provisioned by entity DHCP. {{(pid=101762) add_provisioning_component /opt/stack/neutron/neutron/db/provisioning_blocks.py:73}}
Sep 02 16:01:23.176202 dv-neutron-797120-9-hyperv neutron-server[101762]: DEBUG neutron_lib.callbacks.manager [req-129b43a5-0c1f-4109-ab4d-890d2e9867e1 req-fa9acbe2-2cb9-4939-816f-ed456251eb59 tempest-ServersTestJSON-728281074 tempest-ServersTestJSON-728281074-project] Notify callbacks ['neutron.plugins.ml2.plugin.SecurityGroupServerNotifierRpcMixin._notify_sg_on_port_change-899697', 'neutron.plugins.ml2.ovo_rpc._ObjectChangeHandler.handle_event-412570', 'neutron.api.rpc.agentnotifiers.dhcp_rpc_agent_api.DhcpAgentNotifyAPI._native_event_send_dhcp_notification-7872465', 'neutron.db.l3_dvrscheduler_db._notify_l3_agent_new_port-8757459109506', 'neutron.services.segments.plugin.NovaSegmentNotifier._notify_port_created_or_deleted-5211332'] for port, after_create {{(pid=101762) _notify_loop /usr/local/lib/python3.8/dist-packages/neutron_lib/callbacks/manager.py:192}}
Sep 02 16:01:23.216162 dv-neutron-797120-9-hyperv neutron-server[101764]: DEBUG neutron.db.l3_hamode_db [None req-b405bb99-014f-44d6-9af5-257addfc977e None None] neutron.services.l3_router.l3_router_plugin.L3RouterPlugin method _process_sync_ha_data called with arguments (, [], 'dv-neutron-797120-9-hyperv', False) {} {{(pid=101764) wrapper /usr/local/lib/python3.8/dist-packages/oslo_log/helpers.py:65}}
Sep 02 16:01:23.225680 dv-neutron-797120-9-hyperv neutron-server[101764]: DEBUG neutron.db.l3_dvrscheduler_db [None req-b405bb99-014f-44d6-9af5-257addfc977e None None] Routers {'28d05367-640a-46ed-90b3-5087e272dffc'} bound to L3 agent in host dv-neutron-797120-9-hyperv {{(pid=101764) _get_router_ids_for_agent /opt/stack/neutron/neutron/db/l3_dvrscheduler_db.py:420}}
Sep 02 16:01:23.226559 dv-neutron-797120-9-hyperv neutron-server[101764]: DEBUG neutron.db.l3_hamode_db [None req-b405bb99-014f-44d6-9af5-257addfc977e None None] neutron.services.l3_router.l3_router_plugin.L3RouterPlugin method get_ha_sync_data_for_host called with arguments (, 'dv-neutron-797120-9-hyperv', Agent(admin_state_up=True,agent_type='L3 agent',availability_zone='nova',binary='neutron-l3-agent',configurations={"agent_mode": "legacy", "ex_gw_ports": 3, "extensions": [], "floating_ips": 0, "handle_internal_only_routers": true, "interface_driver": "openvswitch", "interfaces": 2, "log_agent_heartbeats": false, "routers": 3},created_at=2021-09-02T15:53:04Z,description=,heartbeat_timestamp=2021-09-02T16:01:04Z,host='dv-neutron-797120-9-hyperv',id=8031f719-7f40-4179-9202-11a0733ae79c,load=0,resource_versions=,resources_synced=,started_at=2021-09-02T15:53:05Z,topic='l3_agent')) {'router_ids': ['28d05367-640a-46ed-90b3-5087e272dffc'], 'active': True} {{(pid=101764) wrapper /usr/local/lib/python3.8/dist-packages/oslo_log/helpers.py:65}}
Sep 02 16:01:23.232931 dv-neutron-797120-9-hyperv neutron-server[101762]: DEBUG neutron.api.v2.base [req-35a9be6a-45d3-4e16-88db-e71072614c94 req-1af08ec1-f908-4ba8-a4cb-2129d4c3eba4 service neutron] Request body: {'port': {'device_id': 'ca25fc14-125d-43de-9214-52ebcaca5ee1', 'device_owner': 'compute:nova', 'binding:host_id': 'hv-neutron-7971'}} {{(pid=101762) prepare_request_body /opt/stack/neutron/neutron/api/v2/base.py:730}}
Sep 02 16:01:23.266826 dv-neutron-797120-9-hyperv neutron-server[101764]: DEBUG neutron.db.l3_hamode_db [None req-b405bb99-014f-44d6-9af5-257addfc977e None None] neutron.services.l3_router.l3_router_plugin.L3RouterPlugin method _process_sync_ha_data called with arguments (, [], 'dv-neutron-797120-9-hyperv', False) {} {{(pid=101764) wrapper /usr/local/lib/python3.8/dist-packages/oslo_log/helpers.py:65}}
Sep 02 16:01:23.270438 dv-neutron-797120-9-hyperv neutron-server[101764]: DEBUG neutron.api.rpc.handlers.l3_rpc [None req-b405bb99-014f-44d6-9af5-257addfc977e None None] The sync data for ids ['28d05367-640a-46ed-90b3-5087e272dffc'] in dv-neutron-797120-9-hyperv is: [] {{(pid=101764) sync_routers /opt/stack/neutron/neutron/api/rpc/handlers/l3_rpc.py:137}}
Sep 02 16:01:23.275811 dv-neutron-797120-9-hyperv neutron-server[101763]: DEBUG neutron.pecan_wsgi.hooks.policy_enforcement [req-a379f03c-83e1-491c-bae6-a172eea63e74 req-1fa594be-e65c-44ff-9dde-7f9b8099dc23 tempest-ServerActionsTestJSON-485607710 tempest-ServerActionsTestJSON-485607710-project] Attributes excluded by policy engine: ['standard_attr_id', 'binding:profile', 'binding:host_id', 'binding:vif_type', 'binding:vif_details'] {{(pid=101763) _exclude_attributes_by_policy /opt/stack/neutron/neutron/pecan_wsgi/hooks/policy_enforcement.py:255}}
Sep 02 16:01:23.275811 dv-neutron-797120-9-hyperv neutron-server[101763]: INFO neutron.wsgi [req-a379f03c-83e1-491c-bae6-a172eea63e74 req-1fa594be-e65c-44ff-9dde-7f9b8099dc23 tempest-ServerActionsTestJSON-485607710 tempest-ServerActionsTestJSON-485607710-project] 10.222.0.54 "GET /v2.0/ports?device_id=ca25fc14-125d-43de-9214-52ebcaca5ee1 HTTP/1.1" status: 200 len: 931 time: 0.3672554
Sep 02 16:01:23.380010 dv-neutron-797120-9-hyperv neutron-server[101763]: DEBUG neutron_lib.callbacks.manager [None req-472f3fa6-18e0-4ffa-8c7e-d6da9d14bfa7 tempest-RoutersIpV6AdminTest-553187240 tempest-RoutersIpV6AdminTest-553187240-project] Notify callbacks [] for router_gateway, after_create {{(pid=101763) _notify_loop /usr/local/lib/python3.8/dist-packages/neutron_lib/callbacks/manager.py:192}}
Sep 02 16:01:23.410850 dv-neutron-797120-9-hyperv neutron-server[101762]: DEBUG neutron_lib.callbacks.manager [None req-9f97c4de-25ad-43ec-bc6b-f315e3705cc3 tempest-NetworksTestDHCPv6-2117002669 tempest-NetworksTestDHCPv6-2117002669-project] Notify callbacks ['neutron.plugins.ml2.plugin.Ml2Plugin._subnet_delete_precommit_handler-667449'] for subnet, precommit_delete {{(pid=101762) _notify_loop /usr/local/lib/python3.8/dist-packages/neutron_lib/callbacks/manager.py:192}}
Sep 02 16:01:23.419127 dv-neutron-797120-9-hyperv neutron-server[101763]: INFO neutron.wsgi [req-a379f03c-83e1-491c-bae6-a172eea63e74 req-e490ca52-d89e-4079-9e7e-4f8136b06ffd tempest-ServerActionsTestJSON-485607710 tempest-ServerActionsTestJSON-485607710-project] 10.222.0.54 "GET /v2.0/security-groups?id=87d2a2e1-c22e-4b45-9933-f3acd2eb2d3e&fields=id&fields=name HTTP/1.1" status: 200 len: 312 time: 0.1299610
Sep 02 16:01:23.454843 dv-neutron-797120-9-hyperv neutron-server[101762]: DEBUG neutron.scheduler.dhcp_agent_scheduler [req-129b43a5-0c1f-4109-ab4d-890d2e9867e1 req-fa9acbe2-2cb9-4939-816f-ed456251eb59 tempest-ServersTestJSON-728281074 tempest-ServersTestJSON-728281074-project] Network 2e4ca4c4-4d85-48a9-b256-67d2543555d9 is already hosted by enough agents. {{(pid=101762) _get_dhcp_agents_hosting_network /opt/stack/neutron/neutron/scheduler/dhcp_agent_scheduler.py:275}}
Sep 02 16:01:23.499566 dv-neutron-797120-9-hyperv neutron-server[101762]: DEBUG neutron.scheduler.base_scheduler [req-129b43a5-0c1f-4109-ab4d-890d2e9867e1 req-fa9acbe2-2cb9-4939-816f-ed456251eb59 tempest-ServersTestJSON-728281074 tempest-ServersTestJSON-728281074-project] Resources bound (agent type, host, resource id): {{(pid=101762) schedule /opt/stack/neutron/neutron/scheduler/base_scheduler.py:57}}
Sep 02 16:01:23.515100 dv-neutron-797120-9-hyperv neutron-server[101762]: DEBUG neutron.pecan_wsgi.hooks.policy_enforcement [req-f4179800-16a7-4786-9cb5-49596a830087 req-a226db05-c9f3-4360-a48e-9431805ad071 tempest-ServersTestJSON-728281074 tempest-ServersTestJSON-728281074-project] Attributes excluded by policy engine: ['standard_attr_id', 'binding:profile', 'binding:host_id', 'binding:vif_type', 'binding:vif_details'] {{(pid=101762) _exclude_attributes_by_policy /opt/stack/neutron/neutron/pecan_wsgi/hooks/policy_enforcement.py:255}}
Sep 02 16:01:23.516859 dv-neutron-797120-9-hyperv neutron-server[101762]: INFO neutron.wsgi [req-f4179800-16a7-4786-9cb5-49596a830087 req-a226db05-c9f3-4360-a48e-9431805ad071 tempest-ServersTestJSON-728281074 tempest-ServersTestJSON-728281074-project] 10.222.0.54 "GET /v2.0/ports?device_id=e5455770-6ef7-452b-9af0-2f2db5c1ddcd HTTP/1.1" status: 200 len: 931 time: 0.4637315
Sep 02 16:01:23.526077 dv-neutron-797120-9-hyperv neutron-server[101762]: DEBUG neutron.db.l3_dvrscheduler_db [req-129b43a5-0c1f-4109-ab4d-890d2e9867e1 req-fa9acbe2-2cb9-4939-816f-ed456251eb59 tempest-ServersTestJSON-728281074 tempest-ServersTestJSON-728281074-project] Received port after_create {{(pid=101762) _notify_l3_agent_new_port /opt/stack/neutron/neutron/db/l3_dvrscheduler_db.py:535}}
Sep 02 16:01:23.528670 dv-neutron-797120-9-hyperv neutron-server[101762]: DEBUG neutron.api.rpc.handlers.resources_rpc [None req-fa9acbe2-2cb9-4939-816f-ed456251eb59 tempest-ServersTestJSON-728281074 tempest-ServersTestJSON-728281074-project] Pushing event updated for resources: {'Port': ['ID=d2d84bd1-3cf3-442e-a8ab-8ef5afc9afcb,revision_number=1']} {{(pid=101762) push /opt/stack/neutron/neutron/api/rpc/handlers/resources_rpc.py:237}}
Sep 02 16:01:23.597889 dv-neutron-797120-9-hyperv neutron-server[101762]: DEBUG neutron_lib.callbacks.manager [req-35a9be6a-45d3-4e16-88db-e71072614c94 req-1af08ec1-f908-4ba8-a4cb-2129d4c3eba4 service neutron] Notify callbacks ['neutron.plugins.ml2.plugin.SecurityGroupDbMixin._ensure_default_security_group_handler-899502'] for port, before_update {{(pid=101762) _notify_loop /usr/local/lib/python3.8/dist-packages/neutron_lib/callbacks/manager.py:192}}
Sep 02 16:01:23.602857 dv-neutron-797120-9-hyperv neutron-server[101762]: DEBUG neutron_lib.callbacks.manager [None req-bc2bf5ff-5b27-4016-b65a-c6d7f13636a8 tempest-ExternalNetworksAdminNegativeTestJSON-1059474080 tempest-ExternalNetworksAdminNegativeTestJSON-1059474080-project-admin] Notify callbacks [] for security_group, precommit_create {{(pid=101762) _notify_loop /usr/local/lib/python3.8/dist-packages/neutron_lib/callbacks/manager.py:192}}
Sep 02 16:01:23.659527 dv-neutron-797120-9-hyperv neutron-server[101762]: DEBUG neutron.pecan_wsgi.hooks.policy_enforcement [req-129b43a5-0c1f-4109-ab4d-890d2e9867e1 req-fa9acbe2-2cb9-4939-816f-ed456251eb59 tempest-ServersTestJSON-728281074 tempest-ServersTestJSON-728281074-project] Attributes excluded by policy engine: ['standard_attr_id', 'binding:profile', 'binding:host_id', 'binding:vif_type', 'binding:vif_details', 'network'] {{(pid=101762) _exclude_attributes_by_policy /opt/stack/neutron/neutron/pecan_wsgi/hooks/policy_enforcement.py:255}}
Sep 02 16:01:23.660228 dv-neutron-797120-9-hyperv neutron-server[101762]: DEBUG neutron_lib.callbacks.manager [req-129b43a5-0c1f-4109-ab4d-890d2e9867e1 req-fa9acbe2-2cb9-4939-816f-ed456251eb59 tempest-ServersTestJSON-728281074 tempest-ServersTestJSON-728281074-project] Notify callbacks ['neutron.notifiers.nova.Notifier._send_nova_notification-32981'] for port, before_response {{(pid=101762) _notify_loop /usr/local/lib/python3.8/dist-packages/neutron_lib/callbacks/manager.py:192}}
Sep 02 16:01:23.705434 dv-neutron-797120-9-hyperv neutron-server[101762]: DEBUG neutron_lib.callbacks.manager [None req-bc2bf5ff-5b27-4016-b65a-c6d7f13636a8 tempest-ExternalNetworksAdminNegativeTestJSON-1059474080 tempest-ExternalNetworksAdminNegativeTestJSON-1059474080-project-admin] Notify callbacks ['neutron.plugins.ml2.ovo_rpc._ObjectChangeHandler.handle_event-7901382'] for security_group, after_create {{(pid=101762) _notify_loop /usr/local/lib/python3.8/dist-packages/neutron_lib/callbacks/manager.py:192}}
Sep 02 16:01:23.729905 dv-neutron-797120-9-hyperv neutron-server[101762]: DEBUG neutron.notifiers.nova [None req-bc2bf5ff-5b27-4016-b65a-c6d7f13636a8 tempest-ExternalNetworksAdminNegativeTestJSON-1059474080 tempest-ExternalNetworksAdminNegativeTestJSON-1059474080-project-admin] device_id is not set on port 7ac3318e-c737-4d9f-81d3-a0a122bce43a yet. {{(pid=101762) _can_notify /opt/stack/neutron/neutron/notifiers/nova.py:190}}
Sep 02 16:01:23.738586 dv-neutron-797120-9-hyperv neutron-server[101762]: INFO neutron.wsgi [req-f4179800-16a7-4786-9cb5-49596a830087 req-40744540-ad44-42dc-a0f4-a3e55941b236 tempest-ServersTestJSON-728281074 tempest-ServersTestJSON-728281074-project] 10.222.0.54 "GET /v2.0/security-groups?id=16117354-cca5-4d34-ae83-9c40e59d2b98&fields=id&fields=name HTTP/1.1" status: 200 len: 312 time: 0.2025788
Sep 02 16:01:23.995744 dv-neutron-797120-9-hyperv neutron-server[101763]: DEBUG neutron_lib.callbacks.manager [None req-472f3fa6-18e0-4ffa-8c7e-d6da9d14bfa7 tempest-RoutersIpV6AdminTest-553187240 tempest-RoutersIpV6AdminTest-553187240-project] Notify callbacks ['neutron.services.l3_router.l3_router_plugin.L3_HA_NAT_db_mixin._after_router_create-7949876', 'neutron.services.l3_router.l3_router_plugin.DVRResourceOperationHandler._create_snat_interfaces_after_change-7978472'] for router, after_create {{(pid=101763) _notify_loop /usr/local/lib/python3.8/dist-packages/neutron_lib/callbacks/manager.py:192}}
Sep 02 16:01:24.007443 dv-neutron-797120-9-hyperv neutron-server[101762]: DEBUG neutron.api.rpc.handlers.resources_rpc [None req-bc2bf5ff-5b27-4016-b65a-c6d7f13636a8 tempest-ExternalNetworksAdminNegativeTestJSON-1059474080 tempest-ExternalNetworksAdminNegativeTestJSON-1059474080-project-admin] Pushing event updated for resources: {'SecurityGroup': ['ID=7616ac28-793b-4b7e-8dea-2b7891214ce5,revision_number=1']} {{(pid=101762) push /opt/stack/neutron/neutron/api/rpc/handlers/resources_rpc.py:237}}
Sep 02 16:01:24.034305 dv-neutron-797120-9-hyperv neutron-server[101762]: DEBUG neutron_lib.callbacks.manager [None req-9f97c4de-25ad-43ec-bc6b-f315e3705cc3 tempest-NetworksTestDHCPv6-2117002669 tempest-NetworksTestDHCPv6-2117002669-project] Notify callbacks ['neutron.plugins.ml2.plugin.Ml2Plugin._subnet_delete_after_delete_handler-667586', 'neutron.plugins.ml2.ovo_rpc._ObjectChangeHandler.handle_event-7902879', 'neutron.api.rpc.agentnotifiers.dhcp_rpc_agent_api.DhcpAgentNotifyAPI._native_event_send_dhcp_notification-7872465', 'neutron.services.segments.plugin.NovaSegmentNotifier._notify_subnet_deleted-5211383', 'neutron.services.segments.plugin.SegmentHostRoutes.host_routes_after_delete-5181006'] for subnet, after_delete {{(pid=101762) _notify_loop /usr/local/lib/python3.8/dist-packages/neutron_lib/callbacks/manager.py:192}}
Sep 02 16:01:24.074490 dv-neutron-797120-9-hyperv neutron-server[101762]: INFO neutron.wsgi [req-129b43a5-0c1f-4109-ab4d-890d2e9867e1 req-fa9acbe2-2cb9-4939-816f-ed456251eb59 tempest-ServersTestJSON-728281074 tempest-ServersTestJSON-728281074-project] 10.222.0.55 "POST /v2.0/ports HTTP/1.1" status: 201 len: 933 time: 3.1060028
Sep 02 16:01:24.075222 dv-neutron-797120-9-hyperv neutron-server[101763]: DEBUG neutron_lib.callbacks.manager [None req-04e2e236-5bfc-4fac-95f8-a1271a5236b5 tempest-FloatingIPAdminTestJSON-1990071810 tempest-FloatingIPAdminTestJSON-1990071810-project-admin] Notify callbacks ['neutron.notifiers.nova.Notifier._send_nova_notification-32981'] for floatingip, before_response {{(pid=101763) _notify_loop /usr/local/lib/python3.8/dist-packages/neutron_lib/callbacks/manager.py:192}}
Sep 02 16:01:24.090142 dv-neutron-797120-9-hyperv neutron-server[101764]: DEBUG neutron.db.provisioning_blocks [None req-402bf4df-6e60-4fed-8a33-2cc9a6b86df2 None None] Provisioning for port d2d84bd1-3cf3-442e-a8ab-8ef5afc9afcb completed by entity DHCP. {{(pid=101764) provisioning_complete /opt/stack/neutron/neutron/db/provisioning_blocks.py:133}}
Sep 02 16:01:24.099046 dv-neutron-797120-9-hyperv neutron-server[101764]: DEBUG neutron.db.provisioning_blocks [None req-402bf4df-6e60-4fed-8a33-2cc9a6b86df2 None None] Provisioning complete for port d2d84bd1-3cf3-442e-a8ab-8ef5afc9afcb triggered by entity DHCP. {{(pid=101764) provisioning_complete /opt/stack/neutron/neutron/db/provisioning_blocks.py:139}}
Sep 02 16:01:24.099743 dv-neutron-797120-9-hyperv neutron-server[101764]: DEBUG neutron_lib.callbacks.manager [None req-402bf4df-6e60-4fed-8a33-2cc9a6b86df2 None None] Notify callbacks ['neutron.plugins.ml2.plugin.Ml2Plugin._port_provisioned-663517'] for port, provisioning_complete {{(pid=101764) _notify_loop /usr/local/lib/python3.8/dist-packages/neutron_lib/callbacks/manager.py:192}}
Sep 02 16:01:24.149008 dv-neutron-797120-9-hyperv neutron-server[101762]: DEBUG neutron.api.rpc.handlers.resources_rpc [None req-9f97c4de-25ad-43ec-bc6b-f315e3705cc3 tempest-NetworksTestDHCPv6-2117002669 tempest-NetworksTestDHCPv6-2117002669-project] Pushing event deleted for resources: {'Subnet': ['ID=e5ffe6d6-a5ad-48c1-b77c-2198b33abd1c,revision_number=None']} {{(pid=101762) push /opt/stack/neutron/neutron/api/rpc/handlers/resources_rpc.py:237}}
Sep 02 16:01:24.176224 dv-neutron-797120-9-hyperv neutron-server[101764]: DEBUG neutron.api.rpc.handlers.dhcp_rpc [None req-e7cf3cd7-4e2e-4e05-8f4c-a436287234d5 None None] Network 74224f07-9aa3-4875-9ca8-d9196d56387c requested from dv-neutron-797120-9-hyperv {{(pid=101764) get_network_info /opt/stack/neutron/neutron/api/rpc/handlers/dhcp_rpc.py:218}}
Sep 02 16:01:24.197874 dv-neutron-797120-9-hyperv neutron-server[101762]: DEBUG neutron_lib.callbacks.manager [None req-9f97c4de-25ad-43ec-bc6b-f315e3705cc3 tempest-NetworksTestDHCPv6-2117002669 tempest-NetworksTestDHCPv6-2117002669-project] Notify callbacks [] for subnet, before_response {{(pid=101762) _notify_loop /usr/local/lib/python3.8/dist-packages/neutron_lib/callbacks/manager.py:192}}
Sep 02 16:01:24.199637 dv-neutron-797120-9-hyperv neutron-server[101762]: INFO neutron.wsgi [None req-9f97c4de-25ad-43ec-bc6b-f315e3705cc3 tempest-NetworksTestDHCPv6-2117002669 tempest-NetworksTestDHCPv6-2117002669-project] 10.222.0.54 "DELETE /v2.0/subnets/e5ffe6d6-a5ad-48c1-b77c-2198b33abd1c HTTP/1.1" status: 204 len: 168 time: 1.6158497
Sep 02 16:01:24.204055 dv-neutron-797120-9-hyperv neutron-server[101762]: DEBUG neutron.wsgi [-] (101762) accepted ('10.222.0.54', 58602) {{(pid=101762) server /usr/local/lib/python3.8/dist-packages/eventlet/wsgi.py:982}}
Sep 02 16:01:24.263522 dv-neutron-797120-9-hyperv neutron-server[101763]: INFO neutron.wsgi [None req-04e2e236-5bfc-4fac-95f8-a1271a5236b5 tempest-FloatingIPAdminTestJSON-1990071810 tempest-FloatingIPAdminTestJSON-1990071810-project-admin] 10.222.0.54 "POST /v2.0/floatingips HTTP/1.1" status: 201 len: 988 time: 7.5261698
Sep 02 16:01:24.270843 dv-neutron-797120-9-hyperv neutron-server[101763]: DEBUG neutron.wsgi [-] (101763) accepted ('10.222.0.54', 58606) {{(pid=101763) server /usr/local/lib/python3.8/dist-packages/eventlet/wsgi.py:982}}
Sep 02 16:01:24.310653 dv-neutron-797120-9-hyperv neutron-server[101764]: DEBUG neutron.plugins.ml2.plugin [None req-402bf4df-6e60-4fed-8a33-2cc9a6b86df2 None None] Port d2d84bd1-3cf3-442e-a8ab-8ef5afc9afcb cannot update to ACTIVE because it is not bound. {{(pid=101764) _port_provisioned /opt/stack/neutron/neutron/plugins/ml2/plugin.py:337}}
Sep 02 16:01:24.329376 dv-neutron-797120-9-hyperv neutron-server[101762]: INFO neutron.wsgi [None req-5dda0f0c-6d77-4d54-9fa2-5539337e6e61 tempest-NetworksTestDHCPv6-2117002669 tempest-NetworksTestDHCPv6-2117002669-project] 10.222.0.54 "GET /v2.0/routers HTTP/1.1" status: 200 len: 208 time: 0.1225893
Sep 02 16:01:24.341284 dv-neutron-797120-9-hyperv neutron-server[101762]: DEBUG neutron.wsgi [-] (101762) accepted ('10.222.0.54', 58612) {{(pid=101762) server /usr/local/lib/python3.8/dist-packages/eventlet/wsgi.py:982}}
Sep 02 16:01:24.401473 dv-neutron-797120-9-hyperv neutron-server[101762]: DEBUG neutron.api.v2.base [None req-d7a0fd7c-77cc-4df0-af33-adf581bf1272 tempest-NetworksTestDHCPv6-2117002669 tempest-NetworksTestDHCPv6-2117002669-project] Request body: {'subnet': {'network_id': '74224f07-9aa3-4875-9ca8-d9196d56387c', 'cidr': '2001:db8::/64', 'ip_version': 6, 'gateway_ip': '2001:db8::1', 'ipv6_ra_mode': 'dhcpv6-stateful'}} {{(pid=101762) prepare_request_body /opt/stack/neutron/neutron/api/v2/base.py:730}}
