Sep 02 16:01:18.338355 dv-neutron-797120-9-hyperv neutron-server[101762]: DEBUG neutron.db.db_base_plugin_common [None req-3a783b9c-0899-4207-b5f0-899f4bb61643 tempest-NetworksTestDHCPv6-2117002669 tempest-NetworksTestDHCPv6-2117002669-project] Allocated IP 2001:db8::2f9 (74224f07-9aa3-4875-9ca8-d9196d56387c/e5ffe6d6-a5ad-48c1-b77c-2198b33abd1c/b904275b-a1b3-42e0-9b88-5b42e27a6bd8) {{(pid=101762) _store_ip_allocation /opt/stack/neutron/neutron/db/db_base_plugin_common.py:131}}
Sep 02 16:01:18.359940 dv-neutron-797120-9-hyperv neutron-server[101762]: DEBUG neutron_lib.callbacks.manager [None req-8a35cfb2-7353-4239-b563-bd4588b24265 admin admin] Notify callbacks [] for security_group, precommit_create {{(pid=101762) _notify_loop /usr/local/lib/python3.8/dist-packages/neutron_lib/callbacks/manager.py:192}}
Sep 02 16:01:18.413598 dv-neutron-797120-9-hyperv neutron-server[101763]: DEBUG neutron.scheduler.dhcp_agent_scheduler [None req-04e2e236-5bfc-4fac-95f8-a1271a5236b5 tempest-FloatingIPAdminTestJSON-1990071810 tempest-FloatingIPAdminTestJSON-1990071810-project-admin] Network 1fc1d8b9-d605-4fa8-b5ae-8e0166010ea0 is already hosted by enough agents. {{(pid=101763) _get_dhcp_agents_hosting_network /opt/stack/neutron/neutron/scheduler/dhcp_agent_scheduler.py:275}}
Sep 02 16:01:18.423401 dv-neutron-797120-9-hyperv neutron-server[101763]: DEBUG neutron.scheduler.base_scheduler [None req-04e2e236-5bfc-4fac-95f8-a1271a5236b5 tempest-FloatingIPAdminTestJSON-1990071810 tempest-FloatingIPAdminTestJSON-1990071810-project-admin] Resources bound (agent type, host, resource id): {{(pid=101763) schedule /opt/stack/neutron/neutron/scheduler/base_scheduler.py:57}}
Sep 02 16:01:18.429327 dv-neutron-797120-9-hyperv neutron-server[101763]: DEBUG neutron.db.l3_dvrscheduler_db [None req-04e2e236-5bfc-4fac-95f8-a1271a5236b5 tempest-FloatingIPAdminTestJSON-1990071810 tempest-FloatingIPAdminTestJSON-1990071810-project-admin] Received port after_create {{(pid=101763) _notify_l3_agent_new_port /opt/stack/neutron/neutron/db/l3_dvrscheduler_db.py:535}}
Sep 02 16:01:18.479473 dv-neutron-797120-9-hyperv neutron-server[101762]: DEBUG neutron_lib.callbacks.manager [None req-8a35cfb2-7353-4239-b563-bd4588b24265 admin admin] Notify callbacks ['neutron.plugins.ml2.ovo_rpc._ObjectChangeHandler.handle_event-7901382'] for security_group, after_create {{(pid=101762) _notify_loop /usr/local/lib/python3.8/dist-packages/neutron_lib/callbacks/manager.py:192}}
Sep 02 16:01:18.504164 dv-neutron-797120-9-hyperv neutron-server[101763]: DEBUG neutron.api.rpc.handlers.resources_rpc [None req-04e2e236-5bfc-4fac-95f8-a1271a5236b5 tempest-FloatingIPAdminTestJSON-1990071810 tempest-FloatingIPAdminTestJSON-1990071810-project-admin] Pushing event updated for resources: {'Port': ['ID=5e740b63-ef35-4ff9-95ab-5c6079b1aa82,revision_number=1']} {{(pid=101763) push /opt/stack/neutron/neutron/api/rpc/handlers/resources_rpc.py:237}}
Sep 02 16:01:18.537394 dv-neutron-797120-9-hyperv neutron-server[101763]: INFO neutron.wsgi [req-3d5e037e-c8f0-4637-b15c-7912b54f6510 req-0cba3c42-689f-4b8a-981d-19ed1f0bdfeb tempest-ServerActionsTestJSON-485607710 tempest-ServerActionsTestJSON-485607710-project] 10.222.0.54 "GET /v2.0/ports?device_id=ca25fc14-125d-43de-9214-52ebcaca5ee1 HTTP/1.1" status: 200 len: 210 time: 0.0800476
Sep 02 16:01:18.611379 dv-neutron-797120-9-hyperv neutron-server[101762]: INFO neutron.wsgi [None req-8a35cfb2-7353-4239-b563-bd4588b24265 admin admin] 10.222.0.54 "GET /v2.0/security-groups?tenant_id=64d492c56e8a49a8a713d9a9aa741ef5&name=default HTTP/1.1" status: 200 len: 2979 time: 1.3796339
Sep 02 16:01:18.618678 dv-neutron-797120-9-hyperv neutron-server[101763]: DEBUG neutron.wsgi [-] (101763) accepted ('10.222.0.54', 58490) {{(pid=101763) server /usr/local/lib/python3.8/dist-packages/eventlet/wsgi.py:982}}
Sep 02 16:01:18.618678 dv-neutron-797120-9-hyperv neutron-server[101763]: DEBUG neutron.wsgi [-] (101763) accepted ('10.222.0.54', 58492) {{(pid=101763) server /usr/local/lib/python3.8/dist-packages/eventlet/wsgi.py:982}}
Sep 02 16:01:18.619105 dv-neutron-797120-9-hyperv neutron-server[101762]: DEBUG neutron.api.rpc.handlers.resources_rpc [None req-8a35cfb2-7353-4239-b563-bd4588b24265 admin admin] Pushing event updated for resources: {'SecurityGroup': ['ID=4e70cc7f-1e2b-46ac-8a90-c6d7a57e00df,revision_number=1']} {{(pid=101762) push /opt/stack/neutron/neutron/api/rpc/handlers/resources_rpc.py:237}}
Sep 02 16:01:18.673960 dv-neutron-797120-9-hyperv neutron-server[101762]: DEBUG neutron_lib.callbacks.manager [None req-3a783b9c-0899-4207-b5f0-899f4bb61643 tempest-NetworksTestDHCPv6-2117002669 tempest-NetworksTestDHCPv6-2117002669-project] Notify callbacks [] for port, precommit_create {{(pid=101762) _notify_loop /usr/local/lib/python3.8/dist-packages/neutron_lib/callbacks/manager.py:192}}
Sep 02 16:01:18.690141 dv-neutron-797120-9-hyperv neutron-server[101762]: DEBUG neutron.db.provisioning_blocks [None req-3a783b9c-0899-4207-b5f0-899f4bb61643 tempest-NetworksTestDHCPv6-2117002669 tempest-NetworksTestDHCPv6-2117002669-project] Transition to ACTIVE for port object b904275b-a1b3-42e0-9b88-5b42e27a6bd8 will not be triggered until provisioned by entity DHCP. {{(pid=101762) add_provisioning_component /opt/stack/neutron/neutron/db/provisioning_blocks.py:73}}
Sep 02 16:01:18.719594 dv-neutron-797120-9-hyperv neutron-server[101762]: DEBUG neutron_lib.callbacks.manager [None req-375295bb-68e0-4ca3-a3e5-2f6b1f59178a tempest-ExternalNetworksAdminNegativeTestJSON-1059474080 tempest-ExternalNetworksAdminNegativeTestJSON-1059474080-project-admin] Notify callbacks [] for floatingip, before_create {{(pid=101762) _notify_loop /usr/local/lib/python3.8/dist-packages/neutron_lib/callbacks/manager.py:192}}
Sep 02 16:01:18.748473 dv-neutron-797120-9-hyperv neutron-server[101762]: DEBUG neutron.wsgi [-] (101762) accepted ('10.222.0.55', 62118) {{(pid=101762) server /usr/local/lib/python3.8/dist-packages/eventlet/wsgi.py:982}}
Sep 02 16:01:18.858521 dv-neutron-797120-9-hyperv neutron-server[101763]: INFO neutron.wsgi [None req-7eb13b37-7f1e-4b04-ade6-0e86f0cde624 admin admin] 10.222.0.54 "GET /v2.0/security-groups?tenant_id=463299acc52343ebbb8d5858e951423b&name=default HTTP/1.1" status: 200 len: 2975 time: 0.2375462
Sep 02 16:01:18.862006 dv-neutron-797120-9-hyperv neutron-server[101762]: DEBUG neutron.wsgi [-] (101762) accepted ('10.222.0.54', 58498) {{(pid=101762) server /usr/local/lib/python3.8/dist-packages/eventlet/wsgi.py:982}}
Sep 02 16:01:18.876471 dv-neutron-797120-9-hyperv neutron-server[101763]: DEBUG neutron_lib.callbacks.manager [None req-104e4bd8-6792-4e2b-88e7-279ab84db8d2 admin admin] Notify callbacks [] for security_group, before_delete {{(pid=101763) _notify_loop /usr/local/lib/python3.8/dist-packages/neutron_lib/callbacks/manager.py:192}}
Sep 02 16:01:18.904568 dv-neutron-797120-9-hyperv neutron-server[101763]: DEBUG neutron_lib.callbacks.manager [None req-104e4bd8-6792-4e2b-88e7-279ab84db8d2 admin admin] Notify callbacks [] for security_group, precommit_delete {{(pid=101763) _notify_loop /usr/local/lib/python3.8/dist-packages/neutron_lib/callbacks/manager.py:192}}
Sep 02 16:01:18.917397 dv-neutron-797120-9-hyperv neutron-server[101762]: DEBUG neutron_lib.callbacks.manager [None req-3a783b9c-0899-4207-b5f0-899f4bb61643 tempest-NetworksTestDHCPv6-2117002669 tempest-NetworksTestDHCPv6-2117002669-project] Notify callbacks ['neutron.plugins.ml2.plugin.SecurityGroupServerNotifierRpcMixin._notify_sg_on_port_change-899697', 'neutron.plugins.ml2.ovo_rpc._ObjectChangeHandler.handle_event-412570', 'neutron.api.rpc.agentnotifiers.dhcp_rpc_agent_api.DhcpAgentNotifyAPI._native_event_send_dhcp_notification-7872465', 'neutron.db.l3_dvrscheduler_db._notify_l3_agent_new_port-8757459109506', 'neutron.services.segments.plugin.NovaSegmentNotifier._notify_port_created_or_deleted-5211332'] for port, after_create {{(pid=101762) _notify_loop /usr/local/lib/python3.8/dist-packages/neutron_lib/callbacks/manager.py:192}}
Sep 02 16:01:18.953891 dv-neutron-797120-9-hyperv neutron-server[101763]: DEBUG neutron_lib.callbacks.manager [None req-472f3fa6-18e0-4ffa-8c7e-d6da9d14bfa7 tempest-RoutersIpV6AdminTest-553187240 tempest-RoutersIpV6AdminTest-553187240-project] Notify callbacks ['neutron.services.l3_router.l3_router_plugin.L3_HA_NAT_db_mixin._before_router_create_handler-7976639', 'neutron.services.l3_router.service_providers.driver_controller.DriverController._check_router_request-106587'] for router, before_create {{(pid=101763) _notify_loop /usr/local/lib/python3.8/dist-packages/neutron_lib/callbacks/manager.py:192}}
Sep 02 16:01:18.954887 dv-neutron-797120-9-hyperv neutron-server[101763]: DEBUG neutron_lib.callbacks.manager [None req-472f3fa6-18e0-4ffa-8c7e-d6da9d14bfa7 tempest-RoutersIpV6AdminTest-553187240 tempest-RoutersIpV6AdminTest-553187240-project] Notify callbacks ['neutron.services.l3_router.l3_router_plugin.L3_HA_NAT_db_mixin._precommit_router_create-7949871', 'neutron.services.l3_router.l3_router_plugin.DVRResourceOperationHandler._set_distributed_flag-7978431', 'neutron.services.l3_router.l3_router_plugin.RouterAvailabilityZoneMixin._process_az_request-8314387', 'neutron.services.l3_router.service_providers.driver_controller.DriverController._set_router_provider-106580'] for router, precommit_create {{(pid=101763) _notify_loop /usr/local/lib/python3.8/dist-packages/neutron_lib/callbacks/manager.py:192}}
Sep 02 16:01:18.991991 dv-neutron-797120-9-hyperv neutron-server[101762]: DEBUG neutron.pecan_wsgi.hooks.policy_enforcement [req-35a9be6a-45d3-4e16-88db-e71072614c94 req-3fba4655-6590-434d-bbae-c9268d33f8f2 tempest-ServerActionsTestJSON-485607710 tempest-ServerActionsTestJSON-485607710-project] Attributes excluded by policy engine: ['standard_attr_id', 'vlan_transparent', 'provider:network_type', 'provider:physical_network', 'provider:segmentation_id'] {{(pid=101762) _exclude_attributes_by_policy /opt/stack/neutron/neutron/pecan_wsgi/hooks/policy_enforcement.py:255}}
Sep 02 16:01:18.993463 dv-neutron-797120-9-hyperv neutron-server[101762]: INFO neutron.wsgi [req-35a9be6a-45d3-4e16-88db-e71072614c94 req-3fba4655-6590-434d-bbae-c9268d33f8f2 tempest-ServerActionsTestJSON-485607710 tempest-ServerActionsTestJSON-485607710-project] 10.222.0.55 "GET /v2.0/networks?id=9be4b566-e1ba-451f-9a79-866fbebbd4b2 HTTP/1.1" status: 200 len: 812 time: 0.2374780
Sep 02 16:01:19.012572 dv-neutron-797120-9-hyperv neutron-server[101762]: DEBUG neutron.scheduler.dhcp_agent_scheduler [None req-3a783b9c-0899-4207-b5f0-899f4bb61643 tempest-NetworksTestDHCPv6-2117002669 tempest-NetworksTestDHCPv6-2117002669-project] Network 74224f07-9aa3-4875-9ca8-d9196d56387c is already hosted by enough agents. {{(pid=101762) _get_dhcp_agents_hosting_network /opt/stack/neutron/neutron/scheduler/dhcp_agent_scheduler.py:275}}
Sep 02 16:01:19.036262 dv-neutron-797120-9-hyperv neutron-server[101762]: DEBUG neutron.scheduler.base_scheduler [None req-3a783b9c-0899-4207-b5f0-899f4bb61643 tempest-NetworksTestDHCPv6-2117002669 tempest-NetworksTestDHCPv6-2117002669-project] Resources bound (agent type, host, resource id): {{(pid=101762) schedule /opt/stack/neutron/neutron/scheduler/base_scheduler.py:57}}
Sep 02 16:01:19.038875 dv-neutron-797120-9-hyperv neutron-server[101762]: DEBUG neutron_lib.callbacks.manager [None req-48b3b10f-db07-4fc8-bd9e-eff57695920e admin admin] Notify callbacks [] for security_group, before_delete {{(pid=101762) _notify_loop /usr/local/lib/python3.8/dist-packages/neutron_lib/callbacks/manager.py:192}}
Sep 02 16:01:19.042480 dv-neutron-797120-9-hyperv neutron-server[101762]: DEBUG neutron.db.l3_dvrscheduler_db [None req-3a783b9c-0899-4207-b5f0-899f4bb61643 tempest-NetworksTestDHCPv6-2117002669 tempest-NetworksTestDHCPv6-2117002669-project] Received port after_create {{(pid=101762) _notify_l3_agent_new_port /opt/stack/neutron/neutron/db/l3_dvrscheduler_db.py:535}}
Sep 02 16:01:19.048649 dv-neutron-797120-9-hyperv neutron-server[101762]: DEBUG neutron.pecan_wsgi.hooks.policy_enforcement [None req-3a783b9c-0899-4207-b5f0-899f4bb61643 tempest-NetworksTestDHCPv6-2117002669 tempest-NetworksTestDHCPv6-2117002669-project] Attributes excluded by policy engine: ['standard_attr_id', 'binding:profile', 'binding:host_id', 'binding:vif_type', 'binding:vif_details', 'network'] {{(pid=101762) _exclude_attributes_by_policy /opt/stack/neutron/neutron/pecan_wsgi/hooks/policy_enforcement.py:255}}
Sep 02 16:01:19.049637 dv-neutron-797120-9-hyperv neutron-server[101762]: DEBUG neutron_lib.callbacks.manager [None req-3a783b9c-0899-4207-b5f0-899f4bb61643 tempest-NetworksTestDHCPv6-2117002669 tempest-NetworksTestDHCPv6-2117002669-project] Notify callbacks ['neutron.notifiers.nova.Notifier._send_nova_notification-32981'] for port, before_response {{(pid=101762) _notify_loop /usr/local/lib/python3.8/dist-packages/neutron_lib/callbacks/manager.py:192}}
Sep 02 16:01:19.056106 dv-neutron-797120-9-hyperv neutron-server[101762]: DEBUG neutron.api.rpc.handlers.resources_rpc [None req-3a783b9c-0899-4207-b5f0-899f4bb61643 tempest-NetworksTestDHCPv6-2117002669 tempest-NetworksTestDHCPv6-2117002669-project] Pushing event updated for resources: {'Port': ['ID=b904275b-a1b3-42e0-9b88-5b42e27a6bd8,revision_number=1']} {{(pid=101762) push /opt/stack/neutron/neutron/api/rpc/handlers/resources_rpc.py:237}}
Sep 02 16:01:19.103256 dv-neutron-797120-9-hyperv neutron-server[101762]: DEBUG neutron_lib.callbacks.manager [None req-48b3b10f-db07-4fc8-bd9e-eff57695920e admin admin] Notify callbacks [] for security_group, precommit_delete {{(pid=101762) _notify_loop /usr/local/lib/python3.8/dist-packages/neutron_lib/callbacks/manager.py:192}}
Sep 02 16:01:19.125569 dv-neutron-797120-9-hyperv neutron-server[101762]: DEBUG neutron_lib.callbacks.manager [None req-375295bb-68e0-4ca3-a3e5-2f6b1f59178a tempest-ExternalNetworksAdminNegativeTestJSON-1059474080 tempest-ExternalNetworksAdminNegativeTestJSON-1059474080-project-admin] Notify callbacks ['neutron.plugins.ml2.plugin.SecurityGroupDbMixin._ensure_default_security_group_handler-899502'] for port, before_create {{(pid=101762) _notify_loop /usr/local/lib/python3.8/dist-packages/neutron_lib/callbacks/manager.py:192}}
Sep 02 16:01:19.148137 dv-neutron-797120-9-hyperv neutron-server[101763]: DEBUG neutron_lib.callbacks.manager [None req-472f3fa6-18e0-4ffa-8c7e-d6da9d14bfa7 tempest-RoutersIpV6AdminTest-553187240 tempest-RoutersIpV6AdminTest-553187240-project] Notify callbacks [] for router_controller, precommit_add_association {{(pid=101763) _notify_loop /usr/local/lib/python3.8/dist-packages/neutron_lib/callbacks/manager.py:192}}
Sep 02 16:01:19.170188 dv-neutron-797120-9-hyperv neutron-server[101762]: INFO neutron.wsgi [req-35a9be6a-45d3-4e16-88db-e71072614c94 req-726298a4-c1f9-49cf-a835-54bf4fea4a60 tempest-ServerActionsTestJSON-485607710 tempest-ServerActionsTestJSON-485607710-project] 10.222.0.55 "GET /v2.0/security-groups?fields=id&fields=name&tenant_id=ec45a5fd0d9c4d0491fd3edd7490c46f HTTP/1.1" status: 200 len: 379 time: 0.1157165
Sep 02 16:01:19.177843 dv-neutron-797120-9-hyperv neutron-server[101763]: DEBUG neutron_lib.callbacks.manager [None req-104e4bd8-6792-4e2b-88e7-279ab84db8d2 admin admin] Notify callbacks ['neutron.plugins.ml2.ovo_rpc._ObjectChangeHandler.handle_event-7901382'] for security_group, after_delete {{(pid=101763) _notify_loop /usr/local/lib/python3.8/dist-packages/neutron_lib/callbacks/manager.py:192}}
Sep 02 16:01:19.180394 dv-neutron-797120-9-hyperv neutron-server[101763]: DEBUG neutron_lib.callbacks.manager [None req-104e4bd8-6792-4e2b-88e7-279ab84db8d2 admin admin] Notify callbacks [] for security_group, before_response {{(pid=101763) _notify_loop /usr/local/lib/python3.8/dist-packages/neutron_lib/callbacks/manager.py:192}}
Sep 02 16:01:19.183827 dv-neutron-797120-9-hyperv neutron-server[101763]: INFO neutron.wsgi [None req-104e4bd8-6792-4e2b-88e7-279ab84db8d2 admin admin] 10.222.0.54 "DELETE /v2.0/security-groups/4e70cc7f-1e2b-46ac-8a90-c6d7a57e00df HTTP/1.1" status: 204 len: 168 time: 0.5620842
Sep 02 16:01:19.203872 dv-neutron-797120-9-hyperv neutron-server[101763]: DEBUG neutron.api.rpc.handlers.resources_rpc [None req-104e4bd8-6792-4e2b-88e7-279ab84db8d2 admin admin] Pushing event deleted for resources: {'SecurityGroup': ['ID=4e70cc7f-1e2b-46ac-8a90-c6d7a57e00df,revision_number=None']} {{(pid=101763) push /opt/stack/neutron/neutron/api/rpc/handlers/resources_rpc.py:237}}
Sep 02 16:01:19.208185 dv-neutron-797120-9-hyperv neutron-server[101763]: DEBUG neutron_lib.callbacks.manager [None req-04e2e236-5bfc-4fac-95f8-a1271a5236b5 tempest-FloatingIPAdminTestJSON-1990071810 tempest-FloatingIPAdminTestJSON-1990071810-project-admin] Notify callbacks [] for floatingip, precommit_create {{(pid=101763) _notify_loop /usr/local/lib/python3.8/dist-packages/neutron_lib/callbacks/manager.py:192}}
Sep 02 16:01:19.234451 dv-neutron-797120-9-hyperv neutron-server[101762]: DEBUG neutron.api.v2.base [req-35a9be6a-45d3-4e16-88db-e71072614c94 req-ec9f396b-18e7-4096-895b-3c0d42681c9c tempest-ServerActionsTestJSON-485607710 tempest-ServerActionsTestJSON-485607710-project] Request body: {'port': {'device_id': 'ca25fc14-125d-43de-9214-52ebcaca5ee1', 'network_id': '9be4b566-e1ba-451f-9a79-866fbebbd4b2', 'admin_state_up': True, 'tenant_id': 'ec45a5fd0d9c4d0491fd3edd7490c46f', 'security_groups': ['87d2a2e1-c22e-4b45-9933-f3acd2eb2d3e']}} {{(pid=101762) prepare_request_body /opt/stack/neutron/neutron/api/v2/base.py:730}}
Sep 02 16:01:19.252746 dv-neutron-797120-9-hyperv neutron-server[101762]: INFO neutron.wsgi [None req-3a783b9c-0899-4207-b5f0-899f4bb61643 tempest-NetworksTestDHCPv6-2117002669 tempest-NetworksTestDHCPv6-2117002669-project] 10.222.0.54 "POST /v2.0/ports HTTP/1.1" status: 201 len: 932 time: 1.9578285
Sep 02 16:01:19.262373 dv-neutron-797120-9-hyperv neutron-server[101763]: DEBUG neutron.wsgi [-] (101763) accepted ('10.222.0.54', 58504) {{(pid=101763) server /usr/local/lib/python3.8/dist-packages/eventlet/wsgi.py:982}}
Sep 02 16:01:19.418830 dv-neutron-797120-9-hyperv neutron-server[101762]: DEBUG neutron_lib.callbacks.manager [None req-48b3b10f-db07-4fc8-bd9e-eff57695920e admin admin] Notify callbacks ['neutron.plugins.ml2.ovo_rpc._ObjectChangeHandler.handle_event-7901382'] for security_group, after_delete {{(pid=101762) _notify_loop /usr/local/lib/python3.8/dist-packages/neutron_lib/callbacks/manager.py:192}}
Sep 02 16:01:19.424765 dv-neutron-797120-9-hyperv neutron-server[101762]: DEBUG neutron_lib.callbacks.manager [None req-48b3b10f-db07-4fc8-bd9e-eff57695920e admin admin] Notify callbacks [] for security_group, before_response {{(pid=101762) _notify_loop /usr/local/lib/python3.8/dist-packages/neutron_lib/callbacks/manager.py:192}}
Sep 02 16:01:19.428505 dv-neutron-797120-9-hyperv neutron-server[101762]: INFO neutron.wsgi [None req-48b3b10f-db07-4fc8-bd9e-eff57695920e admin admin] 10.222.0.54 "DELETE /v2.0/security-groups/4e181821-22d3-458e-bf8f-8efa285cc4dd HTTP/1.1" status: 204 len: 168 time: 0.5638251
Sep 02 16:01:19.529727 dv-neutron-797120-9-hyperv neutron-server[101762]: DEBUG neutron.db.db_base_plugin_common [None req-375295bb-68e0-4ca3-a3e5-2f6b1f59178a tempest-ExternalNetworksAdminNegativeTestJSON-1059474080 tempest-ExternalNetworksAdminNegativeTestJSON-1059474080-project-admin] Allocated IP 172.26.6.131 (1fc1d8b9-d605-4fa8-b5ae-8e0166010ea0/7946317b-178a-4e04-a8be-aa35af5982cc/ebc3eff9-cd57-4cc7-b778-84a9393c3090) {{(pid=101762) _store_ip_allocation /opt/stack/neutron/neutron/db/db_base_plugin_common.py:131}}
Sep 02 16:01:19.537534 dv-neutron-797120-9-hyperv neutron-server[101762]: INFO neutron.wsgi [req-f813b635-41b5-4240-b905-857663bcdd30 req-63714e17-e478-4ff5-8f9e-e5d88812cab4 tempest-ServersTestJSON-728281074 tempest-ServersTestJSON-728281074-project] 10.222.0.54 "GET /v2.0/ports?device_id=e5455770-6ef7-452b-9af0-2f2db5c1ddcd HTTP/1.1" status: 200 len: 210 time: 0.0984282
Sep 02 16:01:19.538330 dv-neutron-797120-9-hyperv neutron-server[101762]: DEBUG neutron.api.rpc.handlers.resources_rpc [None req-48b3b10f-db07-4fc8-bd9e-eff57695920e admin admin] Pushing event deleted for resources: {'SecurityGroup': ['ID=4e181821-22d3-458e-bf8f-8efa285cc4dd,revision_number=None']} {{(pid=101762) push /opt/stack/neutron/neutron/api/rpc/handlers/resources_rpc.py:237}}
Sep 02 16:01:19.582989 dv-neutron-797120-9-hyperv neutron-server[101763]: DEBUG neutron.pecan_wsgi.hooks.policy_enforcement [None req-d952d9ea-64a7-4401-8bcf-bce0aa2a74a7 tempest-NetworksTestDHCPv6-2117002669 tempest-NetworksTestDHCPv6-2117002669-project] Attributes excluded by policy engine: ['standard_attr_id', 'binding:profile', 'binding:host_id', 'binding:vif_type', 'binding:vif_details'] {{(pid=101763) _exclude_attributes_by_policy /opt/stack/neutron/neutron/pecan_wsgi/hooks/policy_enforcement.py:255}}
Sep 02 16:01:19.602301 dv-neutron-797120-9-hyperv neutron-server[101763]: DEBUG neutron.pecan_wsgi.hooks.policy_enforcement [None req-d952d9ea-64a7-4401-8bcf-bce0aa2a74a7 tempest-NetworksTestDHCPv6-2117002669 tempest-NetworksTestDHCPv6-2117002669-project] Attributes excluded by policy engine: ['standard_attr_id', 'binding:profile', 'binding:host_id', 'binding:vif_type', 'binding:vif_details'] {{(pid=101763) _exclude_attributes_by_policy /opt/stack/neutron/neutron/pecan_wsgi/hooks/policy_enforcement.py:255}}
Sep 02 16:01:19.608121 dv-neutron-797120-9-hyperv neutron-server[101763]: INFO neutron.wsgi [None req-d952d9ea-64a7-4401-8bcf-bce0aa2a74a7 tempest-NetworksTestDHCPv6-2117002669 tempest-NetworksTestDHCPv6-2117002669-project] 10.222.0.54 "GET /v2.0/ports HTTP/1.1" status: 200 len: 1669 time: 0.3412433
Sep 02 16:01:19.609561 dv-neutron-797120-9-hyperv neutron-server[101763]: DEBUG neutron.wsgi [-] (101763) accepted ('10.222.0.54', 58520) {{(pid=101763) server /usr/local/lib/python3.8/dist-packages/eventlet/wsgi.py:982}}
Sep 02 16:01:19.706436 dv-neutron-797120-9-hyperv neutron-server[101762]: DEBUG neutron.pecan_wsgi.hooks.quota_enforcement [req-35a9be6a-45d3-4e16-88db-e71072614c94 req-ec9f396b-18e7-4096-895b-3c0d42681c9c tempest-ServerActionsTestJSON-485607710 tempest-ServerActionsTestJSON-485607710-project] Made reservation on behalf of ec45a5fd0d9c4d0491fd3edd7490c46f for: {'port': 1} {{(pid=101762) before /opt/stack/neutron/neutron/pecan_wsgi/hooks/quota_enforcement.py:53}}
Sep 02 16:01:19.706614 dv-neutron-797120-9-hyperv neutron-server[101764]: DEBUG neutron.api.rpc.handlers.dhcp_rpc [None req-a91caf8b-286e-472e-a56f-e951efae2d25 None None] Network 74224f07-9aa3-4875-9ca8-d9196d56387c requested from dv-neutron-797120-9-hyperv {{(pid=101764) get_network_info /opt/stack/neutron/neutron/api/rpc/handlers/dhcp_rpc.py:218}}
Sep 02 16:01:19.711548 dv-neutron-797120-9-hyperv neutron-server[101762]: DEBUG neutron_lib.callbacks.manager [req-35a9be6a-45d3-4e16-88db-e71072614c94 req-ec9f396b-18e7-4096-895b-3c0d42681c9c tempest-ServerActionsTestJSON-485607710 tempest-ServerActionsTestJSON-485607710-project] Notify callbacks ['neutron.plugins.ml2.plugin.SecurityGroupDbMixin._ensure_default_security_group_handler-899502'] for port, before_create {{(pid=101762) _notify_loop /usr/local/lib/python3.8/dist-packages/neutron_lib/callbacks/manager.py:192}}
Sep 02 16:01:19.746014 dv-neutron-797120-9-hyperv neutron-server[101762]: DEBUG neutron_lib.callbacks.manager [None req-375295bb-68e0-4ca3-a3e5-2f6b1f59178a tempest-ExternalNetworksAdminNegativeTestJSON-1059474080 tempest-ExternalNetworksAdminNegativeTestJSON-1059474080-project-admin] Notify callbacks [] for port, precommit_create {{(pid=101762) _notify_loop /usr/local/lib/python3.8/dist-packages/neutron_lib/callbacks/manager.py:192}}
Sep 02 16:01:19.804105 dv-neutron-797120-9-hyperv neutron-server[101763]: INFO neutron.wsgi [req-6875d3be-6209-4264-9e05-01a9d37cabda req-d7f1b37d-ada3-4880-afdf-1d2553f5b567 tempest-ServerActionsTestJSON-485607710 tempest-ServerActionsTestJSON-485607710-project] 10.222.0.54 "GET /v2.0/ports?device_id=ca25fc14-125d-43de-9214-52ebcaca5ee1 HTTP/1.1" status: 200 len: 210 time: 0.1025779
Sep 02 16:01:19.811154 dv-neutron-797120-9-hyperv neutron-server[101763]: DEBUG neutron_lib.callbacks.manager [None req-472f3fa6-18e0-4ffa-8c7e-d6da9d14bfa7 tempest-RoutersIpV6AdminTest-553187240 tempest-RoutersIpV6AdminTest-553187240-project] Notify callbacks [] for router_gateway, precommit_update {{(pid=101763) _notify_loop /usr/local/lib/python3.8/dist-packages/neutron_lib/callbacks/manager.py:192}}
Sep 02 16:01:19.848886 dv-neutron-797120-9-hyperv neutron-server[101763]: DEBUG neutron_lib.callbacks.manager [None req-04e2e236-5bfc-4fac-95f8-a1271a5236b5 tempest-FloatingIPAdminTestJSON-1990071810 tempest-FloatingIPAdminTestJSON-1990071810-project-admin] Notify callbacks ['neutron.plugins.ml2.plugin.SecurityGroupDbMixin._ensure_default_security_group_handler-899502'] for port, before_update {{(pid=101763) _notify_loop /usr/local/lib/python3.8/dist-packages/neutron_lib/callbacks/manager.py:192}}
Sep 02 16:01:19.863304 dv-neutron-797120-9-hyperv neutron-server[101764]: DEBUG neutron.db.provisioning_blocks [None req-5e5f4a6e-039d-42c0-84e0-24213ec069da None None] Provisioning for port 7aae539a-396b-4d99-90b1-26ccd52500ea completed by entity DHCP. {{(pid=101764) provisioning_complete /opt/stack/neutron/neutron/db/provisioning_blocks.py:133}}
Sep 02 16:01:19.895269 dv-neutron-797120-9-hyperv neutron-server[101762]: DEBUG neutron.db.db_base_plugin_common [req-35a9be6a-45d3-4e16-88db-e71072614c94 req-ec9f396b-18e7-4096-895b-3c0d42681c9c tempest-ServerActionsTestJSON-485607710 tempest-ServerActionsTestJSON-485607710-project] Allocated IP 172.20.0.9 (9be4b566-e1ba-451f-9a79-866fbebbd4b2/d39869a4-d773-4a02-9d67-5a71bc8fa8d0/8ff1b472-5a5c-48c8-a33d-a72537346968) {{(pid=101762) _store_ip_allocation /opt/stack/neutron/neutron/db/db_base_plugin_common.py:131}}
Sep 02 16:01:19.976463 dv-neutron-797120-9-hyperv neutron-server[101762]: DEBUG neutron_lib.callbacks.manager [None req-375295bb-68e0-4ca3-a3e5-2f6b1f59178a tempest-ExternalNetworksAdminNegativeTestJSON-1059474080 tempest-ExternalNetworksAdminNegativeTestJSON-1059474080-project-admin] Notify callbacks ['neutron.plugins.ml2.plugin.SecurityGroupServerNotifierRpcMixin._notify_sg_on_port_change-899697', 'neutron.plugins.ml2.ovo_rpc._ObjectChangeHandler.handle_event-412570', 'neutron.api.rpc.agentnotifiers.dhcp_rpc_agent_api.DhcpAgentNotifyAPI._native_event_send_dhcp_notification-7872465', 'neutron.db.l3_dvrscheduler_db._notify_l3_agent_new_port-8757459109506', 'neutron.services.segments.plugin.NovaSegmentNotifier._notify_port_created_or_deleted-5211332'] for port, after_create {{(pid=101762) _notify_loop /usr/local/lib/python3.8/dist-packages/neutron_lib/callbacks/manager.py:192}}
Sep 02 16:01:20.055203 dv-neutron-797120-9-hyperv neutron-server[101762]: DEBUG neutron.scheduler.dhcp_agent_scheduler [None req-375295bb-68e0-4ca3-a3e5-2f6b1f59178a tempest-ExternalNetworksAdminNegativeTestJSON-1059474080 tempest-ExternalNetworksAdminNegativeTestJSON-1059474080-project-admin] Network 1fc1d8b9-d605-4fa8-b5ae-8e0166010ea0 is already hosted by enough agents. {{(pid=101762) _get_dhcp_agents_hosting_network /opt/stack/neutron/neutron/scheduler/dhcp_agent_scheduler.py:275}}
Sep 02 16:01:20.056401 dv-neutron-797120-9-hyperv neutron-server[101762]: DEBUG neutron.wsgi [-] (101762) accepted ('10.222.0.54', 58526) {{(pid=101762) server /usr/local/lib/python3.8/dist-packages/eventlet/wsgi.py:982}}
Sep 02 16:01:20.073642 dv-neutron-797120-9-hyperv neutron-server[101762]: DEBUG neutron.scheduler.base_scheduler [None req-375295bb-68e0-4ca3-a3e5-2f6b1f59178a tempest-ExternalNetworksAdminNegativeTestJSON-1059474080 tempest-ExternalNetworksAdminNegativeTestJSON-1059474080-project-admin] Resources bound (agent type, host, resource id): {{(pid=101762) schedule /opt/stack/neutron/neutron/scheduler/base_scheduler.py:57}}
Sep 02 16:01:20.086591 dv-neutron-797120-9-hyperv neutron-server[101762]: DEBUG neutron.db.l3_dvrscheduler_db [None req-375295bb-68e0-4ca3-a3e5-2f6b1f59178a tempest-ExternalNetworksAdminNegativeTestJSON-1059474080 tempest-ExternalNetworksAdminNegativeTestJSON-1059474080-project-admin] Received port after_create {{(pid=101762) _notify_l3_agent_new_port /opt/stack/neutron/neutron/db/l3_dvrscheduler_db.py:535}}
Sep 02 16:01:20.103421 dv-neutron-797120-9-hyperv neutron-server[101762]: DEBUG neutron.api.rpc.handlers.resources_rpc [None req-375295bb-68e0-4ca3-a3e5-2f6b1f59178a tempest-ExternalNetworksAdminNegativeTestJSON-1059474080 tempest-ExternalNetworksAdminNegativeTestJSON-1059474080-project-admin] Pushing event updated for resources: {'Port': ['ID=ebc3eff9-cd57-4cc7-b778-84a9393c3090,revision_number=1']} {{(pid=101762) push /opt/stack/neutron/neutron/api/rpc/handlers/resources_rpc.py:237}}
Sep 02 16:01:20.134118 dv-neutron-797120-9-hyperv neutron-server[101762]: DEBUG neutron_lib.callbacks.manager [None req-b1c71a99-457a-4870-a1fc-e091b4271d67 admin admin] Notify callbacks [] for security_group, before_create {{(pid=101762) _notify_loop /usr/local/lib/python3.8/dist-packages/neutron_lib/callbacks/manager.py:192}}
Sep 02 16:01:20.249535 dv-neutron-797120-9-hyperv neutron-server[101762]: DEBUG neutron_lib.callbacks.manager [req-35a9be6a-45d3-4e16-88db-e71072614c94 req-ec9f396b-18e7-4096-895b-3c0d42681c9c tempest-ServerActionsTestJSON-485607710 tempest-ServerActionsTestJSON-485607710-project] Notify callbacks [] for port, precommit_create {{(pid=101762) _notify_loop /usr/local/lib/python3.8/dist-packages/neutron_lib/callbacks/manager.py:192}}
Sep 02 16:01:20.289490 dv-neutron-797120-9-hyperv neutron-server[101762]: DEBUG neutron.db.provisioning_blocks [req-35a9be6a-45d3-4e16-88db-e71072614c94 req-ec9f396b-18e7-4096-895b-3c0d42681c9c tempest-ServerActionsTestJSON-485607710 tempest-ServerActionsTestJSON-485607710-project] Transition to ACTIVE for port object 8ff1b472-5a5c-48c8-a33d-a72537346968 will not be triggered until provisioned by entity DHCP. {{(pid=101762) add_provisioning_component /opt/stack/neutron/neutron/db/provisioning_blocks.py:73}}
Sep 02 16:01:20.294539 dv-neutron-797120-9-hyperv neutron-server[101763]: DEBUG neutron.plugins.ml2.plugin [None req-3a78b2a5-44e1-45f7-937a-770635e4be93 tempest-NetworksTestDHCPv6-2117002669 tempest-NetworksTestDHCPv6-2117002669-project] Deleting port b904275b-a1b3-42e0-9b88-5b42e27a6bd8 {{(pid=101763) _pre_delete_port /opt/stack/neutron/neutron/plugins/ml2/plugin.py:1921}}
Sep 02 16:01:20.294903 dv-neutron-797120-9-hyperv neutron-server[101763]: DEBUG neutron_lib.callbacks.manager [None req-3a78b2a5-44e1-45f7-937a-770635e4be93 tempest-NetworksTestDHCPv6-2117002669 tempest-NetworksTestDHCPv6-2117002669-project] Notify callbacks ['neutron.db.l3_db.L3_NAT_dbonly_mixin._prevent_l3_port_delete_callback-8757459572727'] for port, before_delete {{(pid=101763) _notify_loop /usr/local/lib/python3.8/dist-packages/neutron_lib/callbacks/manager.py:192}}
Sep 02 16:01:20.398154 dv-neutron-797120-9-hyperv neutron-server[101762]: DEBUG neutron.wsgi [-] (101762) accepted ('10.222.0.55', 62125) {{(pid=101762) server /usr/local/lib/python3.8/dist-packages/eventlet/wsgi.py:982}}
Sep 02 16:01:20.455234 dv-neutron-797120-9-hyperv neutron-server[101764]: DEBUG neutron.db.provisioning_blocks [None req-c6b933e1-db1e-4c20-b419-a750c3645861 None None] Provisioning for port b904275b-a1b3-42e0-9b88-5b42e27a6bd8 completed by entity DHCP. {{(pid=101764) provisioning_complete /opt/stack/neutron/neutron/db/provisioning_blocks.py:133}}
Sep 02 16:01:20.459401 dv-neutron-797120-9-hyperv neutron-server[101764]: DEBUG neutron.db.provisioning_blocks [None req-c6b933e1-db1e-4c20-b419-a750c3645861 None None] Provisioning complete for port b904275b-a1b3-42e0-9b88-5b42e27a6bd8 triggered by entity DHCP. {{(pid=101764) provisioning_complete /opt/stack/neutron/neutron/db/provisioning_blocks.py:139}}
Sep 02 16:01:20.459771 dv-neutron-797120-9-hyperv neutron-server[101764]: DEBUG neutron_lib.callbacks.manager [None req-c6b933e1-db1e-4c20-b419-a750c3645861 None None] Notify callbacks ['neutron.plugins.ml2.plugin.Ml2Plugin._port_provisioned-663517'] for port, provisioning_complete {{(pid=101764) _notify_loop /usr/local/lib/python3.8/dist-packages/neutron_lib/callbacks/manager.py:192}}
Sep 02 16:01:20.478270 dv-neutron-797120-9-hyperv neutron-server[101762]: DEBUG neutron_lib.callbacks.manager [None req-375295bb-68e0-4ca3-a3e5-2f6b1f59178a tempest-ExternalNetworksAdminNegativeTestJSON-1059474080 tempest-ExternalNetworksAdminNegativeTestJSON-1059474080-project-admin] Notify callbacks [] for floatingip, precommit_create {{(pid=101762) _notify_loop /usr/local/lib/python3.8/dist-packages/neutron_lib/callbacks/manager.py:192}}
Sep 02 16:01:20.519014 dv-neutron-797120-9-hyperv neutron-server[101763]: DEBUG neutron_lib.callbacks.manager [None req-3a78b2a5-44e1-45f7-937a-770635e4be93 tempest-NetworksTestDHCPv6-2117002669 tempest-NetworksTestDHCPv6-2117002669-project] Notify callbacks ['neutron.services.l3_router.l3_router_plugin.L3_NAT_dbonly_mixin._precommit_delete_port_callback-7973693'] for port, precommit_delete {{(pid=101763) _notify_loop /usr/local/lib/python3.8/dist-packages/neutron_lib/callbacks/manager.py:192}}
Sep 02 16:01:20.533229 dv-neutron-797120-9-hyperv neutron-server[101762]: DEBUG neutron_lib.callbacks.manager [None req-b1c71a99-457a-4870-a1fc-e091b4271d67 admin admin] Notify callbacks [] for security_group, precommit_create {{(pid=101762) _notify_loop /usr/local/lib/python3.8/dist-packages/neutron_lib/callbacks/manager.py:192}}
Sep 02 16:01:20.543297 dv-neutron-797120-9-hyperv neutron-server[101763]: DEBUG neutron_lib.callbacks.manager [None req-04e2e236-5bfc-4fac-95f8-a1271a5236b5 tempest-FloatingIPAdminTestJSON-1990071810 tempest-FloatingIPAdminTestJSON-1990071810-project-admin] Notify callbacks [] for port, precommit_update {{(pid=101763) _notify_loop /usr/local/lib/python3.8/dist-packages/neutron_lib/callbacks/manager.py:192}}
Sep 02 16:01:20.564205 dv-neutron-797120-9-hyperv neutron-server[101764]: DEBUG neutron.plugins.ml2.plugin [None req-c6b933e1-db1e-4c20-b419-a750c3645861 None None] Port b904275b-a1b3-42e0-9b88-5b42e27a6bd8 cannot update to ACTIVE because it is not bound. {{(pid=101764) _port_provisioned /opt/stack/neutron/neutron/plugins/ml2/plugin.py:337}}
Sep 02 16:01:20.592563 dv-neutron-797120-9-hyperv neutron-server[101763]: DEBUG neutron.plugins.ml2.plugin [None req-3a78b2a5-44e1-45f7-937a-770635e4be93 tempest-NetworksTestDHCPv6-2117002669 tempest-NetworksTestDHCPv6-2117002669-project] Calling delete_port for b904275b-a1b3-42e0-9b88-5b42e27a6bd8 owned by {{(pid=101763) delete_port /opt/stack/neutron/neutron/plugins/ml2/plugin.py:1999}}
Sep 02 16:01:20.619291 dv-neutron-797120-9-hyperv neutron-server[101762]: DEBUG neutron.pecan_wsgi.hooks.policy_enforcement [req-129b43a5-0c1f-4109-ab4d-890d2e9867e1 req-dc9381f9-ddc0-45c7-ad5d-380fd105c7ff tempest-ServersTestJSON-728281074 tempest-ServersTestJSON-728281074-project] Attributes excluded by policy engine: ['standard_attr_id', 'vlan_transparent', 'provider:network_type', 'provider:physical_network', 'provider:segmentation_id'] {{(pid=101762) _exclude_attributes_by_policy /opt/stack/neutron/neutron/pecan_wsgi/hooks/policy_enforcement.py:255}}
Sep 02 16:01:20.621102 dv-neutron-797120-9-hyperv neutron-server[101762]: INFO neutron.wsgi [req-129b43a5-0c1f-4109-ab4d-890d2e9867e1 req-dc9381f9-ddc0-45c7-ad5d-380fd105c7ff tempest-ServersTestJSON-728281074 tempest-ServersTestJSON-728281074-project] 10.222.0.55 "GET /v2.0/networks?id=2e4ca4c4-4d85-48a9-b256-67d2543555d9 HTTP/1.1" status: 200 len: 806 time: 0.2218602
Sep 02 16:01:20.621765 dv-neutron-797120-9-hyperv neutron-server[101762]: DEBUG neutron_lib.callbacks.manager [None req-375295bb-68e0-4ca3-a3e5-2f6b1f59178a tempest-ExternalNetworksAdminNegativeTestJSON-1059474080 tempest-ExternalNetworksAdminNegativeTestJSON-1059474080-project-admin] Notify callbacks ['neutron.plugins.ml2.plugin.SecurityGroupDbMixin._ensure_default_security_group_handler-899502'] for port, before_update {{(pid=101762) _notify_loop /usr/local/lib/python3.8/dist-packages/neutron_lib/callbacks/manager.py:192}}
Sep 02 16:01:20.657607 dv-neutron-797120-9-hyperv neutron-server[101762]: DEBUG neutron_lib.callbacks.manager [req-35a9be6a-45d3-4e16-88db-e71072614c94 req-ec9f396b-18e7-4096-895b-3c0d42681c9c tempest-ServerActionsTestJSON-485607710 tempest-ServerActionsTestJSON-485607710-project] Notify callbacks ['neutron.plugins.ml2.plugin.SecurityGroupServerNotifierRpcMixin._notify_sg_on_port_change-899697', 'neutron.plugins.ml2.ovo_rpc._ObjectChangeHandler.handle_event-412570', 'neutron.api.rpc.agentnotifiers.dhcp_rpc_agent_api.DhcpAgentNotifyAPI._native_event_send_dhcp_notification-7872465', 'neutron.db.l3_dvrscheduler_db._notify_l3_agent_new_port-8757459109506', 'neutron.services.segments.plugin.NovaSegmentNotifier._notify_port_created_or_deleted-5211332'] for port, after_create {{(pid=101762) _notify_loop /usr/local/lib/python3.8/dist-packages/neutron_lib/callbacks/manager.py:192}}
Sep 02 16:01:20.685807 dv-neutron-797120-9-hyperv neutron-server[101764]: DEBUG neutron.db.provisioning_blocks [None req-7613882f-4dae-488c-b98a-d0942470e4a9 None None] Provisioning complete for port b904275b-a1b3-42e0-9b88-5b42e27a6bd8 triggered by entity DHCP. {{(pid=101764) provisioning_complete /opt/stack/neutron/neutron/db/provisioning_blocks.py:139}}
Sep 02 16:01:20.686171 dv-neutron-797120-9-hyperv neutron-server[101764]: DEBUG neutron_lib.callbacks.manager [None req-7613882f-4dae-488c-b98a-d0942470e4a9 None None] Notify callbacks ['neutron.plugins.ml2.plugin.Ml2Plugin._port_provisioned-663517'] for port, provisioning_complete {{(pid=101764) _notify_loop /usr/local/lib/python3.8/dist-packages/neutron_lib/callbacks/manager.py:192}}
Sep 02 16:01:20.691567 dv-neutron-797120-9-hyperv neutron-server[101763]: DEBUG neutron_lib.callbacks.manager [None req-472f3fa6-18e0-4ffa-8c7e-d6da9d14bfa7 tempest-RoutersIpV6AdminTest-553187240 tempest-RoutersIpV6AdminTest-553187240-project] Notify callbacks [] for router_gateway, before_create {{(pid=101763) _notify_loop /usr/local/lib/python3.8/dist-packages/neutron_lib/callbacks/manager.py:192}}
Sep 02 16:01:20.717153 dv-neutron-797120-9-hyperv neutron-server[101762]: INFO neutron.wsgi [req-ea39072f-5a84-40f4-8ee8-b4c1292f776d req-8856889b-0c71-43e5-b29e-e80122ec6d6c tempest-ServersTestJSON-728281074 tempest-ServersTestJSON-728281074-project] 10.222.0.54 "GET /v2.0/ports?device_id=e5455770-6ef7-452b-9af0-2f2db5c1ddcd HTTP/1.1" status: 200 len: 210 time: 0.0733929
Sep 02 16:01:20.720184 dv-neutron-797120-9-hyperv neutron-server[101763]: DEBUG neutron.wsgi [-] (101763) accepted ('10.222.0.54', 58542) {{(pid=101763) server /usr/local/lib/python3.8/dist-packages/eventlet/wsgi.py:982}}
Sep 02 16:01:20.726396 dv-neutron-797120-9-hyperv neutron-server[101762]: DEBUG neutron_lib.callbacks.manager [None req-b1c71a99-457a-4870-a1fc-e091b4271d67 admin admin] Notify callbacks ['neutron.plugins.ml2.ovo_rpc._ObjectChangeHandler.handle_event-7901382'] for security_group, after_create {{(pid=101762) _notify_loop /usr/local/lib/python3.8/dist-packages/neutron_lib/callbacks/manager.py:192}}
Sep 02 16:01:20.740233 dv-neutron-797120-9-hyperv neutron-server[101763]: DEBUG neutron_lib.callbacks.manager [None req-472f3fa6-18e0-4ffa-8c7e-d6da9d14bfa7 tempest-RoutersIpV6AdminTest-553187240 tempest-RoutersIpV6AdminTest-553187240-project] Notify callbacks ['neutron.plugins.ml2.plugin.SecurityGroupDbMixin._ensure_default_security_group_handler-899502'] for port, before_create {{(pid=101763) _notify_loop /usr/local/lib/python3.8/dist-packages/neutron_lib/callbacks/manager.py:192}}
Sep 02 16:01:20.742553 dv-neutron-797120-9-hyperv neutron-server[101763]: DEBUG neutron_lib.callbacks.manager [None req-04e2e236-5bfc-4fac-95f8-a1271a5236b5 tempest-FloatingIPAdminTestJSON-1990071810 tempest-FloatingIPAdminTestJSON-1990071810-project-admin] Notify callbacks ['neutron.plugins.ml2.plugin.SecurityGroupServerNotifierRpcMixin._notify_sg_on_port_change-899697', 'neutron.plugins.ml2.ovo_rpc._ObjectChangeHandler.handle_event-412570', 'neutron.api.rpc.agentnotifiers.dhcp_rpc_agent_api.DhcpAgentNotifyAPI._native_event_send_dhcp_notification-7872465', 'neutron.db.l3_db.L3RpcNotifierMixin._notify_gateway_port_ip_changed-8757459579859', 'neutron.db.l3_dvrscheduler_db._notify_l3_agent_port_update-8757459109524', 'neutron.db.l3_hascheduler_db._notify_l3_agent_ha_port_update-8757459109542', 'neutron.services.segments.plugin.NovaSegmentNotifier._notify_port_updated-6068354'] for port, after_update {{(pid=101763) _notify_loop /usr/local/lib/python3.8/dist-packages/neutron_lib/callbacks/manager.py:192}}
Sep 02 16:01:20.754488 dv-neutron-797120-9-hyperv neutron-server[101764]: DEBUG neutron.plugins.ml2.rpc [None req-dff9f68e-34ef-4780-90c3-2b7f50e758b4 None None] Device 7aae539a-396b-4d99-90b1-26ccd52500ea up at agent ovs-agent-dv-neutron-797120-9-hyperv {{(pid=101764) update_device_up /opt/stack/neutron/neutron/plugins/ml2/rpc.py:296}}
Sep 02 16:01:20.802002 dv-neutron-797120-9-hyperv neutron-server[101764]: DEBUG neutron.plugins.ml2.plugin [None req-7613882f-4dae-488c-b98a-d0942470e4a9 None None] Port b904275b-a1b3-42e0-9b88-5b42e27a6bd8 cannot update to ACTIVE because it is not bound. {{(pid=101764) _port_provisioned /opt/stack/neutron/neutron/plugins/ml2/plugin.py:337}}
Sep 02 16:01:20.809982 dv-neutron-797120-9-hyperv neutron-server[101762]: DEBUG neutron.scheduler.dhcp_agent_scheduler [req-35a9be6a-45d3-4e16-88db-e71072614c94 req-ec9f396b-18e7-4096-895b-3c0d42681c9c tempest-ServerActionsTestJSON-485607710 tempest-ServerActionsTestJSON-485607710-project] Network 9be4b566-e1ba-451f-9a79-866fbebbd4b2 is already hosted by enough agents. {{(pid=101762) _get_dhcp_agents_hosting_network /opt/stack/neutron/neutron/scheduler/dhcp_agent_scheduler.py:275}}
Sep 02 16:01:20.811458 dv-neutron-797120-9-hyperv neutron-server[101762]: DEBUG neutron.scheduler.base_scheduler [req-35a9be6a-45d3-4e16-88db-e71072614c94 req-ec9f396b-18e7-4096-895b-3c0d42681c9c tempest-ServerActionsTestJSON-485607710 tempest-ServerActionsTestJSON-485607710-project] Resources bound (agent type, host, resource id): {{(pid=101762) schedule /opt/stack/neutron/neutron/scheduler/base_scheduler.py:57}}
Sep 02 16:01:20.813730 dv-neutron-797120-9-hyperv neutron-server[101762]: DEBUG neutron.db.l3_dvrscheduler_db [req-35a9be6a-45d3-4e16-88db-e71072614c94 req-ec9f396b-18e7-4096-895b-3c0d42681c9c tempest-ServerActionsTestJSON-485607710 tempest-ServerActionsTestJSON-485607710-project] Received port after_create {{(pid=101762) _notify_l3_agent_new_port /opt/stack/neutron/neutron/db/l3_dvrscheduler_db.py:535}}
Sep 02 16:01:20.892519 dv-neutron-797120-9-hyperv neutron-server[101762]: INFO neutron.wsgi [req-129b43a5-0c1f-4109-ab4d-890d2e9867e1 req-d2914b92-190b-4f4b-abe5-bd33c9ec4be6 tempest-ServersTestJSON-728281074 tempest-ServersTestJSON-728281074-project] 10.222.0.55 "GET /v2.0/security-groups?fields=id&fields=name&tenant_id=73f609fa01554ac4a073defafbe37bf3 HTTP/1.1" status: 200 len: 379 time: 0.2498209
Sep 02 16:01:20.953292 dv-neutron-797120-9-hyperv neutron-server[101764]: DEBUG neutron.db.provisioning_blocks [None req-dff9f68e-34ef-4780-90c3-2b7f50e758b4 None None] Provisioning for port 7aae539a-396b-4d99-90b1-26ccd52500ea completed by entity L2. {{(pid=101764) provisioning_complete /opt/stack/neutron/neutron/db/provisioning_blocks.py:133}}
Sep 02 16:01:20.959021 dv-neutron-797120-9-hyperv neutron-server[101764]: DEBUG neutron.db.provisioning_blocks [None req-dff9f68e-34ef-4780-90c3-2b7f50e758b4 None None] Provisioning complete for port 7aae539a-396b-4d99-90b1-26ccd52500ea triggered by entity L2. {{(pid=101764) provisioning_complete /opt/stack/neutron/neutron/db/provisioning_blocks.py:139}}
Sep 02 16:01:20.960035 dv-neutron-797120-9-hyperv neutron-server[101764]: DEBUG neutron_lib.callbacks.manager [None req-dff9f68e-34ef-4780-90c3-2b7f50e758b4 None None] Notify callbacks ['neutron.plugins.ml2.plugin.Ml2Plugin._port_provisioned-663517'] for port, provisioning_complete {{(pid=101764) _notify_loop /usr/local/lib/python3.8/dist-packages/neutron_lib/callbacks/manager.py:192}}
Sep 02 16:01:20.993332 dv-neutron-797120-9-hyperv neutron-server[101762]: DEBUG neutron.api.v2.base [req-129b43a5-0c1f-4109-ab4d-890d2e9867e1 req-fa9acbe2-2cb9-4939-816f-ed456251eb59 tempest-ServersTestJSON-728281074 tempest-ServersTestJSON-728281074-project] Request body: {'port': {'device_id': 'e5455770-6ef7-452b-9af0-2f2db5c1ddcd', 'network_id': '2e4ca4c4-4d85-48a9-b256-67d2543555d9', 'admin_state_up': True, 'tenant_id': '73f609fa01554ac4a073defafbe37bf3', 'security_groups': ['16117354-cca5-4d34-ae83-9c40e59d2b98']}} {{(pid=101762) prepare_request_body /opt/stack/neutron/neutron/api/v2/base.py:730}}
Sep 02 16:01:21.010900 dv-neutron-797120-9-hyperv neutron-server[101762]: DEBUG neutron.api.rpc.handlers.resources_rpc [None req-ec9f396b-18e7-4096-895b-3c0d42681c9c tempest-ServerActionsTestJSON-485607710 tempest-ServerActionsTestJSON-485607710-project] Pushing event updated for resources: {'Port': ['ID=8ff1b472-5a5c-48c8-a33d-a72537346968,revision_number=1']} {{(pid=101762) push /opt/stack/neutron/neutron/api/rpc/handlers/resources_rpc.py:237}}
Sep 02 16:01:21.049413 dv-neutron-797120-9-hyperv neutron-server[101762]: INFO neutron.wsgi [None req-b1c71a99-457a-4870-a1fc-e091b4271d67 admin admin] 10.222.0.54 "GET /v2.0/security-groups?tenant_id=99700f9276da4878aeb04cc0efe83134&name=default HTTP/1.1" status: 200 len: 2979 time: 0.9877160
Sep 02 16:01:21.086300 dv-neutron-797120-9-hyperv neutron-server[101763]: DEBUG neutron.wsgi [-] (101763) accepted ('10.222.0.54', 58548) {{(pid=101763) server /usr/local/lib/python3.8/dist-packages/eventlet/wsgi.py:982}}
Sep 02 16:01:21.109681 dv-neutron-797120-9-hyperv neutron-server[101764]: DEBUG neutron_lib.callbacks.manager [None req-dff9f68e-34ef-4780-90c3-2b7f50e758b4 None None] Notify callbacks ['neutron.plugins.ml2.plugin.SecurityGroupDbMixin._ensure_default_security_group_handler-899502'] for port, before_update {{(pid=101764) _notify_loop /usr/local/lib/python3.8/dist-packages/neutron_lib/callbacks/manager.py:192}}
Sep 02 16:01:21.154192 dv-neutron-797120-9-hyperv neutron-server[101763]: DEBUG neutron.api.rpc.handlers.resources_rpc [None req-04e2e236-5bfc-4fac-95f8-a1271a5236b5 tempest-FloatingIPAdminTestJSON-1990071810 tempest-FloatingIPAdminTestJSON-1990071810-project-admin] Pushing event updated for resources: {'Port': ['ID=5e740b63-ef35-4ff9-95ab-5c6079b1aa82,revision_number=2']} {{(pid=101763) push /opt/stack/neutron/neutron/api/rpc/handlers/resources_rpc.py:237}}
Sep 02 16:01:21.164193 dv-neutron-797120-9-hyperv neutron-server[101764]: DEBUG neutron.plugins.ml2.db [None req-dff9f68e-34ef-4780-90c3-2b7f50e758b4 None None] For port 7aae539a-396b-4d99-90b1-26ccd52500ea, host dv-neutron-797120-9-hyperv, got binding levels [PortBindingLevel(driver='openvswitch',host='dv-neutron-797120-9-hyperv',level=0,port_id=7aae539a-396b-4d99-90b1-26ccd52500ea,segment=NetworkSegment(827f009c-3eaf-49d6-aeef-e23d31a0abb7),segment_id=827f009c-3eaf-49d6-aeef-e23d31a0abb7)] {{(pid=101764) get_binding_level_objs /opt/stack/neutron/neutron/plugins/ml2/db.py:74}}
Sep 02 16:01:21.182277 dv-neutron-797120-9-hyperv neutron-server[101763]: DEBUG neutron_lib.callbacks.manager [None req-04e2e236-5bfc-4fac-95f8-a1271a5236b5 tempest-FloatingIPAdminTestJSON-1990071810 tempest-FloatingIPAdminTestJSON-1990071810-project-admin] Notify callbacks ['neutron.services.l3_router.l3_router_plugin.DVRResourceOperationHandler._create_dvr_floating_gw_port-8316170'] for floatingip, after_create {{(pid=101763) _notify_loop /usr/local/lib/python3.8/dist-packages/neutron_lib/callbacks/manager.py:192}}
Sep 02 16:01:21.194332 dv-neutron-797120-9-hyperv neutron-server[101763]: INFO neutron.wsgi [None req-23ee8ac6-725c-4fe3-9f6b-8c41f3a15e0e admin admin] 10.222.0.54 "GET /v2.0/security-groups?tenant_id=e15ca4d7d63b4f7eb86d6ba79dcc8513&name=default HTTP/1.1" status: 200 len: 2975 time: 0.4709852
Sep 02 16:01:21.255422 dv-neutron-797120-9-hyperv neutron-server[101763]: DEBUG neutron.wsgi [-] (101763) accepted ('10.222.0.54', 58556) {{(pid=101763) server /usr/local/lib/python3.8/dist-packages/eventlet/wsgi.py:982}}
Sep 02 16:01:21.379638 dv-neutron-797120-9-hyperv neutron-server[101763]: DEBUG neutron.pecan_wsgi.hooks.policy_enforcement [req-522f51ae-0fdf-455a-8501-b42ede2100ac req-124c60e5-4eb7-49bb-ad3f-b997daf8126a tempest-ServerActionsTestJSON-485607710 tempest-ServerActionsTestJSON-485607710-project] Attributes excluded by policy engine: ['standard_attr_id', 'binding:profile', 'binding:host_id', 'binding:vif_type', 'binding:vif_details'] {{(pid=101763) _exclude_attributes_by_policy /opt/stack/neutron/neutron/pecan_wsgi/hooks/policy_enforcement.py:255}}
Sep 02 16:01:21.379638 dv-neutron-797120-9-hyperv neutron-server[101763]: INFO neutron.wsgi [req-522f51ae-0fdf-455a-8501-b42ede2100ac req-124c60e5-4eb7-49bb-ad3f-b997daf8126a tempest-ServerActionsTestJSON-485607710 tempest-ServerActionsTestJSON-485607710-project] 10.222.0.54 "GET /v2.0/ports?device_id=ca25fc14-125d-43de-9214-52ebcaca5ee1 HTTP/1.1" status: 200 len: 931 time: 0.3749917
Sep 02 16:01:21.380865 dv-neutron-797120-9-hyperv neutron-server[101762]: DEBUG neutron.api.rpc.handlers.resources_rpc [None req-b1c71a99-457a-4870-a1fc-e091b4271d67 admin admin] Pushing event updated for resources: {'SecurityGroup': ['ID=fea4926a-84f8-4398-9153-ec29e1c9a825,revision_number=1']} {{(pid=101762) push /opt/stack/neutron/neutron/api/rpc/handlers/resources_rpc.py:237}}
