Jun 28 06:42:13.903642 dv-neutron-797120-6-hyperv neutron-server[100887]: File "/opt/stack/neutron/neutron/notifiers/batch_notifier.py", line 58, in synced_send
Jun 28 06:42:13.903642 dv-neutron-797120-6-hyperv neutron-server[100887]: self._notify()
Jun 28 06:42:13.903642 dv-neutron-797120-6-hyperv neutron-server[100887]: File "/opt/stack/neutron/neutron/notifiers/batch_notifier.py", line 69, in _notify
Jun 28 06:42:13.903642 dv-neutron-797120-6-hyperv neutron-server[100887]: self.callback(batched_events)
Jun 28 06:42:13.903642 dv-neutron-797120-6-hyperv neutron-server[100887]: File "/opt/stack/neutron/neutron/services/segments/plugin.py", line 211, in _send_notifications
Jun 28 06:42:13.903642 dv-neutron-797120-6-hyperv neutron-server[100887]: event.method(event)
Jun 28 06:42:13.903642 dv-neutron-797120-6-hyperv neutron-server[100887]: File "/opt/stack/neutron/neutron/services/segments/plugin.py", line 383, in _delete_nova_inventory
Jun 28 06:42:13.903642 dv-neutron-797120-6-hyperv neutron-server[100887]: aggregate_id = self._get_aggregate_id(event.segment_id)
Jun 28 06:42:13.903642 dv-neutron-797120-6-hyperv neutron-server[100887]: File "/opt/stack/neutron/neutron/services/segments/plugin.py", line 370, in _get_aggregate_id
Jun 28 06:42:13.903642 dv-neutron-797120-6-hyperv neutron-server[100887]: aggregate_uuid = self.p_client.list_aggregates(
Jun 28 06:42:13.903642 dv-neutron-797120-6-hyperv neutron-server[100887]: File "/usr/local/lib/python3.8/dist-packages/neutron_lib/placement/client.py", line 57, in wrapper
Jun 28 06:42:13.903642 dv-neutron-797120-6-hyperv neutron-server[100887]: return f(self, *a, **k)
Jun 28 06:42:13.903642 dv-neutron-797120-6-hyperv neutron-server[100887]: File "/usr/local/lib/python3.8/dist-packages/neutron_lib/placement/client.py", line 553, in list_aggregates
Jun 28 06:42:13.903642 dv-neutron-797120-6-hyperv neutron-server[100887]: return self._get(url).json()
Jun 28 06:42:13.903642 dv-neutron-797120-6-hyperv neutron-server[100887]: File "/usr/local/lib/python3.8/dist-packages/neutron_lib/placement/client.py", line 189, in _get
Jun 28 06:42:13.903642 dv-neutron-797120-6-hyperv neutron-server[100887]: return self._client.get(url, endpoint_filter=self._ks_filter,
Jun 28 06:42:13.903642 dv-neutron-797120-6-hyperv neutron-server[100887]: File "/usr/local/lib/python3.8/dist-packages/keystoneauth1/session.py", line 1141, in get
Jun 28 06:42:13.903642 dv-neutron-797120-6-hyperv neutron-server[100887]: return self.request(url, 'GET', **kwargs)
Jun 28 06:42:13.903642 dv-neutron-797120-6-hyperv neutron-server[100887]: File "/usr/local/lib/python3.8/dist-packages/keystoneauth1/session.py", line 811, in request
Jun 28 06:42:13.903642 dv-neutron-797120-6-hyperv neutron-server[100887]: base_url = self.get_endpoint(auth, allow=allow,
Jun 28 06:42:13.903642 dv-neutron-797120-6-hyperv neutron-server[100887]: File "/usr/local/lib/python3.8/dist-packages/keystoneauth1/session.py", line 1241, in get_endpoint
Jun 28 06:42:13.903642 dv-neutron-797120-6-hyperv neutron-server[100887]: auth = self._auth_required(auth, 'determine endpoint URL')
Jun 28 06:42:13.903642 dv-neutron-797120-6-hyperv neutron-server[100887]: File "/usr/local/lib/python3.8/dist-packages/keystoneauth1/session.py", line 1181, in _auth_required
Jun 28 06:42:13.903642 dv-neutron-797120-6-hyperv neutron-server[100887]: raise exceptions.MissingAuthPlugin(msg_fmt % msg)
Jun 28 06:42:13.903642 dv-neutron-797120-6-hyperv neutron-server[100887]: keystoneauth1.exceptions.auth_plugins.MissingAuthPlugin: An auth plugin is required to determine endpoint URL
Jun 28 06:42:13.906416 dv-neutron-797120-6-hyperv neutron-server[100887]: DEBUG neutron.plugins.ml2.managers [None req-815a10d4-74f7-4099-b4f6-23170263ffa8 tempest-PortsAdminExtendedAttrsTestJSON-86690252 tempest-PortsAdminExtendedAttrsTestJSON-86690252-project-admin] Attempting to bind port 4ba9f5a9-e137-4484-a963-d057f5ba88e9 on host hv-neutron-7971 for vnic_type normal with profile {{(pid=100887) bind_port /opt/stack/neutron/neutron/plugins/ml2/managers.py:790}}
Jun 28 06:42:13.906416 dv-neutron-797120-6-hyperv neutron-server[100887]: DEBUG neutron.plugins.ml2.managers [None req-815a10d4-74f7-4099-b4f6-23170263ffa8 tempest-PortsAdminExtendedAttrsTestJSON-86690252 tempest-PortsAdminExtendedAttrsTestJSON-86690252-project-admin] Attempting to bind port 4ba9f5a9-e137-4484-a963-d057f5ba88e9 by drivers openvswitch,hyperv on host hv-neutron-7971 at level 0 using segments [{'id': 'fdfcbae8-b294-4923-8ef2-fbeb2f0d14e2', 'network_type': 'vlan', 'physical_network': 'physnet1', 'segmentation_id': 349, 'network_id': 'bf25edcd-2771-47f9-afd5-45d2a8e1a591'}] {{(pid=100887) _bind_port_level /opt/stack/neutron/neutron/plugins/ml2/managers.py:815}}
Jun 28 06:42:13.906416 dv-neutron-797120-6-hyperv neutron-server[100887]: DEBUG neutron.plugins.ml2.drivers.mech_agent [None req-815a10d4-74f7-4099-b4f6-23170263ffa8 tempest-PortsAdminExtendedAttrsTestJSON-86690252 tempest-PortsAdminExtendedAttrsTestJSON-86690252-project-admin] Attempting to bind port 4ba9f5a9-e137-4484-a963-d057f5ba88e9 on network bf25edcd-2771-47f9-afd5-45d2a8e1a591 {{(pid=100887) bind_port /opt/stack/neutron/neutron/plugins/ml2/drivers/mech_agent.py:86}}
Jun 28 06:42:13.949914 dv-neutron-797120-6-hyperv neutron-server[100887]: DEBUG neutron.plugins.ml2.drivers.mech_agent [None req-815a10d4-74f7-4099-b4f6-23170263ffa8 tempest-PortsAdminExtendedAttrsTestJSON-86690252 tempest-PortsAdminExtendedAttrsTestJSON-86690252-project-admin] Port 4ba9f5a9-e137-4484-a963-d057f5ba88e9 on network bf25edcd-2771-47f9-afd5-45d2a8e1a591 not bound, no agent of type Open vSwitch agent registered on host hv-neutron-7971 {{(pid=100887) bind_port /opt/stack/neutron/neutron/plugins/ml2/drivers/mech_agent.py:98}}
Jun 28 06:42:13.950435 dv-neutron-797120-6-hyperv neutron-server[100887]: ERROR neutron.plugins.ml2.managers [None req-815a10d4-74f7-4099-b4f6-23170263ffa8 tempest-PortsAdminExtendedAttrsTestJSON-86690252 tempest-PortsAdminExtendedAttrsTestJSON-86690252-project-admin] Failed to bind port 4ba9f5a9-e137-4484-a963-d057f5ba88e9 on host hv-neutron-7971 for vnic_type normal using segments [{'id': 'fdfcbae8-b294-4923-8ef2-fbeb2f0d14e2', 'network_type': 'vlan', 'physical_network': 'physnet1', 'segmentation_id': 349, 'network_id': 'bf25edcd-2771-47f9-afd5-45d2a8e1a591'}]
Jun 28 06:42:13.950804 dv-neutron-797120-6-hyperv neutron-server[100887]: DEBUG neutron_lib.callbacks.manager [None req-815a10d4-74f7-4099-b4f6-23170263ffa8 tempest-PortsAdminExtendedAttrsTestJSON-86690252 tempest-PortsAdminExtendedAttrsTestJSON-86690252-project-admin] Notify callbacks ['neutron.plugins.ml2.plugin.SecurityGroupDbMixin._ensure_default_security_group_handler-768204'] for port, before_update {{(pid=100887) _notify_loop /usr/local/lib/python3.8/dist-packages/neutron_lib/callbacks/manager.py:192}}
Jun 28 06:42:14.068147 dv-neutron-797120-6-hyperv neutron-server[100886]: DEBUG neutron.wsgi [-] (100886) accepted ('10.222.0.24', 49532) {{(pid=100886) server /usr/local/lib/python3.8/dist-packages/eventlet/wsgi.py:982}}
Jun 28 06:42:14.112386 dv-neutron-797120-6-hyperv neutron-server[100886]: DEBUG neutron.pecan_wsgi.hooks.quota_enforcement [None req-a452cfbe-f91c-4222-8126-ed212caffef1 tempest-PortsIpV6TestJSON-1238385930 tempest-PortsIpV6TestJSON-1238385930-project] Made reservation on behalf of d8ede9ad57f2483ebfe893fb78cd5d47 for: {'port': 1} {{(pid=100886) before /opt/stack/neutron/neutron/pecan_wsgi/hooks/quota_enforcement.py:53}}
Jun 28 06:42:14.118027 dv-neutron-797120-6-hyperv neutron-server[100886]: DEBUG neutron_lib.callbacks.manager [None req-a452cfbe-f91c-4222-8126-ed212caffef1 tempest-PortsIpV6TestJSON-1238385930 tempest-PortsIpV6TestJSON-1238385930-project] Notify callbacks ['neutron.plugins.ml2.plugin.SecurityGroupDbMixin._ensure_default_security_group_handler-768204'] for port, before_create {{(pid=100886) _notify_loop /usr/local/lib/python3.8/dist-packages/neutron_lib/callbacks/manager.py:192}}
Jun 28 06:42:14.127330 dv-neutron-797120-6-hyperv neutron-server[100887]: DEBUG neutron_lib.callbacks.manager [None req-e7f54447-e89d-4020-9789-22c177ee63c2 tempest-ExternalNetworksTestJSON-2054418710 tempest-ExternalNetworksTestJSON-2054418710-project-admin] Notify callbacks ['neutron.plugins.ml2.plugin.Ml2Plugin._network_delete_after_delete_handler-710582', 'neutron.plugins.ml2.ovo_rpc._ObjectChangeHandler.handle_payload_event-3744771', 'neutron.api.rpc.agentnotifiers.dhcp_rpc_agent_api.DhcpAgentNotifyAPI._native_event_send_dhcp_notification_payload-3671550', 'neutron.services.l3_router.l3_router_plugin.DVRResourceOperationHandler.delete_fip_namespaces_for_ext_net-3915600'] for network, after_delete {{(pid=100887) _notify_loop /usr/local/lib/python3.8/dist-packages/neutron_lib/callbacks/manager.py:192}}
Jun 28 06:42:14.166513 dv-neutron-797120-6-hyperv neutron-server[100887]: DEBUG neutron.plugins.ml2.db [None req-815a10d4-74f7-4099-b4f6-23170263ffa8 tempest-PortsAdminExtendedAttrsTestJSON-86690252 tempest-PortsAdminExtendedAttrsTestJSON-86690252-project-admin] For port 4ba9f5a9-e137-4484-a963-d057f5ba88e9, host hv-neutron-7971, cleared binding levels {{(pid=100887) clear_binding_levels /opt/stack/neutron/neutron/plugins/ml2/db.py:87}}
Jun 28 06:42:14.166880 dv-neutron-797120-6-hyperv neutron-server[100887]: DEBUG neutron.plugins.ml2.db [None req-815a10d4-74f7-4099-b4f6-23170263ffa8 tempest-PortsAdminExtendedAttrsTestJSON-86690252 tempest-PortsAdminExtendedAttrsTestJSON-86690252-project-admin] Attempted to set empty binding levels {{(pid=100887) set_binding_levels /opt/stack/neutron/neutron/plugins/ml2/db.py:65}}
Jun 28 06:42:14.170129 dv-neutron-797120-6-hyperv neutron-server[100886]: DEBUG neutron.notifiers.nova [None req-a452cfbe-f91c-4222-8126-ed212caffef1 tempest-PortsIpV6TestJSON-1238385930 tempest-PortsIpV6TestJSON-1238385930-project] device_id is not set on port d238aa95-fc62-4112-900e-855d1223ae04 yet. {{(pid=100886) _can_notify /opt/stack/neutron/neutron/notifiers/nova.py:190}}
Jun 28 06:42:14.175955 dv-neutron-797120-6-hyperv neutron-server[100887]: DEBUG oslo_concurrency.lockutils [None req-ed27be68-d832-44fd-bd4e-584304bbbe14 tempest-RoutersAdminTest-1769194081 tempest-RoutersAdminTest-1769194081-project-admin] Lock "event-dispatch" acquired by "neutron.plugins.ml2.ovo_rpc._ObjectChangeHandler.dispatch_events" :: waited 0.000s {{(pid=100887) inner /usr/local/lib/python3.8/dist-packages/oslo_concurrency/lockutils.py:355}}
Jun 28 06:42:14.180421 dv-neutron-797120-6-hyperv neutron-server[100887]: DEBUG neutron.wsgi [-] (100887) accepted ('10.222.0.24', 49538) {{(pid=100887) server /usr/local/lib/python3.8/dist-packages/eventlet/wsgi.py:982}}
Jun 28 06:42:14.201423 dv-neutron-797120-6-hyperv neutron-server[100887]: DEBUG neutron.api.rpc.agentnotifiers.l3_rpc_agent_api [None req-e7f54447-e89d-4020-9789-22c177ee63c2 tempest-ExternalNetworksTestJSON-2054418710 tempest-ExternalNetworksTestJSON-2054418710-project-admin] Fanout notify agent at l3_agent the message fipnamespace_delete_on_ext_net for external_network 256574df-dbef-48f9-afb3-b04d588aad4d {{(pid=100887) _notification_fanout /opt/stack/neutron/neutron/api/rpc/agentnotifiers/l3_rpc_agent_api.py:120}}
Jun 28 06:42:14.206075 dv-neutron-797120-6-hyperv neutron-server[100887]: DEBUG neutron_lib.callbacks.manager [None req-e7f54447-e89d-4020-9789-22c177ee63c2 tempest-ExternalNetworksTestJSON-2054418710 tempest-ExternalNetworksTestJSON-2054418710-project-admin] Notify callbacks ['neutron.api.rpc.agentnotifiers.dhcp_rpc_agent_api.DhcpAgentNotifyAPI._send_dhcp_notification-3671525'] for network, before_response {{(pid=100887) _notify_loop /usr/local/lib/python3.8/dist-packages/neutron_lib/callbacks/manager.py:192}}
Jun 28 06:42:14.208046 dv-neutron-797120-6-hyperv neutron-server[100887]: INFO neutron.wsgi [None req-e7f54447-e89d-4020-9789-22c177ee63c2 tempest-ExternalNetworksTestJSON-2054418710 tempest-ExternalNetworksTestJSON-2054418710-project-admin] 10.222.0.24 "DELETE /v2.0/networks/256574df-dbef-48f9-afb3-b04d588aad4d HTTP/1.1" status: 204 len: 168 time: 0.6532903
Jun 28 06:42:14.209018 dv-neutron-797120-6-hyperv neutron-server[100887]: DEBUG neutron.api.rpc.handlers.resources_rpc [None req-e7f54447-e89d-4020-9789-22c177ee63c2 tempest-ExternalNetworksTestJSON-2054418710 tempest-ExternalNetworksTestJSON-2054418710-project-admin] Pushing event deleted for resources: {'Network': ['ID=256574df-dbef-48f9-afb3-b04d588aad4d,revision_number=None']} {{(pid=100887) push /opt/stack/neutron/neutron/api/rpc/handlers/resources_rpc.py:237}}
Jun 28 06:42:14.213722 dv-neutron-797120-6-hyperv neutron-server[100887]: DEBUG neutron.wsgi [-] (100887) accepted ('10.222.0.24', 49542) {{(pid=100887) server /usr/local/lib/python3.8/dist-packages/eventlet/wsgi.py:982}}
Jun 28 06:42:14.216623 dv-neutron-797120-6-hyperv neutron-server[100887]: DEBUG oslo_concurrency.lockutils [None req-e7f54447-e89d-4020-9789-22c177ee63c2 tempest-ExternalNetworksTestJSON-2054418710 tempest-ExternalNetworksTestJSON-2054418710-project-admin] Lock "event-dispatch" released by "neutron.plugins.ml2.ovo_rpc._ObjectChangeHandler.dispatch_events" :: held 0.041s {{(pid=100887) inner /usr/local/lib/python3.8/dist-packages/oslo_concurrency/lockutils.py:367}}
Jun 28 06:42:14.220445 dv-neutron-797120-6-hyperv neutron-server[100887]: DEBUG neutron.api.v2.base [None req-9a6bbc3d-f7b2-4e2f-a9d4-921969363fc4 tempest-ExternalNetworksTestJSON-2054418710 tempest-ExternalNetworksTestJSON-2054418710-project-admin] Request body: {'network': {'name': 'tempest-network--1522815610', 'router:external': True}} {{(pid=100887) prepare_request_body /opt/stack/neutron/neutron/api/v2/base.py:729}}
Jun 28 06:42:14.275289 dv-neutron-797120-6-hyperv neutron-server[100887]: DEBUG neutron_lib.callbacks.manager [None req-683f87e7-762c-46ba-bbcb-9a9425707b61 tempest-RoutersAdminTest-1769194081 tempest-RoutersAdminTest-1769194081-project-admin] Notify callbacks [] for router_gateway, before_create {{(pid=100887) _notify_loop /usr/local/lib/python3.8/dist-packages/neutron_lib/callbacks/manager.py:192}}
Jun 28 06:42:14.300398 dv-neutron-797120-6-hyperv neutron-server[100887]: DEBUG neutron_lib.callbacks.manager [None req-815a10d4-74f7-4099-b4f6-23170263ffa8 tempest-PortsAdminExtendedAttrsTestJSON-86690252 tempest-PortsAdminExtendedAttrsTestJSON-86690252-project-admin] Notify callbacks ['neutron.plugins.ml2.plugin.SecurityGroupServerNotifierRpcMixin.notify_sg_on_port_change-768132', 'neutron.plugins.ml2.ovo_rpc._ObjectChangeHandler.handle_event-385472', 'neutron.api.rpc.agentnotifiers.dhcp_rpc_agent_api.DhcpAgentNotifyAPI._native_event_send_dhcp_notification-3671543', 'neutron.db.l3_db.L3RpcNotifierMixin._notify_gateway_port_ip_changed-8751027630264', 'neutron.db.l3_dvrscheduler_db._notify_l3_agent_port_update-8751027254236', 'neutron.db.l3_hascheduler_db._notify_l3_agent_ha_port_update-8751027206157', 'neutron.services.segments.plugin.NovaSegmentNotifier._notify_port_updated-9625660'] for port, after_update {{(pid=100887) _notify_loop /usr/local/lib/python3.8/dist-packages/neutron_lib/callbacks/manager.py:192}}
Jun 28 06:42:14.302066 dv-neutron-797120-6-hyperv neutron-server[100887]: DEBUG neutron_lib.callbacks.manager [None req-683f87e7-762c-46ba-bbcb-9a9425707b61 tempest-RoutersAdminTest-1769194081 tempest-RoutersAdminTest-1769194081-project-admin] Notify callbacks ['neutron.plugins.ml2.plugin.SecurityGroupDbMixin._ensure_default_security_group_handler-768204'] for port, before_create {{(pid=100887) _notify_loop /usr/local/lib/python3.8/dist-packages/neutron_lib/callbacks/manager.py:192}}
Jun 28 06:42:14.306291 dv-neutron-797120-6-hyperv neutron-server[100887]: DEBUG oslo_concurrency.lockutils [None req-024f8214-e64f-4e34-a669-2ed6754ffea2 tempest-ServersTestManualDisk-1990139473 tempest-ServersTestManualDisk-1990139473-project] Lock "event-dispatch" acquired by "neutron.plugins.ml2.ovo_rpc._ObjectChangeHandler.dispatch_events" :: waited 0.000s {{(pid=100887) inner /usr/local/lib/python3.8/dist-packages/oslo_concurrency/lockutils.py:355}}
Jun 28 06:42:14.401256 dv-neutron-797120-6-hyperv neutron-server[100887]: DEBUG neutron.plugins.ml2.plugin [None req-815a10d4-74f7-4099-b4f6-23170263ffa8 tempest-PortsAdminExtendedAttrsTestJSON-86690252 tempest-PortsAdminExtendedAttrsTestJSON-86690252-project-admin] In _notify_port_updated(), no bound segment for port 4ba9f5a9-e137-4484-a963-d057f5ba88e9 on network bf25edcd-2771-47f9-afd5-45d2a8e1a591 {{(pid=100887) _notify_port_updated /opt/stack/neutron/neutron/plugins/ml2/plugin.py:872}}
Jun 28 06:42:14.402404 dv-neutron-797120-6-hyperv neutron-server[100887]: DEBUG neutron.pecan_wsgi.hooks.policy_enforcement [None req-815a10d4-74f7-4099-b4f6-23170263ffa8 tempest-PortsAdminExtendedAttrsTestJSON-86690252 tempest-PortsAdminExtendedAttrsTestJSON-86690252-project-admin] Attributes excluded by policy engine: ['standard_attr_id'] {{(pid=100887) _exclude_attributes_by_policy /opt/stack/neutron/neutron/pecan_wsgi/hooks/policy_enforcement.py:255}}
Jun 28 06:42:14.403646 dv-neutron-797120-6-hyperv neutron-server[100887]: DEBUG neutron_lib.callbacks.manager [None req-815a10d4-74f7-4099-b4f6-23170263ffa8 tempest-PortsAdminExtendedAttrsTestJSON-86690252 tempest-PortsAdminExtendedAttrsTestJSON-86690252-project-admin] Notify callbacks ['neutron.notifiers.nova.Notifier._send_nova_notification-255680'] for port, before_response {{(pid=100887) _notify_loop /usr/local/lib/python3.8/dist-packages/neutron_lib/callbacks/manager.py:192}}
Jun 28 06:42:14.413545 dv-neutron-797120-6-hyperv neutron-server[100887]: INFO neutron.wsgi [None req-815a10d4-74f7-4099-b4f6-23170263ffa8 tempest-PortsAdminExtendedAttrsTestJSON-86690252 tempest-PortsAdminExtendedAttrsTestJSON-86690252-project-admin] 10.222.0.24 "PUT /v2.0/ports/4ba9f5a9-e137-4484-a963-d057f5ba88e9 HTTP/1.1" status: 200 len: 976 time: 3.0535619
Jun 28 06:42:14.427598 dv-neutron-797120-6-hyperv neutron-server[100887]: DEBUG neutron.wsgi [-] (100887) accepted ('10.222.0.24', 49548) {{(pid=100887) server /usr/local/lib/python3.8/dist-packages/eventlet/wsgi.py:982}}
Jun 28 06:42:14.437283 dv-neutron-797120-6-hyperv neutron-server[100886]: DEBUG neutron_lib.callbacks.manager [None req-83198276-1634-4028-9ed5-748545b55a9d admin admin] Notify callbacks [] for security_group, before_create {{(pid=100886) _notify_loop /usr/local/lib/python3.8/dist-packages/neutron_lib/callbacks/manager.py:192}}
Jun 28 06:42:14.455838 dv-neutron-797120-6-hyperv neutron-server[100887]: DEBUG neutron.pecan_wsgi.hooks.quota_enforcement [None req-9a6bbc3d-f7b2-4e2f-a9d4-921969363fc4 tempest-ExternalNetworksTestJSON-2054418710 tempest-ExternalNetworksTestJSON-2054418710-project-admin] Made reservation on behalf of 4673312797094ab884de4afe9500a0f9 for: {'network': 1} {{(pid=100887) before /opt/stack/neutron/neutron/pecan_wsgi/hooks/quota_enforcement.py:53}}
Jun 28 06:42:14.472160 dv-neutron-797120-6-hyperv neutron-server[100887]: DEBUG neutron_lib.callbacks.manager [None req-9a6bbc3d-f7b2-4e2f-a9d4-921969363fc4 tempest-ExternalNetworksTestJSON-2054418710 tempest-ExternalNetworksTestJSON-2054418710-project-admin] Notify callbacks ['neutron.plugins.ml2.plugin.SecurityGroupDbMixin._ensure_default_security_group_handler-768204'] for network, before_create {{(pid=100887) _notify_loop /usr/local/lib/python3.8/dist-packages/neutron_lib/callbacks/manager.py:192}}
Jun 28 06:42:14.565548 dv-neutron-797120-6-hyperv neutron-server[100886]: DEBUG neutron_lib.callbacks.manager [None req-83198276-1634-4028-9ed5-748545b55a9d admin admin] Notify callbacks [] for security_group, precommit_create {{(pid=100886) _notify_loop /usr/local/lib/python3.8/dist-packages/neutron_lib/callbacks/manager.py:192}}
Jun 28 06:42:14.616526 dv-neutron-797120-6-hyperv neutron-server[100887]: INFO neutron.wsgi [req-fa5f8022-b441-4e4a-9a9e-7cba015ae7ba req-c6695f50-fb86-4db2-9cc9-25a8c7b1e097 tempest-ServersTestJSON-942562529 tempest-ServersTestJSON-942562529-project] 10.222.0.24 "GET /v2.0/ports?device_id=f8ac8183-e8a8-47d7-a8e5-9b95e6aa1a2f HTTP/1.1" status: 200 len: 210 time: 0.0855999
Jun 28 06:42:14.650839 dv-neutron-797120-6-hyperv neutron-server[100887]: DEBUG neutron.api.rpc.handlers.resources_rpc [None req-815a10d4-74f7-4099-b4f6-23170263ffa8 tempest-PortsAdminExtendedAttrsTestJSON-86690252 tempest-PortsAdminExtendedAttrsTestJSON-86690252-project-admin] Pushing event updated for resources: {'Port': ['ID=4ba9f5a9-e137-4484-a963-d057f5ba88e9,revision_number=3']} {{(pid=100887) push /opt/stack/neutron/neutron/api/rpc/handlers/resources_rpc.py:237}}
Jun 28 06:42:14.660665 dv-neutron-797120-6-hyperv neutron-server[100886]: DEBUG neutron_lib.callbacks.manager [None req-83198276-1634-4028-9ed5-748545b55a9d admin admin] Notify callbacks ['neutron.plugins.ml2.ovo_rpc._ObjectChangeHandler.handle_event-3745010'] for security_group, after_create {{(pid=100886) _notify_loop /usr/local/lib/python3.8/dist-packages/neutron_lib/callbacks/manager.py:192}}
Jun 28 06:42:14.663799 dv-neutron-797120-6-hyperv neutron-server[100886]: DEBUG neutron_lib.callbacks.manager [None req-a452cfbe-f91c-4222-8126-ed212caffef1 tempest-PortsIpV6TestJSON-1238385930 tempest-PortsIpV6TestJSON-1238385930-project] Notify callbacks [] for port, precommit_create {{(pid=100886) _notify_loop /usr/local/lib/python3.8/dist-packages/neutron_lib/callbacks/manager.py:192}}
Jun 28 06:42:14.670194 dv-neutron-797120-6-hyperv neutron-server[100887]: DEBUG oslo_concurrency.lockutils [None req-815a10d4-74f7-4099-b4f6-23170263ffa8 tempest-PortsAdminExtendedAttrsTestJSON-86690252 tempest-PortsAdminExtendedAttrsTestJSON-86690252-project-admin] Lock "event-dispatch" released by "neutron.plugins.ml2.ovo_rpc._ObjectChangeHandler.dispatch_events" :: held 0.361s {{(pid=100887) inner /usr/local/lib/python3.8/dist-packages/oslo_concurrency/lockutils.py:367}}
Jun 28 06:42:14.684243 dv-neutron-797120-6-hyperv neutron-server[100886]: DEBUG oslo_concurrency.lockutils [None req-bfaaa70b-60c2-4167-a295-4853e79feb71 admin admin] Lock "event-dispatch" acquired by "neutron.plugins.ml2.ovo_rpc._ObjectChangeHandler.dispatch_events" :: waited 0.000s {{(pid=100886) inner /usr/local/lib/python3.8/dist-packages/oslo_concurrency/lockutils.py:355}}
Jun 28 06:42:14.710189 dv-neutron-797120-6-hyperv neutron-server[100887]: INFO neutron.wsgi [None req-27620cb0-cd97-484f-90d0-821ab178bb86 admin admin] 10.222.0.24 "GET /v2.0/security-groups?tenant_id=00758898903646e7a538ce07e029eed4&name=default HTTP/1.1" status: 200 len: 2975 time: 0.5268621
Jun 28 06:42:14.719366 dv-neutron-797120-6-hyperv neutron-server[100887]: DEBUG neutron.wsgi [-] (100887) accepted ('10.222.0.24', 49556) {{(pid=100887) server /usr/local/lib/python3.8/dist-packages/eventlet/wsgi.py:982}}
Jun 28 06:42:14.730499 dv-neutron-797120-6-hyperv neutron-server[100886]: INFO neutron.wsgi [None req-83198276-1634-4028-9ed5-748545b55a9d admin admin] 10.222.0.24 "GET /v2.0/security-groups?tenant_id=3f4fe0bde12d47a38b70006c84db1e81&name=default HTTP/1.1" status: 200 len: 2979 time: 0.6610177
Jun 28 06:42:14.735191 dv-neutron-797120-6-hyperv neutron-server[100886]: DEBUG neutron.wsgi [-] (100886) accepted ('10.222.0.24', 49560) {{(pid=100886) server /usr/local/lib/python3.8/dist-packages/eventlet/wsgi.py:982}}
Jun 28 06:42:14.740105 dv-neutron-797120-6-hyperv neutron-server[100887]: DEBUG neutron.plugins.ml2.drivers.helpers [None req-9a6bbc3d-f7b2-4e2f-a9d4-921969363fc4 tempest-ExternalNetworksTestJSON-2054418710 tempest-ExternalNetworksTestJSON-2054418710-project-admin] vlan segment allocate from pool success with {'physical_network': 'physnet1', 'vlan_id': 318} {{(pid=100887) allocate_partially_specified_segment /opt/stack/neutron/neutron/plugins/ml2/drivers/helpers.py:153}}
Jun 28 06:42:14.765869 dv-neutron-797120-6-hyperv neutron-server[100886]: DEBUG neutron.api.rpc.handlers.resources_rpc [None req-83198276-1634-4028-9ed5-748545b55a9d admin admin] Pushing event updated for resources: {'SecurityGroup': ['ID=39c19bb0-aca6-4d92-85f6-29296c860699,revision_number=1']} {{(pid=100886) push /opt/stack/neutron/neutron/api/rpc/handlers/resources_rpc.py:237}}
Jun 28 06:42:14.768922 dv-neutron-797120-6-hyperv neutron-server[100886]: DEBUG oslo_concurrency.lockutils [None req-83198276-1634-4028-9ed5-748545b55a9d admin admin] Lock "event-dispatch" released by "neutron.plugins.ml2.ovo_rpc._ObjectChangeHandler.dispatch_events" :: held 0.085s {{(pid=100886) inner /usr/local/lib/python3.8/dist-packages/oslo_concurrency/lockutils.py:367}}
Jun 28 06:42:14.802526 dv-neutron-797120-6-hyperv neutron-server[100887]: INFO neutron.wsgi [req-14db8684-3e8e-4ab4-aab9-4f33fb5423dd req-4ca244cb-fb61-42ac-a92e-f14963386a14 tempest-ServersTestManualDisk-1990139473 tempest-ServersTestManualDisk-1990139473-project] 10.222.0.24 "GET /v2.0/ports?device_id=1c49bbfc-431b-48f0-bc7d-b79d61d3105a HTTP/1.1" status: 200 len: 210 time: 0.0602651
Jun 28 06:42:14.806875 dv-neutron-797120-6-hyperv neutron-server[100887]: DEBUG neutron_lib.callbacks.manager [None req-9a6bbc3d-f7b2-4e2f-a9d4-921969363fc4 tempest-ExternalNetworksTestJSON-2054418710 tempest-ExternalNetworksTestJSON-2054418710-project-admin] Notify callbacks ['neutron.plugins.ml2.plugin.Ml2Plugin._handle_segment_change-705989'] for segment, precommit_create {{(pid=100887) _notify_loop /usr/local/lib/python3.8/dist-packages/neutron_lib/callbacks/manager.py:192}}
Jun 28 06:42:14.807224 dv-neutron-797120-6-hyperv neutron-server[100887]: INFO neutron.db.segments_db [None req-9a6bbc3d-f7b2-4e2f-a9d4-921969363fc4 tempest-ExternalNetworksTestJSON-2054418710 tempest-ExternalNetworksTestJSON-2054418710-project-admin] Added segment ae5e6bad-4bb3-457d-9025-5d66ef7672c5 of type vlan for network a57416b2-ae53-4955-bd33-9c68a13be5f6
Jun 28 06:42:14.815795 dv-neutron-797120-6-hyperv neutron-server[100887]: DEBUG neutron.plugins.ml2.plugin [None req-67013313-1f30-468d-aaf6-af7440fab50f tempest-PortsAdminExtendedAttrsTestJSON-86690252 tempest-PortsAdminExtendedAttrsTestJSON-86690252-project-admin] Deleting port 4ba9f5a9-e137-4484-a963-d057f5ba88e9 {{(pid=100887) _pre_delete_port /opt/stack/neutron/neutron/plugins/ml2/plugin.py:1919}}
Jun 28 06:42:14.816048 dv-neutron-797120-6-hyperv neutron-server[100887]: DEBUG neutron_lib.callbacks.manager [None req-67013313-1f30-468d-aaf6-af7440fab50f tempest-PortsAdminExtendedAttrsTestJSON-86690252 tempest-PortsAdminExtendedAttrsTestJSON-86690252-project-admin] Notify callbacks ['neutron.db.l3_db.L3_NAT_dbonly_mixin._prevent_l3_port_delete_callback-8751027626774'] for port, before_delete {{(pid=100887) _notify_loop /usr/local/lib/python3.8/dist-packages/neutron_lib/callbacks/manager.py:192}}
Jun 28 06:42:14.820145 dv-neutron-797120-6-hyperv neutron-server[100886]: DEBUG neutron_lib.callbacks.manager [None req-fd464a72-e3e2-4826-962f-b4d630d32b04 admin admin] Notify callbacks [] for security_group, before_delete {{(pid=100886) _notify_loop /usr/local/lib/python3.8/dist-packages/neutron_lib/callbacks/manager.py:192}}
Jun 28 06:42:14.843292 dv-neutron-797120-6-hyperv neutron-server[100886]: DEBUG neutron_lib.callbacks.manager [None req-fd464a72-e3e2-4826-962f-b4d630d32b04 admin admin] Notify callbacks [] for security_group, precommit_delete {{(pid=100886) _notify_loop /usr/local/lib/python3.8/dist-packages/neutron_lib/callbacks/manager.py:192}}
Jun 28 06:42:14.893634 dv-neutron-797120-6-hyperv neutron-server[100886]: DEBUG neutron_lib.callbacks.manager [None req-a452cfbe-f91c-4222-8126-ed212caffef1 tempest-PortsIpV6TestJSON-1238385930 tempest-PortsIpV6TestJSON-1238385930-project] Notify callbacks ['neutron.plugins.ml2.plugin.SecurityGroupServerNotifierRpcMixin._notify_sg_on_port_after_update-768139', 'neutron.plugins.ml2.ovo_rpc._ObjectChangeHandler.handle_payload_event-385487', 'neutron.api.rpc.agentnotifiers.dhcp_rpc_agent_api.DhcpAgentNotifyAPI._native_event_send_dhcp_notification_payload-3671550', 'neutron.db.l3_dvrscheduler_db._notify_l3_agent_new_port-8751027254218', 'neutron.services.segments.plugin.NovaSegmentNotifier._notify_port_created-9273426'] for port, after_create {{(pid=100886) _notify_loop /usr/local/lib/python3.8/dist-packages/neutron_lib/callbacks/manager.py:192}}
Jun 28 06:42:14.899023 dv-neutron-797120-6-hyperv neutron-server[100886]: DEBUG oslo_concurrency.lockutils [None req-ba2608b3-e6a0-41ef-82ef-a9182cdc4dd2 tempest-PortsAdminExtendedAttrsTestJSON-86690252 tempest-PortsAdminExtendedAttrsTestJSON-86690252-project-admin] Lock "event-dispatch" acquired by "neutron.plugins.ml2.ovo_rpc._ObjectChangeHandler.dispatch_events" :: waited 0.000s {{(pid=100886) inner /usr/local/lib/python3.8/dist-packages/oslo_concurrency/lockutils.py:355}}
Jun 28 06:42:14.963884 dv-neutron-797120-6-hyperv neutron-server[100887]: DEBUG neutron.db.db_base_plugin_common [None req-683f87e7-762c-46ba-bbcb-9a9425707b61 tempest-RoutersAdminTest-1769194081 tempest-RoutersAdminTest-1769194081-project-admin] Allocated IP 172.20.0.8 (2a016616-64ee-4869-8fb2-68549cac34e6/00d61b5e-923d-41ac-bd89-d8d26a75afcc/64fad2c1-b291-4a38-950c-aa843285785c) {{(pid=100887) _store_ip_allocation /opt/stack/neutron/neutron/db/db_base_plugin_common.py:131}}
Jun 28 06:42:14.967425 dv-neutron-797120-6-hyperv neutron-server[100887]: DEBUG neutron_lib.callbacks.manager [None req-9a6bbc3d-f7b2-4e2f-a9d4-921969363fc4 tempest-ExternalNetworksTestJSON-2054418710 tempest-ExternalNetworksTestJSON-2054418710-project-admin] Notify callbacks ['neutron.services.auto_allocate.db._ensure_external_network_default_value_callback-8751027223619'] for network, precommit_create {{(pid=100887) _notify_loop /usr/local/lib/python3.8/dist-packages/neutron_lib/callbacks/manager.py:192}}
Jun 28 06:42:14.970981 dv-neutron-797120-6-hyperv neutron-server[100887]: DEBUG neutron_lib.callbacks.manager [None req-ac5bb90d-06f0-4588-9f45-cbd7f68c2c1c admin admin] Notify callbacks [] for security_group, before_delete {{(pid=100887) _notify_loop /usr/local/lib/python3.8/dist-packages/neutron_lib/callbacks/manager.py:192}}
Jun 28 06:42:14.979754 dv-neutron-797120-6-hyperv neutron-server[100887]: DEBUG neutron.plugins.ml2.db [None req-67013313-1f30-468d-aaf6-af7440fab50f tempest-PortsAdminExtendedAttrsTestJSON-86690252 tempest-PortsAdminExtendedAttrsTestJSON-86690252-project-admin] For port 4ba9f5a9-e137-4484-a963-d057f5ba88e9, host hv-neutron-7971, got binding levels [] {{(pid=100887) get_binding_level_objs /opt/stack/neutron/neutron/plugins/ml2/db.py:74}}
Jun 28 06:42:14.980109 dv-neutron-797120-6-hyperv neutron-server[100887]: DEBUG neutron_lib.callbacks.manager [None req-67013313-1f30-468d-aaf6-af7440fab50f tempest-PortsAdminExtendedAttrsTestJSON-86690252 tempest-PortsAdminExtendedAttrsTestJSON-86690252-project-admin] Notify callbacks ['neutron.services.l3_router.l3_router_plugin.L3_NAT_dbonly_mixin._precommit_delete_port_callback-3830991'] for port, precommit_delete {{(pid=100887) _notify_loop /usr/local/lib/python3.8/dist-packages/neutron_lib/callbacks/manager.py:192}}
Jun 28 06:42:15.005222 dv-neutron-797120-6-hyperv neutron-server[100886]: DEBUG neutron_lib.callbacks.manager [None req-fd464a72-e3e2-4826-962f-b4d630d32b04 admin admin] Notify callbacks ['neutron.plugins.ml2.ovo_rpc._ObjectChangeHandler.handle_event-3745010'] for security_group, after_delete {{(pid=100886) _notify_loop /usr/local/lib/python3.8/dist-packages/neutron_lib/callbacks/manager.py:192}}
Jun 28 06:42:15.010967 dv-neutron-797120-6-hyperv neutron-server[100886]: DEBUG neutron_lib.callbacks.manager [None req-fd464a72-e3e2-4826-962f-b4d630d32b04 admin admin] Notify callbacks [] for security_group, before_response {{(pid=100886) _notify_loop /usr/local/lib/python3.8/dist-packages/neutron_lib/callbacks/manager.py:192}}
Jun 28 06:42:15.015343 dv-neutron-797120-6-hyperv neutron-server[100886]: INFO neutron.wsgi [None req-fd464a72-e3e2-4826-962f-b4d630d32b04 admin admin] 10.222.0.24 "DELETE /v2.0/security-groups/39c19bb0-aca6-4d92-85f6-29296c860699 HTTP/1.1" status: 204 len: 168 time: 0.2767577
Jun 28 06:42:15.016699 dv-neutron-797120-6-hyperv neutron-server[100887]: DEBUG neutron.plugins.ml2.plugin [None req-67013313-1f30-468d-aaf6-af7440fab50f tempest-PortsAdminExtendedAttrsTestJSON-86690252 tempest-PortsAdminExtendedAttrsTestJSON-86690252-project-admin] Calling delete_port for 4ba9f5a9-e137-4484-a963-d057f5ba88e9 owned by {{(pid=100887) delete_port /opt/stack/neutron/neutron/plugins/ml2/plugin.py:1992}}
Jun 28 06:42:15.025626 dv-neutron-797120-6-hyperv neutron-server[100886]: DEBUG neutron.api.rpc.handlers.resources_rpc [None req-a452cfbe-f91c-4222-8126-ed212caffef1 tempest-PortsIpV6TestJSON-1238385930 tempest-PortsIpV6TestJSON-1238385930-project] Pushing event updated for resources: {'Port': ['ID=d238aa95-fc62-4112-900e-855d1223ae04,revision_number=1']} {{(pid=100886) push /opt/stack/neutron/neutron/api/rpc/handlers/resources_rpc.py:237}}
Jun 28 06:42:15.030329 dv-neutron-797120-6-hyperv neutron-server[100886]: DEBUG oslo_concurrency.lockutils [None req-a452cfbe-f91c-4222-8126-ed212caffef1 tempest-PortsIpV6TestJSON-1238385930 tempest-PortsIpV6TestJSON-1238385930-project] Lock "event-dispatch" released by "neutron.plugins.ml2.ovo_rpc._ObjectChangeHandler.dispatch_events" :: held 0.131s {{(pid=100886) inner /usr/local/lib/python3.8/dist-packages/oslo_concurrency/lockutils.py:367}}
Jun 28 06:42:15.030656 dv-neutron-797120-6-hyperv neutron-server[100886]: DEBUG oslo_concurrency.lockutils [-] Lock "event-dispatch" acquired by "neutron.plugins.ml2.ovo_rpc._ObjectChangeHandler.dispatch_events" :: waited 0.005s {{(pid=100886) inner /usr/local/lib/python3.8/dist-packages/oslo_concurrency/lockutils.py:355}}
Jun 28 06:42:15.039935 dv-neutron-797120-6-hyperv neutron-server[100886]: DEBUG neutron.api.rpc.handlers.resources_rpc [None req-fd464a72-e3e2-4826-962f-b4d630d32b04 admin admin] Pushing event deleted for resources: {'SecurityGroup': ['ID=39c19bb0-aca6-4d92-85f6-29296c860699,revision_number=None']} {{(pid=100886) push /opt/stack/neutron/neutron/api/rpc/handlers/resources_rpc.py:237}}
Jun 28 06:42:15.044064 dv-neutron-797120-6-hyperv neutron-server[100886]: DEBUG oslo_concurrency.lockutils [None req-fd464a72-e3e2-4826-962f-b4d630d32b04 admin admin] Lock "event-dispatch" released by "neutron.plugins.ml2.ovo_rpc._ObjectChangeHandler.dispatch_events" :: held 0.013s {{(pid=100886) inner /usr/local/lib/python3.8/dist-packages/oslo_concurrency/lockutils.py:367}}
Jun 28 06:42:15.050195 dv-neutron-797120-6-hyperv neutron-server[100887]: DEBUG neutron_lib.callbacks.manager [None req-ac5bb90d-06f0-4588-9f45-cbd7f68c2c1c admin admin] Notify callbacks [] for security_group, precommit_delete {{(pid=100887) _notify_loop /usr/local/lib/python3.8/dist-packages/neutron_lib/callbacks/manager.py:192}}
Jun 28 06:42:15.050609 dv-neutron-797120-6-hyperv neutron-server[100886]: DEBUG neutron.plugins.ml2.drivers.mech_agent [None req-a452cfbe-f91c-4222-8126-ed212caffef1 tempest-PortsIpV6TestJSON-1238385930 tempest-PortsIpV6TestJSON-1238385930-project] Checking segment: {'id': '715a355f-1bbd-4cd4-bcec-b56765fb0fbd', 'network_type': 'vlan', 'physical_network': 'physnet1', 'segmentation_id': 344, 'network_id': '533d1581-e96a-498e-a9bf-8ddf55a666ce'} for mappings: {'physnet1': 'br-data'} with network types: ['local', 'flat', 'vlan'] {{(pid=100886) check_segment_for_agent /opt/stack/neutron/neutron/plugins/ml2/drivers/mech_agent.py:341}}
Jun 28 06:42:15.051179 dv-neutron-797120-6-hyperv neutron-server[100886]: DEBUG neutron.scheduler.dhcp_agent_scheduler [None req-a452cfbe-f91c-4222-8126-ed212caffef1 tempest-PortsIpV6TestJSON-1238385930 tempest-PortsIpV6TestJSON-1238385930-project] Network hostable DHCP agents. Network: 533d1581-e96a-498e-a9bf-8ddf55a666ce, hostable agents: ['f85e0461-28de-4a64-a363-cd2c2bead222'], hosted agents: [] {{(pid=100886) _get_network_hostable_dhcp_agents /opt/stack/neutron/neutron/scheduler/dhcp_agent_scheduler.py:329}}
Jun 28 06:42:15.206295 dv-neutron-797120-6-hyperv neutron-server[100886]: DEBUG neutron.scheduler.dhcp_agent_scheduler [None req-a452cfbe-f91c-4222-8126-ed212caffef1 tempest-PortsIpV6TestJSON-1238385930 tempest-PortsIpV6TestJSON-1238385930-project] Network 533d1581-e96a-498e-a9bf-8ddf55a666ce is scheduled to be hosted by DHCP agent f85e0461-28de-4a64-a363-cd2c2bead222 with binding_index 1 {{(pid=100886) bind /opt/stack/neutron/neutron/scheduler/dhcp_agent_scheduler.py:227}}
Jun 28 06:42:15.292293 dv-neutron-797120-6-hyperv neutron-server[100887]: DEBUG neutron_lib.callbacks.manager [None req-9a6bbc3d-f7b2-4e2f-a9d4-921969363fc4 tempest-ExternalNetworksTestJSON-2054418710 tempest-ExternalNetworksTestJSON-2054418710-project-admin] Notify callbacks ['neutron.plugins.ml2.ovo_rpc._ObjectChangeHandler.handle_payload_event-3744771', 'neutron.api.rpc.agentnotifiers.dhcp_rpc_agent_api.DhcpAgentNotifyAPI._native_event_send_dhcp_notification_payload-3671550'] for network, after_create {{(pid=100887) _notify_loop /usr/local/lib/python3.8/dist-packages/neutron_lib/callbacks/manager.py:192}}
Jun 28 06:42:15.295566 dv-neutron-797120-6-hyperv neutron-server[100887]: DEBUG neutron.pecan_wsgi.hooks.policy_enforcement [None req-9a6bbc3d-f7b2-4e2f-a9d4-921969363fc4 tempest-ExternalNetworksTestJSON-2054418710 tempest-ExternalNetworksTestJSON-2054418710-project-admin] Attributes excluded by policy engine: ['standard_attr_id', 'vlan_transparent'] {{(pid=100887) _exclude_attributes_by_policy /opt/stack/neutron/neutron/pecan_wsgi/hooks/policy_enforcement.py:255}}
Jun 28 06:42:15.298515 dv-neutron-797120-6-hyperv neutron-server[100887]: DEBUG neutron_lib.callbacks.manager [None req-9a6bbc3d-f7b2-4e2f-a9d4-921969363fc4 tempest-ExternalNetworksTestJSON-2054418710 tempest-ExternalNetworksTestJSON-2054418710-project-admin] Notify callbacks ['neutron.api.rpc.agentnotifiers.dhcp_rpc_agent_api.DhcpAgentNotifyAPI._send_dhcp_notification-3671525'] for network, before_response {{(pid=100887) _notify_loop /usr/local/lib/python3.8/dist-packages/neutron_lib/callbacks/manager.py:192}}
Jun 28 06:42:15.298515 dv-neutron-797120-6-hyperv neutron-server[100887]: DEBUG oslo_concurrency.lockutils [None req-e7f54447-e89d-4020-9789-22c177ee63c2 tempest-ExternalNetworksTestJSON-2054418710 tempest-ExternalNetworksTestJSON-2054418710-project-admin] Lock "event-dispatch" acquired by "neutron.plugins.ml2.ovo_rpc._ObjectChangeHandler.dispatch_events" :: waited 0.000s {{(pid=100887) inner /usr/local/lib/python3.8/dist-packages/oslo_concurrency/lockutils.py:355}}
Jun 28 06:42:15.316825 dv-neutron-797120-6-hyperv neutron-server[100886]: DEBUG neutron.scheduler.base_scheduler [None req-a452cfbe-f91c-4222-8126-ed212caffef1 tempest-PortsIpV6TestJSON-1238385930 tempest-PortsIpV6TestJSON-1238385930-project] Resources bound (agent type, host, resource id): (DHCP agent, dv-neutron-797120-6-hyperv, 533d1581-e96a-498e-a9bf-8ddf55a666ce) {{(pid=100886) schedule /opt/stack/neutron/neutron/scheduler/base_scheduler.py:57}}
Jun 28 06:42:15.322403 dv-neutron-797120-6-hyperv neutron-server[100886]: DEBUG neutron.db.l3_dvrscheduler_db [None req-a452cfbe-f91c-4222-8126-ed212caffef1 tempest-PortsIpV6TestJSON-1238385930 tempest-PortsIpV6TestJSON-1238385930-project] Received port after_create {{(pid=100886) _notify_l3_agent_new_port /opt/stack/neutron/neutron/db/l3_dvrscheduler_db.py:535}}
Jun 28 06:42:15.330475 dv-neutron-797120-6-hyperv neutron-server[100888]: DEBUG neutron.api.rpc.handlers.dhcp_rpc [None req-b337836f-a16b-4392-8c00-53161d38642f None None] Network 533d1581-e96a-498e-a9bf-8ddf55a666ce requested from dv-neutron-797120-6-hyperv {{(pid=100888) get_network_info /opt/stack/neutron/neutron/api/rpc/handlers/dhcp_rpc.py:218}}
Jun 28 06:42:15.330893 dv-neutron-797120-6-hyperv neutron-server[100887]: DEBUG neutron_lib.callbacks.manager [None req-67013313-1f30-468d-aaf6-af7440fab50f tempest-PortsAdminExtendedAttrsTestJSON-86690252 tempest-PortsAdminExtendedAttrsTestJSON-86690252-project-admin] Notify callbacks ['neutron.plugins.ml2.plugin.SecurityGroupServerNotifierRpcMixin.notify_sg_on_port_change-768132', 'neutron.plugins.ml2.ovo_rpc._ObjectChangeHandler.handle_event-385472', 'neutron.api.rpc.agentnotifiers.dhcp_rpc_agent_api.DhcpAgentNotifyAPI._native_event_send_dhcp_notification-3671543', 'neutron.db.l3_db.L3RpcNotifierMixin._notify_routers_callback-8751027630282', 'neutron.db.l3_dvrscheduler_db._notify_port_delete-8751027254227', 'neutron.services.segments.plugin.NovaSegmentNotifier._notify_port_created_or_deleted-9625799'] for port, after_delete {{(pid=100887) _notify_loop /usr/local/lib/python3.8/dist-packages/neutron_lib/callbacks/manager.py:192}}
Jun 28 06:42:15.335872 dv-neutron-797120-6-hyperv neutron-server[100887]: DEBUG neutron_lib.callbacks.manager [None req-ac5bb90d-06f0-4588-9f45-cbd7f68c2c1c admin admin] Notify callbacks ['neutron.plugins.ml2.ovo_rpc._ObjectChangeHandler.handle_event-3745010'] for security_group, after_delete {{(pid=100887) _notify_loop /usr/local/lib/python3.8/dist-packages/neutron_lib/callbacks/manager.py:192}}
Jun 28 06:42:15.341949 dv-neutron-797120-6-hyperv neutron-server[100887]: DEBUG neutron_lib.callbacks.manager [None req-683f87e7-762c-46ba-bbcb-9a9425707b61 tempest-RoutersAdminTest-1769194081 tempest-RoutersAdminTest-1769194081-project-admin] Notify callbacks [] for port, precommit_create {{(pid=100887) _notify_loop /usr/local/lib/python3.8/dist-packages/neutron_lib/callbacks/manager.py:192}}
Jun 28 06:42:15.344746 dv-neutron-797120-6-hyperv neutron-server[100887]: DEBUG neutron.wsgi [-] (100887) accepted ('10.222.0.50', 51901) {{(pid=100887) server /usr/local/lib/python3.8/dist-packages/eventlet/wsgi.py:982}}
Jun 28 06:42:15.345503 dv-neutron-797120-6-hyperv neutron-server[100886]: DEBUG neutron.pecan_wsgi.hooks.policy_enforcement [None req-a452cfbe-f91c-4222-8126-ed212caffef1 tempest-PortsIpV6TestJSON-1238385930 tempest-PortsIpV6TestJSON-1238385930-project] Attributes excluded by policy engine: ['standard_attr_id', 'binding:profile', 'binding:host_id', 'binding:vif_type', 'binding:vif_details', 'network'] {{(pid=100886) _exclude_attributes_by_policy /opt/stack/neutron/neutron/pecan_wsgi/hooks/policy_enforcement.py:255}}
Jun 28 06:42:15.345503 dv-neutron-797120-6-hyperv neutron-server[100886]: DEBUG neutron_lib.callbacks.manager [None req-a452cfbe-f91c-4222-8126-ed212caffef1 tempest-PortsIpV6TestJSON-1238385930 tempest-PortsIpV6TestJSON-1238385930-project] Notify callbacks ['neutron.notifiers.nova.Notifier._send_nova_notification-255680'] for port, before_response {{(pid=100886) _notify_loop /usr/local/lib/python3.8/dist-packages/neutron_lib/callbacks/manager.py:192}}
Jun 28 06:42:15.372562 dv-neutron-797120-6-hyperv neutron-server[100887]: DEBUG neutron_lib.callbacks.manager [None req-ac5bb90d-06f0-4588-9f45-cbd7f68c2c1c admin admin] Notify callbacks [] for security_group, before_response {{(pid=100887) _notify_loop /usr/local/lib/python3.8/dist-packages/neutron_lib/callbacks/manager.py:192}}
Jun 28 06:42:15.376107 dv-neutron-797120-6-hyperv neutron-server[100887]: INFO neutron.wsgi [None req-ac5bb90d-06f0-4588-9f45-cbd7f68c2c1c admin admin] 10.222.0.24 "DELETE /v2.0/security-groups/fc7f2abd-092b-4f21-a536-943aa4307c22 HTTP/1.1" status: 204 len: 168 time: 0.6515019
Jun 28 06:42:15.423007 dv-neutron-797120-6-hyperv neutron-server[100887]: DEBUG neutron.api.rpc.handlers.resources_rpc [None req-9a6bbc3d-f7b2-4e2f-a9d4-921969363fc4 tempest-ExternalNetworksTestJSON-2054418710 tempest-ExternalNetworksTestJSON-2054418710-project-admin] Pushing event updated for resources: {'Network': ['ID=a57416b2-ae53-4955-bd33-9c68a13be5f6,revision_number=1']} {{(pid=100887) push /opt/stack/neutron/neutron/api/rpc/handlers/resources_rpc.py:237}}
Jun 28 06:42:15.429868 dv-neutron-797120-6-hyperv neutron-server[100887]: DEBUG oslo_concurrency.lockutils [None req-9a6bbc3d-f7b2-4e2f-a9d4-921969363fc4 tempest-ExternalNetworksTestJSON-2054418710 tempest-ExternalNetworksTestJSON-2054418710-project-admin] Lock "event-dispatch" released by "neutron.plugins.ml2.ovo_rpc._ObjectChangeHandler.dispatch_events" :: held 0.131s {{(pid=100887) inner /usr/local/lib/python3.8/dist-packages/oslo_concurrency/lockutils.py:367}}
Jun 28 06:42:15.430862 dv-neutron-797120-6-hyperv neutron-server[100887]: DEBUG neutron_lib.callbacks.manager [None req-67013313-1f30-468d-aaf6-af7440fab50f tempest-PortsAdminExtendedAttrsTestJSON-86690252 tempest-PortsAdminExtendedAttrsTestJSON-86690252-project-admin] Notify callbacks ['neutron.notifiers.nova.Notifier._send_nova_notification-255680'] for port, before_response {{(pid=100887) _notify_loop /usr/local/lib/python3.8/dist-packages/neutron_lib/callbacks/manager.py:192}}
Jun 28 06:42:15.436066 dv-neutron-797120-6-hyperv neutron-server[100887]: INFO neutron.wsgi [None req-67013313-1f30-468d-aaf6-af7440fab50f tempest-PortsAdminExtendedAttrsTestJSON-86690252 tempest-PortsAdminExtendedAttrsTestJSON-86690252-project-admin] 10.222.0.24 "DELETE /v2.0/ports/4ba9f5a9-e137-4484-a963-d057f5ba88e9 HTTP/1.1" status: 204 len: 168 time: 0.9885311
Jun 28 06:42:15.436358 dv-neutron-797120-6-hyperv neutron-server[100886]: DEBUG neutron.wsgi [-] (100886) accepted ('10.222.0.24', 49572) {{(pid=100886) server /usr/local/lib/python3.8/dist-packages/eventlet/wsgi.py:982}}
Jun 28 06:42:15.439782 dv-neutron-797120-6-hyperv neutron-server[100887]: DEBUG oslo_concurrency.lockutils [None req-d477c083-7b1e-40a2-a364-1fc515a57624 tempest-ExternalNetworksAdminNegativeTestJSON-1141470131 tempest-ExternalNetworksAdminNegativeTestJSON-1141470131-project-admin] Lock "event-dispatch" acquired by "neutron.plugins.ml2.ovo_rpc._ObjectChangeHandler.dispatch_events" :: waited 0.095s {{(pid=100887) inner /usr/local/lib/python3.8/dist-packages/oslo_concurrency/lockutils.py:355}}
Jun 28 06:42:15.444420 dv-neutron-797120-6-hyperv neutron-server[100887]: INFO neutron.wsgi [None req-9a6bbc3d-f7b2-4e2f-a9d4-921969363fc4 tempest-ExternalNetworksTestJSON-2054418710 tempest-ExternalNetworksTestJSON-2054418710-project-admin] 10.222.0.24 "POST /v2.0/networks HTTP/1.1" status: 201 len: 863 time: 1.2273660
Jun 28 06:42:15.452389 dv-neutron-797120-6-hyperv neutron-server[100886]: DEBUG neutron.wsgi [-] (100886) accepted ('10.222.0.24', 49574) {{(pid=100886) server /usr/local/lib/python3.8/dist-packages/eventlet/wsgi.py:982}}
Jun 28 06:42:15.461465 dv-neutron-797120-6-hyperv neutron-server[100888]: DEBUG neutron.plugins.ml2.rpc [None req-f7e87ff8-a5d5-403d-8ea2-395dfbc99973 None None] Network a57416b2-ae53-4955-bd33-9c68a13be5f6 details requested by agent ovs-agent-dv-neutron-797120-6-hyperv with host dv-neutron-797120-6-hyperv {{(pid=100888) get_network_details /opt/stack/neutron/neutron/plugins/ml2/rpc.py:248}}
Jun 28 06:42:15.490481 dv-neutron-797120-6-hyperv neutron-server[100887]: DEBUG neutron.api.rpc.handlers.resources_rpc [None req-67013313-1f30-468d-aaf6-af7440fab50f tempest-PortsAdminExtendedAttrsTestJSON-86690252 tempest-PortsAdminExtendedAttrsTestJSON-86690252-project-admin] Pushing event deleted for resources: {'Port': ['ID=4ba9f5a9-e137-4484-a963-d057f5ba88e9,revision_number=None']} {{(pid=100887) push /opt/stack/neutron/neutron/api/rpc/handlers/resources_rpc.py:237}}
Jun 28 06:42:15.495733 dv-neutron-797120-6-hyperv neutron-server[100887]: DEBUG oslo_concurrency.lockutils [None req-67013313-1f30-468d-aaf6-af7440fab50f tempest-PortsAdminExtendedAttrsTestJSON-86690252 tempest-PortsAdminExtendedAttrsTestJSON-86690252-project-admin] Lock "event-dispatch" released by "neutron.plugins.ml2.ovo_rpc._ObjectChangeHandler.dispatch_events" :: held 0.056s {{(pid=100887) inner /usr/local/lib/python3.8/dist-packages/oslo_concurrency/lockutils.py:367}}
Jun 28 06:42:15.498222 dv-neutron-797120-6-hyperv neutron-server[100887]: DEBUG oslo_concurrency.lockutils [None req-d85d7828-a9f7-4c9a-9dcf-2251ddc58469 admin admin] Lock "event-dispatch" acquired by "neutron.plugins.ml2.ovo_rpc._ObjectChangeHandler.dispatch_events" :: waited 0.108s {{(pid=100887) inner /usr/local/lib/python3.8/dist-packages/oslo_concurrency/lockutils.py:355}}
Jun 28 06:42:15.522071 dv-neutron-797120-6-hyperv neutron-server[100887]: DEBUG neutron.api.rpc.handlers.resources_rpc [None req-ac5bb90d-06f0-4588-9f45-cbd7f68c2c1c admin admin] Pushing event deleted for resources: {'SecurityGroup': ['ID=fc7f2abd-092b-4f21-a536-943aa4307c22,revision_number=None']} {{(pid=100887) push /opt/stack/neutron/neutron/api/rpc/handlers/resources_rpc.py:237}}
Jun 28 06:42:15.528625 dv-neutron-797120-6-hyperv neutron-server[100887]: DEBUG oslo_concurrency.lockutils [None req-ac5bb90d-06f0-4588-9f45-cbd7f68c2c1c admin admin] Lock "event-dispatch" released by "neutron.plugins.ml2.ovo_rpc._ObjectChangeHandler.dispatch_events" :: held 0.030s {{(pid=100887) inner /usr/local/lib/python3.8/dist-packages/oslo_concurrency/lockutils.py:367}}
Jun 28 06:42:15.541893 dv-neutron-797120-6-hyperv neutron-server[100886]: INFO neutron.wsgi [None req-a452cfbe-f91c-4222-8126-ed212caffef1 tempest-PortsIpV6TestJSON-1238385930 tempest-PortsIpV6TestJSON-1238385930-project] 10.222.0.24 "POST /v2.0/ports HTTP/1.1" status: 201 len: 850 time: 1.6743450
Jun 28 06:42:15.542096 dv-neutron-797120-6-hyperv neutron-server[100887]: DEBUG neutron.wsgi [-] (100887) accepted ('10.222.0.24', 49576) {{(pid=100887) server /usr/local/lib/python3.8/dist-packages/eventlet/wsgi.py:982}}
Jun 28 06:42:15.548619 dv-neutron-797120-6-hyperv neutron-server[100887]: DEBUG neutron.api.v2.base [None req-49df903d-3d3d-4058-9800-93d8c908d947 tempest-PortsIpV6TestJSON-1238385930 tempest-PortsIpV6TestJSON-1238385930-project] Request body: {'network': {'name': 'tempest-PortsIpV6TestJSON-400871775'}} {{(pid=100887) prepare_request_body /opt/stack/neutron/neutron/api/v2/base.py:729}}
Jun 28 06:42:15.552531 dv-neutron-797120-6-hyperv neutron-server[100886]: INFO neutron.pecan_wsgi.hooks.translation [None req-ec2633fb-92b7-493b-9ae2-67a54d1e13ae tempest-PortsAdminExtendedAttrsTestJSON-86690252 tempest-PortsAdminExtendedAttrsTestJSON-86690252-project-admin] GET failed (client error): The resource could not be found.
