Jun 21 17:00:24.339153 dv-neutron-797120-19-hyperv devstack@keystone.service[81038]: DEBUG keystone.server.flask.request_processing.req_logging [None req-6d40d19b-b32b-4b33-ba02-15771db03558 None admin] SCRIPT_NAME: `/identity` {{(pid=81038) log_request_info /opt/stack/keystone/keystone/server/flask/request_processing/req_logging.py:28}}
Jun 21 17:00:24.339342 dv-neutron-797120-19-hyperv devstack@keystone.service[81038]: DEBUG keystone.server.flask.request_processing.req_logging [None req-6d40d19b-b32b-4b33-ba02-15771db03558 None admin] PATH_INFO: `/v3/users/d977322ed3c449969dca8708545de673` {{(pid=81038) log_request_info /opt/stack/keystone/keystone/server/flask/request_processing/req_logging.py:29}}
Jun 21 17:00:24.340724 dv-neutron-797120-19-hyperv devstack@keystone.service[81039]: [pid: 81039|app: 0|req: 134/279] 10.222.0.13 () {56 vars in 1108 bytes} [Tue Jun 21 17:00:24 2022] GET /identity/v3/domains/default => generated 199 bytes in 150 msecs (HTTP/1.1 200) 5 headers in 177 bytes (1 switches on core 0)
Jun 21 17:00:24.341485 dv-neutron-797120-19-hyperv devstack@keystone.service[81039]: DEBUG keystone.server.flask.request_processing.middleware.auth_context [None req-e2730a09-a66a-428a-a9bd-3abffd79cba5 None admin] Authenticating user token {{(pid=81039) process_request /usr/local/lib/python3.8/dist-packages/keystonemiddleware/auth_token/__init__.py:407}}
Jun 21 17:00:24.355030 dv-neutron-797120-19-hyperv devstack@keystone.service[81038]: DEBUG keystone.common.rbac_enforcer.enforcer [None req-6d40d19b-b32b-4b33-ba02-15771db03558 None admin] RBAC: Authorizing `identity:get_user(user_id=d977322ed3c449969dca8708545de673)` {{(pid=81038) enforce_call /opt/stack/keystone/keystone/common/rbac_enforcer/enforcer.py:449}}
Jun 21 17:00:24.356573 dv-neutron-797120-19-hyperv devstack@keystone.service[81038]: DEBUG keystone.common.rbac_enforcer.enforcer [None req-6d40d19b-b32b-4b33-ba02-15771db03558 None admin] RBAC: Authorization granted {{(pid=81038) enforce_call /opt/stack/keystone/keystone/common/rbac_enforcer/enforcer.py:457}}
Jun 21 17:00:24.363911 dv-neutron-797120-19-hyperv devstack@keystone.service[81038]: [pid: 81038|app: 0|req: 146/280] 10.222.0.13 () {56 vars in 1177 bytes} [Tue Jun 21 17:00:24 2022] GET /identity/v3/users/d977322ed3c449969dca8708545de673 => generated 293 bytes in 161 msecs (HTTP/1.1 200) 5 headers in 177 bytes (1 switches on core 0)
Jun 21 17:00:24.363911 dv-neutron-797120-19-hyperv devstack@keystone.service[81038]: DEBUG keystone.server.flask.request_processing.req_logging [None req-fb5d5d4c-4e9d-4088-acdf-e9a0d68b44ee None None] REQUEST_METHOD: `GET` {{(pid=81038) log_request_info /opt/stack/keystone/keystone/server/flask/request_processing/req_logging.py:27}}
Jun 21 17:00:24.363911 dv-neutron-797120-19-hyperv devstack@keystone.service[81038]: DEBUG keystone.server.flask.request_processing.req_logging [None req-fb5d5d4c-4e9d-4088-acdf-e9a0d68b44ee None None] SCRIPT_NAME: `/identity` {{(pid=81038) log_request_info /opt/stack/keystone/keystone/server/flask/request_processing/req_logging.py:28}}
Jun 21 17:00:24.363911 dv-neutron-797120-19-hyperv devstack@keystone.service[81038]: DEBUG keystone.server.flask.request_processing.req_logging [None req-fb5d5d4c-4e9d-4088-acdf-e9a0d68b44ee None None] PATH_INFO: `/` {{(pid=81038) log_request_info /opt/stack/keystone/keystone/server/flask/request_processing/req_logging.py:29}}
Jun 21 17:00:24.363911 dv-neutron-797120-19-hyperv devstack@keystone.service[81038]: [pid: 81038|app: 0|req: 147/281] 10.222.0.13 () {54 vars in 926 bytes} [Tue Jun 21 17:00:24 2022] GET /identity => generated 270 bytes in 3 msecs (HTTP/1.1 300) 6 headers in 234 bytes (1 switches on core 0)
Jun 21 17:00:24.363911 dv-neutron-797120-19-hyperv devstack@keystone.service[81038]: DEBUG keystone.server.flask.request_processing.middleware.auth_context [None req-fb5d5d4c-4e9d-4088-acdf-e9a0d68b44ee None None] Authenticating user token {{(pid=81038) process_request /usr/local/lib/python3.8/dist-packages/keystonemiddleware/auth_token/__init__.py:407}}
Jun 21 17:00:24.439798 dv-neutron-797120-19-hyperv devstack@keystone.service[81039]: DEBUG dbcounter [-] [81039] Writing DB stats keystone:SELECT=100 {{(pid=81039) stat_writer /usr/local/lib/python3.8/dist-packages/dbcounter.py:114}}
Jun 21 17:00:24.446523 dv-neutron-797120-19-hyperv devstack@keystone.service[81038]: DEBUG dbcounter [-] [81038] Writing DB stats keystone:SELECT=100 {{(pid=81038) stat_writer /usr/local/lib/python3.8/dist-packages/dbcounter.py:114}}
Jun 21 17:00:24.453899 dv-neutron-797120-19-hyperv devstack@keystone.service[81039]: DEBUG keystone.server.flask.request_processing.middleware.auth_context [None req-e2730a09-a66a-428a-a9bd-3abffd79cba5 None admin] Validating token access rules against request {{(pid=81039) validate_allowed_request /usr/local/lib/python3.8/dist-packages/keystonemiddleware/auth_token/__init__.py:545}}
Jun 21 17:00:24.471904 dv-neutron-797120-19-hyperv devstack@keystone.service[81038]: DEBUG keystone.server.flask.request_processing.middleware.auth_context [None req-fb5d5d4c-4e9d-4088-acdf-e9a0d68b44ee None None] Validating token access rules against request {{(pid=81038) validate_allowed_request /usr/local/lib/python3.8/dist-packages/keystonemiddleware/auth_token/__init__.py:545}}
Jun 21 17:00:24.488063 dv-neutron-797120-19-hyperv devstack@keystone.service[81039]: DEBUG keystone.server.flask.request_processing.middleware.auth_context [None req-1a103713-afd7-45a0-a18b-87d219d54bfa None admin] RBAC: auth_context: {'token': , 'domain_id': None, 'trust_id': None, 'trustor_id': None, 'trustee_id': None, 'domain_name': None, 'group_ids': [], 'user_id': 'a48287473e6049c993f6927f8a9e68b3', 'user_domain_id': 'default', 'system_scope': 'all', 'project_id': None, 'project_domain_id': None, 'roles': ['admin', 'member', 'reader'], 'is_admin_project': True, 'service_user_id': None, 'service_user_domain_id': None, 'service_project_id': None, 'service_project_domain_id': None, 'service_roles': []} {{(pid=81039) fill_context /opt/stack/keystone/keystone/server/flask/request_processing/middleware/auth_context.py:478}}
Jun 21 17:00:24.488764 dv-neutron-797120-19-hyperv devstack@keystone.service[81039]: DEBUG keystone.server.flask.request_processing.req_logging [None req-1a103713-afd7-45a0-a18b-87d219d54bfa None admin] REQUEST_METHOD: `GET` {{(pid=81039) log_request_info /opt/stack/keystone/keystone/server/flask/request_processing/req_logging.py:27}}
Jun 21 17:00:24.489054 dv-neutron-797120-19-hyperv devstack@keystone.service[81039]: DEBUG keystone.server.flask.request_processing.req_logging [None req-1a103713-afd7-45a0-a18b-87d219d54bfa None admin] SCRIPT_NAME: `/identity` {{(pid=81039) log_request_info /opt/stack/keystone/keystone/server/flask/request_processing/req_logging.py:28}}
Jun 21 17:00:24.489341 dv-neutron-797120-19-hyperv devstack@keystone.service[81039]: DEBUG keystone.server.flask.request_processing.req_logging [None req-1a103713-afd7-45a0-a18b-87d219d54bfa None admin] PATH_INFO: `/v3/roles` {{(pid=81039) log_request_info /opt/stack/keystone/keystone/server/flask/request_processing/req_logging.py:29}}
Jun 21 17:00:24.490103 dv-neutron-797120-19-hyperv devstack@keystone.service[81039]: DEBUG keystone.common.rbac_enforcer.enforcer [None req-1a103713-afd7-45a0-a18b-87d219d54bfa None admin] RBAC: Adding query filter params (name=reader) {{(pid=81039) _extract_filter_values /opt/stack/keystone/keystone/common/rbac_enforcer/enforcer.py:167}}
Jun 21 17:00:24.490415 dv-neutron-797120-19-hyperv devstack@keystone.service[81039]: DEBUG keystone.common.rbac_enforcer.enforcer [None req-1a103713-afd7-45a0-a18b-87d219d54bfa None admin] RBAC: Authorizing `identity:list_roles()` {{(pid=81039) enforce_call /opt/stack/keystone/keystone/common/rbac_enforcer/enforcer.py:449}}
Jun 21 17:00:24.491814 dv-neutron-797120-19-hyperv devstack@keystone.service[81039]: DEBUG keystone.common.rbac_enforcer.enforcer [None req-1a103713-afd7-45a0-a18b-87d219d54bfa None admin] RBAC: Authorization granted {{(pid=81039) enforce_call /opt/stack/keystone/keystone/common/rbac_enforcer/enforcer.py:457}}
Jun 21 17:00:24.500679 dv-neutron-797120-19-hyperv devstack@keystone.service[81039]: [pid: 81039|app: 0|req: 135/282] 10.222.0.13 () {56 vars in 1101 bytes} [Tue Jun 21 17:00:24 2022] GET /identity/v3/roles?name=reader => generated 341 bytes in 159 msecs (HTTP/1.1 200) 5 headers in 177 bytes (1 switches on core 0)
Jun 21 17:00:24.501491 dv-neutron-797120-19-hyperv devstack@keystone.service[81039]: DEBUG keystone.server.flask.request_processing.middleware.auth_context [None req-1a103713-afd7-45a0-a18b-87d219d54bfa None admin] Authenticating user token {{(pid=81039) process_request /usr/local/lib/python3.8/dist-packages/keystonemiddleware/auth_token/__init__.py:407}}
Jun 21 17:00:24.508735 dv-neutron-797120-19-hyperv devstack@keystone.service[81038]: DEBUG keystone.server.flask.request_processing.middleware.auth_context [None req-91a71c93-0845-4db8-ac4f-9669832787f8 None admin] RBAC: auth_context: {'token': , 'domain_id': None, 'trust_id': None, 'trustor_id': None, 'trustee_id': None, 'domain_name': None, 'group_ids': [], 'user_id': 'a48287473e6049c993f6927f8a9e68b3', 'user_domain_id': 'default', 'system_scope': 'all', 'project_id': None, 'project_domain_id': None, 'roles': ['admin', 'member', 'reader'], 'is_admin_project': True, 'service_user_id': None, 'service_user_domain_id': None, 'service_project_id': None, 'service_project_domain_id': None, 'service_roles': []} {{(pid=81038) fill_context /opt/stack/keystone/keystone/server/flask/request_processing/middleware/auth_context.py:478}}
Jun 21 17:00:24.509409 dv-neutron-797120-19-hyperv devstack@keystone.service[81038]: DEBUG keystone.server.flask.request_processing.req_logging [None req-91a71c93-0845-4db8-ac4f-9669832787f8 None admin] REQUEST_METHOD: `POST` {{(pid=81038) log_request_info /opt/stack/keystone/keystone/server/flask/request_processing/req_logging.py:27}}
Jun 21 17:00:24.509686 dv-neutron-797120-19-hyperv devstack@keystone.service[81038]: DEBUG keystone.server.flask.request_processing.req_logging [None req-91a71c93-0845-4db8-ac4f-9669832787f8 None admin] SCRIPT_NAME: `/identity` {{(pid=81038) log_request_info /opt/stack/keystone/keystone/server/flask/request_processing/req_logging.py:28}}
Jun 21 17:00:24.509958 dv-neutron-797120-19-hyperv devstack@keystone.service[81038]: DEBUG keystone.server.flask.request_processing.req_logging [None req-91a71c93-0845-4db8-ac4f-9669832787f8 None admin] PATH_INFO: `/v3/users` {{(pid=81038) log_request_info /opt/stack/keystone/keystone/server/flask/request_processing/req_logging.py:29}}
Jun 21 17:00:24.510671 dv-neutron-797120-19-hyperv devstack@keystone.service[81038]: DEBUG keystone.common.rbac_enforcer.enforcer [None req-91a71c93-0845-4db8-ac4f-9669832787f8 None admin] RBAC: Authorizing `identity:create_user()` {{(pid=81038) enforce_call /opt/stack/keystone/keystone/common/rbac_enforcer/enforcer.py:449}}
Jun 21 17:00:24.512099 dv-neutron-797120-19-hyperv devstack@keystone.service[81038]: DEBUG keystone.common.rbac_enforcer.enforcer [None req-91a71c93-0845-4db8-ac4f-9669832787f8 None admin] RBAC: Authorization granted {{(pid=81038) enforce_call /opt/stack/keystone/keystone/common/rbac_enforcer/enforcer.py:457}}
Jun 21 17:00:24.601871 dv-neutron-797120-19-hyperv devstack@keystone.service[81039]: DEBUG keystone.server.flask.request_processing.middleware.auth_context [None req-1a103713-afd7-45a0-a18b-87d219d54bfa None admin] Validating token access rules against request {{(pid=81039) validate_allowed_request /usr/local/lib/python3.8/dist-packages/keystonemiddleware/auth_token/__init__.py:545}}
Jun 21 17:00:24.635840 dv-neutron-797120-19-hyperv devstack@keystone.service[81039]: DEBUG keystone.server.flask.request_processing.middleware.auth_context [None req-0a3d12cc-6483-4c20-a2d1-bb05e4dc81fb None admin] RBAC: auth_context: {'token': , 'domain_id': None, 'trust_id': None, 'trustor_id': None, 'trustee_id': None, 'domain_name': None, 'group_ids': [], 'user_id': 'a48287473e6049c993f6927f8a9e68b3', 'user_domain_id': 'default', 'system_scope': 'all', 'project_id': None, 'project_domain_id': None, 'roles': ['admin', 'member', 'reader'], 'is_admin_project': True, 'service_user_id': None, 'service_user_domain_id': None, 'service_project_id': None, 'service_project_domain_id': None, 'service_roles': []} {{(pid=81039) fill_context /opt/stack/keystone/keystone/server/flask/request_processing/middleware/auth_context.py:478}}
Jun 21 17:00:24.638162 dv-neutron-797120-19-hyperv devstack@keystone.service[81039]: DEBUG keystone.server.flask.request_processing.req_logging [None req-0a3d12cc-6483-4c20-a2d1-bb05e4dc81fb None admin] REQUEST_METHOD: `GET` {{(pid=81039) log_request_info /opt/stack/keystone/keystone/server/flask/request_processing/req_logging.py:27}}
Jun 21 17:00:24.638162 dv-neutron-797120-19-hyperv devstack@keystone.service[81039]: DEBUG keystone.server.flask.request_processing.req_logging [None req-0a3d12cc-6483-4c20-a2d1-bb05e4dc81fb None admin] SCRIPT_NAME: `/identity` {{(pid=81039) log_request_info /opt/stack/keystone/keystone/server/flask/request_processing/req_logging.py:28}}
Jun 21 17:00:24.638162 dv-neutron-797120-19-hyperv devstack@keystone.service[81039]: DEBUG keystone.server.flask.request_processing.req_logging [None req-0a3d12cc-6483-4c20-a2d1-bb05e4dc81fb None admin] PATH_INFO: `/v3/role_assignments` {{(pid=81039) log_request_info /opt/stack/keystone/keystone/server/flask/request_processing/req_logging.py:29}}
Jun 21 17:00:24.638162 dv-neutron-797120-19-hyperv devstack@keystone.service[81039]: DEBUG keystone.common.rbac_enforcer.enforcer [None req-0a3d12cc-6483-4c20-a2d1-bb05e4dc81fb None admin] RBAC: Adding query filter params (role.id=7e5e19e76e294bfab717d1909ef0b7e8, user.id=d977322ed3c449969dca8708545de673, scope.system=all) {{(pid=81039) _extract_filter_values /opt/stack/keystone/keystone/common/rbac_enforcer/enforcer.py:167}}
Jun 21 17:00:24.638543 dv-neutron-797120-19-hyperv devstack@keystone.service[81039]: DEBUG keystone.common.rbac_enforcer.enforcer [None req-0a3d12cc-6483-4c20-a2d1-bb05e4dc81fb None admin] RBAC: Authorizing `identity:list_role_assignments()` {{(pid=81039) enforce_call /opt/stack/keystone/keystone/common/rbac_enforcer/enforcer.py:449}}
Jun 21 17:00:24.639768 dv-neutron-797120-19-hyperv devstack@keystone.service[81039]: DEBUG keystone.common.rbac_enforcer.enforcer [None req-0a3d12cc-6483-4c20-a2d1-bb05e4dc81fb None admin] RBAC: Authorization granted {{(pid=81039) enforce_call /opt/stack/keystone/keystone/common/rbac_enforcer/enforcer.py:457}}
Jun 21 17:00:24.644943 dv-neutron-797120-19-hyperv devstack@keystone.service[81039]: [pid: 81039|app: 0|req: 136/283] 10.222.0.13 () {56 vars in 1308 bytes} [Tue Jun 21 17:00:24 2022] GET /identity/v3/role_assignments?user.id=d977322ed3c449969dca8708545de673&scope.system=all&role.id=7e5e19e76e294bfab717d1909ef0b7e8 => generated 226 bytes in 144 msecs (HTTP/1.1 200) 5 headers in 177 bytes (1 switches on core 0)
Jun 21 17:00:24.646146 dv-neutron-797120-19-hyperv devstack@keystone.service[81039]: DEBUG keystone.server.flask.request_processing.req_logging [None req-365fddd4-55d7-4de9-bf11-14ac1b8efb56 None None] REQUEST_METHOD: `POST` {{(pid=81039) log_request_info /opt/stack/keystone/keystone/server/flask/request_processing/req_logging.py:27}}
Jun 21 17:00:24.646433 dv-neutron-797120-19-hyperv devstack@keystone.service[81039]: DEBUG keystone.server.flask.request_processing.req_logging [None req-365fddd4-55d7-4de9-bf11-14ac1b8efb56 None None] SCRIPT_NAME: `/identity` {{(pid=81039) log_request_info /opt/stack/keystone/keystone/server/flask/request_processing/req_logging.py:28}}
Jun 21 17:00:24.646713 dv-neutron-797120-19-hyperv devstack@keystone.service[81039]: DEBUG keystone.server.flask.request_processing.req_logging [None req-365fddd4-55d7-4de9-bf11-14ac1b8efb56 None None] PATH_INFO: `/v3/auth/tokens` {{(pid=81039) log_request_info /opt/stack/keystone/keystone/server/flask/request_processing/req_logging.py:29}}
Jun 21 17:00:24.662078 dv-neutron-797120-19-hyperv devstack@keystone.service[81038]: [pid: 81038|app: 0|req: 148/284] 10.222.0.13 () {60 vars in 1132 bytes} [Tue Jun 21 17:00:24 2022] POST /identity/v3/users => generated 293 bytes in 299 msecs (HTTP/1.1 201) 5 headers in 182 bytes (1 switches on core 0)
Jun 21 17:00:24.663306 dv-neutron-797120-19-hyperv devstack@keystone.service[81038]: DEBUG keystone.server.flask.request_processing.middleware.auth_context [None req-91a71c93-0845-4db8-ac4f-9669832787f8 None admin] Authenticating user token {{(pid=81038) process_request /usr/local/lib/python3.8/dist-packages/keystonemiddleware/auth_token/__init__.py:407}}
Jun 21 17:00:24.664615 dv-neutron-797120-19-hyperv devstack@keystone.service[81039]: DEBUG keystone.auth.core [None req-365fddd4-55d7-4de9-bf11-14ac1b8efb56 None None] MFA Rules not processed for user `a48287473e6049c993f6927f8a9e68b3`. Rule list: `[]` (Enabled: `True`). {{(pid=81039) check_auth_methods_against_rules /opt/stack/keystone/keystone/auth/core.py:438}}
Jun 21 17:00:24.665873 dv-neutron-797120-19-hyperv devstack@keystone.service[81039]: DEBUG keystone.common.fernet_utils [None req-365fddd4-55d7-4de9-bf11-14ac1b8efb56 None None] Loaded 2 Fernet keys from /etc/keystone/fernet-keys/, but `[fernet_tokens] max_active_keys = 3`; perhaps there have not been enough key rotations to reach `max_active_keys` yet? {{(pid=81039) load_keys /opt/stack/keystone/keystone/common/fernet_utils.py:286}}
Jun 21 17:00:24.682500 dv-neutron-797120-19-hyperv devstack@keystone.service[81039]: DEBUG dbcounter [-] [81039] Writing DB stats keystone:SELECT=100 {{(pid=81039) stat_writer /usr/local/lib/python3.8/dist-packages/dbcounter.py:114}}
Jun 21 17:00:24.784081 dv-neutron-797120-19-hyperv devstack@keystone.service[81039]: [pid: 81039|app: 0|req: 137/285] 10.222.0.13 () {58 vars in 1023 bytes} [Tue Jun 21 17:00:24 2022] POST /identity/v3/auth/tokens => generated 799 bytes in 138 msecs (HTTP/1.1 201) 6 headers in 363 bytes (1 switches on core 0)
Jun 21 17:00:24.809119 dv-neutron-797120-19-hyperv devstack@keystone.service[81039]: DEBUG keystone.server.flask.request_processing.middleware.auth_context [None req-365fddd4-55d7-4de9-bf11-14ac1b8efb56 None None] Authenticating user token {{(pid=81039) process_request /usr/local/lib/python3.8/dist-packages/keystonemiddleware/auth_token/__init__.py:407}}
Jun 21 17:00:24.845475 dv-neutron-797120-19-hyperv devstack@keystone.service[81038]: DEBUG keystone.server.flask.request_processing.middleware.auth_context [None req-91a71c93-0845-4db8-ac4f-9669832787f8 None admin] Validating token access rules against request {{(pid=81038) validate_allowed_request /usr/local/lib/python3.8/dist-packages/keystonemiddleware/auth_token/__init__.py:545}}
Jun 21 17:00:24.892711 dv-neutron-797120-19-hyperv devstack@keystone.service[81038]: DEBUG dbcounter [-] [81038] Writing DB stats keystone:SELECT=97,keystone:INSERT=3 {{(pid=81038) stat_writer /usr/local/lib/python3.8/dist-packages/dbcounter.py:114}}
Jun 21 17:00:24.900715 dv-neutron-797120-19-hyperv devstack@keystone.service[81038]: DEBUG keystone.server.flask.request_processing.middleware.auth_context [None req-3e64e7d3-b74e-4a04-b73b-6bf63a4dec6b None admin] RBAC: auth_context: {'token': , 'domain_id': None, 'trust_id': None, 'trustor_id': None, 'trustee_id': None, 'domain_name': None, 'group_ids': [], 'user_id': 'a48287473e6049c993f6927f8a9e68b3', 'user_domain_id': 'default', 'system_scope': 'all', 'project_id': None, 'project_domain_id': None, 'roles': ['admin', 'member', 'reader'], 'is_admin_project': True, 'service_user_id': None, 'service_user_domain_id': None, 'service_project_id': None, 'service_project_domain_id': None, 'service_roles': []} {{(pid=81038) fill_context /opt/stack/keystone/keystone/server/flask/request_processing/middleware/auth_context.py:478}}
Jun 21 17:00:24.901595 dv-neutron-797120-19-hyperv devstack@keystone.service[81038]: DEBUG keystone.server.flask.request_processing.req_logging [None req-3e64e7d3-b74e-4a04-b73b-6bf63a4dec6b None admin] REQUEST_METHOD: `GET` {{(pid=81038) log_request_info /opt/stack/keystone/keystone/server/flask/request_processing/req_logging.py:27}}
Jun 21 17:00:24.901875 dv-neutron-797120-19-hyperv devstack@keystone.service[81038]: DEBUG keystone.server.flask.request_processing.req_logging [None req-3e64e7d3-b74e-4a04-b73b-6bf63a4dec6b None admin] SCRIPT_NAME: `/identity` {{(pid=81038) log_request_info /opt/stack/keystone/keystone/server/flask/request_processing/req_logging.py:28}}
Jun 21 17:00:24.902148 dv-neutron-797120-19-hyperv devstack@keystone.service[81038]: DEBUG keystone.server.flask.request_processing.req_logging [None req-3e64e7d3-b74e-4a04-b73b-6bf63a4dec6b None admin] PATH_INFO: `/v3/users/fdfa192ad1f74e0caea8778142c94610` {{(pid=81038) log_request_info /opt/stack/keystone/keystone/server/flask/request_processing/req_logging.py:29}}
Jun 21 17:00:24.903532 dv-neutron-797120-19-hyperv devstack@keystone.service[81038]: DEBUG keystone.common.rbac_enforcer.enforcer [None req-3e64e7d3-b74e-4a04-b73b-6bf63a4dec6b None admin] RBAC: Authorizing `identity:get_user(user_id=fdfa192ad1f74e0caea8778142c94610)` {{(pid=81038) enforce_call /opt/stack/keystone/keystone/common/rbac_enforcer/enforcer.py:449}}
Jun 21 17:00:24.905034 dv-neutron-797120-19-hyperv devstack@keystone.service[81038]: DEBUG keystone.common.rbac_enforcer.enforcer [None req-3e64e7d3-b74e-4a04-b73b-6bf63a4dec6b None admin] RBAC: Authorization granted {{(pid=81038) enforce_call /opt/stack/keystone/keystone/common/rbac_enforcer/enforcer.py:457}}
Jun 21 17:00:24.907858 dv-neutron-797120-19-hyperv devstack@keystone.service[81038]: [pid: 81038|app: 0|req: 149/286] 10.222.0.13 () {56 vars in 1177 bytes} [Tue Jun 21 17:00:24 2022] GET /identity/v3/users/fdfa192ad1f74e0caea8778142c94610 => generated 297 bytes in 245 msecs (HTTP/1.1 200) 5 headers in 177 bytes (1 switches on core 0)
Jun 21 17:00:24.913372 dv-neutron-797120-19-hyperv devstack@keystone.service[81038]: DEBUG keystone.server.flask.request_processing.middleware.auth_context [None req-3e64e7d3-b74e-4a04-b73b-6bf63a4dec6b None admin] Authenticating user token {{(pid=81038) process_request /usr/local/lib/python3.8/dist-packages/keystonemiddleware/auth_token/__init__.py:407}}
Jun 21 17:00:24.943317 dv-neutron-797120-19-hyperv devstack@keystone.service[81039]: DEBUG keystone.server.flask.request_processing.middleware.auth_context [None req-365fddd4-55d7-4de9-bf11-14ac1b8efb56 None None] Validating token access rules against request {{(pid=81039) validate_allowed_request /usr/local/lib/python3.8/dist-packages/keystonemiddleware/auth_token/__init__.py:545}}
Jun 21 17:00:24.989229 dv-neutron-797120-19-hyperv devstack@keystone.service[81039]: DEBUG keystone.server.flask.request_processing.middleware.auth_context [None req-45d42f40-eb95-42d8-a4b3-ada968c4a39f None admin] RBAC: auth_context: {'token': , 'domain_id': None, 'trust_id': None, 'trustor_id': None, 'trustee_id': None, 'domain_name': None, 'group_ids': [], 'user_id': 'a48287473e6049c993f6927f8a9e68b3', 'user_domain_id': 'default', 'system_scope': 'all', 'project_id': None, 'project_domain_id': None, 'roles': ['admin', 'member', 'reader'], 'is_admin_project': True, 'service_user_id': None, 'service_user_domain_id': None, 'service_project_id': None, 'service_project_domain_id': None, 'service_roles': []} {{(pid=81039) fill_context /opt/stack/keystone/keystone/server/flask/request_processing/middleware/auth_context.py:478}}
Jun 21 17:00:24.990388 dv-neutron-797120-19-hyperv devstack@keystone.service[81039]: DEBUG keystone.server.flask.request_processing.req_logging [None req-45d42f40-eb95-42d8-a4b3-ada968c4a39f None admin] REQUEST_METHOD: `GET` {{(pid=81039) log_request_info /opt/stack/keystone/keystone/server/flask/request_processing/req_logging.py:27}}
Jun 21 17:00:24.990897 dv-neutron-797120-19-hyperv devstack@keystone.service[81039]: DEBUG keystone.server.flask.request_processing.req_logging [None req-45d42f40-eb95-42d8-a4b3-ada968c4a39f None admin] SCRIPT_NAME: `/identity` {{(pid=81039) log_request_info /opt/stack/keystone/keystone/server/flask/request_processing/req_logging.py:28}}
Jun 21 17:00:24.991370 dv-neutron-797120-19-hyperv devstack@keystone.service[81039]: DEBUG keystone.server.flask.request_processing.req_logging [None req-45d42f40-eb95-42d8-a4b3-ada968c4a39f None admin] PATH_INFO: `/v3/roles/member` {{(pid=81039) log_request_info /opt/stack/keystone/keystone/server/flask/request_processing/req_logging.py:29}}
Jun 21 17:00:25.004753 dv-neutron-797120-19-hyperv devstack@keystone.service[81039]: DEBUG keystone.common.rbac_enforcer.enforcer [None req-45d42f40-eb95-42d8-a4b3-ada968c4a39f None admin] Extracting inferred target data resulted in "NOT FOUND (404)". {{(pid=81039) enforce_call /opt/stack/keystone/keystone/common/rbac_enforcer/enforcer.py:409}}
Jun 21 17:00:25.014048 dv-neutron-797120-19-hyperv devstack@keystone.service[81039]: ERROR keystone.server.flask.application [None req-45d42f40-eb95-42d8-a4b3-ada968c4a39f None admin] Could not find role: member.: keystone.exception.RoleNotFound: Could not find role: member.
Jun 21 17:00:25.014048 dv-neutron-797120-19-hyperv devstack@keystone.service[81039]: ERROR keystone.server.flask.application
Traceback (most recent call last):
Jun 21 17:00:25.014048 dv-neutron-797120-19-hyperv devstack@keystone.service[81039]: ERROR keystone.server.flask.application
File "/usr/local/lib/python3.8/dist-packages/flask/app.py", line 1523, in full_dispatch_request
Jun 21 17:00:25.014048 dv-neutron-797120-19-hyperv devstack@keystone.service[81039]: ERROR keystone.server.flask.application rv = self.dispatch_request()
Jun 21 17:00:25.014048 dv-neutron-797120-19-hyperv devstack@keystone.service[81039]: ERROR keystone.server.flask.application
File "/usr/local/lib/python3.8/dist-packages/flask/app.py", line 1509, in dispatch_request
Jun 21 17:00:25.014048 dv-neutron-797120-19-hyperv devstack@keystone.service[81039]: ERROR keystone.server.flask.application return self.ensure_sync(self.view_functions[rule.endpoint])(**req.view_args)
Jun 21 17:00:25.014048 dv-neutron-797120-19-hyperv devstack@keystone.service[81039]: ERROR keystone.server.flask.application
File "/usr/local/lib/python3.8/dist-packages/flask_restful/__init__.py", line 467, in wrapper
Jun 21 17:00:25.014048 dv-neutron-797120-19-hyperv devstack@keystone.service[81039]: ERROR keystone.server.flask.application resp = resource(*args, **kwargs)
Jun 21 17:00:25.014048 dv-neutron-797120-19-hyperv devstack@keystone.service[81039]: ERROR keystone.server.flask.application
File "/usr/local/lib/python3.8/dist-packages/flask/views.py", line 84, in view
Jun 21 17:00:25.014048 dv-neutron-797120-19-hyperv devstack@keystone.service[81039]: ERROR keystone.server.flask.application return current_app.ensure_sync(self.dispatch_request)(*args, **kwargs)
Jun 21 17:00:25.014048 dv-neutron-797120-19-hyperv devstack@keystone.service[81039]: ERROR keystone.server.flask.application
File "/usr/local/lib/python3.8/dist-packages/flask_restful/__init__.py", line 582, in dispatch_request
Jun 21 17:00:25.014048 dv-neutron-797120-19-hyperv devstack@keystone.service[81039]: ERROR keystone.server.flask.application resp = meth(*args, **kwargs)
Jun 21 17:00:25.014048 dv-neutron-797120-19-hyperv devstack@keystone.service[81039]: ERROR keystone.server.flask.application
File "/opt/stack/keystone/keystone/api/roles.py", line 50, in get
Jun 21 17:00:25.014048 dv-neutron-797120-19-hyperv devstack@keystone.service[81039]: ERROR keystone.server.flask.application return self._get_role(role_id)
Jun 21 17:00:25.014048 dv-neutron-797120-19-hyperv devstack@keystone.service[81039]: ERROR keystone.server.flask.application
File "/opt/stack/keystone/keystone/api/roles.py", line 70, in _get_role
Jun 21 17:00:25.014048 dv-neutron-797120-19-hyperv devstack@keystone.service[81039]: ERROR keystone.server.flask.application ENFORCER.enforce_call(action='identity:get_role')
Jun 21 17:00:25.015139 dv-neutron-797120-19-hyperv devstack@keystone.service[81039]: ERROR keystone.server.flask.application
File "/opt/stack/keystone/keystone/common/rbac_enforcer/enforcer.py", line 402, in enforce_call
Jun 21 17:00:25.015139 dv-neutron-797120-19-hyperv devstack@keystone.service[81039]: ERROR keystone.server.flask.application policy_dict.update(cls._extract_member_target_data(
Jun 21 17:00:25.015139 dv-neutron-797120-19-hyperv devstack@keystone.service[81039]: ERROR keystone.server.flask.application
File "/opt/stack/keystone/keystone/common/rbac_enforcer/enforcer.py", line 234, in _extract_member_target_data
Jun 21 17:00:25.015139 dv-neutron-797120-19-hyperv devstack@keystone.service[81039]: ERROR keystone.server.flask.application member_name: func(flask.request.view_args[key])
Jun 21 17:00:25.015139 dv-neutron-797120-19-hyperv devstack@keystone.service[81039]: ERROR keystone.server.flask.application
File "/opt/stack/keystone/keystone/common/manager.py", line 115, in wrapped
Jun 21 17:00:25.015139 dv-neutron-797120-19-hyperv devstack@keystone.service[81039]: ERROR keystone.server.flask.application __ret_val = __f(*args, **kwargs)
Jun 21 17:00:25.015139 dv-neutron-797120-19-hyperv devstack@keystone.service[81039]: ERROR keystone.server.flask.application
File "/usr/local/lib/python3.8/dist-packages/decorator.py", line 232, in fun
Jun 21 17:00:25.015139 dv-neutron-797120-19-hyperv devstack@keystone.service[81039]: ERROR keystone.server.flask.application return caller(func, *(extras + args), **kw)
Jun 21 17:00:25.015139 dv-neutron-797120-19-hyperv devstack@keystone.service[81039]: ERROR keystone.server.flask.application
File "/usr/local/lib/python3.8/dist-packages/dogpile/cache/region.py", line 1577, in get_or_create_for_user_func
Jun 21 17:00:25.015139 dv-neutron-797120-19-hyperv devstack@keystone.service[81039]: ERROR keystone.server.flask.application return self.get_or_create(
Jun 21 17:00:25.015139 dv-neutron-797120-19-hyperv devstack@keystone.service[81039]: ERROR keystone.server.flask.application
File "/usr/local/lib/python3.8/dist-packages/dogpile/cache/region.py", line 1042, in get_or_create
Jun 21 17:00:25.015139 dv-neutron-797120-19-hyperv devstack@keystone.service[81039]: ERROR keystone.server.flask.application with Lock(
Jun 21 17:00:25.015139 dv-neutron-797120-19-hyperv devstack@keystone.service[81039]: ERROR keystone.server.flask.application
File "/usr/local/lib/python3.8/dist-packages/dogpile/lock.py", line 185, in __enter__
Jun 21 17:00:25.015139 dv-neutron-797120-19-hyperv devstack@keystone.service[81039]: ERROR keystone.server.flask.application return self._enter()
Jun 21 17:00:25.015139 dv-neutron-797120-19-hyperv devstack@keystone.service[81039]: ERROR keystone.server.flask.application
File "/usr/local/lib/python3.8/dist-packages/dogpile/lock.py", line 94, in _enter
Jun 21 17:00:25.015139 dv-neutron-797120-19-hyperv devstack@keystone.service[81039]: ERROR keystone.server.flask.application generated = self._enter_create(value, createdtime)
Jun 21 17:00:25.015922 dv-neutron-797120-19-hyperv devstack@keystone.service[81039]: ERROR keystone.server.flask.application
File "/usr/local/lib/python3.8/dist-packages/dogpile/lock.py", line 178, in _enter_create
Jun 21 17:00:25.015922 dv-neutron-797120-19-hyperv devstack@keystone.service[81039]: ERROR keystone.server.flask.application return self.creator()
Jun 21 17:00:25.015922 dv-neutron-797120-19-hyperv devstack@keystone.service[81039]: ERROR keystone.server.flask.application
File "/usr/local/lib/python3.8/dist-packages/dogpile/cache/region.py", line 995, in gen_value
Jun 21 17:00:25.015922 dv-neutron-797120-19-hyperv devstack@keystone.service[81039]: ERROR keystone.server.flask.application created_value = creator(
Jun 21 17:00:25.015922 dv-neutron-797120-19-hyperv devstack@keystone.service[81039]: ERROR keystone.server.flask.application
File "/opt/stack/keystone/keystone/assignment/core.py", line 1276, in get_role
Jun 21 17:00:25.015922 dv-neutron-797120-19-hyperv devstack@keystone.service[81039]: ERROR keystone.server.flask.application return self.driver.get_role(role_id)
Jun 21 17:00:25.015922 dv-neutron-797120-19-hyperv devstack@keystone.service[81039]: ERROR keystone.server.flask.application
File "/opt/stack/keystone/keystone/assignment/role_backends/sql.py", line 70, in get_role
Jun 21 17:00:25.015922 dv-neutron-797120-19-hyperv devstack@keystone.service[81039]: ERROR keystone.server.flask.application return self._get_role(session, role_id).to_dict()
Jun 21 17:00:25.015922 dv-neutron-797120-19-hyperv devstack@keystone.service[81039]: ERROR keystone.server.flask.application
File "/opt/stack/keystone/keystone/assignment/role_backends/sql.py", line 65, in _get_role
Jun 21 17:00:25.015922 dv-neutron-797120-19-hyperv devstack@keystone.service[81039]: ERROR keystone.server.flask.application raise exception.RoleNotFound(role_id=role_id)
Jun 21 17:00:25.015922 dv-neutron-797120-19-hyperv devstack@keystone.service[81039]: ERROR keystone.server.flask.application keystone.exception.RoleNotFound: Could not find role: member.
Jun 21 17:00:25.015922 dv-neutron-797120-19-hyperv devstack@keystone.service[81039]: ERROR keystone.server.flask.application
Jun 21 17:00:25.019051 dv-neutron-797120-19-hyperv devstack@keystone.service[81039]: [pid: 81039|app: 0|req: 138/287] 10.222.0.13 () {56 vars in 1099 bytes} [Tue Jun 21 17:00:24 2022] GET /identity/v3/roles/member => generated 84 bytes in 210 msecs (HTTP/1.1 404) 5 headers in 183 bytes (1 switches on core 0)
Jun 21 17:00:25.024919 dv-neutron-797120-19-hyperv devstack@keystone.service[81039]: DEBUG keystone.server.flask.request_processing.middleware.auth_context [None req-45d42f40-eb95-42d8-a4b3-ada968c4a39f None admin] Authenticating user token {{(pid=81039) process_request /usr/local/lib/python3.8/dist-packages/keystonemiddleware/auth_token/__init__.py:407}}
Jun 21 17:00:25.029814 dv-neutron-797120-19-hyperv devstack@keystone.service[81039]: DEBUG dbcounter [-] [81039] Writing DB stats keystone:SELECT=100 {{(pid=81039) stat_writer /usr/local/lib/python3.8/dist-packages/dbcounter.py:114}}
Jun 21 17:00:25.044232 dv-neutron-797120-19-hyperv devstack@keystone.service[81038]: DEBUG keystone.server.flask.request_processing.middleware.auth_context [None req-3e64e7d3-b74e-4a04-b73b-6bf63a4dec6b None admin] Validating token access rules against request {{(pid=81038) validate_allowed_request /usr/local/lib/python3.8/dist-packages/keystonemiddleware/auth_token/__init__.py:545}}
Jun 21 17:00:25.096825 dv-neutron-797120-19-hyperv devstack@keystone.service[81038]: DEBUG keystone.server.flask.request_processing.middleware.auth_context [None req-e38d0236-868f-4930-a872-5a56636fa0a0 None admin] RBAC: auth_context: {'token': , 'domain_id': None, 'trust_id': None, 'trustor_id': None, 'trustee_id': None, 'domain_name': None, 'group_ids': [], 'user_id': 'a48287473e6049c993f6927f8a9e68b3', 'user_domain_id': 'default', 'system_scope': 'all', 'project_id': None, 'project_domain_id': None, 'roles': ['admin', 'member', 'reader'], 'is_admin_project': True, 'service_user_id': None, 'service_user_domain_id': None, 'service_project_id': None, 'service_project_domain_id': None, 'service_roles': []} {{(pid=81038) fill_context /opt/stack/keystone/keystone/server/flask/request_processing/middleware/auth_context.py:478}}
Jun 21 17:00:25.097753 dv-neutron-797120-19-hyperv devstack@keystone.service[81038]: DEBUG keystone.server.flask.request_processing.req_logging [None req-e38d0236-868f-4930-a872-5a56636fa0a0 None admin] REQUEST_METHOD: `GET` {{(pid=81038) log_request_info /opt/stack/keystone/keystone/server/flask/request_processing/req_logging.py:27}}
Jun 21 17:00:25.098037 dv-neutron-797120-19-hyperv devstack@keystone.service[81038]: DEBUG keystone.server.flask.request_processing.req_logging [None req-e38d0236-868f-4930-a872-5a56636fa0a0 None admin] SCRIPT_NAME: `/identity` {{(pid=81038) log_request_info /opt/stack/keystone/keystone/server/flask/request_processing/req_logging.py:28}}
Jun 21 17:00:25.098366 dv-neutron-797120-19-hyperv devstack@keystone.service[81038]: DEBUG keystone.server.flask.request_processing.req_logging [None req-e38d0236-868f-4930-a872-5a56636fa0a0 None admin] PATH_INFO: `/v3/projects/242dd2c4b52d49edaa44d7126092c0bc` {{(pid=81038) log_request_info /opt/stack/keystone/keystone/server/flask/request_processing/req_logging.py:29}}
Jun 21 17:00:25.099784 dv-neutron-797120-19-hyperv devstack@keystone.service[81038]: DEBUG keystone.common.rbac_enforcer.enforcer [None req-e38d0236-868f-4930-a872-5a56636fa0a0 None admin] RBAC: Authorizing `identity:get_project(project_id=242dd2c4b52d49edaa44d7126092c0bc)` {{(pid=81038) enforce_call /opt/stack/keystone/keystone/common/rbac_enforcer/enforcer.py:449}}
Jun 21 17:00:25.102229 dv-neutron-797120-19-hyperv devstack@keystone.service[81038]: DEBUG keystone.common.rbac_enforcer.enforcer [None req-e38d0236-868f-4930-a872-5a56636fa0a0 None admin] RBAC: Authorization granted {{(pid=81038) enforce_call /opt/stack/keystone/keystone/common/rbac_enforcer/enforcer.py:457}}
Jun 21 17:00:25.104239 dv-neutron-797120-19-hyperv devstack@keystone.service[81038]: [pid: 81038|app: 0|req: 150/288] 10.222.0.13 () {56 vars in 1186 bytes} [Tue Jun 21 17:00:24 2022] GET /identity/v3/projects/242dd2c4b52d49edaa44d7126092c0bc => generated 302 bytes in 191 msecs (HTTP/1.1 200) 5 headers in 177 bytes (2 switches on core 0)
Jun 21 17:00:25.110915 dv-neutron-797120-19-hyperv devstack@keystone.service[81038]: DEBUG keystone.server.flask.request_processing.middleware.auth_context [None req-e38d0236-868f-4930-a872-5a56636fa0a0 None admin] Authenticating user token {{(pid=81038) process_request /usr/local/lib/python3.8/dist-packages/keystonemiddleware/auth_token/__init__.py:407}}
Jun 21 17:00:25.167529 dv-neutron-797120-19-hyperv devstack@keystone.service[81039]: DEBUG keystone.server.flask.request_processing.middleware.auth_context [None req-45d42f40-eb95-42d8-a4b3-ada968c4a39f None admin] Validating token access rules against request {{(pid=81039) validate_allowed_request /usr/local/lib/python3.8/dist-packages/keystonemiddleware/auth_token/__init__.py:545}}
Jun 21 17:00:25.197301 dv-neutron-797120-19-hyperv devstack@keystone.service[81038]: DEBUG dbcounter [-] [81038] Writing DB stats keystone:SELECT=100 {{(pid=81038) stat_writer /usr/local/lib/python3.8/dist-packages/dbcounter.py:114}}
Jun 21 17:00:25.211692 dv-neutron-797120-19-hyperv devstack@keystone.service[81039]: DEBUG keystone.server.flask.request_processing.middleware.auth_context [None req-51581a16-ec2b-4257-bffd-c2a1e7a613d6 None admin] RBAC: auth_context: {'token': , 'domain_id': None, 'trust_id': None, 'trustor_id': None, 'trustee_id': None, 'domain_name': None, 'group_ids': [], 'user_id': 'a48287473e6049c993f6927f8a9e68b3', 'user_domain_id': 'default', 'system_scope': 'all', 'project_id': None, 'project_domain_id': None, 'roles': ['admin', 'member', 'reader'], 'is_admin_project': True, 'service_user_id': None, 'service_user_domain_id': None, 'service_project_id': None, 'service_project_domain_id': None, 'service_roles': []} {{(pid=81039) fill_context /opt/stack/keystone/keystone/server/flask/request_processing/middleware/auth_context.py:478}}
Jun 21 17:00:25.212675 dv-neutron-797120-19-hyperv devstack@keystone.service[81039]: DEBUG keystone.server.flask.request_processing.req_logging [None req-51581a16-ec2b-4257-bffd-c2a1e7a613d6 None admin] REQUEST_METHOD: `GET` {{(pid=81039) log_request_info /opt/stack/keystone/keystone/server/flask/request_processing/req_logging.py:27}}
Jun 21 17:00:25.213893 dv-neutron-797120-19-hyperv devstack@keystone.service[81039]: DEBUG keystone.server.flask.request_processing.req_logging [None req-51581a16-ec2b-4257-bffd-c2a1e7a613d6 None admin] SCRIPT_NAME: `/identity` {{(pid=81039) log_request_info /opt/stack/keystone/keystone/server/flask/request_processing/req_logging.py:28}}
Jun 21 17:00:25.213893 dv-neutron-797120-19-hyperv devstack@keystone.service[81039]: DEBUG keystone.server.flask.request_processing.req_logging [None req-51581a16-ec2b-4257-bffd-c2a1e7a613d6 None admin] PATH_INFO: `/v3/roles` {{(pid=81039) log_request_info /opt/stack/keystone/keystone/server/flask/request_processing/req_logging.py:29}}
Jun 21 17:00:25.214253 dv-neutron-797120-19-hyperv devstack@keystone.service[81039]: DEBUG keystone.common.rbac_enforcer.enforcer [None req-51581a16-ec2b-4257-bffd-c2a1e7a613d6 None admin] RBAC: Adding query filter params (name=member) {{(pid=81039) _extract_filter_values /opt/stack/keystone/keystone/common/rbac_enforcer/enforcer.py:167}}
Jun 21 17:00:25.214875 dv-neutron-797120-19-hyperv devstack@keystone.service[81039]: DEBUG keystone.common.rbac_enforcer.enforcer [None req-51581a16-ec2b-4257-bffd-c2a1e7a613d6 None admin] RBAC: Authorizing `identity:list_roles()` {{(pid=81039) enforce_call /opt/stack/keystone/keystone/common/rbac_enforcer/enforcer.py:449}}
Jun 21 17:00:25.216294 dv-neutron-797120-19-hyperv devstack@keystone.service[81039]: DEBUG keystone.common.rbac_enforcer.enforcer [None req-51581a16-ec2b-4257-bffd-c2a1e7a613d6 None admin] RBAC: Authorization granted {{(pid=81039) enforce_call /opt/stack/keystone/keystone/common/rbac_enforcer/enforcer.py:457}}
Jun 21 17:00:25.229324 dv-neutron-797120-19-hyperv devstack@keystone.service[81039]: [pid: 81039|app: 0|req: 139/289] 10.222.0.13 () {56 vars in 1101 bytes} [Tue Jun 21 17:00:25 2022] GET /identity/v3/roles?name=member => generated 341 bytes in 205 msecs (HTTP/1.1 200) 5 headers in 177 bytes (2 switches on core 0)
Jun 21 17:00:25.234314 dv-neutron-797120-19-hyperv devstack@keystone.service[81038]: DEBUG keystone.server.flask.request_processing.middleware.auth_context [None req-e38d0236-868f-4930-a872-5a56636fa0a0 None admin] Validating token access rules against request {{(pid=81038) validate_allowed_request /usr/local/lib/python3.8/dist-packages/keystonemiddleware/auth_token/__init__.py:545}}
Jun 21 17:00:25.235294 dv-neutron-797120-19-hyperv devstack@keystone.service[81039]: DEBUG keystone.server.flask.request_processing.middleware.auth_context [None req-51581a16-ec2b-4257-bffd-c2a1e7a613d6 None admin] Authenticating user token {{(pid=81039) process_request /usr/local/lib/python3.8/dist-packages/keystonemiddleware/auth_token/__init__.py:407}}
Jun 21 17:00:25.282457 dv-neutron-797120-19-hyperv devstack@keystone.service[81038]: DEBUG keystone.server.flask.request_processing.middleware.auth_context [None req-d0b9c8c3-b959-4e77-add7-cbe24cb90440 None admin] RBAC: auth_context: {'token': , 'domain_id': None, 'trust_id': None, 'trustor_id': None, 'trustee_id': None, 'domain_name': None, 'group_ids': [], 'user_id': 'a48287473e6049c993f6927f8a9e68b3', 'user_domain_id': 'default', 'system_scope': 'all', 'project_id': None, 'project_domain_id': None, 'roles': ['admin', 'member', 'reader'], 'is_admin_project': True, 'service_user_id': None, 'service_user_domain_id': None, 'service_project_id': None, 'service_project_domain_id': None, 'service_roles': []} {{(pid=81038) fill_context /opt/stack/keystone/keystone/server/flask/request_processing/middleware/auth_context.py:478}}
Jun 21 17:00:25.283405 dv-neutron-797120-19-hyperv devstack@keystone.service[81038]: DEBUG keystone.server.flask.request_processing.req_logging [None req-d0b9c8c3-b959-4e77-add7-cbe24cb90440 None admin] REQUEST_METHOD: `PUT` {{(pid=81038) log_request_info /opt/stack/keystone/keystone/server/flask/request_processing/req_logging.py:27}}
Jun 21 17:00:25.283743 dv-neutron-797120-19-hyperv devstack@keystone.service[81038]: DEBUG keystone.server.flask.request_processing.req_logging [None req-d0b9c8c3-b959-4e77-add7-cbe24cb90440 None admin] SCRIPT_NAME: `/identity` {{(pid=81038) log_request_info /opt/stack/keystone/keystone/server/flask/request_processing/req_logging.py:28}}
Jun 21 17:00:25.284033 dv-neutron-797120-19-hyperv devstack@keystone.service[81038]: DEBUG keystone.server.flask.request_processing.req_logging [None req-d0b9c8c3-b959-4e77-add7-cbe24cb90440 None admin] PATH_INFO: `/v3/projects/242dd2c4b52d49edaa44d7126092c0bc/users/fdfa192ad1f74e0caea8778142c94610/roles/149d5e496688483c902e9c4d510d80a0` {{(pid=81038) log_request_info /opt/stack/keystone/keystone/server/flask/request_processing/req_logging.py:29}}
Jun 21 17:00:25.286747 dv-neutron-797120-19-hyperv devstack@keystone.service[81038]: DEBUG keystone.common.rbac_enforcer.enforcer [None req-d0b9c8c3-b959-4e77-add7-cbe24cb90440 None admin] RBAC: Authorizing `identity:create_grant(project_id=242dd2c4b52d49edaa44d7126092c0bc, user_id=fdfa192ad1f74e0caea8778142c94610, role_id=149d5e496688483c902e9c4d510d80a0)` {{(pid=81038) enforce_call /opt/stack/keystone/keystone/common/rbac_enforcer/enforcer.py:449}}
Jun 21 17:00:25.289160 dv-neutron-797120-19-hyperv devstack@keystone.service[81038]: DEBUG keystone.common.rbac_enforcer.enforcer [None req-d0b9c8c3-b959-4e77-add7-cbe24cb90440 None admin] RBAC: Authorization granted {{(pid=81038) enforce_call /opt/stack/keystone/keystone/common/rbac_enforcer/enforcer.py:457}}
Jun 21 17:00:25.315056 dv-neutron-797120-19-hyperv devstack@keystone.service[81039]: DEBUG dbcounter [-] [81039] Writing DB stats keystone:SELECT=100 {{(pid=81039) stat_writer /usr/local/lib/python3.8/dist-packages/dbcounter.py:114}}
Jun 21 17:00:25.352929 dv-neutron-797120-19-hyperv devstack@keystone.service[81039]: DEBUG keystone.server.flask.request_processing.middleware.auth_context [None req-51581a16-ec2b-4257-bffd-c2a1e7a613d6 None admin] Validating token access rules against request {{(pid=81039) validate_allowed_request /usr/local/lib/python3.8/dist-packages/keystonemiddleware/auth_token/__init__.py:545}}
Jun 21 17:00:25.388791 dv-neutron-797120-19-hyperv devstack@keystone.service[81038]: [pid: 81038|app: 0|req: 151/290] 10.222.0.13 () {58 vars in 1439 bytes} [Tue Jun 21 17:00:25 2022] PUT /identity/v3/projects/242dd2c4b52d49edaa44d7126092c0bc/users/fdfa192ad1f74e0caea8778142c94610/roles/149d5e496688483c902e9c4d510d80a0 => generated 0 bytes in 278 msecs (HTTP/1.1 204) 3 headers in 132 bytes (1 switches on core 0)
Jun 21 17:00:25.398518 dv-neutron-797120-19-hyperv devstack@keystone.service[81039]: DEBUG keystone.server.flask.request_processing.middleware.auth_context [None req-0d0f1dbc-f4c4-4f95-a64d-a739314f0491 None admin] RBAC: auth_context: {'token': , 'domain_id': None, 'trust_id': None, 'trustor_id': None, 'trustee_id': None, 'domain_name': None, 'group_ids': [], 'user_id': 'a48287473e6049c993f6927f8a9e68b3', 'user_domain_id': 'default', 'system_scope': 'all', 'project_id': None, 'project_domain_id': None, 'roles': ['admin', 'member', 'reader'], 'is_admin_project': True, 'service_user_id': None, 'service_user_domain_id': None, 'service_project_id': None, 'service_project_domain_id': None, 'service_roles': []} {{(pid=81039) fill_context /opt/stack/keystone/keystone/server/flask/request_processing/middleware/auth_context.py:478}}
Jun 21 17:00:25.399458 dv-neutron-797120-19-hyperv devstack@keystone.service[81039]: DEBUG keystone.server.flask.request_processing.req_logging [None req-0d0f1dbc-f4c4-4f95-a64d-a739314f0491 None admin] REQUEST_METHOD: `GET` {{(pid=81039) log_request_info /opt/stack/keystone/keystone/server/flask/request_processing/req_logging.py:27}}
Jun 21 17:00:25.399742 dv-neutron-797120-19-hyperv devstack@keystone.service[81039]: DEBUG keystone.server.flask.request_processing.req_logging [None req-0d0f1dbc-f4c4-4f95-a64d-a739314f0491 None admin] SCRIPT_NAME: `/identity` {{(pid=81039) log_request_info /opt/stack/keystone/keystone/server/flask/request_processing/req_logging.py:28}}
Jun 21 17:00:25.400016 dv-neutron-797120-19-hyperv devstack@keystone.service[81039]: DEBUG keystone.server.flask.request_processing.req_logging [None req-0d0f1dbc-f4c4-4f95-a64d-a739314f0491 None admin] PATH_INFO: `/v3/users/4ff7d82eb854462d8a88669f6408dc12` {{(pid=81039) log_request_info /opt/stack/keystone/keystone/server/flask/request_processing/req_logging.py:29}}
Jun 21 17:00:25.401252 dv-neutron-797120-19-hyperv devstack@keystone.service[81039]: DEBUG keystone.common.rbac_enforcer.enforcer [None req-0d0f1dbc-f4c4-4f95-a64d-a739314f0491 None admin] RBAC: Authorizing `identity:get_user(user_id=4ff7d82eb854462d8a88669f6408dc12)` {{(pid=81039) enforce_call /opt/stack/keystone/keystone/common/rbac_enforcer/enforcer.py:449}}
Jun 21 17:00:25.402701 dv-neutron-797120-19-hyperv devstack@keystone.service[81039]: DEBUG keystone.common.rbac_enforcer.enforcer [None req-0d0f1dbc-f4c4-4f95-a64d-a739314f0491 None admin] RBAC: Authorization granted {{(pid=81039) enforce_call /opt/stack/keystone/keystone/common/rbac_enforcer/enforcer.py:457}}
Jun 21 17:00:25.404369 dv-neutron-797120-19-hyperv devstack@keystone.service[81039]: [pid: 81039|app: 0|req: 140/291] 10.222.0.13 () {56 vars in 1177 bytes} [Tue Jun 21 17:00:25 2022] GET /identity/v3/users/4ff7d82eb854462d8a88669f6408dc12 => generated 297 bytes in 169 msecs (HTTP/1.1 200) 5 headers in 177 bytes (1 switches on core 0)
Jun 21 17:00:25.411900 dv-neutron-797120-19-hyperv devstack@keystone.service[81038]: DEBUG keystone.server.flask.request_processing.middleware.auth_context [None req-d0b9c8c3-b959-4e77-add7-cbe24cb90440 None admin] Authenticating user token {{(pid=81038) process_request /usr/local/lib/python3.8/dist-packages/keystonemiddleware/auth_token/__init__.py:407}}
Jun 21 17:00:25.586105 dv-neutron-797120-19-hyperv devstack@keystone.service[81038]: DEBUG keystone.server.flask.request_processing.middleware.auth_context [None req-d0b9c8c3-b959-4e77-add7-cbe24cb90440 None admin] Validating token access rules against request {{(pid=81038) validate_allowed_request /usr/local/lib/python3.8/dist-packages/keystonemiddleware/auth_token/__init__.py:545}}
Jun 21 17:00:25.620016 dv-neutron-797120-19-hyperv devstack@keystone.service[81038]: DEBUG dbcounter [-] [81038] Writing DB stats keystone:SELECT=99,keystone:INSERT=1 {{(pid=81038) stat_writer /usr/local/lib/python3.8/dist-packages/dbcounter.py:114}}
