Jun 21 16:59:58.962515 dv-neutron-797120-19-hyperv devstack@keystone.service[81039]: DEBUG keystone.server.flask.request_processing.middleware.auth_context [None req-3ac7190f-c35a-4929-a724-ae6086cff842 None admin] Authenticating user token {{(pid=81039) process_request /usr/local/lib/python3.8/dist-packages/keystonemiddleware/auth_token/__init__.py:407}}
Jun 21 16:59:58.986881 dv-neutron-797120-19-hyperv devstack@keystone.service[81038]: DEBUG keystone.server.flask.request_processing.middleware.auth_context [None req-c56e316a-3271-4413-8773-22a60cbef7b4 None admin] Validating token access rules against request {{(pid=81038) validate_allowed_request /usr/local/lib/python3.8/dist-packages/keystonemiddleware/auth_token/__init__.py:545}}
Jun 21 16:59:59.086711 dv-neutron-797120-19-hyperv devstack@keystone.service[81038]: DEBUG keystone.server.flask.request_processing.middleware.auth_context [None req-9c401b5b-7462-467f-b9f6-608d26959ceb None admin] RBAC: auth_context: {'token': , 'domain_id': None, 'trust_id': None, 'trustor_id': None, 'trustee_id': None, 'domain_name': None, 'group_ids': [], 'user_id': 'a48287473e6049c993f6927f8a9e68b3', 'user_domain_id': 'default', 'system_scope': 'all', 'project_id': None, 'project_domain_id': None, 'roles': ['admin', 'member', 'reader'], 'is_admin_project': True, 'service_user_id': None, 'service_user_domain_id': None, 'service_project_id': None, 'service_project_domain_id': None, 'service_roles': []} {{(pid=81038) fill_context /opt/stack/keystone/keystone/server/flask/request_processing/middleware/auth_context.py:478}}
Jun 21 16:59:59.087609 dv-neutron-797120-19-hyperv devstack@keystone.service[81038]: DEBUG keystone.server.flask.request_processing.req_logging [None req-9c401b5b-7462-467f-b9f6-608d26959ceb None admin] REQUEST_METHOD: `GET` {{(pid=81038) log_request_info /opt/stack/keystone/keystone/server/flask/request_processing/req_logging.py:27}}
Jun 21 16:59:59.087900 dv-neutron-797120-19-hyperv devstack@keystone.service[81038]: DEBUG keystone.server.flask.request_processing.req_logging [None req-9c401b5b-7462-467f-b9f6-608d26959ceb None admin] SCRIPT_NAME: `/identity` {{(pid=81038) log_request_info /opt/stack/keystone/keystone/server/flask/request_processing/req_logging.py:28}}
Jun 21 16:59:59.088181 dv-neutron-797120-19-hyperv devstack@keystone.service[81038]: DEBUG keystone.server.flask.request_processing.req_logging [None req-9c401b5b-7462-467f-b9f6-608d26959ceb None admin] PATH_INFO: `/v3/projects/19f660dda745417f942c1ba88ca4f8af` {{(pid=81038) log_request_info /opt/stack/keystone/keystone/server/flask/request_processing/req_logging.py:29}}
Jun 21 16:59:59.090115 dv-neutron-797120-19-hyperv devstack@keystone.service[81038]: DEBUG keystone.common.rbac_enforcer.enforcer [None req-9c401b5b-7462-467f-b9f6-608d26959ceb None admin] RBAC: Authorizing `identity:get_project(project_id=19f660dda745417f942c1ba88ca4f8af)` {{(pid=81038) enforce_call /opt/stack/keystone/keystone/common/rbac_enforcer/enforcer.py:449}}
Jun 21 16:59:59.091628 dv-neutron-797120-19-hyperv devstack@keystone.service[81038]: DEBUG keystone.common.rbac_enforcer.enforcer [None req-9c401b5b-7462-467f-b9f6-608d26959ceb None admin] RBAC: Authorization granted {{(pid=81038) enforce_call /opt/stack/keystone/keystone/common/rbac_enforcer/enforcer.py:457}}
Jun 21 16:59:59.095384 dv-neutron-797120-19-hyperv devstack@keystone.service[81038]: [pid: 81038|app: 0|req: 48/91] 10.222.0.13 () {56 vars in 1186 bytes} [Tue Jun 21 16:59:58 2022] GET /identity/v3/projects/19f660dda745417f942c1ba88ca4f8af => generated 298 bytes in 237 msecs (HTTP/1.1 200) 5 headers in 177 bytes (1 switches on core 0)
Jun 21 16:59:59.096210 dv-neutron-797120-19-hyperv devstack@keystone.service[81038]: DEBUG keystone.server.flask.request_processing.middleware.auth_context [None req-9c401b5b-7462-467f-b9f6-608d26959ceb None admin] Authenticating user token {{(pid=81038) process_request /usr/local/lib/python3.8/dist-packages/keystonemiddleware/auth_token/__init__.py:407}}
Jun 21 16:59:59.149533 dv-neutron-797120-19-hyperv devstack@keystone.service[81038]: DEBUG dbcounter [-] [81038] Writing DB stats keystone:SELECT=100 {{(pid=81038) stat_writer /usr/local/lib/python3.8/dist-packages/dbcounter.py:114}}
Jun 21 16:59:59.170472 dv-neutron-797120-19-hyperv devstack@keystone.service[81039]: DEBUG keystone.server.flask.request_processing.middleware.auth_context [None req-3ac7190f-c35a-4929-a724-ae6086cff842 None admin] Validating token access rules against request {{(pid=81039) validate_allowed_request /usr/local/lib/python3.8/dist-packages/keystonemiddleware/auth_token/__init__.py:545}}
Jun 21 16:59:59.214586 dv-neutron-797120-19-hyperv devstack@keystone.service[81039]: DEBUG keystone.server.flask.request_processing.middleware.auth_context [None req-b3b54011-b0e0-4e66-a52e-e308c7da20c0 None admin] RBAC: auth_context: {'token': , 'domain_id': None, 'trust_id': None, 'trustor_id': None, 'trustee_id': None, 'domain_name': None, 'group_ids': [], 'user_id': 'a48287473e6049c993f6927f8a9e68b3', 'user_domain_id': 'default', 'system_scope': 'all', 'project_id': None, 'project_domain_id': None, 'roles': ['admin', 'member', 'reader'], 'is_admin_project': True, 'service_user_id': None, 'service_user_domain_id': None, 'service_project_id': None, 'service_project_domain_id': None, 'service_roles': []} {{(pid=81039) fill_context /opt/stack/keystone/keystone/server/flask/request_processing/middleware/auth_context.py:478}}
Jun 21 16:59:59.215276 dv-neutron-797120-19-hyperv devstack@keystone.service[81039]: DEBUG keystone.server.flask.request_processing.req_logging [None req-b3b54011-b0e0-4e66-a52e-e308c7da20c0 None admin] REQUEST_METHOD: `GET` {{(pid=81039) log_request_info /opt/stack/keystone/keystone/server/flask/request_processing/req_logging.py:27}}
Jun 21 16:59:59.215566 dv-neutron-797120-19-hyperv devstack@keystone.service[81039]: DEBUG keystone.server.flask.request_processing.req_logging [None req-b3b54011-b0e0-4e66-a52e-e308c7da20c0 None admin] SCRIPT_NAME: `/identity` {{(pid=81039) log_request_info /opt/stack/keystone/keystone/server/flask/request_processing/req_logging.py:28}}
Jun 21 16:59:59.215937 dv-neutron-797120-19-hyperv devstack@keystone.service[81039]: DEBUG keystone.server.flask.request_processing.req_logging [None req-b3b54011-b0e0-4e66-a52e-e308c7da20c0 None admin] PATH_INFO: `/v3/role_assignments` {{(pid=81039) log_request_info /opt/stack/keystone/keystone/server/flask/request_processing/req_logging.py:29}}
Jun 21 16:59:59.216914 dv-neutron-797120-19-hyperv devstack@keystone.service[81039]: DEBUG keystone.common.rbac_enforcer.enforcer [None req-b3b54011-b0e0-4e66-a52e-e308c7da20c0 None admin] RBAC: Adding query filter params (role.id=7e5e19e76e294bfab717d1909ef0b7e8, scope.project.id=19f660dda745417f942c1ba88ca4f8af, user.id=44b15e1323cc44408150eb6f7ed937b7) {{(pid=81039) _extract_filter_values /opt/stack/keystone/keystone/common/rbac_enforcer/enforcer.py:167}}
Jun 21 16:59:59.217244 dv-neutron-797120-19-hyperv devstack@keystone.service[81039]: DEBUG keystone.common.rbac_enforcer.enforcer [None req-b3b54011-b0e0-4e66-a52e-e308c7da20c0 None admin] RBAC: Authorizing `identity:list_role_assignments()` {{(pid=81039) enforce_call /opt/stack/keystone/keystone/common/rbac_enforcer/enforcer.py:449}}
Jun 21 16:59:59.218702 dv-neutron-797120-19-hyperv devstack@keystone.service[81039]: DEBUG keystone.common.rbac_enforcer.enforcer [None req-b3b54011-b0e0-4e66-a52e-e308c7da20c0 None admin] RBAC: Authorization granted {{(pid=81039) enforce_call /opt/stack/keystone/keystone/common/rbac_enforcer/enforcer.py:457}}
Jun 21 16:59:59.224121 dv-neutron-797120-19-hyperv devstack@keystone.service[81038]: DEBUG keystone.server.flask.request_processing.middleware.auth_context [None req-9c401b5b-7462-467f-b9f6-608d26959ceb None admin] Validating token access rules against request {{(pid=81038) validate_allowed_request /usr/local/lib/python3.8/dist-packages/keystonemiddleware/auth_token/__init__.py:545}}
Jun 21 16:59:59.226335 dv-neutron-797120-19-hyperv devstack@keystone.service[81039]: [pid: 81039|app: 0|req: 44/92] 10.222.0.13 () {56 vars in 1374 bytes} [Tue Jun 21 16:59:58 2022] GET /identity/v3/role_assignments?user.id=44b15e1323cc44408150eb6f7ed937b7&scope.project.id=19f660dda745417f942c1ba88ca4f8af&role.id=7e5e19e76e294bfab717d1909ef0b7e8 => generated 259 bytes in 272 msecs (HTTP/1.1 200) 5 headers in 177 bytes (1 switches on core 0)
Jun 21 16:59:59.227132 dv-neutron-797120-19-hyperv devstack@keystone.service[81039]: DEBUG keystone.server.flask.request_processing.middleware.auth_context [None req-b3b54011-b0e0-4e66-a52e-e308c7da20c0 None admin] Authenticating user token {{(pid=81039) process_request /usr/local/lib/python3.8/dist-packages/keystonemiddleware/auth_token/__init__.py:407}}
Jun 21 16:59:59.262368 dv-neutron-797120-19-hyperv devstack@keystone.service[81038]: DEBUG keystone.server.flask.request_processing.middleware.auth_context [None req-b505e058-32ce-4483-a6d4-4eb825d560f0 None admin] RBAC: auth_context: {'token': , 'domain_id': None, 'trust_id': None, 'trustor_id': None, 'trustee_id': None, 'domain_name': None, 'group_ids': [], 'user_id': 'a48287473e6049c993f6927f8a9e68b3', 'user_domain_id': 'default', 'system_scope': 'all', 'project_id': None, 'project_domain_id': None, 'roles': ['admin', 'member', 'reader'], 'is_admin_project': True, 'service_user_id': None, 'service_user_domain_id': None, 'service_project_id': None, 'service_project_domain_id': None, 'service_roles': []} {{(pid=81038) fill_context /opt/stack/keystone/keystone/server/flask/request_processing/middleware/auth_context.py:478}}
Jun 21 16:59:59.262809 dv-neutron-797120-19-hyperv devstack@keystone.service[81039]: DEBUG dbcounter [-] [81039] Writing DB stats keystone:SELECT=100 {{(pid=81039) stat_writer /usr/local/lib/python3.8/dist-packages/dbcounter.py:114}}
Jun 21 16:59:59.263044 dv-neutron-797120-19-hyperv devstack@keystone.service[81038]: DEBUG keystone.server.flask.request_processing.req_logging [None req-b505e058-32ce-4483-a6d4-4eb825d560f0 None admin] REQUEST_METHOD: `GET` {{(pid=81038) log_request_info /opt/stack/keystone/keystone/server/flask/request_processing/req_logging.py:27}}
Jun 21 16:59:59.263337 dv-neutron-797120-19-hyperv devstack@keystone.service[81038]: DEBUG keystone.server.flask.request_processing.req_logging [None req-b505e058-32ce-4483-a6d4-4eb825d560f0 None admin] SCRIPT_NAME: `/identity` {{(pid=81038) log_request_info /opt/stack/keystone/keystone/server/flask/request_processing/req_logging.py:28}}
Jun 21 16:59:59.263623 dv-neutron-797120-19-hyperv devstack@keystone.service[81038]: DEBUG keystone.server.flask.request_processing.req_logging [None req-b505e058-32ce-4483-a6d4-4eb825d560f0 None admin] PATH_INFO: `/v3/auth/tokens` {{(pid=81038) log_request_info /opt/stack/keystone/keystone/server/flask/request_processing/req_logging.py:29}}
Jun 21 16:59:59.347106 dv-neutron-797120-19-hyperv devstack@keystone.service[81039]: DEBUG keystone.server.flask.request_processing.middleware.auth_context [None req-b3b54011-b0e0-4e66-a52e-e308c7da20c0 None admin] Validating token access rules against request {{(pid=81039) validate_allowed_request /usr/local/lib/python3.8/dist-packages/keystonemiddleware/auth_token/__init__.py:545}}
Jun 21 16:59:59.350851 dv-neutron-797120-19-hyperv devstack@keystone.service[81038]: DEBUG keystone.common.rbac_enforcer.enforcer [None req-b505e058-32ce-4483-a6d4-4eb825d560f0 None admin] RBAC: Authorizing `identity:validate_token()` {{(pid=81038) enforce_call /opt/stack/keystone/keystone/common/rbac_enforcer/enforcer.py:449}}
Jun 21 16:59:59.352352 dv-neutron-797120-19-hyperv devstack@keystone.service[81038]: DEBUG keystone.common.rbac_enforcer.enforcer [None req-b505e058-32ce-4483-a6d4-4eb825d560f0 None admin] RBAC: Authorization granted {{(pid=81038) enforce_call /opt/stack/keystone/keystone/common/rbac_enforcer/enforcer.py:457}}
Jun 21 16:59:59.387512 dv-neutron-797120-19-hyperv devstack@keystone.service[81039]: DEBUG keystone.server.flask.request_processing.middleware.auth_context [None req-f24c38ea-be16-4d0b-a1a0-d467f2b8b19a None admin] RBAC: auth_context: {'token': , 'domain_id': None, 'trust_id': None, 'trustor_id': None, 'trustee_id': None, 'domain_name': None, 'group_ids': [], 'user_id': 'a48287473e6049c993f6927f8a9e68b3', 'user_domain_id': 'default', 'system_scope': 'all', 'project_id': None, 'project_domain_id': None, 'roles': ['admin', 'member', 'reader'], 'is_admin_project': True, 'service_user_id': None, 'service_user_domain_id': None, 'service_project_id': None, 'service_project_domain_id': None, 'service_roles': []} {{(pid=81039) fill_context /opt/stack/keystone/keystone/server/flask/request_processing/middleware/auth_context.py:478}}
Jun 21 16:59:59.388209 dv-neutron-797120-19-hyperv devstack@keystone.service[81039]: DEBUG keystone.server.flask.request_processing.req_logging [None req-f24c38ea-be16-4d0b-a1a0-d467f2b8b19a None admin] REQUEST_METHOD: `GET` {{(pid=81039) log_request_info /opt/stack/keystone/keystone/server/flask/request_processing/req_logging.py:27}}
Jun 21 16:59:59.388535 dv-neutron-797120-19-hyperv devstack@keystone.service[81039]: DEBUG keystone.server.flask.request_processing.req_logging [None req-f24c38ea-be16-4d0b-a1a0-d467f2b8b19a None admin] SCRIPT_NAME: `/identity` {{(pid=81039) log_request_info /opt/stack/keystone/keystone/server/flask/request_processing/req_logging.py:28}}
Jun 21 16:59:59.388822 dv-neutron-797120-19-hyperv devstack@keystone.service[81039]: DEBUG keystone.server.flask.request_processing.req_logging [None req-f24c38ea-be16-4d0b-a1a0-d467f2b8b19a None admin] PATH_INFO: `/v3/role_assignments` {{(pid=81039) log_request_info /opt/stack/keystone/keystone/server/flask/request_processing/req_logging.py:29}}
Jun 21 16:59:59.389875 dv-neutron-797120-19-hyperv devstack@keystone.service[81039]: DEBUG keystone.common.rbac_enforcer.enforcer [None req-f24c38ea-be16-4d0b-a1a0-d467f2b8b19a None admin] RBAC: Adding query filter params (role.id=730b465c22a04ab88997668a5da0a010, scope.project.id=19f660dda745417f942c1ba88ca4f8af, user.id=a48287473e6049c993f6927f8a9e68b3) {{(pid=81039) _extract_filter_values /opt/stack/keystone/keystone/common/rbac_enforcer/enforcer.py:167}}
Jun 21 16:59:59.390302 dv-neutron-797120-19-hyperv devstack@keystone.service[81039]: DEBUG keystone.common.rbac_enforcer.enforcer [None req-f24c38ea-be16-4d0b-a1a0-d467f2b8b19a None admin] RBAC: Authorizing `identity:list_role_assignments()` {{(pid=81039) enforce_call /opt/stack/keystone/keystone/common/rbac_enforcer/enforcer.py:449}}
Jun 21 16:59:59.392759 dv-neutron-797120-19-hyperv devstack@keystone.service[81039]: DEBUG keystone.common.rbac_enforcer.enforcer [None req-f24c38ea-be16-4d0b-a1a0-d467f2b8b19a None admin] RBAC: Authorization granted {{(pid=81039) enforce_call /opt/stack/keystone/keystone/common/rbac_enforcer/enforcer.py:457}}
Jun 21 16:59:59.397050 dv-neutron-797120-19-hyperv devstack@keystone.service[81038]: DEBUG dbcounter [-] [81038] Writing DB stats keystone:SELECT=100 {{(pid=81038) stat_writer /usr/local/lib/python3.8/dist-packages/dbcounter.py:114}}
Jun 21 16:59:59.400525 dv-neutron-797120-19-hyperv devstack@keystone.service[81039]: [pid: 81039|app: 0|req: 45/93] 10.222.0.13 () {56 vars in 1374 bytes} [Tue Jun 21 16:59:59 2022] GET /identity/v3/role_assignments?user.id=a48287473e6049c993f6927f8a9e68b3&scope.project.id=19f660dda745417f942c1ba88ca4f8af&role.id=730b465c22a04ab88997668a5da0a010 => generated 259 bytes in 174 msecs (HTTP/1.1 200) 5 headers in 177 bytes (1 switches on core 0)
Jun 21 16:59:59.401548 dv-neutron-797120-19-hyperv devstack@keystone.service[81039]: DEBUG keystone.server.flask.request_processing.middleware.auth_context [None req-f24c38ea-be16-4d0b-a1a0-d467f2b8b19a None admin] Authenticating user token {{(pid=81039) process_request /usr/local/lib/python3.8/dist-packages/keystonemiddleware/auth_token/__init__.py:407}}
Jun 21 16:59:59.504823 dv-neutron-797120-19-hyperv devstack@keystone.service[81038]: [pid: 81038|app: 0|req: 49/94] 10.222.0.13 () {58 vars in 1282 bytes} [Tue Jun 21 16:59:59 2022] GET /identity/v3/auth/tokens => generated 799 bytes in 409 msecs (HTTP/1.1 200) 6 headers in 358 bytes (1 switches on core 0)
Jun 21 16:59:59.510896 dv-neutron-797120-19-hyperv devstack@keystone.service[81038]: DEBUG keystone.server.flask.request_processing.middleware.auth_context [None req-b505e058-32ce-4483-a6d4-4eb825d560f0 None admin] Authenticating user token {{(pid=81038) process_request /usr/local/lib/python3.8/dist-packages/keystonemiddleware/auth_token/__init__.py:407}}
Jun 21 16:59:59.544815 dv-neutron-797120-19-hyperv devstack@keystone.service[81039]: DEBUG dbcounter [-] [81039] Writing DB stats keystone:SELECT=100 {{(pid=81039) stat_writer /usr/local/lib/python3.8/dist-packages/dbcounter.py:114}}
Jun 21 16:59:59.551496 dv-neutron-797120-19-hyperv devstack@keystone.service[81039]: DEBUG keystone.server.flask.request_processing.middleware.auth_context [None req-f24c38ea-be16-4d0b-a1a0-d467f2b8b19a None admin] Validating token access rules against request {{(pid=81039) validate_allowed_request /usr/local/lib/python3.8/dist-packages/keystonemiddleware/auth_token/__init__.py:545}}
Jun 21 16:59:59.597437 dv-neutron-797120-19-hyperv devstack@keystone.service[81039]: DEBUG keystone.server.flask.request_processing.middleware.auth_context [None req-25573bb7-d0e8-4fa0-b764-2d46260246ce None admin] RBAC: auth_context: {'token': , 'domain_id': None, 'trust_id': None, 'trustor_id': None, 'trustee_id': None, 'domain_name': None, 'group_ids': [], 'user_id': 'a48287473e6049c993f6927f8a9e68b3', 'user_domain_id': 'default', 'system_scope': 'all', 'project_id': None, 'project_domain_id': None, 'roles': ['admin', 'member', 'reader'], 'is_admin_project': True, 'service_user_id': None, 'service_user_domain_id': None, 'service_project_id': None, 'service_project_domain_id': None, 'service_roles': []} {{(pid=81039) fill_context /opt/stack/keystone/keystone/server/flask/request_processing/middleware/auth_context.py:478}}
Jun 21 16:59:59.598086 dv-neutron-797120-19-hyperv devstack@keystone.service[81039]: DEBUG keystone.server.flask.request_processing.req_logging [None req-25573bb7-d0e8-4fa0-b764-2d46260246ce None admin] REQUEST_METHOD: `GET` {{(pid=81039) log_request_info /opt/stack/keystone/keystone/server/flask/request_processing/req_logging.py:27}}
Jun 21 16:59:59.598359 dv-neutron-797120-19-hyperv devstack@keystone.service[81039]: DEBUG keystone.server.flask.request_processing.req_logging [None req-25573bb7-d0e8-4fa0-b764-2d46260246ce None admin] SCRIPT_NAME: `/identity` {{(pid=81039) log_request_info /opt/stack/keystone/keystone/server/flask/request_processing/req_logging.py:28}}
Jun 21 16:59:59.598634 dv-neutron-797120-19-hyperv devstack@keystone.service[81039]: DEBUG keystone.server.flask.request_processing.req_logging [None req-25573bb7-d0e8-4fa0-b764-2d46260246ce None admin] PATH_INFO: `/v3/role_assignments` {{(pid=81039) log_request_info /opt/stack/keystone/keystone/server/flask/request_processing/req_logging.py:29}}
Jun 21 16:59:59.599491 dv-neutron-797120-19-hyperv devstack@keystone.service[81039]: DEBUG keystone.common.rbac_enforcer.enforcer [None req-25573bb7-d0e8-4fa0-b764-2d46260246ce None admin] RBAC: Adding query filter params (role.id=0d35711c0ad74ee9afffdb3bf6967178, scope.project.id=19f660dda745417f942c1ba88ca4f8af, user.id=44b15e1323cc44408150eb6f7ed937b7) {{(pid=81039) _extract_filter_values /opt/stack/keystone/keystone/common/rbac_enforcer/enforcer.py:167}}
Jun 21 16:59:59.599817 dv-neutron-797120-19-hyperv devstack@keystone.service[81039]: DEBUG keystone.common.rbac_enforcer.enforcer [None req-25573bb7-d0e8-4fa0-b764-2d46260246ce None admin] RBAC: Authorizing `identity:list_role_assignments()` {{(pid=81039) enforce_call /opt/stack/keystone/keystone/common/rbac_enforcer/enforcer.py:449}}
Jun 21 16:59:59.601355 dv-neutron-797120-19-hyperv devstack@keystone.service[81039]: DEBUG keystone.common.rbac_enforcer.enforcer [None req-25573bb7-d0e8-4fa0-b764-2d46260246ce None admin] RBAC: Authorization granted {{(pid=81039) enforce_call /opt/stack/keystone/keystone/common/rbac_enforcer/enforcer.py:457}}
Jun 21 16:59:59.609460 dv-neutron-797120-19-hyperv devstack@keystone.service[81039]: [pid: 81039|app: 0|req: 46/95] 10.222.0.13 () {56 vars in 1374 bytes} [Tue Jun 21 16:59:59 2022] GET /identity/v3/role_assignments?user.id=44b15e1323cc44408150eb6f7ed937b7&scope.project.id=19f660dda745417f942c1ba88ca4f8af&role.id=0d35711c0ad74ee9afffdb3bf6967178 => generated 259 bytes in 208 msecs (HTTP/1.1 200) 5 headers in 177 bytes (1 switches on core 0)
Jun 21 16:59:59.702347 dv-neutron-797120-19-hyperv devstack@keystone.service[81038]: DEBUG keystone.server.flask.request_processing.middleware.auth_context [None req-b505e058-32ce-4483-a6d4-4eb825d560f0 None admin] Validating token access rules against request {{(pid=81038) validate_allowed_request /usr/local/lib/python3.8/dist-packages/keystonemiddleware/auth_token/__init__.py:545}}
Jun 21 16:59:59.752644 dv-neutron-797120-19-hyperv devstack@keystone.service[81038]: DEBUG keystone.server.flask.request_processing.middleware.auth_context [None req-376b7b0d-698e-4c77-8cc7-6307204b4f8a None admin] RBAC: auth_context: {'token': , 'domain_id': None, 'trust_id': None, 'trustor_id': None, 'trustee_id': None, 'domain_name': None, 'group_ids': [], 'user_id': 'a48287473e6049c993f6927f8a9e68b3', 'user_domain_id': 'default', 'system_scope': 'all', 'project_id': None, 'project_domain_id': None, 'roles': ['admin', 'member', 'reader'], 'is_admin_project': True, 'service_user_id': None, 'service_user_domain_id': None, 'service_project_id': None, 'service_project_domain_id': None, 'service_roles': []} {{(pid=81038) fill_context /opt/stack/keystone/keystone/server/flask/request_processing/middleware/auth_context.py:478}}
Jun 21 16:59:59.753540 dv-neutron-797120-19-hyperv devstack@keystone.service[81038]: DEBUG keystone.server.flask.request_processing.req_logging [None req-376b7b0d-698e-4c77-8cc7-6307204b4f8a None admin] REQUEST_METHOD: `GET` {{(pid=81038) log_request_info /opt/stack/keystone/keystone/server/flask/request_processing/req_logging.py:27}}
Jun 21 16:59:59.753830 dv-neutron-797120-19-hyperv devstack@keystone.service[81038]: DEBUG keystone.server.flask.request_processing.req_logging [None req-376b7b0d-698e-4c77-8cc7-6307204b4f8a None admin] SCRIPT_NAME: `/identity` {{(pid=81038) log_request_info /opt/stack/keystone/keystone/server/flask/request_processing/req_logging.py:28}}
Jun 21 16:59:59.754112 dv-neutron-797120-19-hyperv devstack@keystone.service[81038]: DEBUG keystone.server.flask.request_processing.req_logging [None req-376b7b0d-698e-4c77-8cc7-6307204b4f8a None admin] PATH_INFO: `/v3/projects/b40b6ee04c604ff4a6ca64357036a804` {{(pid=81038) log_request_info /opt/stack/keystone/keystone/server/flask/request_processing/req_logging.py:29}}
Jun 21 16:59:59.755411 dv-neutron-797120-19-hyperv devstack@keystone.service[81038]: DEBUG keystone.common.rbac_enforcer.enforcer [None req-376b7b0d-698e-4c77-8cc7-6307204b4f8a None admin] RBAC: Authorizing `identity:get_project(project_id=b40b6ee04c604ff4a6ca64357036a804)` {{(pid=81038) enforce_call /opt/stack/keystone/keystone/common/rbac_enforcer/enforcer.py:449}}
Jun 21 16:59:59.756987 dv-neutron-797120-19-hyperv devstack@keystone.service[81038]: DEBUG keystone.common.rbac_enforcer.enforcer [None req-376b7b0d-698e-4c77-8cc7-6307204b4f8a None admin] RBAC: Authorization granted {{(pid=81038) enforce_call /opt/stack/keystone/keystone/common/rbac_enforcer/enforcer.py:457}}
Jun 21 16:59:59.758777 dv-neutron-797120-19-hyperv devstack@keystone.service[81038]: [pid: 81038|app: 0|req: 50/96] 10.222.0.13 () {56 vars in 1186 bytes} [Tue Jun 21 16:59:59 2022] GET /identity/v3/projects/b40b6ee04c604ff4a6ca64357036a804 => generated 312 bytes in 248 msecs (HTTP/1.1 200) 5 headers in 177 bytes (2 switches on core 0)
Jun 21 16:59:59.765054 dv-neutron-797120-19-hyperv devstack@keystone.service[81039]: DEBUG keystone.server.flask.request_processing.middleware.auth_context [None req-25573bb7-d0e8-4fa0-b764-2d46260246ce None admin] Authenticating user token {{(pid=81039) process_request /usr/local/lib/python3.8/dist-packages/keystonemiddleware/auth_token/__init__.py:407}}
Jun 21 16:59:59.891170 dv-neutron-797120-19-hyperv devstack@keystone.service[81039]: DEBUG keystone.server.flask.request_processing.middleware.auth_context [None req-25573bb7-d0e8-4fa0-b764-2d46260246ce None admin] Validating token access rules against request {{(pid=81039) validate_allowed_request /usr/local/lib/python3.8/dist-packages/keystonemiddleware/auth_token/__init__.py:545}}
Jun 21 16:59:59.933188 dv-neutron-797120-19-hyperv devstack@keystone.service[81039]: DEBUG keystone.server.flask.request_processing.middleware.auth_context [None req-7f3ca7b4-a4e7-4b3f-b636-1b81b5339213 None admin] RBAC: auth_context: {'token': , 'domain_id': None, 'trust_id': None, 'trustor_id': None, 'trustee_id': None, 'domain_name': None, 'group_ids': [], 'user_id': 'a48287473e6049c993f6927f8a9e68b3', 'user_domain_id': 'default', 'system_scope': 'all', 'project_id': None, 'project_domain_id': None, 'roles': ['admin', 'member', 'reader'], 'is_admin_project': True, 'service_user_id': None, 'service_user_domain_id': None, 'service_project_id': None, 'service_project_domain_id': None, 'service_roles': []} {{(pid=81039) fill_context /opt/stack/keystone/keystone/server/flask/request_processing/middleware/auth_context.py:478}}
Jun 21 16:59:59.934229 dv-neutron-797120-19-hyperv devstack@keystone.service[81039]: DEBUG keystone.server.flask.request_processing.req_logging [None req-7f3ca7b4-a4e7-4b3f-b636-1b81b5339213 None admin] REQUEST_METHOD: `GET` {{(pid=81039) log_request_info /opt/stack/keystone/keystone/server/flask/request_processing/req_logging.py:27}}
Jun 21 16:59:59.934734 dv-neutron-797120-19-hyperv devstack@keystone.service[81039]: DEBUG keystone.server.flask.request_processing.req_logging [None req-7f3ca7b4-a4e7-4b3f-b636-1b81b5339213 None admin] SCRIPT_NAME: `/identity` {{(pid=81039) log_request_info /opt/stack/keystone/keystone/server/flask/request_processing/req_logging.py:28}}
Jun 21 16:59:59.935212 dv-neutron-797120-19-hyperv devstack@keystone.service[81039]: DEBUG keystone.server.flask.request_processing.req_logging [None req-7f3ca7b4-a4e7-4b3f-b636-1b81b5339213 None admin] PATH_INFO: `/v3/role_assignments` {{(pid=81039) log_request_info /opt/stack/keystone/keystone/server/flask/request_processing/req_logging.py:29}}
Jun 21 16:59:59.936267 dv-neutron-797120-19-hyperv devstack@keystone.service[81039]: DEBUG keystone.common.rbac_enforcer.enforcer [None req-7f3ca7b4-a4e7-4b3f-b636-1b81b5339213 None admin] RBAC: Adding query filter params (role.id=7e5e19e76e294bfab717d1909ef0b7e8, scope.project.id=b40b6ee04c604ff4a6ca64357036a804, user.id=44b15e1323cc44408150eb6f7ed937b7) {{(pid=81039) _extract_filter_values /opt/stack/keystone/keystone/common/rbac_enforcer/enforcer.py:167}}
Jun 21 16:59:59.936825 dv-neutron-797120-19-hyperv devstack@keystone.service[81039]: DEBUG keystone.common.rbac_enforcer.enforcer [None req-7f3ca7b4-a4e7-4b3f-b636-1b81b5339213 None admin] RBAC: Authorizing `identity:list_role_assignments()` {{(pid=81039) enforce_call /opt/stack/keystone/keystone/common/rbac_enforcer/enforcer.py:449}}
Jun 21 16:59:59.939530 dv-neutron-797120-19-hyperv devstack@keystone.service[81039]: DEBUG keystone.common.rbac_enforcer.enforcer [None req-7f3ca7b4-a4e7-4b3f-b636-1b81b5339213 None admin] RBAC: Authorization granted {{(pid=81039) enforce_call /opt/stack/keystone/keystone/common/rbac_enforcer/enforcer.py:457}}
Jun 21 16:59:59.946085 dv-neutron-797120-19-hyperv devstack@keystone.service[81039]: [pid: 81039|app: 0|req: 47/97] 10.222.0.13 () {56 vars in 1374 bytes} [Tue Jun 21 16:59:59 2022] GET /identity/v3/role_assignments?user.id=44b15e1323cc44408150eb6f7ed937b7&scope.project.id=b40b6ee04c604ff4a6ca64357036a804&role.id=7e5e19e76e294bfab717d1909ef0b7e8 => generated 259 bytes in 182 msecs (HTTP/1.1 200) 5 headers in 177 bytes (1 switches on core 0)
Jun 21 17:00:01.540436 dv-neutron-797120-19-hyperv devstack@keystone.service[81038]: DEBUG keystone.server.flask.request_processing.req_logging [None req-e0bb4d29-9fbc-4653-9281-8765aac05ac7 None None] REQUEST_METHOD: `GET` {{(pid=81038) log_request_info /opt/stack/keystone/keystone/server/flask/request_processing/req_logging.py:27}}
Jun 21 17:00:01.540976 dv-neutron-797120-19-hyperv devstack@keystone.service[81038]: DEBUG keystone.server.flask.request_processing.req_logging [None req-e0bb4d29-9fbc-4653-9281-8765aac05ac7 None None] SCRIPT_NAME: `/identity` {{(pid=81038) log_request_info /opt/stack/keystone/keystone/server/flask/request_processing/req_logging.py:28}}
Jun 21 17:00:01.541051 dv-neutron-797120-19-hyperv devstack@keystone.service[81038]: DEBUG keystone.server.flask.request_processing.req_logging [None req-e0bb4d29-9fbc-4653-9281-8765aac05ac7 None None] PATH_INFO: `/` {{(pid=81038) log_request_info /opt/stack/keystone/keystone/server/flask/request_processing/req_logging.py:29}}
Jun 21 17:00:01.542691 dv-neutron-797120-19-hyperv devstack@keystone.service[81038]: [pid: 81038|app: 0|req: 51/98] 10.222.0.13 () {54 vars in 926 bytes} [Tue Jun 21 17:00:01 2022] GET /identity => generated 270 bytes in 3 msecs (HTTP/1.1 300) 6 headers in 234 bytes (1 switches on core 0)
Jun 21 17:00:01.548384 dv-neutron-797120-19-hyperv devstack@keystone.service[81039]: DEBUG keystone.server.flask.request_processing.req_logging [None req-6eaf5c17-6fba-4c3c-be8a-cbbaba55d44c None None] REQUEST_METHOD: `POST` {{(pid=81039) log_request_info /opt/stack/keystone/keystone/server/flask/request_processing/req_logging.py:27}}
Jun 21 17:00:01.549229 dv-neutron-797120-19-hyperv devstack@keystone.service[81039]: DEBUG keystone.server.flask.request_processing.req_logging [None req-6eaf5c17-6fba-4c3c-be8a-cbbaba55d44c None None] SCRIPT_NAME: `/identity` {{(pid=81039) log_request_info /opt/stack/keystone/keystone/server/flask/request_processing/req_logging.py:28}}
Jun 21 17:00:01.549717 dv-neutron-797120-19-hyperv devstack@keystone.service[81039]: DEBUG keystone.server.flask.request_processing.req_logging [None req-6eaf5c17-6fba-4c3c-be8a-cbbaba55d44c None None] PATH_INFO: `/v3/auth/tokens` {{(pid=81039) log_request_info /opt/stack/keystone/keystone/server/flask/request_processing/req_logging.py:29}}
Jun 21 17:00:01.568151 dv-neutron-797120-19-hyperv devstack@keystone.service[81039]: DEBUG keystone.auth.core [None req-6eaf5c17-6fba-4c3c-be8a-cbbaba55d44c None None] MFA Rules not processed for user `a48287473e6049c993f6927f8a9e68b3`. Rule list: `[]` (Enabled: `True`). {{(pid=81039) check_auth_methods_against_rules /opt/stack/keystone/keystone/auth/core.py:438}}
Jun 21 17:00:01.569738 dv-neutron-797120-19-hyperv devstack@keystone.service[81039]: DEBUG keystone.common.fernet_utils [None req-6eaf5c17-6fba-4c3c-be8a-cbbaba55d44c None None] Loaded 2 Fernet keys from /etc/keystone/fernet-keys/, but `[fernet_tokens] max_active_keys = 3`; perhaps there have not been enough key rotations to reach `max_active_keys` yet? {{(pid=81039) load_keys /opt/stack/keystone/keystone/common/fernet_utils.py:286}}
Jun 21 17:00:01.588760 dv-neutron-797120-19-hyperv devstack@keystone.service[81039]: DEBUG dbcounter [-] [81039] Writing DB stats keystone:SELECT=100 {{(pid=81039) stat_writer /usr/local/lib/python3.8/dist-packages/dbcounter.py:114}}
Jun 21 17:00:01.643497 dv-neutron-797120-19-hyperv devstack@keystone.service[81039]: [pid: 81039|app: 0|req: 48/99] 10.222.0.13 () {58 vars in 1023 bytes} [Tue Jun 21 17:00:01 2022] POST /identity/v3/auth/tokens => generated 799 bytes in 96 msecs (HTTP/1.1 201) 6 headers in 363 bytes (2 switches on core 0)
Jun 21 17:00:01.667853 dv-neutron-797120-19-hyperv devstack@keystone.service[81038]: DEBUG keystone.server.flask.request_processing.middleware.auth_context [None req-e0bb4d29-9fbc-4653-9281-8765aac05ac7 None None] Authenticating user token {{(pid=81038) process_request /usr/local/lib/python3.8/dist-packages/keystonemiddleware/auth_token/__init__.py:407}}
Jun 21 17:00:01.682298 dv-neutron-797120-19-hyperv devstack@keystone.service[81038]: DEBUG dbcounter [-] [81038] Writing DB stats keystone:SELECT=100 {{(pid=81038) stat_writer /usr/local/lib/python3.8/dist-packages/dbcounter.py:114}}
Jun 21 17:00:01.799608 dv-neutron-797120-19-hyperv devstack@keystone.service[81038]: DEBUG keystone.server.flask.request_processing.middleware.auth_context [None req-e0bb4d29-9fbc-4653-9281-8765aac05ac7 None None] Validating token access rules against request {{(pid=81038) validate_allowed_request /usr/local/lib/python3.8/dist-packages/keystonemiddleware/auth_token/__init__.py:545}}
Jun 21 17:00:01.842580 dv-neutron-797120-19-hyperv devstack@keystone.service[81038]: DEBUG keystone.server.flask.request_processing.middleware.auth_context [None req-520e4944-b6bb-4a8c-ad3e-f3e6a3468a1a None admin] RBAC: auth_context: {'token': , 'domain_id': None, 'trust_id': None, 'trustor_id': None, 'trustee_id': None, 'domain_name': None, 'group_ids': [], 'user_id': 'a48287473e6049c993f6927f8a9e68b3', 'user_domain_id': 'default', 'system_scope': 'all', 'project_id': None, 'project_domain_id': None, 'roles': ['admin', 'member', 'reader'], 'is_admin_project': True, 'service_user_id': None, 'service_user_domain_id': None, 'service_project_id': None, 'service_project_domain_id': None, 'service_roles': []} {{(pid=81038) fill_context /opt/stack/keystone/keystone/server/flask/request_processing/middleware/auth_context.py:478}}
Jun 21 17:00:01.843413 dv-neutron-797120-19-hyperv devstack@keystone.service[81038]: DEBUG keystone.server.flask.request_processing.req_logging [None req-520e4944-b6bb-4a8c-ad3e-f3e6a3468a1a None admin] REQUEST_METHOD: `GET` {{(pid=81038) log_request_info /opt/stack/keystone/keystone/server/flask/request_processing/req_logging.py:27}}
Jun 21 17:00:01.843705 dv-neutron-797120-19-hyperv devstack@keystone.service[81038]: DEBUG keystone.server.flask.request_processing.req_logging [None req-520e4944-b6bb-4a8c-ad3e-f3e6a3468a1a None admin] SCRIPT_NAME: `/identity` {{(pid=81038) log_request_info /opt/stack/keystone/keystone/server/flask/request_processing/req_logging.py:28}}
Jun 21 17:00:01.843985 dv-neutron-797120-19-hyperv devstack@keystone.service[81038]: DEBUG keystone.server.flask.request_processing.req_logging [None req-520e4944-b6bb-4a8c-ad3e-f3e6a3468a1a None admin] PATH_INFO: `/v3/roles/reader` {{(pid=81038) log_request_info /opt/stack/keystone/keystone/server/flask/request_processing/req_logging.py:29}}
Jun 21 17:00:01.861430 dv-neutron-797120-19-hyperv devstack@keystone.service[81038]: DEBUG keystone.common.rbac_enforcer.enforcer [None req-520e4944-b6bb-4a8c-ad3e-f3e6a3468a1a None admin] Extracting inferred target data resulted in "NOT FOUND (404)". {{(pid=81038) enforce_call /opt/stack/keystone/keystone/common/rbac_enforcer/enforcer.py:409}}
Jun 21 17:00:01.869708 dv-neutron-797120-19-hyperv devstack@keystone.service[81038]: ERROR keystone.server.flask.application [None req-520e4944-b6bb-4a8c-ad3e-f3e6a3468a1a None admin] Could not find role: reader.: keystone.exception.RoleNotFound: Could not find role: reader.
Jun 21 17:00:01.869708 dv-neutron-797120-19-hyperv devstack@keystone.service[81038]: ERROR keystone.server.flask.application
Traceback (most recent call last):
Jun 21 17:00:01.869708 dv-neutron-797120-19-hyperv devstack@keystone.service[81038]: ERROR keystone.server.flask.application
File "/usr/local/lib/python3.8/dist-packages/flask/app.py", line 1523, in full_dispatch_request
Jun 21 17:00:01.869708 dv-neutron-797120-19-hyperv devstack@keystone.service[81038]: ERROR keystone.server.flask.application rv = self.dispatch_request()
Jun 21 17:00:01.869708 dv-neutron-797120-19-hyperv devstack@keystone.service[81038]: ERROR keystone.server.flask.application
File "/usr/local/lib/python3.8/dist-packages/flask/app.py", line 1509, in dispatch_request
Jun 21 17:00:01.869708 dv-neutron-797120-19-hyperv devstack@keystone.service[81038]: ERROR keystone.server.flask.application return self.ensure_sync(self.view_functions[rule.endpoint])(**req.view_args)
Jun 21 17:00:01.869708 dv-neutron-797120-19-hyperv devstack@keystone.service[81038]: ERROR keystone.server.flask.application
File "/usr/local/lib/python3.8/dist-packages/flask_restful/__init__.py", line 467, in wrapper
Jun 21 17:00:01.869708 dv-neutron-797120-19-hyperv devstack@keystone.service[81038]: ERROR keystone.server.flask.application resp = resource(*args, **kwargs)
Jun 21 17:00:01.869708 dv-neutron-797120-19-hyperv devstack@keystone.service[81038]: ERROR keystone.server.flask.application
File "/usr/local/lib/python3.8/dist-packages/flask/views.py", line 84, in view
Jun 21 17:00:01.869708 dv-neutron-797120-19-hyperv devstack@keystone.service[81038]: ERROR keystone.server.flask.application return current_app.ensure_sync(self.dispatch_request)(*args, **kwargs)
Jun 21 17:00:01.869708 dv-neutron-797120-19-hyperv devstack@keystone.service[81038]: ERROR keystone.server.flask.application
File "/usr/local/lib/python3.8/dist-packages/flask_restful/__init__.py", line 582, in dispatch_request
Jun 21 17:00:01.869708 dv-neutron-797120-19-hyperv devstack@keystone.service[81038]: ERROR keystone.server.flask.application resp = meth(*args, **kwargs)
Jun 21 17:00:01.869708 dv-neutron-797120-19-hyperv devstack@keystone.service[81038]: ERROR keystone.server.flask.application
File "/opt/stack/keystone/keystone/api/roles.py", line 50, in get
Jun 21 17:00:01.869708 dv-neutron-797120-19-hyperv devstack@keystone.service[81038]: ERROR keystone.server.flask.application return self._get_role(role_id)
Jun 21 17:00:01.869708 dv-neutron-797120-19-hyperv devstack@keystone.service[81038]: ERROR keystone.server.flask.application
File "/opt/stack/keystone/keystone/api/roles.py", line 70, in _get_role
Jun 21 17:00:01.869708 dv-neutron-797120-19-hyperv devstack@keystone.service[81038]: ERROR keystone.server.flask.application ENFORCER.enforce_call(action='identity:get_role')
Jun 21 17:00:01.870711 dv-neutron-797120-19-hyperv devstack@keystone.service[81038]: ERROR keystone.server.flask.application
File "/opt/stack/keystone/keystone/common/rbac_enforcer/enforcer.py", line 402, in enforce_call
Jun 21 17:00:01.870711 dv-neutron-797120-19-hyperv devstack@keystone.service[81038]: ERROR keystone.server.flask.application policy_dict.update(cls._extract_member_target_data(
Jun 21 17:00:01.870711 dv-neutron-797120-19-hyperv devstack@keystone.service[81038]: ERROR keystone.server.flask.application
File "/opt/stack/keystone/keystone/common/rbac_enforcer/enforcer.py", line 234, in _extract_member_target_data
Jun 21 17:00:01.870711 dv-neutron-797120-19-hyperv devstack@keystone.service[81038]: ERROR keystone.server.flask.application member_name: func(flask.request.view_args[key])
Jun 21 17:00:01.870711 dv-neutron-797120-19-hyperv devstack@keystone.service[81038]: ERROR keystone.server.flask.application
File "/opt/stack/keystone/keystone/common/manager.py", line 115, in wrapped
Jun 21 17:00:01.870711 dv-neutron-797120-19-hyperv devstack@keystone.service[81038]: ERROR keystone.server.flask.application __ret_val = __f(*args, **kwargs)
Jun 21 17:00:01.870711 dv-neutron-797120-19-hyperv devstack@keystone.service[81038]: ERROR keystone.server.flask.application
File "/usr/local/lib/python3.8/dist-packages/decorator.py", line 232, in fun
Jun 21 17:00:01.870711 dv-neutron-797120-19-hyperv devstack@keystone.service[81038]: ERROR keystone.server.flask.application return caller(func, *(extras + args), **kw)
Jun 21 17:00:01.870711 dv-neutron-797120-19-hyperv devstack@keystone.service[81038]: ERROR keystone.server.flask.application
File "/usr/local/lib/python3.8/dist-packages/dogpile/cache/region.py", line 1577, in get_or_create_for_user_func
Jun 21 17:00:01.870711 dv-neutron-797120-19-hyperv devstack@keystone.service[81038]: ERROR keystone.server.flask.application return self.get_or_create(
Jun 21 17:00:01.870711 dv-neutron-797120-19-hyperv devstack@keystone.service[81038]: ERROR keystone.server.flask.application
File "/usr/local/lib/python3.8/dist-packages/dogpile/cache/region.py", line 1042, in get_or_create
Jun 21 17:00:01.870711 dv-neutron-797120-19-hyperv devstack@keystone.service[81038]: ERROR keystone.server.flask.application with Lock(
Jun 21 17:00:01.870711 dv-neutron-797120-19-hyperv devstack@keystone.service[81038]: ERROR keystone.server.flask.application
File "/usr/local/lib/python3.8/dist-packages/dogpile/lock.py", line 185, in __enter__
Jun 21 17:00:01.870711 dv-neutron-797120-19-hyperv devstack@keystone.service[81038]: ERROR keystone.server.flask.application return self._enter()
Jun 21 17:00:01.870711 dv-neutron-797120-19-hyperv devstack@keystone.service[81038]: ERROR keystone.server.flask.application
File "/usr/local/lib/python3.8/dist-packages/dogpile/lock.py", line 94, in _enter
Jun 21 17:00:01.870711 dv-neutron-797120-19-hyperv devstack@keystone.service[81038]: ERROR keystone.server.flask.application generated = self._enter_create(value, createdtime)
Jun 21 17:00:01.871504 dv-neutron-797120-19-hyperv devstack@keystone.service[81038]: ERROR keystone.server.flask.application
File "/usr/local/lib/python3.8/dist-packages/dogpile/lock.py", line 178, in _enter_create
Jun 21 17:00:01.871504 dv-neutron-797120-19-hyperv devstack@keystone.service[81038]: ERROR keystone.server.flask.application return self.creator()
Jun 21 17:00:01.871504 dv-neutron-797120-19-hyperv devstack@keystone.service[81038]: ERROR keystone.server.flask.application
File "/usr/local/lib/python3.8/dist-packages/dogpile/cache/region.py", line 995, in gen_value
Jun 21 17:00:01.871504 dv-neutron-797120-19-hyperv devstack@keystone.service[81038]: ERROR keystone.server.flask.application created_value = creator(
Jun 21 17:00:01.871504 dv-neutron-797120-19-hyperv devstack@keystone.service[81038]: ERROR keystone.server.flask.application
File "/opt/stack/keystone/keystone/assignment/core.py", line 1276, in get_role
Jun 21 17:00:01.871504 dv-neutron-797120-19-hyperv devstack@keystone.service[81038]: ERROR keystone.server.flask.application return self.driver.get_role(role_id)
Jun 21 17:00:01.871504 dv-neutron-797120-19-hyperv devstack@keystone.service[81038]: ERROR keystone.server.flask.application
File "/opt/stack/keystone/keystone/assignment/role_backends/sql.py", line 70, in get_role
Jun 21 17:00:01.871504 dv-neutron-797120-19-hyperv devstack@keystone.service[81038]: ERROR keystone.server.flask.application return self._get_role(session, role_id).to_dict()
Jun 21 17:00:01.871504 dv-neutron-797120-19-hyperv devstack@keystone.service[81038]: ERROR keystone.server.flask.application
File "/opt/stack/keystone/keystone/assignment/role_backends/sql.py", line 65, in _get_role
Jun 21 17:00:01.871504 dv-neutron-797120-19-hyperv devstack@keystone.service[81038]: ERROR keystone.server.flask.application raise exception.RoleNotFound(role_id=role_id)
Jun 21 17:00:01.871504 dv-neutron-797120-19-hyperv devstack@keystone.service[81038]: ERROR keystone.server.flask.application keystone.exception.RoleNotFound: Could not find role: reader.
Jun 21 17:00:01.871504 dv-neutron-797120-19-hyperv devstack@keystone.service[81038]: ERROR keystone.server.flask.application
Jun 21 17:00:01.871504 dv-neutron-797120-19-hyperv devstack@keystone.service[81038]: [pid: 81038|app: 0|req: 52/100] 10.222.0.13 () {56 vars in 1099 bytes} [Tue Jun 21 17:00:01 2022] GET /identity/v3/roles/reader => generated 84 bytes in 204 msecs (HTTP/1.1 404) 5 headers in 183 bytes (1 switches on core 0)
Jun 21 17:00:01.882017 dv-neutron-797120-19-hyperv devstack@keystone.service[81039]: DEBUG keystone.server.flask.request_processing.middleware.auth_context [None req-6eaf5c17-6fba-4c3c-be8a-cbbaba55d44c None None] Authenticating user token {{(pid=81039) process_request /usr/local/lib/python3.8/dist-packages/keystonemiddleware/auth_token/__init__.py:407}}
Jun 21 17:00:02.026392 dv-neutron-797120-19-hyperv devstack@keystone.service[81038]: DEBUG keystone.server.flask.request_processing.req_logging [None req-655f3a66-f0db-44a4-b59e-000efe32527c None None] REQUEST_METHOD: `GET` {{(pid=81038) log_request_info /opt/stack/keystone/keystone/server/flask/request_processing/req_logging.py:27}}
Jun 21 17:00:02.026580 dv-neutron-797120-19-hyperv devstack@keystone.service[81038]: DEBUG keystone.server.flask.request_processing.req_logging [None req-655f3a66-f0db-44a4-b59e-000efe32527c None None] SCRIPT_NAME: `/identity` {{(pid=81038) log_request_info /opt/stack/keystone/keystone/server/flask/request_processing/req_logging.py:28}}
Jun 21 17:00:02.026882 dv-neutron-797120-19-hyperv devstack@keystone.service[81038]: DEBUG keystone.server.flask.request_processing.req_logging [None req-655f3a66-f0db-44a4-b59e-000efe32527c None None] PATH_INFO: `/` {{(pid=81038) log_request_info /opt/stack/keystone/keystone/server/flask/request_processing/req_logging.py:29}}
Jun 21 17:00:02.028283 dv-neutron-797120-19-hyperv devstack@keystone.service[81038]: [pid: 81038|app: 0|req: 53/101] 10.222.0.13 () {54 vars in 926 bytes} [Tue Jun 21 17:00:02 2022] GET /identity => generated 270 bytes in 3 msecs (HTTP/1.1 300) 6 headers in 234 bytes (2 switches on core 0)
Jun 21 17:00:02.033839 dv-neutron-797120-19-hyperv devstack@keystone.service[81039]: DEBUG keystone.server.flask.request_processing.middleware.auth_context [None req-6eaf5c17-6fba-4c3c-be8a-cbbaba55d44c None None] Validating token access rules against request {{(pid=81039) validate_allowed_request /usr/local/lib/python3.8/dist-packages/keystonemiddleware/auth_token/__init__.py:545}}
Jun 21 17:00:02.034462 dv-neutron-797120-19-hyperv devstack@keystone.service[81038]: DEBUG keystone.server.flask.request_processing.req_logging [None req-d00c4587-7d61-4314-8ecc-bcccafb099bb None None] REQUEST_METHOD: `POST` {{(pid=81038) log_request_info /opt/stack/keystone/keystone/server/flask/request_processing/req_logging.py:27}}
Jun 21 17:00:02.034765 dv-neutron-797120-19-hyperv devstack@keystone.service[81038]: DEBUG keystone.server.flask.request_processing.req_logging [None req-d00c4587-7d61-4314-8ecc-bcccafb099bb None None] SCRIPT_NAME: `/identity` {{(pid=81038) log_request_info /opt/stack/keystone/keystone/server/flask/request_processing/req_logging.py:28}}
Jun 21 17:00:02.035057 dv-neutron-797120-19-hyperv devstack@keystone.service[81038]: DEBUG keystone.server.flask.request_processing.req_logging [None req-d00c4587-7d61-4314-8ecc-bcccafb099bb None None] PATH_INFO: `/v3/auth/tokens` {{(pid=81038) log_request_info /opt/stack/keystone/keystone/server/flask/request_processing/req_logging.py:29}}
Jun 21 17:00:02.061808 dv-neutron-797120-19-hyperv devstack@keystone.service[81038]: DEBUG keystone.auth.core [None req-d00c4587-7d61-4314-8ecc-bcccafb099bb None None] MFA Rules not processed for user `a48287473e6049c993f6927f8a9e68b3`. Rule list: `[]` (Enabled: `True`). {{(pid=81038) check_auth_methods_against_rules /opt/stack/keystone/keystone/auth/core.py:438}}
Jun 21 17:00:02.063836 dv-neutron-797120-19-hyperv devstack@keystone.service[81038]: DEBUG keystone.common.fernet_utils [None req-d00c4587-7d61-4314-8ecc-bcccafb099bb None None] Loaded 2 Fernet keys from /etc/keystone/fernet-keys/, but `[fernet_tokens] max_active_keys = 3`; perhaps there have not been enough key rotations to reach `max_active_keys` yet? {{(pid=81038) load_keys /opt/stack/keystone/keystone/common/fernet_utils.py:286}}
Jun 21 17:00:02.080106 dv-neutron-797120-19-hyperv devstack@keystone.service[81039]: DEBUG keystone.server.flask.request_processing.middleware.auth_context [None req-6d45bef8-8098-49d3-a008-1f84cf95c2b1 None admin] RBAC: auth_context: {'token': , 'domain_id': None, 'trust_id': None, 'trustor_id': None, 'trustee_id': None, 'domain_name': None, 'group_ids': [], 'user_id': 'a48287473e6049c993f6927f8a9e68b3', 'user_domain_id': 'default', 'system_scope': 'all', 'project_id': None, 'project_domain_id': None, 'roles': ['admin', 'member', 'reader'], 'is_admin_project': True, 'service_user_id': None, 'service_user_domain_id': None, 'service_project_id': None, 'service_project_domain_id': None, 'service_roles': []} {{(pid=81039) fill_context /opt/stack/keystone/keystone/server/flask/request_processing/middleware/auth_context.py:478}}
Jun 21 17:00:02.081230 dv-neutron-797120-19-hyperv devstack@keystone.service[81039]: DEBUG keystone.server.flask.request_processing.req_logging [None req-6d45bef8-8098-49d3-a008-1f84cf95c2b1 None admin] REQUEST_METHOD: `GET` {{(pid=81039) log_request_info /opt/stack/keystone/keystone/server/flask/request_processing/req_logging.py:27}}
Jun 21 17:00:02.081686 dv-neutron-797120-19-hyperv devstack@keystone.service[81039]: DEBUG keystone.server.flask.request_processing.req_logging [None req-6d45bef8-8098-49d3-a008-1f84cf95c2b1 None admin] SCRIPT_NAME: `/identity` {{(pid=81039) log_request_info /opt/stack/keystone/keystone/server/flask/request_processing/req_logging.py:28}}
Jun 21 17:00:02.082108 dv-neutron-797120-19-hyperv devstack@keystone.service[81039]: DEBUG keystone.server.flask.request_processing.req_logging [None req-6d45bef8-8098-49d3-a008-1f84cf95c2b1 None admin] PATH_INFO: `/v3/roles` {{(pid=81039) log_request_info /opt/stack/keystone/keystone/server/flask/request_processing/req_logging.py:29}}
Jun 21 17:00:02.085788 dv-neutron-797120-19-hyperv devstack@keystone.service[81039]: DEBUG keystone.common.rbac_enforcer.enforcer [None req-6d45bef8-8098-49d3-a008-1f84cf95c2b1 None admin] RBAC: Adding query filter params (name=reader) {{(pid=81039) _extract_filter_values /opt/stack/keystone/keystone/common/rbac_enforcer/enforcer.py:167}}
Jun 21 17:00:02.086296 dv-neutron-797120-19-hyperv devstack@keystone.service[81039]: DEBUG keystone.common.rbac_enforcer.enforcer [None req-6d45bef8-8098-49d3-a008-1f84cf95c2b1 None admin] RBAC: Authorizing `identity:list_roles()` {{(pid=81039) enforce_call /opt/stack/keystone/keystone/common/rbac_enforcer/enforcer.py:449}}
