Oct 12 13:02:28.662324 dv-neutron-797120-11-hyperv neutron-server[94715]: DEBUG neutron.api.rpc.handlers.dhcp_rpc [None req-c426b9ab-7486-40df-be99-a1b266759179 None None] Create dhcp port {'port': {'name': '', 'admin_state_up': True, 'device_id': 'dhcp6db64bb9-e00d-5006-83b1-4f04c116aed7-02d94e1a-fc03-4775-8a78-957198fa9fd8', 'network_id': '02d94e1a-fc03-4775-8a78-957198fa9fd8', 'tenant_id': 'fcd8ad0464db4ff380d3a464938d4abf', 'fixed_ips': [{'subnet_id': '2a122070-0769-4cb6-9e7a-0e0eb03e48c5'}]}} from dv-neutron-797120-11-hyperv. {{(pid=94715) create_dhcp_port /opt/stack/neutron/neutron/api/rpc/handlers/dhcp_rpc.py:285}}
Oct 12 13:02:28.663254 dv-neutron-797120-11-hyperv neutron-server[94715]: DEBUG neutron_lib.callbacks.manager [None req-c426b9ab-7486-40df-be99-a1b266759179 None None] Notify callbacks ['neutron.plugins.ml2.plugin.SecurityGroupDbMixin._ensure_default_security_group_handler-3712534'] for port, before_create {{(pid=94715) _notify_loop /usr/local/lib/python3.8/dist-packages/neutron_lib/callbacks/manager.py:192}}
Oct 12 13:02:28.710992 dv-neutron-797120-11-hyperv neutron-server[94713]: DEBUG neutron_lib.callbacks.manager [None req-742fd785-740a-4820-8ff6-d2ff8e0397bc tempest-FloatingIPAdminTestJSON-206814864 tempest-FloatingIPAdminTestJSON-206814864-project] Notify callbacks [] for router_controller, precommit_add_association {{(pid=94713) _notify_loop /usr/local/lib/python3.8/dist-packages/neutron_lib/callbacks/manager.py:192}}
Oct 12 13:02:28.714182 dv-neutron-797120-11-hyperv neutron-server[94713]: DEBUG neutron_lib.callbacks.manager [None req-04e0618e-17eb-4945-a1eb-4a9a5b66c31a admin admin] Notify callbacks [] for security_group, precommit_delete {{(pid=94713) _notify_loop /usr/local/lib/python3.8/dist-packages/neutron_lib/callbacks/manager.py:192}}
Oct 12 13:02:28.714398 dv-neutron-797120-11-hyperv neutron-server[94714]: DEBUG neutron.scheduler.base_scheduler [None req-c99449a9-9e93-47bc-a263-68ba1b3b53eb tempest-RoutersIpV6Test-403155316 tempest-RoutersIpV6Test-403155316-project] Resources bound (agent type, host, resource id): {{(pid=94714) schedule /opt/stack/neutron/neutron/scheduler/base_scheduler.py:57}}
Oct 12 13:02:28.902487 dv-neutron-797120-11-hyperv neutron-server[94714]: DEBUG neutron.scheduler.dhcp_agent_scheduler [None req-6313e796-bee8-4592-925b-24b05e7c41d7 admin admin] Network 87dd19a9-b0c6-4e6c-b92b-f93664eca48c is already hosted by enough agents. {{(pid=94714) _get_dhcp_agents_hosting_network /opt/stack/neutron/neutron/scheduler/dhcp_agent_scheduler.py:275}}
Oct 12 13:02:28.986047 dv-neutron-797120-11-hyperv neutron-server[94713]: DEBUG neutron_lib.callbacks.manager [None req-04e0618e-17eb-4945-a1eb-4a9a5b66c31a admin admin] Notify callbacks ['neutron.plugins.ml2.ovo_rpc._ObjectChangeHandler.handle_event-489436'] for security_group, after_delete {{(pid=94713) _notify_loop /usr/local/lib/python3.8/dist-packages/neutron_lib/callbacks/manager.py:192}}
Oct 12 13:02:28.991741 dv-neutron-797120-11-hyperv neutron-server[94713]: DEBUG neutron_lib.callbacks.manager [None req-04e0618e-17eb-4945-a1eb-4a9a5b66c31a admin admin] Notify callbacks [] for security_group, before_response {{(pid=94713) _notify_loop /usr/local/lib/python3.8/dist-packages/neutron_lib/callbacks/manager.py:192}}
Oct 12 13:02:28.992469 dv-neutron-797120-11-hyperv neutron-server[94714]: DEBUG neutron.api.rpc.handlers.resources_rpc [None req-33425f61-1b7d-4e69-8ab4-3c751c170948 tempest-PortsAdminExtendedAttrsIpV6TestJSON-1822865876 tempest-PortsAdminExtendedAttrsIpV6TestJSON-1822865876-project-admin] Pushing event updated for resources: {'Port': ['ID=12684da2-ef40-4c29-be93-69e22a9c3c79,revision_number=2']} {{(pid=94714) push /opt/stack/neutron/neutron/api/rpc/handlers/resources_rpc.py:237}}
Oct 12 13:02:28.993069 dv-neutron-797120-11-hyperv neutron-server[94713]: INFO neutron.wsgi [None req-04e0618e-17eb-4945-a1eb-4a9a5b66c31a admin admin] 10.222.0.13 "DELETE /v2.0/security-groups/d468eb5c-1c3a-4345-9c2d-f8a0dd9a24c4 HTTP/1.1" status: 204 len: 168 time: 0.5354187
Oct 12 13:02:29.016206 dv-neutron-797120-11-hyperv neutron-server[94715]: DEBUG neutron.api.rpc.handlers.resources_rpc [None req-5fefb001-c224-4001-888a-8089924336c2 None None] Pushing event updated for resources: {'Port': ['ID=5fd44f79-f51e-4644-af20-74ef299e5563,revision_number=4']} {{(pid=94715) push /opt/stack/neutron/neutron/api/rpc/handlers/resources_rpc.py:237}}
Oct 12 13:02:29.023405 dv-neutron-797120-11-hyperv neutron-server[94714]: DEBUG neutron.scheduler.base_scheduler [None req-6313e796-bee8-4592-925b-24b05e7c41d7 admin admin] Resources bound (agent type, host, resource id): {{(pid=94714) schedule /opt/stack/neutron/neutron/scheduler/base_scheduler.py:57}}
Oct 12 13:02:29.041116 dv-neutron-797120-11-hyperv neutron-server[94714]: DEBUG neutron.plugins.ml2.managers [None req-33425f61-1b7d-4e69-8ab4-3c751c170948 tempest-PortsAdminExtendedAttrsIpV6TestJSON-1822865876 tempest-PortsAdminExtendedAttrsIpV6TestJSON-1822865876-project-admin] Attempting to bind port 12684da2-ef40-4c29-be93-69e22a9c3c79 on host hv-neutron-7971 for vnic_type normal with profile {{(pid=94714) bind_port /opt/stack/neutron/neutron/plugins/ml2/managers.py:790}}
Oct 12 13:02:29.041467 dv-neutron-797120-11-hyperv neutron-server[94714]: DEBUG neutron.plugins.ml2.managers [None req-33425f61-1b7d-4e69-8ab4-3c751c170948 tempest-PortsAdminExtendedAttrsIpV6TestJSON-1822865876 tempest-PortsAdminExtendedAttrsIpV6TestJSON-1822865876-project-admin] Attempting to bind port 12684da2-ef40-4c29-be93-69e22a9c3c79 by drivers openvswitch,hyperv on host hv-neutron-7971 at level 0 using segments [{'id': '284e865d-0a16-4d9f-8589-01f2113a5bae', 'network_type': 'vlan', 'physical_network': 'physnet1', 'segmentation_id': 384, 'network_id': 'fd309d6b-1427-4e90-b878-8b2a91636eb9'}] {{(pid=94714) _bind_port_level /opt/stack/neutron/neutron/plugins/ml2/managers.py:815}}
Oct 12 13:02:29.041830 dv-neutron-797120-11-hyperv neutron-server[94714]: DEBUG neutron.plugins.ml2.drivers.mech_agent [None req-33425f61-1b7d-4e69-8ab4-3c751c170948 tempest-PortsAdminExtendedAttrsIpV6TestJSON-1822865876 tempest-PortsAdminExtendedAttrsIpV6TestJSON-1822865876-project-admin] Attempting to bind port 12684da2-ef40-4c29-be93-69e22a9c3c79 on network fd309d6b-1427-4e90-b878-8b2a91636eb9 {{(pid=94714) bind_port /opt/stack/neutron/neutron/plugins/ml2/drivers/mech_agent.py:91}}
Oct 12 13:02:29.046205 dv-neutron-797120-11-hyperv neutron-server[94713]: DEBUG neutron.api.rpc.handlers.resources_rpc [None req-04e0618e-17eb-4945-a1eb-4a9a5b66c31a admin admin] Pushing event deleted for resources: {'SecurityGroup': ['ID=d468eb5c-1c3a-4345-9c2d-f8a0dd9a24c4,revision_number=None']} {{(pid=94713) push /opt/stack/neutron/neutron/api/rpc/handlers/resources_rpc.py:237}}
Oct 12 13:02:29.054063 dv-neutron-797120-11-hyperv neutron-server[94713]: DEBUG neutron_lib.callbacks.manager [None req-742fd785-740a-4820-8ff6-d2ff8e0397bc tempest-FloatingIPAdminTestJSON-206814864 tempest-FloatingIPAdminTestJSON-206814864-project] Notify callbacks [] for router_gateway, precommit_update {{(pid=94713) _notify_loop /usr/local/lib/python3.8/dist-packages/neutron_lib/callbacks/manager.py:192}}
Oct 12 13:02:29.054614 dv-neutron-797120-11-hyperv neutron-server[94714]: DEBUG neutron.plugins.ml2.drivers.mech_agent [None req-33425f61-1b7d-4e69-8ab4-3c751c170948 tempest-PortsAdminExtendedAttrsIpV6TestJSON-1822865876 tempest-PortsAdminExtendedAttrsIpV6TestJSON-1822865876-project-admin] Port 12684da2-ef40-4c29-be93-69e22a9c3c79 on network fd309d6b-1427-4e90-b878-8b2a91636eb9 not bound, no agent of type Open vSwitch agent registered on host hv-neutron-7971 {{(pid=94714) bind_port /opt/stack/neutron/neutron/plugins/ml2/drivers/mech_agent.py:103}}
Oct 12 13:02:29.055008 dv-neutron-797120-11-hyperv neutron-server[94714]: ERROR neutron.plugins.ml2.managers [None req-33425f61-1b7d-4e69-8ab4-3c751c170948 tempest-PortsAdminExtendedAttrsIpV6TestJSON-1822865876 tempest-PortsAdminExtendedAttrsIpV6TestJSON-1822865876-project-admin] Failed to bind port 12684da2-ef40-4c29-be93-69e22a9c3c79 on host hv-neutron-7971 for vnic_type normal using segments [{'id': '284e865d-0a16-4d9f-8589-01f2113a5bae', 'network_type': 'vlan', 'physical_network': 'physnet1', 'segmentation_id': 384, 'network_id': 'fd309d6b-1427-4e90-b878-8b2a91636eb9'}]
Oct 12 13:02:29.059453 dv-neutron-797120-11-hyperv neutron-server[94714]: INFO neutron.plugins.ml2.plugin [None req-33425f61-1b7d-4e69-8ab4-3c751c170948 tempest-PortsAdminExtendedAttrsIpV6TestJSON-1822865876 tempest-PortsAdminExtendedAttrsIpV6TestJSON-1822865876-project-admin] Attempt 2 to bind port 12684da2-ef40-4c29-be93-69e22a9c3c79
Oct 12 13:02:29.079899 dv-neutron-797120-11-hyperv neutron-server[94714]: DEBUG neutron.plugins.ml2.managers [None req-33425f61-1b7d-4e69-8ab4-3c751c170948 tempest-PortsAdminExtendedAttrsIpV6TestJSON-1822865876 tempest-PortsAdminExtendedAttrsIpV6TestJSON-1822865876-project-admin] Attempting to bind port 12684da2-ef40-4c29-be93-69e22a9c3c79 on host hv-neutron-7971 for vnic_type normal with profile {{(pid=94714) bind_port /opt/stack/neutron/neutron/plugins/ml2/managers.py:790}}
Oct 12 13:02:29.080144 dv-neutron-797120-11-hyperv neutron-server[94714]: DEBUG neutron.plugins.ml2.managers [None req-33425f61-1b7d-4e69-8ab4-3c751c170948 tempest-PortsAdminExtendedAttrsIpV6TestJSON-1822865876 tempest-PortsAdminExtendedAttrsIpV6TestJSON-1822865876-project-admin] Attempting to bind port 12684da2-ef40-4c29-be93-69e22a9c3c79 by drivers openvswitch,hyperv on host hv-neutron-7971 at level 0 using segments [{'id': '284e865d-0a16-4d9f-8589-01f2113a5bae', 'network_type': 'vlan', 'physical_network': 'physnet1', 'segmentation_id': 384, 'network_id': 'fd309d6b-1427-4e90-b878-8b2a91636eb9'}] {{(pid=94714) _bind_port_level /opt/stack/neutron/neutron/plugins/ml2/managers.py:815}}
Oct 12 13:02:29.091629 dv-neutron-797120-11-hyperv neutron-server[94714]: DEBUG neutron.plugins.ml2.drivers.mech_agent [None req-33425f61-1b7d-4e69-8ab4-3c751c170948 tempest-PortsAdminExtendedAttrsIpV6TestJSON-1822865876 tempest-PortsAdminExtendedAttrsIpV6TestJSON-1822865876-project-admin] Attempting to bind port 12684da2-ef40-4c29-be93-69e22a9c3c79 on network fd309d6b-1427-4e90-b878-8b2a91636eb9 {{(pid=94714) bind_port /opt/stack/neutron/neutron/plugins/ml2/drivers/mech_agent.py:91}}
Oct 12 13:02:29.180713 dv-neutron-797120-11-hyperv neutron-server[94716]: DEBUG neutron.api.rpc.handlers.l3_rpc [None req-d221c201-f42c-4929-b236-0ed100f1fbf1 None None] Sync routers for ids ['97ee0269-2e86-4a6c-b097-7a85a0714b82'] in dv-neutron-797120-11-hyperv {{(pid=94716) sync_routers /opt/stack/neutron/neutron/api/rpc/handlers/l3_rpc.py:125}}
Oct 12 13:02:29.199122 dv-neutron-797120-11-hyperv neutron-server[94716]: DEBUG neutron.db.l3_dvrscheduler_db [None req-d221c201-f42c-4929-b236-0ed100f1fbf1 None None] Routers {'97ee0269-2e86-4a6c-b097-7a85a0714b82'} bound to L3 agent in host dv-neutron-797120-11-hyperv {{(pid=94716) _get_router_ids_for_agent /opt/stack/neutron/neutron/db/l3_dvrscheduler_db.py:420}}
Oct 12 13:02:29.199769 dv-neutron-797120-11-hyperv neutron-server[94716]: DEBUG neutron.db.l3_hamode_db [None req-d221c201-f42c-4929-b236-0ed100f1fbf1 None None] neutron.services.l3_router.l3_router_plugin.L3RouterPlugin method get_ha_sync_data_for_host called with arguments (, 'dv-neutron-797120-11-hyperv', Agent(admin_state_up=True,agent_type='L3 agent',availability_zone='nova',binary='neutron-l3-agent',configurations={"agent_mode": "legacy", "ex_gw_ports": 1, "extensions": [], "floating_ips": 0, "handle_internal_only_routers": true, "interface_driver": "openvswitch", "interfaces": 1, "log_agent_heartbeats": false, "routers": 1},created_at=2021-10-12T12:54:43Z,description=,heartbeat_timestamp=2021-10-12T13:02:13Z,host='dv-neutron-797120-11-hyperv',id=bfea6792-007d-4e1b-af79-f9b4ce89fa88,load=0,resource_versions=,resources_synced=,started_at=2021-10-12T12:54:43Z,topic='l3_agent')) {'router_ids': ['97ee0269-2e86-4a6c-b097-7a85a0714b82'], 'active': True} {{(pid=94716) wrapper /usr/local/lib/python3.8/dist-packages/oslo_log/helpers.py:65}}
Oct 12 13:02:29.208020 dv-neutron-797120-11-hyperv neutron-server[94714]: DEBUG neutron.plugins.ml2.drivers.mech_agent [None req-33425f61-1b7d-4e69-8ab4-3c751c170948 tempest-PortsAdminExtendedAttrsIpV6TestJSON-1822865876 tempest-PortsAdminExtendedAttrsIpV6TestJSON-1822865876-project-admin] Port 12684da2-ef40-4c29-be93-69e22a9c3c79 on network fd309d6b-1427-4e90-b878-8b2a91636eb9 not bound, no agent of type Open vSwitch agent registered on host hv-neutron-7971 {{(pid=94714) bind_port /opt/stack/neutron/neutron/plugins/ml2/drivers/mech_agent.py:103}}
Oct 12 13:02:29.208344 dv-neutron-797120-11-hyperv neutron-server[94714]: ERROR neutron.plugins.ml2.managers [None req-33425f61-1b7d-4e69-8ab4-3c751c170948 tempest-PortsAdminExtendedAttrsIpV6TestJSON-1822865876 tempest-PortsAdminExtendedAttrsIpV6TestJSON-1822865876-project-admin] Failed to bind port 12684da2-ef40-4c29-be93-69e22a9c3c79 on host hv-neutron-7971 for vnic_type normal using segments [{'id': '284e865d-0a16-4d9f-8589-01f2113a5bae', 'network_type': 'vlan', 'physical_network': 'physnet1', 'segmentation_id': 384, 'network_id': 'fd309d6b-1427-4e90-b878-8b2a91636eb9'}]
Oct 12 13:02:29.211554 dv-neutron-797120-11-hyperv neutron-server[94714]: INFO neutron.plugins.ml2.plugin [None req-33425f61-1b7d-4e69-8ab4-3c751c170948 tempest-PortsAdminExtendedAttrsIpV6TestJSON-1822865876 tempest-PortsAdminExtendedAttrsIpV6TestJSON-1822865876-project-admin] Attempt 3 to bind port 12684da2-ef40-4c29-be93-69e22a9c3c79
Oct 12 13:02:29.271826 dv-neutron-797120-11-hyperv neutron-server[94714]: DEBUG neutron.plugins.ml2.managers [None req-33425f61-1b7d-4e69-8ab4-3c751c170948 tempest-PortsAdminExtendedAttrsIpV6TestJSON-1822865876 tempest-PortsAdminExtendedAttrsIpV6TestJSON-1822865876-project-admin] Attempting to bind port 12684da2-ef40-4c29-be93-69e22a9c3c79 on host hv-neutron-7971 for vnic_type normal with profile {{(pid=94714) bind_port /opt/stack/neutron/neutron/plugins/ml2/managers.py:790}}
Oct 12 13:02:29.279774 dv-neutron-797120-11-hyperv neutron-server[94714]: DEBUG neutron.plugins.ml2.managers [None req-33425f61-1b7d-4e69-8ab4-3c751c170948 tempest-PortsAdminExtendedAttrsIpV6TestJSON-1822865876 tempest-PortsAdminExtendedAttrsIpV6TestJSON-1822865876-project-admin] Attempting to bind port 12684da2-ef40-4c29-be93-69e22a9c3c79 by drivers openvswitch,hyperv on host hv-neutron-7971 at level 0 using segments [{'id': '284e865d-0a16-4d9f-8589-01f2113a5bae', 'network_type': 'vlan', 'physical_network': 'physnet1', 'segmentation_id': 384, 'network_id': 'fd309d6b-1427-4e90-b878-8b2a91636eb9'}] {{(pid=94714) _bind_port_level /opt/stack/neutron/neutron/plugins/ml2/managers.py:815}}
Oct 12 13:02:29.281786 dv-neutron-797120-11-hyperv neutron-server[94714]: DEBUG neutron.plugins.ml2.drivers.mech_agent [None req-33425f61-1b7d-4e69-8ab4-3c751c170948 tempest-PortsAdminExtendedAttrsIpV6TestJSON-1822865876 tempest-PortsAdminExtendedAttrsIpV6TestJSON-1822865876-project-admin] Attempting to bind port 12684da2-ef40-4c29-be93-69e22a9c3c79 on network fd309d6b-1427-4e90-b878-8b2a91636eb9 {{(pid=94714) bind_port /opt/stack/neutron/neutron/plugins/ml2/drivers/mech_agent.py:91}}
Oct 12 13:02:29.296728 dv-neutron-797120-11-hyperv neutron-server[94714]: DEBUG neutron.plugins.ml2.drivers.mech_agent [None req-33425f61-1b7d-4e69-8ab4-3c751c170948 tempest-PortsAdminExtendedAttrsIpV6TestJSON-1822865876 tempest-PortsAdminExtendedAttrsIpV6TestJSON-1822865876-project-admin] Port 12684da2-ef40-4c29-be93-69e22a9c3c79 on network fd309d6b-1427-4e90-b878-8b2a91636eb9 not bound, no agent of type Open vSwitch agent registered on host hv-neutron-7971 {{(pid=94714) bind_port /opt/stack/neutron/neutron/plugins/ml2/drivers/mech_agent.py:103}}
Oct 12 13:02:29.302653 dv-neutron-797120-11-hyperv neutron-server[94714]: ERROR neutron.plugins.ml2.managers [None req-33425f61-1b7d-4e69-8ab4-3c751c170948 tempest-PortsAdminExtendedAttrsIpV6TestJSON-1822865876 tempest-PortsAdminExtendedAttrsIpV6TestJSON-1822865876-project-admin] Failed to bind port 12684da2-ef40-4c29-be93-69e22a9c3c79 on host hv-neutron-7971 for vnic_type normal using segments [{'id': '284e865d-0a16-4d9f-8589-01f2113a5bae', 'network_type': 'vlan', 'physical_network': 'physnet1', 'segmentation_id': 384, 'network_id': 'fd309d6b-1427-4e90-b878-8b2a91636eb9'}]
Oct 12 13:02:29.317926 dv-neutron-797120-11-hyperv neutron-server[94713]: DEBUG neutron_lib.callbacks.manager [None req-742fd785-740a-4820-8ff6-d2ff8e0397bc tempest-FloatingIPAdminTestJSON-206814864 tempest-FloatingIPAdminTestJSON-206814864-project] Notify callbacks [] for router_gateway, before_create {{(pid=94713) _notify_loop /usr/local/lib/python3.8/dist-packages/neutron_lib/callbacks/manager.py:192}}
Oct 12 13:02:29.355011 dv-neutron-797120-11-hyperv neutron-server[94714]: INFO neutron.plugins.ml2.plugin [None req-33425f61-1b7d-4e69-8ab4-3c751c170948 tempest-PortsAdminExtendedAttrsIpV6TestJSON-1822865876 tempest-PortsAdminExtendedAttrsIpV6TestJSON-1822865876-project-admin] Attempt 4 to bind port 12684da2-ef40-4c29-be93-69e22a9c3c79
Oct 12 13:02:29.360482 dv-neutron-797120-11-hyperv neutron-server[94713]: DEBUG neutron_lib.callbacks.manager [None req-742fd785-740a-4820-8ff6-d2ff8e0397bc tempest-FloatingIPAdminTestJSON-206814864 tempest-FloatingIPAdminTestJSON-206814864-project] Notify callbacks ['neutron.plugins.ml2.plugin.SecurityGroupDbMixin._ensure_default_security_group_handler-3712534'] for port, before_create {{(pid=94713) _notify_loop /usr/local/lib/python3.8/dist-packages/neutron_lib/callbacks/manager.py:192}}
Oct 12 13:02:29.412226 dv-neutron-797120-11-hyperv neutron-server[94714]: DEBUG neutron.plugins.ml2.managers [None req-33425f61-1b7d-4e69-8ab4-3c751c170948 tempest-PortsAdminExtendedAttrsIpV6TestJSON-1822865876 tempest-PortsAdminExtendedAttrsIpV6TestJSON-1822865876-project-admin] Attempting to bind port 12684da2-ef40-4c29-be93-69e22a9c3c79 on host hv-neutron-7971 for vnic_type normal with profile {{(pid=94714) bind_port /opt/stack/neutron/neutron/plugins/ml2/managers.py:790}}
Oct 12 13:02:29.412580 dv-neutron-797120-11-hyperv neutron-server[94714]: DEBUG neutron.plugins.ml2.managers [None req-33425f61-1b7d-4e69-8ab4-3c751c170948 tempest-PortsAdminExtendedAttrsIpV6TestJSON-1822865876 tempest-PortsAdminExtendedAttrsIpV6TestJSON-1822865876-project-admin] Attempting to bind port 12684da2-ef40-4c29-be93-69e22a9c3c79 by drivers openvswitch,hyperv on host hv-neutron-7971 at level 0 using segments [{'id': '284e865d-0a16-4d9f-8589-01f2113a5bae', 'network_type': 'vlan', 'physical_network': 'physnet1', 'segmentation_id': 384, 'network_id': 'fd309d6b-1427-4e90-b878-8b2a91636eb9'}] {{(pid=94714) _bind_port_level /opt/stack/neutron/neutron/plugins/ml2/managers.py:815}}
Oct 12 13:02:29.412898 dv-neutron-797120-11-hyperv neutron-server[94714]: DEBUG neutron.plugins.ml2.drivers.mech_agent [None req-33425f61-1b7d-4e69-8ab4-3c751c170948 tempest-PortsAdminExtendedAttrsIpV6TestJSON-1822865876 tempest-PortsAdminExtendedAttrsIpV6TestJSON-1822865876-project-admin] Attempting to bind port 12684da2-ef40-4c29-be93-69e22a9c3c79 on network fd309d6b-1427-4e90-b878-8b2a91636eb9 {{(pid=94714) bind_port /opt/stack/neutron/neutron/plugins/ml2/drivers/mech_agent.py:91}}
Oct 12 13:02:29.453287 dv-neutron-797120-11-hyperv neutron-server[94714]: DEBUG neutron.plugins.ml2.drivers.mech_agent [None req-33425f61-1b7d-4e69-8ab4-3c751c170948 tempest-PortsAdminExtendedAttrsIpV6TestJSON-1822865876 tempest-PortsAdminExtendedAttrsIpV6TestJSON-1822865876-project-admin] Port 12684da2-ef40-4c29-be93-69e22a9c3c79 on network fd309d6b-1427-4e90-b878-8b2a91636eb9 not bound, no agent of type Open vSwitch agent registered on host hv-neutron-7971 {{(pid=94714) bind_port /opt/stack/neutron/neutron/plugins/ml2/drivers/mech_agent.py:103}}
Oct 12 13:02:29.453287 dv-neutron-797120-11-hyperv neutron-server[94714]: ERROR neutron.plugins.ml2.managers [None req-33425f61-1b7d-4e69-8ab4-3c751c170948 tempest-PortsAdminExtendedAttrsIpV6TestJSON-1822865876 tempest-PortsAdminExtendedAttrsIpV6TestJSON-1822865876-project-admin] Failed to bind port 12684da2-ef40-4c29-be93-69e22a9c3c79 on host hv-neutron-7971 for vnic_type normal using segments [{'id': '284e865d-0a16-4d9f-8589-01f2113a5bae', 'network_type': 'vlan', 'physical_network': 'physnet1', 'segmentation_id': 384, 'network_id': 'fd309d6b-1427-4e90-b878-8b2a91636eb9'}]
Oct 12 13:02:29.454989 dv-neutron-797120-11-hyperv neutron-server[94714]: INFO neutron.plugins.ml2.plugin [None req-33425f61-1b7d-4e69-8ab4-3c751c170948 tempest-PortsAdminExtendedAttrsIpV6TestJSON-1822865876 tempest-PortsAdminExtendedAttrsIpV6TestJSON-1822865876-project-admin] Attempt 5 to bind port 12684da2-ef40-4c29-be93-69e22a9c3c79
Oct 12 13:02:29.473437 dv-neutron-797120-11-hyperv neutron-server[94714]: DEBUG neutron.scheduler.l3_agent_scheduler [None req-c99449a9-9e93-47bc-a263-68ba1b3b53eb tempest-RoutersIpV6Test-403155316 tempest-RoutersIpV6Test-403155316-project] Router 437207e4-10fa-47f1-86fa-7be5b7e9f222 is scheduled to L3 agent bfea6792-007d-4e1b-af79-f9b4ce89fa88 with binding_index 1 {{(pid=94714) bind_router /opt/stack/neutron/neutron/scheduler/l3_agent_scheduler.py:209}}
Oct 12 13:02:29.480482 dv-neutron-797120-11-hyperv neutron-server[94716]: DEBUG neutron.db.l3_dvr_db [None req-d221c201-f42c-4929-b236-0ed100f1fbf1 None None] Set router 97ee0269-2e86-4a6c-b097-7a85a0714b82 gateway port host: dv-neutron-797120-11-hyperv {{(pid=94716) _build_routers_list /opt/stack/neutron/neutron/db/l3_dvr_db.py:906}}
Oct 12 13:02:29.493489 dv-neutron-797120-11-hyperv neutron-server[94715]: DEBUG neutron.db.db_base_plugin_common [None req-c426b9ab-7486-40df-be99-a1b266759179 None None] Allocated IP 172.20.0.2 (02d94e1a-fc03-4775-8a78-957198fa9fd8/2a122070-0769-4cb6-9e7a-0e0eb03e48c5/a2f97dad-13fb-4c87-a6cf-6f23cd240e86) {{(pid=94715) _store_ip_allocation /opt/stack/neutron/neutron/db/db_base_plugin_common.py:131}}
Oct 12 13:02:29.555513 dv-neutron-797120-11-hyperv neutron-server[94714]: DEBUG neutron.plugins.ml2.managers [None req-33425f61-1b7d-4e69-8ab4-3c751c170948 tempest-PortsAdminExtendedAttrsIpV6TestJSON-1822865876 tempest-PortsAdminExtendedAttrsIpV6TestJSON-1822865876-project-admin] Attempting to bind port 12684da2-ef40-4c29-be93-69e22a9c3c79 on host hv-neutron-7971 for vnic_type normal with profile {{(pid=94714) bind_port /opt/stack/neutron/neutron/plugins/ml2/managers.py:790}}
Oct 12 13:02:29.555845 dv-neutron-797120-11-hyperv neutron-server[94714]: DEBUG neutron.plugins.ml2.managers [None req-33425f61-1b7d-4e69-8ab4-3c751c170948 tempest-PortsAdminExtendedAttrsIpV6TestJSON-1822865876 tempest-PortsAdminExtendedAttrsIpV6TestJSON-1822865876-project-admin] Attempting to bind port 12684da2-ef40-4c29-be93-69e22a9c3c79 by drivers openvswitch,hyperv on host hv-neutron-7971 at level 0 using segments [{'id': '284e865d-0a16-4d9f-8589-01f2113a5bae', 'network_type': 'vlan', 'physical_network': 'physnet1', 'segmentation_id': 384, 'network_id': 'fd309d6b-1427-4e90-b878-8b2a91636eb9'}] {{(pid=94714) _bind_port_level /opt/stack/neutron/neutron/plugins/ml2/managers.py:815}}
Oct 12 13:02:29.556179 dv-neutron-797120-11-hyperv neutron-server[94714]: DEBUG neutron.plugins.ml2.drivers.mech_agent [None req-33425f61-1b7d-4e69-8ab4-3c751c170948 tempest-PortsAdminExtendedAttrsIpV6TestJSON-1822865876 tempest-PortsAdminExtendedAttrsIpV6TestJSON-1822865876-project-admin] Attempting to bind port 12684da2-ef40-4c29-be93-69e22a9c3c79 on network fd309d6b-1427-4e90-b878-8b2a91636eb9 {{(pid=94714) bind_port /opt/stack/neutron/neutron/plugins/ml2/drivers/mech_agent.py:91}}
Oct 12 13:02:29.642403 dv-neutron-797120-11-hyperv neutron-server[94713]: DEBUG neutron.db.db_base_plugin_common [None req-742fd785-740a-4820-8ff6-d2ff8e0397bc tempest-FloatingIPAdminTestJSON-206814864 tempest-FloatingIPAdminTestJSON-206814864-project] Allocated IP 172.26.7.117 (975a85a6-a19d-4803-9542-d2a70cc1480a/2c2f43dd-00d1-40b6-8267-16b3d18cab03/b4be0ae6-e9c5-4018-9cc2-afc85708d46f) {{(pid=94713) _store_ip_allocation /opt/stack/neutron/neutron/db/db_base_plugin_common.py:131}}
Oct 12 13:02:29.682987 dv-neutron-797120-11-hyperv neutron-server[94715]: DEBUG neutron.db.provisioning_blocks [None req-5fefb001-c224-4001-888a-8089924336c2 None None] Provisioning complete for port 5480bfa0-2e8e-4836-bb24-c1544b5f3b4e triggered by entity L2. {{(pid=94715) provisioning_complete /opt/stack/neutron/neutron/db/provisioning_blocks.py:139}}
Oct 12 13:02:29.683572 dv-neutron-797120-11-hyperv neutron-server[94715]: DEBUG neutron_lib.callbacks.manager [None req-5fefb001-c224-4001-888a-8089924336c2 None None] Notify callbacks ['neutron.plugins.ml2.plugin.Ml2Plugin._port_provisioned-3605648'] for port, provisioning_complete {{(pid=94715) _notify_loop /usr/local/lib/python3.8/dist-packages/neutron_lib/callbacks/manager.py:192}}
Oct 12 13:02:29.707441 dv-neutron-797120-11-hyperv neutron-server[94713]: DEBUG neutron.wsgi [-] (94713) accepted ('10.222.0.13', 33420) {{(pid=94713) server /usr/local/lib/python3.8/dist-packages/eventlet/wsgi.py:982}}
Oct 12 13:02:29.711868 dv-neutron-797120-11-hyperv neutron-server[94713]: DEBUG neutron.api.v2.base [None req-8832b6fa-8069-4e98-8749-3e0134733599 tempest-ServerActionsTestJSON-914287331 tempest-ServerActionsTestJSON-914287331-project] Request body: {'security_group': {'name': 'tempest-securitygroup--1636931555', 'description': 'tempest-description--821934445'}} {{(pid=94713) prepare_request_body /opt/stack/neutron/neutron/api/v2/base.py:729}}
Oct 12 13:02:29.764733 dv-neutron-797120-11-hyperv neutron-server[94714]: DEBUG neutron.api.rpc.agentnotifiers.l3_rpc_agent_api [None req-c99449a9-9e93-47bc-a263-68ba1b3b53eb tempest-RoutersIpV6Test-403155316 tempest-RoutersIpV6Test-403155316-project] Notify agent at l3_agent.dv-neutron-797120-11-hyperv the message routers_updated {{(pid=94714) _agent_notification /opt/stack/neutron/neutron/api/rpc/agentnotifiers/l3_rpc_agent_api.py:65}}
Oct 12 13:02:29.767872 dv-neutron-797120-11-hyperv neutron-server[94714]: DEBUG neutron.scheduler.l3_agent_scheduler [None req-6313e796-bee8-4592-925b-24b05e7c41d7 admin admin] Router fbacc799-62ca-4c06-8935-c06c839bf544 has already been hosted by L3 agent bfea6792-007d-4e1b-af79-f9b4ce89fa88 {{(pid=94714) _get_candidates /opt/stack/neutron/neutron/scheduler/l3_agent_scheduler.py:126}}
Oct 12 13:02:29.768602 dv-neutron-797120-11-hyperv neutron-server[94714]: DEBUG neutron.plugins.ml2.drivers.mech_agent [None req-33425f61-1b7d-4e69-8ab4-3c751c170948 tempest-PortsAdminExtendedAttrsIpV6TestJSON-1822865876 tempest-PortsAdminExtendedAttrsIpV6TestJSON-1822865876-project-admin] Port 12684da2-ef40-4c29-be93-69e22a9c3c79 on network fd309d6b-1427-4e90-b878-8b2a91636eb9 not bound, no agent of type Open vSwitch agent registered on host hv-neutron-7971 {{(pid=94714) bind_port /opt/stack/neutron/neutron/plugins/ml2/drivers/mech_agent.py:103}}
Oct 12 13:02:29.768920 dv-neutron-797120-11-hyperv neutron-server[94714]: ERROR neutron.plugins.ml2.managers [None req-33425f61-1b7d-4e69-8ab4-3c751c170948 tempest-PortsAdminExtendedAttrsIpV6TestJSON-1822865876 tempest-PortsAdminExtendedAttrsIpV6TestJSON-1822865876-project-admin] Failed to bind port 12684da2-ef40-4c29-be93-69e22a9c3c79 on host hv-neutron-7971 for vnic_type normal using segments [{'id': '284e865d-0a16-4d9f-8589-01f2113a5bae', 'network_type': 'vlan', 'physical_network': 'physnet1', 'segmentation_id': 384, 'network_id': 'fd309d6b-1427-4e90-b878-8b2a91636eb9'}]
Oct 12 13:02:29.772678 dv-neutron-797120-11-hyperv neutron-server[94714]: INFO neutron.wsgi [None req-c99449a9-9e93-47bc-a263-68ba1b3b53eb tempest-RoutersIpV6Test-403155316 tempest-RoutersIpV6Test-403155316-project] 10.222.0.13 "PUT /v2.0/routers/437207e4-10fa-47f1-86fa-7be5b7e9f222/add_router_interface HTTP/1.1" status: 200 len: 503 time: 9.0190303
Oct 12 13:02:29.780001 dv-neutron-797120-11-hyperv neutron-server[94713]: DEBUG neutron.wsgi [-] (94713) accepted ('10.222.0.13', 33426) {{(pid=94713) server /usr/local/lib/python3.8/dist-packages/eventlet/wsgi.py:982}}
Oct 12 13:02:29.780721 dv-neutron-797120-11-hyperv neutron-server[94714]: INFO neutron.plugins.ml2.plugin [None req-33425f61-1b7d-4e69-8ab4-3c751c170948 tempest-PortsAdminExtendedAttrsIpV6TestJSON-1822865876 tempest-PortsAdminExtendedAttrsIpV6TestJSON-1822865876-project-admin] Attempt 6 to bind port 12684da2-ef40-4c29-be93-69e22a9c3c79
Oct 12 13:02:29.805316 dv-neutron-797120-11-hyperv neutron-server[94716]: DEBUG neutron.db.l3_hamode_db [None req-d221c201-f42c-4929-b236-0ed100f1fbf1 None None] neutron.services.l3_router.l3_router_plugin.L3RouterPlugin method _process_sync_ha_data called with arguments (, [{'id': '97ee0269-2e86-4a6c-b097-7a85a0714b82', 'name': 'tempest-ServersTestJSON-1180017085-router', 'tenant_id': '9cc3568ed92942b48a8e0506beccf3e3', 'admin_state_up': True, 'status': 'ACTIVE', 'external_gateway_info': {'network_id': '975a85a6-a19d-4803-9542-d2a70cc1480a', 'external_fixed_ips': [{'subnet_id': '2c2f43dd-00d1-40b6-8267-16b3d18cab03', 'ip_address': '172.26.7.138'}], 'enable_snat': True}, 'gw_port_id': '5480bfa0-2e8e-4836-bb24-c1544b5f3b4e', 'description': '', 'availability_zones': ['nova'], 'distributed': False, 'ha': False, 'ha_vr_id': 0, 'availability_zone_hints': [], 'routes': [], 'flavor_id': None, 'tags': [], 'created_at': '2021-10-12T13:02:14Z', 'updated_at': '2021-10-12T13:02:25Z', 'revision_number': 4, 'project_id': '9cc3568ed92942b48a8e0506beccf3e3', 'gw_port': {'id': '5480bfa0-2e8e-4836-bb24-c1544b5f3b4e', 'name': '', 'network_id': '975a85a6-a19d-4803-9542-d2a70cc1480a', 'tenant_id': '', 'mac_address': 'fa:16:3e:1c:43:0b', 'admin_state_up': True, 'status': 'DOWN', 'device_id': '97ee0269-2e86-4a6c-b097-7a85a0714b82', 'device_owner': 'network:router_gateway', 'standard_attr_id': 71, 'fixed_ips': [{'subnet_id': '2c2f43dd-00d1-40b6-8267-16b3d18cab03', 'ip_address': '172.26.7.138', 'prefixlen': 24}], 'allowed_address_pairs': [], 'extra_dhcp_opts': [], 'security_groups': [], 'description': '', 'binding:vnic_type': 'normal', 'binding:profile': {}, 'binding:host_id': 'dv-neutron-797120-11-hyperv', 'binding:vif_type': 'ovs', 'binding:vif_details': {'connectivity': 'l2', 'port_filter': True, 'ovs_hybrid_plug': False, 'datapath_type': 'system', 'bridge_name': 'br-int'}, 'port_security_enabled': False, 'tags': [], 'created_at': '2021-10-12T13:02:15Z', 'updated_at': '2021-10-12T13:02:24Z', 'revision_number': 3, 'project_id': '', 'subnets': [{'id': '2c2f43dd-00d1-40b6-8267-16b3d18cab03', 'cidr': '172.26.7.0/24', 'gateway_ip': '172.26.7.1', 'dns_nameservers': [], 'ipv6_ra_mode': None, 'subnetpool_id': None}], 'extra_subnets': [], 'address_scopes': {4: None, 6: None}, 'mtu': 1500}, 'enable_snat': True, 'gw_port_host': 'dv-neutron-797120-11-hyperv', '_interfaces': [{'id': '9fed96f4-aa7c-4c6c-9958-8b2a633a6a4b', 'name': '', 'network_id': 'c0931e9a-5272-4946-a885-e5f0de7a2a7c', 'tenant_id': '9cc3568ed92942b48a8e0506beccf3e3', 'mac_address': 'fa:16:3e:ea:f5:41', 'admin_state_up': True, 'status': 'DOWN', 'device_id': '97ee0269-2e86-4a6c-b097-7a85a0714b82', 'device_owner': 'network:router_interface', 'standard_attr_id': 108, 'fixed_ips': [{'subnet_id': 'a98797d9-93d1-441a-a90d-24b781ae6215', 'ip_address': '172.20.0.1', 'prefixlen': 28}], 'allowed_address_pairs': [], 'extra_dhcp_opts': [], 'security_groups': [], 'description': '', 'binding:vnic_type': 'normal', 'binding:profile': {}, 'binding:host_id': '', 'binding:vif_type': 'unbound', 'binding:vif_details': {}, 'port_security_enabled': False, 'tags': [], 'created_at': '2021-10-12T13:02:23Z', 'updated_at': '2021-10-12T13:02:26Z', 'revision_number': 2, 'project_id': '9cc3568ed92942b48a8e0506beccf3e3', 'subnets': [{'id': 'a98797d9-93d1-441a-a90d-24b781ae6215', 'cidr': '172.20.0.0/28', 'gateway_ip': '172.20.0.1', 'dns_nameservers': [], 'ipv6_ra_mode': None, 'subnetpool_id': None}], 'extra_subnets': [], 'address_scopes': {4: None, 6: None}, 'mtu': 1500}]}], 'dv-neutron-797120-11-hyperv', False) {} {{(pid=94716) wrapper /usr/local/lib/python3.8/dist-packages/oslo_log/helpers.py:65}}
Oct 12 13:02:29.826667 dv-neutron-797120-11-hyperv neutron-server[94714]: DEBUG neutron.plugins.ml2.managers [None req-33425f61-1b7d-4e69-8ab4-3c751c170948 tempest-PortsAdminExtendedAttrsIpV6TestJSON-1822865876 tempest-PortsAdminExtendedAttrsIpV6TestJSON-1822865876-project-admin] Attempting to bind port 12684da2-ef40-4c29-be93-69e22a9c3c79 on host hv-neutron-7971 for vnic_type normal with profile {{(pid=94714) bind_port /opt/stack/neutron/neutron/plugins/ml2/managers.py:790}}
Oct 12 13:02:29.827123 dv-neutron-797120-11-hyperv neutron-server[94714]: DEBUG neutron.plugins.ml2.managers [None req-33425f61-1b7d-4e69-8ab4-3c751c170948 tempest-PortsAdminExtendedAttrsIpV6TestJSON-1822865876 tempest-PortsAdminExtendedAttrsIpV6TestJSON-1822865876-project-admin] Attempting to bind port 12684da2-ef40-4c29-be93-69e22a9c3c79 by drivers openvswitch,hyperv on host hv-neutron-7971 at level 0 using segments [{'id': '284e865d-0a16-4d9f-8589-01f2113a5bae', 'network_type': 'vlan', 'physical_network': 'physnet1', 'segmentation_id': 384, 'network_id': 'fd309d6b-1427-4e90-b878-8b2a91636eb9'}] {{(pid=94714) _bind_port_level /opt/stack/neutron/neutron/plugins/ml2/managers.py:815}}
Oct 12 13:02:29.827646 dv-neutron-797120-11-hyperv neutron-server[94714]: DEBUG neutron.plugins.ml2.drivers.mech_agent [None req-33425f61-1b7d-4e69-8ab4-3c751c170948 tempest-PortsAdminExtendedAttrsIpV6TestJSON-1822865876 tempest-PortsAdminExtendedAttrsIpV6TestJSON-1822865876-project-admin] Attempting to bind port 12684da2-ef40-4c29-be93-69e22a9c3c79 on network fd309d6b-1427-4e90-b878-8b2a91636eb9 {{(pid=94714) bind_port /opt/stack/neutron/neutron/plugins/ml2/drivers/mech_agent.py:91}}
Oct 12 13:02:29.846912 dv-neutron-797120-11-hyperv neutron-server[94716]: DEBUG neutron.api.rpc.handlers.l3_rpc [None req-d221c201-f42c-4929-b236-0ed100f1fbf1 None None] Checking router: 97ee0269-2e86-4a6c-b097-7a85a0714b82 for host: dv-neutron-797120-11-hyperv {{(pid=94716) _ensure_host_set_on_ports /opt/stack/neutron/neutron/api/rpc/handlers/l3_rpc.py:155}}
Oct 12 13:02:29.847731 dv-neutron-797120-11-hyperv neutron-server[94716]: DEBUG neutron.api.rpc.handlers.l3_rpc [None req-d221c201-f42c-4929-b236-0ed100f1fbf1 None None] Updating router 97ee0269-2e86-4a6c-b097-7a85a0714b82 port 9fed96f4-aa7c-4c6c-9958-8b2a633a6a4b binding host dv-neutron-797120-11-hyperv {{(pid=94716) _ensure_host_set_on_port /opt/stack/neutron/neutron/api/rpc/handlers/l3_rpc.py:205}}
Oct 12 13:02:29.901371 dv-neutron-797120-11-hyperv neutron-server[94714]: DEBUG neutron.plugins.ml2.drivers.mech_agent [None req-33425f61-1b7d-4e69-8ab4-3c751c170948 tempest-PortsAdminExtendedAttrsIpV6TestJSON-1822865876 tempest-PortsAdminExtendedAttrsIpV6TestJSON-1822865876-project-admin] Port 12684da2-ef40-4c29-be93-69e22a9c3c79 on network fd309d6b-1427-4e90-b878-8b2a91636eb9 not bound, no agent of type Open vSwitch agent registered on host hv-neutron-7971 {{(pid=94714) bind_port /opt/stack/neutron/neutron/plugins/ml2/drivers/mech_agent.py:103}}
Oct 12 13:02:29.901860 dv-neutron-797120-11-hyperv neutron-server[94714]: ERROR neutron.plugins.ml2.managers [None req-33425f61-1b7d-4e69-8ab4-3c751c170948 tempest-PortsAdminExtendedAttrsIpV6TestJSON-1822865876 tempest-PortsAdminExtendedAttrsIpV6TestJSON-1822865876-project-admin] Failed to bind port 12684da2-ef40-4c29-be93-69e22a9c3c79 on host hv-neutron-7971 for vnic_type normal using segments [{'id': '284e865d-0a16-4d9f-8589-01f2113a5bae', 'network_type': 'vlan', 'physical_network': 'physnet1', 'segmentation_id': 384, 'network_id': 'fd309d6b-1427-4e90-b878-8b2a91636eb9'}]
Oct 12 13:02:29.915484 dv-neutron-797120-11-hyperv neutron-server[94714]: INFO neutron.plugins.ml2.plugin [None req-33425f61-1b7d-4e69-8ab4-3c751c170948 tempest-PortsAdminExtendedAttrsIpV6TestJSON-1822865876 tempest-PortsAdminExtendedAttrsIpV6TestJSON-1822865876-project-admin] Attempt 7 to bind port 12684da2-ef40-4c29-be93-69e22a9c3c79
Oct 12 13:02:29.918603 dv-neutron-797120-11-hyperv neutron-server[94715]: DEBUG neutron_lib.callbacks.manager [None req-c426b9ab-7486-40df-be99-a1b266759179 None None] Notify callbacks [] for port, precommit_create {{(pid=94715) _notify_loop /usr/local/lib/python3.8/dist-packages/neutron_lib/callbacks/manager.py:192}}
Oct 12 13:02:29.928734 dv-neutron-797120-11-hyperv neutron-server[94716]: DEBUG neutron_lib.callbacks.manager [None req-d221c201-f42c-4929-b236-0ed100f1fbf1 None None] Notify callbacks ['neutron.plugins.ml2.plugin.SecurityGroupDbMixin._ensure_default_security_group_handler-3712534'] for port, before_update {{(pid=94716) _notify_loop /usr/local/lib/python3.8/dist-packages/neutron_lib/callbacks/manager.py:192}}
Oct 12 13:02:29.955558 dv-neutron-797120-11-hyperv neutron-server[94714]: DEBUG neutron.plugins.ml2.managers [None req-33425f61-1b7d-4e69-8ab4-3c751c170948 tempest-PortsAdminExtendedAttrsIpV6TestJSON-1822865876 tempest-PortsAdminExtendedAttrsIpV6TestJSON-1822865876-project-admin] Attempting to bind port 12684da2-ef40-4c29-be93-69e22a9c3c79 on host hv-neutron-7971 for vnic_type normal with profile {{(pid=94714) bind_port /opt/stack/neutron/neutron/plugins/ml2/managers.py:790}}
Oct 12 13:02:29.955894 dv-neutron-797120-11-hyperv neutron-server[94714]: DEBUG neutron.plugins.ml2.managers [None req-33425f61-1b7d-4e69-8ab4-3c751c170948 tempest-PortsAdminExtendedAttrsIpV6TestJSON-1822865876 tempest-PortsAdminExtendedAttrsIpV6TestJSON-1822865876-project-admin] Attempting to bind port 12684da2-ef40-4c29-be93-69e22a9c3c79 by drivers openvswitch,hyperv on host hv-neutron-7971 at level 0 using segments [{'id': '284e865d-0a16-4d9f-8589-01f2113a5bae', 'network_type': 'vlan', 'physical_network': 'physnet1', 'segmentation_id': 384, 'network_id': 'fd309d6b-1427-4e90-b878-8b2a91636eb9'}] {{(pid=94714) _bind_port_level /opt/stack/neutron/neutron/plugins/ml2/managers.py:815}}
Oct 12 13:02:29.956232 dv-neutron-797120-11-hyperv neutron-server[94714]: DEBUG neutron.plugins.ml2.drivers.mech_agent [None req-33425f61-1b7d-4e69-8ab4-3c751c170948 tempest-PortsAdminExtendedAttrsIpV6TestJSON-1822865876 tempest-PortsAdminExtendedAttrsIpV6TestJSON-1822865876-project-admin] Attempting to bind port 12684da2-ef40-4c29-be93-69e22a9c3c79 on network fd309d6b-1427-4e90-b878-8b2a91636eb9 {{(pid=94714) bind_port /opt/stack/neutron/neutron/plugins/ml2/drivers/mech_agent.py:91}}
Oct 12 13:02:29.958392 dv-neutron-797120-11-hyperv neutron-server[94713]: DEBUG neutron.pecan_wsgi.hooks.policy_enforcement [None req-0cc5604a-6dba-4c04-aabe-448fd39da63e tempest-RoutersIpV6Test-403155316 tempest-RoutersIpV6Test-403155316-project] Attributes excluded by policy engine: ['standard_attr_id', 'binding:profile', 'binding:host_id', 'binding:vif_type', 'binding:vif_details'] {{(pid=94713) _exclude_attributes_by_policy /opt/stack/neutron/neutron/pecan_wsgi/hooks/policy_enforcement.py:255}}
Oct 12 13:02:29.965412 dv-neutron-797120-11-hyperv neutron-server[94713]: INFO neutron.wsgi [None req-0cc5604a-6dba-4c04-aabe-448fd39da63e tempest-RoutersIpV6Test-403155316 tempest-RoutersIpV6Test-403155316-project] 10.222.0.13 "GET /v2.0/ports/93fff769-60a3-4909-b925-aa8db44014b3 HTTP/1.1" status: 200 len: 911 time: 0.1718433
Oct 12 13:02:29.965412 dv-neutron-797120-11-hyperv neutron-server[94713]: DEBUG neutron.wsgi [-] (94713) accepted ('10.222.0.13', 33436) {{(pid=94713) server /usr/local/lib/python3.8/dist-packages/eventlet/wsgi.py:982}}
Oct 12 13:02:29.966060 dv-neutron-797120-11-hyperv neutron-server[94715]: DEBUG neutron.api.rpc.handlers.l3_rpc [None req-506e9929-214a-4346-aee4-b6f192bb91e8 None None] Sync routers for ids ['437207e4-10fa-47f1-86fa-7be5b7e9f222'] in dv-neutron-797120-11-hyperv {{(pid=94715) sync_routers /opt/stack/neutron/neutron/api/rpc/handlers/l3_rpc.py:125}}
Oct 12 13:02:29.973259 dv-neutron-797120-11-hyperv neutron-server[94715]: DEBUG neutron.db.provisioning_blocks [None req-ff505e1f-4e1a-4dc7-9446-2bb23d56db29 None None] Provisioning complete for port 93fff769-60a3-4909-b925-aa8db44014b3 triggered by entity DHCP. {{(pid=94715) provisioning_complete /opt/stack/neutron/neutron/db/provisioning_blocks.py:139}}
Oct 12 13:02:29.976093 dv-neutron-797120-11-hyperv neutron-server[94715]: DEBUG neutron_lib.callbacks.manager [None req-ff505e1f-4e1a-4dc7-9446-2bb23d56db29 None None] Notify callbacks ['neutron.plugins.ml2.plugin.Ml2Plugin._port_provisioned-3605648'] for port, provisioning_complete {{(pid=94715) _notify_loop /usr/local/lib/python3.8/dist-packages/neutron_lib/callbacks/manager.py:192}}
Oct 12 13:02:29.977985 dv-neutron-797120-11-hyperv neutron-server[94714]: DEBUG neutron.plugins.ml2.drivers.mech_agent [None req-33425f61-1b7d-4e69-8ab4-3c751c170948 tempest-PortsAdminExtendedAttrsIpV6TestJSON-1822865876 tempest-PortsAdminExtendedAttrsIpV6TestJSON-1822865876-project-admin] Port 12684da2-ef40-4c29-be93-69e22a9c3c79 on network fd309d6b-1427-4e90-b878-8b2a91636eb9 not bound, no agent of type Open vSwitch agent registered on host hv-neutron-7971 {{(pid=94714) bind_port /opt/stack/neutron/neutron/plugins/ml2/drivers/mech_agent.py:103}}
Oct 12 13:02:29.979245 dv-neutron-797120-11-hyperv neutron-server[94714]: ERROR neutron.plugins.ml2.managers [None req-33425f61-1b7d-4e69-8ab4-3c751c170948 tempest-PortsAdminExtendedAttrsIpV6TestJSON-1822865876 tempest-PortsAdminExtendedAttrsIpV6TestJSON-1822865876-project-admin] Failed to bind port 12684da2-ef40-4c29-be93-69e22a9c3c79 on host hv-neutron-7971 for vnic_type normal using segments [{'id': '284e865d-0a16-4d9f-8589-01f2113a5bae', 'network_type': 'vlan', 'physical_network': 'physnet1', 'segmentation_id': 384, 'network_id': 'fd309d6b-1427-4e90-b878-8b2a91636eb9'}]
Oct 12 13:02:29.985898 dv-neutron-797120-11-hyperv neutron-server[94714]: INFO neutron.plugins.ml2.plugin [None req-33425f61-1b7d-4e69-8ab4-3c751c170948 tempest-PortsAdminExtendedAttrsIpV6TestJSON-1822865876 tempest-PortsAdminExtendedAttrsIpV6TestJSON-1822865876-project-admin] Attempt 8 to bind port 12684da2-ef40-4c29-be93-69e22a9c3c79
Oct 12 13:02:29.988614 dv-neutron-797120-11-hyperv neutron-server[94713]: DEBUG neutron_lib.callbacks.manager [None req-8832b6fa-8069-4e98-8749-3e0134733599 tempest-ServerActionsTestJSON-914287331 tempest-ServerActionsTestJSON-914287331-project] Notify callbacks [] for security_group, before_create {{(pid=94713) _notify_loop /usr/local/lib/python3.8/dist-packages/neutron_lib/callbacks/manager.py:192}}
Oct 12 13:02:30.081738 dv-neutron-797120-11-hyperv neutron-server[94715]: DEBUG neutron.plugins.ml2.plugin [None req-ff505e1f-4e1a-4dc7-9446-2bb23d56db29 None None] Port 93fff769-60a3-4909-b925-aa8db44014b3 cannot update to ACTIVE because it is not bound. {{(pid=94715) _port_provisioned /opt/stack/neutron/neutron/plugins/ml2/plugin.py:338}}
Oct 12 13:02:30.087983 dv-neutron-797120-11-hyperv neutron-server[94715]: DEBUG neutron_lib.callbacks.manager [None req-c426b9ab-7486-40df-be99-a1b266759179 None None] Notify callbacks ['neutron.plugins.ml2.plugin.SecurityGroupServerNotifierRpcMixin._notify_sg_on_port_change-3713516', 'neutron.plugins.ml2.ovo_rpc._ObjectChangeHandler.handle_event-88629', 'neutron.api.rpc.agentnotifiers.dhcp_rpc_agent_api.DhcpAgentNotifyAPI._native_event_send_dhcp_notification-757106', 'neutron.db.l3_dvrscheduler_db._notify_l3_agent_new_port-8731933872330'] for port, after_create {{(pid=94715) _notify_loop /usr/local/lib/python3.8/dist-packages/neutron_lib/callbacks/manager.py:192}}
Oct 12 13:02:30.118086 dv-neutron-797120-11-hyperv neutron-server[94714]: DEBUG neutron.plugins.ml2.managers [None req-33425f61-1b7d-4e69-8ab4-3c751c170948 tempest-PortsAdminExtendedAttrsIpV6TestJSON-1822865876 tempest-PortsAdminExtendedAttrsIpV6TestJSON-1822865876-project-admin] Attempting to bind port 12684da2-ef40-4c29-be93-69e22a9c3c79 on host hv-neutron-7971 for vnic_type normal with profile {{(pid=94714) bind_port /opt/stack/neutron/neutron/plugins/ml2/managers.py:790}}
Oct 12 13:02:30.118330 dv-neutron-797120-11-hyperv neutron-server[94714]: DEBUG neutron.plugins.ml2.managers [None req-33425f61-1b7d-4e69-8ab4-3c751c170948 tempest-PortsAdminExtendedAttrsIpV6TestJSON-1822865876 tempest-PortsAdminExtendedAttrsIpV6TestJSON-1822865876-project-admin] Attempting to bind port 12684da2-ef40-4c29-be93-69e22a9c3c79 by drivers openvswitch,hyperv on host hv-neutron-7971 at level 0 using segments [{'id': '284e865d-0a16-4d9f-8589-01f2113a5bae', 'network_type': 'vlan', 'physical_network': 'physnet1', 'segmentation_id': 384, 'network_id': 'fd309d6b-1427-4e90-b878-8b2a91636eb9'}] {{(pid=94714) _bind_port_level /opt/stack/neutron/neutron/plugins/ml2/managers.py:815}}
Oct 12 13:02:30.122876 dv-neutron-797120-11-hyperv neutron-server[94714]: DEBUG neutron.plugins.ml2.drivers.mech_agent [None req-33425f61-1b7d-4e69-8ab4-3c751c170948 tempest-PortsAdminExtendedAttrsIpV6TestJSON-1822865876 tempest-PortsAdminExtendedAttrsIpV6TestJSON-1822865876-project-admin] Attempting to bind port 12684da2-ef40-4c29-be93-69e22a9c3c79 on network fd309d6b-1427-4e90-b878-8b2a91636eb9 {{(pid=94714) bind_port /opt/stack/neutron/neutron/plugins/ml2/drivers/mech_agent.py:91}}
Oct 12 13:02:30.147480 dv-neutron-797120-11-hyperv neutron-server[94714]: DEBUG neutron.plugins.ml2.drivers.mech_agent [None req-33425f61-1b7d-4e69-8ab4-3c751c170948 tempest-PortsAdminExtendedAttrsIpV6TestJSON-1822865876 tempest-PortsAdminExtendedAttrsIpV6TestJSON-1822865876-project-admin] Port 12684da2-ef40-4c29-be93-69e22a9c3c79 on network fd309d6b-1427-4e90-b878-8b2a91636eb9 not bound, no agent of type Open vSwitch agent registered on host hv-neutron-7971 {{(pid=94714) bind_port /opt/stack/neutron/neutron/plugins/ml2/drivers/mech_agent.py:103}}
Oct 12 13:02:30.147790 dv-neutron-797120-11-hyperv neutron-server[94714]: ERROR neutron.plugins.ml2.managers [None req-33425f61-1b7d-4e69-8ab4-3c751c170948 tempest-PortsAdminExtendedAttrsIpV6TestJSON-1822865876 tempest-PortsAdminExtendedAttrsIpV6TestJSON-1822865876-project-admin] Failed to bind port 12684da2-ef40-4c29-be93-69e22a9c3c79 on host hv-neutron-7971 for vnic_type normal using segments [{'id': '284e865d-0a16-4d9f-8589-01f2113a5bae', 'network_type': 'vlan', 'physical_network': 'physnet1', 'segmentation_id': 384, 'network_id': 'fd309d6b-1427-4e90-b878-8b2a91636eb9'}]
Oct 12 13:02:30.149852 dv-neutron-797120-11-hyperv neutron-server[94714]: INFO neutron.plugins.ml2.plugin [None req-33425f61-1b7d-4e69-8ab4-3c751c170948 tempest-PortsAdminExtendedAttrsIpV6TestJSON-1822865876 tempest-PortsAdminExtendedAttrsIpV6TestJSON-1822865876-project-admin] Attempt 9 to bind port 12684da2-ef40-4c29-be93-69e22a9c3c79
Oct 12 13:02:30.182608 dv-neutron-797120-11-hyperv neutron-server[94714]: DEBUG neutron.plugins.ml2.managers [None req-33425f61-1b7d-4e69-8ab4-3c751c170948 tempest-PortsAdminExtendedAttrsIpV6TestJSON-1822865876 tempest-PortsAdminExtendedAttrsIpV6TestJSON-1822865876-project-admin] Attempting to bind port 12684da2-ef40-4c29-be93-69e22a9c3c79 on host hv-neutron-7971 for vnic_type normal with profile {{(pid=94714) bind_port /opt/stack/neutron/neutron/plugins/ml2/managers.py:790}}
Oct 12 13:02:30.183049 dv-neutron-797120-11-hyperv neutron-server[94714]: DEBUG neutron.plugins.ml2.managers [None req-33425f61-1b7d-4e69-8ab4-3c751c170948 tempest-PortsAdminExtendedAttrsIpV6TestJSON-1822865876 tempest-PortsAdminExtendedAttrsIpV6TestJSON-1822865876-project-admin] Attempting to bind port 12684da2-ef40-4c29-be93-69e22a9c3c79 by drivers openvswitch,hyperv on host hv-neutron-7971 at level 0 using segments [{'id': '284e865d-0a16-4d9f-8589-01f2113a5bae', 'network_type': 'vlan', 'physical_network': 'physnet1', 'segmentation_id': 384, 'network_id': 'fd309d6b-1427-4e90-b878-8b2a91636eb9'}] {{(pid=94714) _bind_port_level /opt/stack/neutron/neutron/plugins/ml2/managers.py:815}}
Oct 12 13:02:30.183383 dv-neutron-797120-11-hyperv neutron-server[94714]: DEBUG neutron.plugins.ml2.drivers.mech_agent [None req-33425f61-1b7d-4e69-8ab4-3c751c170948 tempest-PortsAdminExtendedAttrsIpV6TestJSON-1822865876 tempest-PortsAdminExtendedAttrsIpV6TestJSON-1822865876-project-admin] Attempting to bind port 12684da2-ef40-4c29-be93-69e22a9c3c79 on network fd309d6b-1427-4e90-b878-8b2a91636eb9 {{(pid=94714) bind_port /opt/stack/neutron/neutron/plugins/ml2/drivers/mech_agent.py:91}}
Oct 12 13:02:30.186487 dv-neutron-797120-11-hyperv neutron-server[94715]: DEBUG neutron.db.l3_dvr_db [None req-4028cd1d-1979-42aa-8ba7-1554f4775fad None None] Set router 13e13baf-c1ac-4132-a0c0-18d757e2bfe5 gateway port host: dv-neutron-797120-11-hyperv {{(pid=94715) _build_routers_list /opt/stack/neutron/neutron/db/l3_dvr_db.py:906}}
Oct 12 13:02:30.202123 dv-neutron-797120-11-hyperv neutron-server[94714]: DEBUG neutron.plugins.ml2.drivers.mech_agent [None req-33425f61-1b7d-4e69-8ab4-3c751c170948 tempest-PortsAdminExtendedAttrsIpV6TestJSON-1822865876 tempest-PortsAdminExtendedAttrsIpV6TestJSON-1822865876-project-admin] Port 12684da2-ef40-4c29-be93-69e22a9c3c79 on network fd309d6b-1427-4e90-b878-8b2a91636eb9 not bound, no agent of type Open vSwitch agent registered on host hv-neutron-7971 {{(pid=94714) bind_port /opt/stack/neutron/neutron/plugins/ml2/drivers/mech_agent.py:103}}
Oct 12 13:02:30.202448 dv-neutron-797120-11-hyperv neutron-server[94714]: ERROR neutron.plugins.ml2.managers [None req-33425f61-1b7d-4e69-8ab4-3c751c170948 tempest-PortsAdminExtendedAttrsIpV6TestJSON-1822865876 tempest-PortsAdminExtendedAttrsIpV6TestJSON-1822865876-project-admin] Failed to bind port 12684da2-ef40-4c29-be93-69e22a9c3c79 on host hv-neutron-7971 for vnic_type normal using segments [{'id': '284e865d-0a16-4d9f-8589-01f2113a5bae', 'network_type': 'vlan', 'physical_network': 'physnet1', 'segmentation_id': 384, 'network_id': 'fd309d6b-1427-4e90-b878-8b2a91636eb9'}]
