Sep 07 08:24:14.185167 dv-neutron-797120-10-hyperv devstack@n-api.service[93870]: DEBUG oslo_db.sqlalchemy.engines [None req-96cad871-a350-402e-a74b-7eb56a2b5f1c None None] MySQL server mode set to STRICT_TRANS_TABLES,STRICT_ALL_TABLES,NO_ZERO_IN_DATE,NO_ZERO_DATE,ERROR_FOR_DIVISION_BY_ZERO,TRADITIONAL,NO_ENGINE_SUBSTITUTION {{(pid=93870) _check_effective_sql_mode /usr/local/lib/python3.8/dist-packages/oslo_db/sqlalchemy/engines.py:314}}
Sep 07 08:24:14.189226 dv-neutron-797120-10-hyperv devstack@n-api.service[93869]: DEBUG oslo_db.sqlalchemy.engines [None req-5289c5ef-4ac0-4c19-9be9-79e76dddf5fd None None] MySQL server mode set to STRICT_TRANS_TABLES,STRICT_ALL_TABLES,NO_ZERO_IN_DATE,NO_ZERO_DATE,ERROR_FOR_DIVISION_BY_ZERO,TRADITIONAL,NO_ENGINE_SUBSTITUTION {{(pid=93869) _check_effective_sql_mode /usr/local/lib/python3.8/dist-packages/oslo_db/sqlalchemy/engines.py:314}}
Sep 07 08:24:14.192025 dv-neutron-797120-10-hyperv devstack@n-api.service[93869]: DEBUG oslo_db.sqlalchemy.engines [None req-5289c5ef-4ac0-4c19-9be9-79e76dddf5fd None None] MySQL server mode set to STRICT_TRANS_TABLES,STRICT_ALL_TABLES,NO_ZERO_IN_DATE,NO_ZERO_DATE,ERROR_FOR_DIVISION_BY_ZERO,TRADITIONAL,NO_ENGINE_SUBSTITUTION {{(pid=93869) _check_effective_sql_mode /usr/local/lib/python3.8/dist-packages/oslo_db/sqlalchemy/engines.py:314}}
Sep 07 08:24:14.450706 dv-neutron-797120-10-hyperv devstack@n-api.service[93870]: DEBUG oslo_db.sqlalchemy.engines [None req-96cad871-a350-402e-a74b-7eb56a2b5f1c None None] MySQL server mode set to STRICT_TRANS_TABLES,STRICT_ALL_TABLES,NO_ZERO_IN_DATE,NO_ZERO_DATE,ERROR_FOR_DIVISION_BY_ZERO,TRADITIONAL,NO_ENGINE_SUBSTITUTION {{(pid=93870) _check_effective_sql_mode /usr/local/lib/python3.8/dist-packages/oslo_db/sqlalchemy/engines.py:314}}
Sep 07 08:24:14.456343 dv-neutron-797120-10-hyperv devstack@n-api.service[93869]: DEBUG oslo_db.sqlalchemy.engines [None req-5289c5ef-4ac0-4c19-9be9-79e76dddf5fd None None] MySQL server mode set to STRICT_TRANS_TABLES,STRICT_ALL_TABLES,NO_ZERO_IN_DATE,NO_ZERO_DATE,ERROR_FOR_DIVISION_BY_ZERO,TRADITIONAL,NO_ENGINE_SUBSTITUTION {{(pid=93869) _check_effective_sql_mode /usr/local/lib/python3.8/dist-packages/oslo_db/sqlalchemy/engines.py:314}}
Sep 07 08:24:14.799240 dv-neutron-797120-10-hyperv devstack@n-api.service[93870]: WARNING keystonemiddleware.auth_token [None req-96cad871-a350-402e-a74b-7eb56a2b5f1c None None] AuthToken middleware is set with keystone_authtoken.service_token_roles_required set to False. This is backwards compatible but deprecated behaviour. Please set this to True.
Sep 07 08:24:14.799905 dv-neutron-797120-10-hyperv devstack@n-api.service[93869]: WARNING keystonemiddleware.auth_token [None req-5289c5ef-4ac0-4c19-9be9-79e76dddf5fd None None] AuthToken middleware is set with keystone_authtoken.service_token_roles_required set to False. This is backwards compatible but deprecated behaviour. Please set this to True.
Sep 07 08:24:14.806714 dv-neutron-797120-10-hyperv devstack@n-api.service[93870]: WARNING keystonemiddleware.auth_token [None req-96cad871-a350-402e-a74b-7eb56a2b5f1c None None] Configuring www_authenticate_uri to point to the public identity endpoint is required; clients may not be able to authenticate against an admin endpoint
Sep 07 08:24:14.807312 dv-neutron-797120-10-hyperv devstack@n-api.service[93869]: WARNING keystonemiddleware.auth_token [None req-5289c5ef-4ac0-4c19-9be9-79e76dddf5fd None None] Configuring www_authenticate_uri to point to the public identity endpoint is required; clients may not be able to authenticate against an admin endpoint
Sep 07 08:24:15.152134 dv-neutron-797120-10-hyperv devstack@n-api.service[93870]: WARNING keystonemiddleware.auth_token [None req-96cad871-a350-402e-a74b-7eb56a2b5f1c None None] AuthToken middleware is set with keystone_authtoken.service_token_roles_required set to False. This is backwards compatible but deprecated behaviour. Please set this to True.
Sep 07 08:24:15.152823 dv-neutron-797120-10-hyperv devstack@n-api.service[93869]: WARNING keystonemiddleware.auth_token [None req-5289c5ef-4ac0-4c19-9be9-79e76dddf5fd None None] AuthToken middleware is set with keystone_authtoken.service_token_roles_required set to False. This is backwards compatible but deprecated behaviour. Please set this to True.
Sep 07 08:24:15.157283 dv-neutron-797120-10-hyperv devstack@n-api.service[93870]: WARNING keystonemiddleware.auth_token [None req-96cad871-a350-402e-a74b-7eb56a2b5f1c None None] Configuring www_authenticate_uri to point to the public identity endpoint is required; clients may not be able to authenticate against an admin endpoint
Sep 07 08:24:15.158091 dv-neutron-797120-10-hyperv devstack@n-api.service[93869]: WARNING keystonemiddleware.auth_token [None req-5289c5ef-4ac0-4c19-9be9-79e76dddf5fd None None] Configuring www_authenticate_uri to point to the public identity endpoint is required; clients may not be able to authenticate against an admin endpoint
Sep 07 08:24:15.163652 dv-neutron-797120-10-hyperv devstack@n-api.service[93870]: WSGI app 0 (mountpoint='') ready in 6 seconds on interpreter 0x55ed2eeec9c0 pid: 93870 (default app)
Sep 07 08:24:15.165119 dv-neutron-797120-10-hyperv devstack@n-api.service[93869]: WSGI app 0 (mountpoint='') ready in 6 seconds on interpreter 0x55ed2eeec9c0 pid: 93869 (default app)
Sep 07 08:24:15.166420 dv-neutron-797120-10-hyperv devstack@n-api.service[93870]: DEBUG nova.api.openstack.wsgi [None req-96cad871-a350-402e-a74b-7eb56a2b5f1c None None] Calling method '>' {{(pid=93870) _process_stack /opt/stack/nova/nova/api/openstack/wsgi.py:513}}
Sep 07 08:24:15.167613 dv-neutron-797120-10-hyperv devstack@n-api.service[93870]: INFO nova.api.openstack.requestlog [None req-96cad871-a350-402e-a74b-7eb56a2b5f1c None None] 10.222.0.49 "GET /compute/v2.1/" status: 200 len: 388 microversion: 2.1 time: 0.001853
Sep 07 08:24:15.168034 dv-neutron-797120-10-hyperv devstack@n-api.service[93870]: [pid: 93870|app: 0|req: 1/1] 10.222.0.49 () {50 vars in 789 bytes} [Tue Sep 7 08:24:15 2021] GET /compute/v2.1/ => generated 388 bytes in 4 msecs (HTTP/1.1 200) 9 headers in 357 bytes (1 switches on core 0)
Sep 07 08:25:34.947673 dv-neutron-797120-10-hyperv devstack@n-api.service[93869]: DEBUG nova.api.openstack.wsgi [None req-5289c5ef-4ac0-4c19-9be9-79e76dddf5fd None None] Calling method '>' {{(pid=93869) _process_stack /opt/stack/nova/nova/api/openstack/wsgi.py:513}}
Sep 07 08:25:34.948861 dv-neutron-797120-10-hyperv devstack@n-api.service[93869]: INFO nova.api.openstack.requestlog [None req-5289c5ef-4ac0-4c19-9be9-79e76dddf5fd None None] 10.222.0.49 "GET /compute/v2.1" status: 200 len: 388 microversion: 2.1 time: 0.001920
Sep 07 08:25:34.949241 dv-neutron-797120-10-hyperv devstack@n-api.service[93869]: [pid: 93869|app: 0|req: 1/2] 10.222.0.49 () {54 vars in 931 bytes} [Tue Sep 7 08:25:34 2021] GET /compute/v2.1 => generated 388 bytes in 3 msecs (HTTP/1.1 200) 9 headers in 357 bytes (1 switches on core 0)
Sep 07 08:25:35.365671 dv-neutron-797120-10-hyperv devstack@n-api.service[93870]: DEBUG nova.api.openstack.wsgi [None req-0ca70caa-8933-4b15-923c-c55cdf179965 admin admin] Calling method '>' {{(pid=93870) _process_stack /opt/stack/nova/nova/api/openstack/wsgi.py:513}}
Sep 07 08:25:35.394652 dv-neutron-797120-10-hyperv devstack@n-api.service[93870]: INFO nova.api.openstack.requestlog [None req-0ca70caa-8933-4b15-923c-c55cdf179965 admin admin] 10.222.0.49 "GET /compute/v2.1/flavors/detail?is_public=True" status: 200 len: 15 microversion: 2.61 time: 0.438835
Sep 07 08:25:35.395300 dv-neutron-797120-10-hyperv devstack@n-api.service[93870]: [pid: 93870|app: 0|req: 2/3] 10.222.0.49 () {60 vars in 1292 bytes} [Tue Sep 7 08:25:34 2021] GET /compute/v2.1/flavors/detail?is_public=True => generated 15 bytes in 440 msecs (HTTP/1.1 200) 9 headers in 358 bytes (1 switches on core 0)
Sep 07 08:25:37.615365 dv-neutron-797120-10-hyperv devstack@n-api.service[93869]: DEBUG nova.api.openstack.wsgi [None req-5289c5ef-4ac0-4c19-9be9-79e76dddf5fd None None] Calling method '>' {{(pid=93869) _process_stack /opt/stack/nova/nova/api/openstack/wsgi.py:513}}
Sep 07 08:25:37.616464 dv-neutron-797120-10-hyperv devstack@n-api.service[93869]: INFO nova.api.openstack.requestlog [None req-5289c5ef-4ac0-4c19-9be9-79e76dddf5fd None None] 10.222.0.49 "GET /compute/v2.1" status: 200 len: 388 microversion: 2.1 time: 0.001984
Sep 07 08:25:37.617110 dv-neutron-797120-10-hyperv devstack@n-api.service[93869]: [pid: 93869|app: 0|req: 2/4] 10.222.0.49 () {54 vars in 931 bytes} [Tue Sep 7 08:25:37 2021] GET /compute/v2.1 => generated 388 bytes in 3 msecs (HTTP/1.1 200) 9 headers in 357 bytes (1 switches on core 0)
Sep 07 08:25:37.677970 dv-neutron-797120-10-hyperv devstack@n-api.service[93870]: DEBUG nova.api.openstack.wsgi [None req-f668cbb2-9938-4c57-95c6-17a4e1c4a371 admin admin] Action: 'create', calling method: >, body: {"flavor": {"OS-FLV-EXT-DATA:ephemeral": 0, "rxtx_factor": 1.0, "swap": 0, "os-flavor-access:is_public": true, "ram": 256, "vcpus": 1, "name": "cirros256", "id": "c1", "disk": 1}} {{(pid=93870) _process_stack /opt/stack/nova/nova/api/openstack/wsgi.py:511}}
Sep 07 08:25:37.697049 dv-neutron-797120-10-hyperv devstack@n-api.service[93870]: /usr/local/lib/python3.8/dist-packages/oslo_policy/policy.py:1064: UserWarning: Policy os_compute_api:os-flavor-manage:create failed scope check. The token used to make the request was project scoped but the policy requires ['system'] scope. This behavior may change in the future where using the intended scope is required
Sep 07 08:25:37.697049 dv-neutron-797120-10-hyperv devstack@n-api.service[93870]: warnings.warn(msg)
Sep 07 08:25:37.724718 dv-neutron-797120-10-hyperv devstack@n-api.service[93870]: INFO nova.api.openstack.requestlog [None req-f668cbb2-9938-4c57-95c6-17a4e1c4a371 admin admin] 10.222.0.49 "POST /compute/v2.1/flavors" status: 200 len: 407 microversion: 2.61 time: 0.100945
Sep 07 08:25:37.725278 dv-neutron-797120-10-hyperv devstack@n-api.service[93870]: [pid: 93870|app: 0|req: 3/5] 10.222.0.49 () {64 vars in 1283 bytes} [Tue Sep 7 08:25:37 2021] POST /compute/v2.1/flavors => generated 407 bytes in 102 msecs (HTTP/1.1 200) 9 headers in 359 bytes (1 switches on core 0)
Sep 07 08:25:37.954326 dv-neutron-797120-10-hyperv devstack@n-api.service[93869]: DEBUG nova.api.openstack.wsgi [None req-2e46dc86-150d-4ccd-97c8-84337771fc3c admin admin] Action: 'create', calling method: >, body: {"extra_specs": {"hw_rng:allowed": "True"}} {{(pid=93869) _process_stack /opt/stack/nova/nova/api/openstack/wsgi.py:511}}
Sep 07 08:25:37.956871 dv-neutron-797120-10-hyperv devstack@n-api.service[93869]: /usr/local/lib/python3.8/dist-packages/oslo_policy/policy.py:1064: UserWarning: Policy os_compute_api:os-flavor-extra-specs:create failed scope check. The token used to make the request was project scoped but the policy requires ['system'] scope. This behavior may change in the future where using the intended scope is required
Sep 07 08:25:37.956871 dv-neutron-797120-10-hyperv devstack@n-api.service[93869]: warnings.warn(msg)
Sep 07 08:25:38.003894 dv-neutron-797120-10-hyperv devstack@n-api.service[93869]: INFO nova.api.openstack.requestlog [None req-2e46dc86-150d-4ccd-97c8-84337771fc3c admin admin] 10.222.0.49 "POST /compute/v2.1/flavors/c1/os-extra_specs" status: 200 len: 43 microversion: 2.61 time: 0.269328
Sep 07 08:25:38.021840 dv-neutron-797120-10-hyperv devstack@n-api.service[93869]: [pid: 93869|app: 0|req: 3/6] 10.222.0.49 () {64 vars in 1336 bytes} [Tue Sep 7 08:25:37 2021] POST /compute/v2.1/flavors/c1/os-extra_specs => generated 43 bytes in 271 msecs (HTTP/1.1 200) 9 headers in 358 bytes (1 switches on core 0)
Sep 07 08:25:40.252307 dv-neutron-797120-10-hyperv devstack@n-api.service[93870]: DEBUG nova.api.openstack.wsgi [None req-f668cbb2-9938-4c57-95c6-17a4e1c4a371 admin admin] Calling method '>' {{(pid=93870) _process_stack /opt/stack/nova/nova/api/openstack/wsgi.py:513}}
Sep 07 08:25:40.253300 dv-neutron-797120-10-hyperv devstack@n-api.service[93870]: INFO nova.api.openstack.requestlog [None req-f668cbb2-9938-4c57-95c6-17a4e1c4a371 admin admin] 10.222.0.49 "GET /compute/v2.1" status: 200 len: 388 microversion: 2.1 time: 0.001426
Sep 07 08:25:40.254020 dv-neutron-797120-10-hyperv devstack@n-api.service[93870]: [pid: 93870|app: 0|req: 4/7] 10.222.0.49 () {54 vars in 931 bytes} [Tue Sep 7 08:25:40 2021] GET /compute/v2.1 => generated 388 bytes in 2 msecs (HTTP/1.1 200) 9 headers in 357 bytes (1 switches on core 0)
Sep 07 08:25:40.358278 dv-neutron-797120-10-hyperv devstack@n-api.service[93869]: DEBUG nova.api.openstack.wsgi [None req-257c2454-ec13-4c13-8290-76ab16e1204c admin admin] Action: 'create', calling method: >, body: {"flavor": {"os-flavor-access:is_public": true, "vcpus": 1, "swap": 0, "disk": 5, "OS-FLV-EXT-DATA:ephemeral": 0, "name": "ds512M", "id": "d1", "rxtx_factor": 1.0, "ram": 512}} {{(pid=93869) _process_stack /opt/stack/nova/nova/api/openstack/wsgi.py:511}}
Sep 07 08:25:40.380800 dv-neutron-797120-10-hyperv devstack@n-api.service[93869]: /usr/local/lib/python3.8/dist-packages/oslo_policy/policy.py:1064: UserWarning: Policy os_compute_api:os-flavor-manage:create failed scope check. The token used to make the request was project scoped but the policy requires ['system'] scope. This behavior may change in the future where using the intended scope is required
Sep 07 08:25:40.380800 dv-neutron-797120-10-hyperv devstack@n-api.service[93869]: warnings.warn(msg)
Sep 07 08:25:40.402022 dv-neutron-797120-10-hyperv devstack@n-api.service[93869]: INFO nova.api.openstack.requestlog [None req-257c2454-ec13-4c13-8290-76ab16e1204c admin admin] 10.222.0.49 "POST /compute/v2.1/flavors" status: 200 len: 404 microversion: 2.61 time: 0.140275
Sep 07 08:25:40.402022 dv-neutron-797120-10-hyperv devstack@n-api.service[93869]: [pid: 93869|app: 0|req: 4/8] 10.222.0.49 () {64 vars in 1283 bytes} [Tue Sep 7 08:25:40 2021] POST /compute/v2.1/flavors => generated 404 bytes in 142 msecs (HTTP/1.1 200) 9 headers in 359 bytes (1 switches on core 0)
Sep 07 08:25:40.417699 dv-neutron-797120-10-hyperv devstack@n-api.service[93870]: DEBUG nova.api.openstack.wsgi [None req-6dcb5e74-8a18-4a3f-aeac-ca684c918e72 admin admin] Action: 'create', calling method: >, body: {"extra_specs": {"hw_rng:allowed": "True"}} {{(pid=93870) _process_stack /opt/stack/nova/nova/api/openstack/wsgi.py:511}}
Sep 07 08:25:40.419395 dv-neutron-797120-10-hyperv devstack@n-api.service[93870]: /usr/local/lib/python3.8/dist-packages/oslo_policy/policy.py:1064: UserWarning: Policy os_compute_api:os-flavor-extra-specs:create failed scope check. The token used to make the request was project scoped but the policy requires ['system'] scope. This behavior may change in the future where using the intended scope is required
Sep 07 08:25:40.419395 dv-neutron-797120-10-hyperv devstack@n-api.service[93870]: warnings.warn(msg)
Sep 07 08:25:40.461930 dv-neutron-797120-10-hyperv devstack@n-api.service[93870]: INFO nova.api.openstack.requestlog [None req-6dcb5e74-8a18-4a3f-aeac-ca684c918e72 admin admin] 10.222.0.49 "POST /compute/v2.1/flavors/d1/os-extra_specs" status: 200 len: 43 microversion: 2.61 time: 0.047742
Sep 07 08:25:40.462692 dv-neutron-797120-10-hyperv devstack@n-api.service[93870]: [pid: 93870|app: 0|req: 5/9] 10.222.0.49 () {64 vars in 1336 bytes} [Tue Sep 7 08:25:40 2021] POST /compute/v2.1/flavors/d1/os-extra_specs => generated 43 bytes in 49 msecs (HTTP/1.1 200) 9 headers in 358 bytes (2 switches on core 0)
Sep 07 08:25:42.685223 dv-neutron-797120-10-hyperv devstack@n-api.service[93869]: DEBUG nova.api.openstack.wsgi [None req-257c2454-ec13-4c13-8290-76ab16e1204c admin admin] Calling method '>' {{(pid=93869) _process_stack /opt/stack/nova/nova/api/openstack/wsgi.py:513}}
Sep 07 08:25:42.687108 dv-neutron-797120-10-hyperv devstack@n-api.service[93869]: INFO nova.api.openstack.requestlog [None req-257c2454-ec13-4c13-8290-76ab16e1204c admin admin] 10.222.0.49 "GET /compute/v2.1" status: 200 len: 388 microversion: 2.1 time: 0.001501
Sep 07 08:25:42.692824 dv-neutron-797120-10-hyperv devstack@n-api.service[93869]: [pid: 93869|app: 0|req: 5/10] 10.222.0.49 () {54 vars in 931 bytes} [Tue Sep 7 08:25:42 2021] GET /compute/v2.1 => generated 388 bytes in 3 msecs (HTTP/1.1 200) 9 headers in 357 bytes (1 switches on core 0)
Sep 07 08:25:42.775681 dv-neutron-797120-10-hyperv devstack@n-api.service[93870]: DEBUG nova.api.openstack.wsgi [None req-282b8541-6087-4f29-8662-e5871515dafb admin admin] Action: 'create', calling method: >, body: {"flavor": {"OS-FLV-EXT-DATA:ephemeral": 0, "name": "ds1G", "os-flavor-access:is_public": true, "id": "d2", "disk": 10, "rxtx_factor": 1.0, "ram": 1024, "vcpus": 1, "swap": 0}} {{(pid=93870) _process_stack /opt/stack/nova/nova/api/openstack/wsgi.py:511}}
Sep 07 08:25:42.801032 dv-neutron-797120-10-hyperv devstack@n-api.service[93870]: INFO nova.api.openstack.requestlog [None req-282b8541-6087-4f29-8662-e5871515dafb admin admin] 10.222.0.49 "POST /compute/v2.1/flavors" status: 200 len: 404 microversion: 2.61 time: 0.106799
Sep 07 08:25:42.802489 dv-neutron-797120-10-hyperv devstack@n-api.service[93870]: [pid: 93870|app: 0|req: 6/11] 10.222.0.49 () {64 vars in 1283 bytes} [Tue Sep 7 08:25:42 2021] POST /compute/v2.1/flavors => generated 404 bytes in 109 msecs (HTTP/1.1 200) 9 headers in 359 bytes (1 switches on core 0)
Sep 07 08:25:42.816861 dv-neutron-797120-10-hyperv devstack@n-api.service[93869]: DEBUG nova.api.openstack.wsgi [None req-54856c27-8241-4ea6-a067-0df7c81dcf2a admin admin] Action: 'create', calling method: >, body: {"extra_specs": {"hw_rng:allowed": "True"}} {{(pid=93869) _process_stack /opt/stack/nova/nova/api/openstack/wsgi.py:511}}
Sep 07 08:25:42.857710 dv-neutron-797120-10-hyperv devstack@n-api.service[93869]: INFO nova.api.openstack.requestlog [None req-54856c27-8241-4ea6-a067-0df7c81dcf2a admin admin] 10.222.0.49 "POST /compute/v2.1/flavors/d2/os-extra_specs" status: 200 len: 43 microversion: 2.61 time: 0.044259
Sep 07 08:25:42.866569 dv-neutron-797120-10-hyperv devstack@n-api.service[93869]: [pid: 93869|app: 0|req: 6/12] 10.222.0.49 () {64 vars in 1336 bytes} [Tue Sep 7 08:25:42 2021] POST /compute/v2.1/flavors/d2/os-extra_specs => generated 43 bytes in 55 msecs (HTTP/1.1 200) 9 headers in 358 bytes (1 switches on core 0)
Sep 07 08:25:45.222486 dv-neutron-797120-10-hyperv devstack@n-api.service[93870]: DEBUG nova.api.openstack.wsgi [None req-282b8541-6087-4f29-8662-e5871515dafb admin admin] Calling method '>' {{(pid=93870) _process_stack /opt/stack/nova/nova/api/openstack/wsgi.py:513}}
Sep 07 08:25:45.224267 dv-neutron-797120-10-hyperv devstack@n-api.service[93870]: INFO nova.api.openstack.requestlog [None req-282b8541-6087-4f29-8662-e5871515dafb admin admin] 10.222.0.49 "GET /compute/v2.1" status: 200 len: 388 microversion: 2.1 time: 0.002271
Sep 07 08:25:45.225408 dv-neutron-797120-10-hyperv devstack@n-api.service[93870]: [pid: 93870|app: 0|req: 7/13] 10.222.0.49 () {54 vars in 931 bytes} [Tue Sep 7 08:25:45 2021] GET /compute/v2.1 => generated 388 bytes in 4 msecs (HTTP/1.1 200) 9 headers in 357 bytes (1 switches on core 0)
Sep 07 08:25:45.300500 dv-neutron-797120-10-hyperv devstack@n-api.service[93869]: DEBUG nova.api.openstack.wsgi [None req-2d7c8a23-35d7-4959-97f5-7108a1531a8f admin admin] Action: 'create', calling method: >, body: {"flavor": {"name": "ds2G", "vcpus": 2, "OS-FLV-EXT-DATA:ephemeral": 0, "os-flavor-access:is_public": true, "disk": 10, "swap": 0, "rxtx_factor": 1.0, "ram": 2048, "id": "d3"}} {{(pid=93869) _process_stack /opt/stack/nova/nova/api/openstack/wsgi.py:511}}
Sep 07 08:25:45.323352 dv-neutron-797120-10-hyperv devstack@n-api.service[93869]: INFO nova.api.openstack.requestlog [None req-2d7c8a23-35d7-4959-97f5-7108a1531a8f admin admin] 10.222.0.49 "POST /compute/v2.1/flavors" status: 200 len: 404 microversion: 2.61 time: 0.089513
Sep 07 08:25:45.330254 dv-neutron-797120-10-hyperv devstack@n-api.service[93869]: [pid: 93869|app: 0|req: 7/14] 10.222.0.49 () {64 vars in 1283 bytes} [Tue Sep 7 08:25:45 2021] POST /compute/v2.1/flavors => generated 404 bytes in 97 msecs (HTTP/1.1 200) 9 headers in 359 bytes (1 switches on core 0)
Sep 07 08:25:45.337765 dv-neutron-797120-10-hyperv devstack@n-api.service[93870]: DEBUG nova.api.openstack.wsgi [None req-6ad05425-bc45-4990-835b-f7df0d0e76b7 admin admin] Action: 'create', calling method: >, body: {"extra_specs": {"hw_rng:allowed": "True"}} {{(pid=93870) _process_stack /opt/stack/nova/nova/api/openstack/wsgi.py:511}}
Sep 07 08:25:45.364585 dv-neutron-797120-10-hyperv devstack@n-api.service[93870]: INFO nova.api.openstack.requestlog [None req-6ad05425-bc45-4990-835b-f7df0d0e76b7 admin admin] 10.222.0.49 "POST /compute/v2.1/flavors/d3/os-extra_specs" status: 200 len: 43 microversion: 2.61 time: 0.030100
Sep 07 08:25:45.375468 dv-neutron-797120-10-hyperv devstack@n-api.service[93870]: [pid: 93870|app: 0|req: 8/15] 10.222.0.49 () {64 vars in 1336 bytes} [Tue Sep 7 08:25:45 2021] POST /compute/v2.1/flavors/d3/os-extra_specs => generated 43 bytes in 42 msecs (HTTP/1.1 200) 9 headers in 358 bytes (2 switches on core 0)
Sep 07 08:25:47.639423 dv-neutron-797120-10-hyperv devstack@n-api.service[93869]: DEBUG nova.api.openstack.wsgi [None req-2d7c8a23-35d7-4959-97f5-7108a1531a8f admin admin] Calling method '>' {{(pid=93869) _process_stack /opt/stack/nova/nova/api/openstack/wsgi.py:513}}
Sep 07 08:25:47.640430 dv-neutron-797120-10-hyperv devstack@n-api.service[93869]: INFO nova.api.openstack.requestlog [None req-2d7c8a23-35d7-4959-97f5-7108a1531a8f admin admin] 10.222.0.49 "GET /compute/v2.1" status: 200 len: 388 microversion: 2.1 time: 0.002225
Sep 07 08:25:47.640829 dv-neutron-797120-10-hyperv devstack@n-api.service[93869]: [pid: 93869|app: 0|req: 8/16] 10.222.0.49 () {54 vars in 931 bytes} [Tue Sep 7 08:25:47 2021] GET /compute/v2.1 => generated 388 bytes in 3 msecs (HTTP/1.1 200) 9 headers in 357 bytes (1 switches on core 0)
Sep 07 08:25:47.714936 dv-neutron-797120-10-hyperv devstack@n-api.service[93870]: DEBUG nova.api.openstack.wsgi [None req-4e58b7fd-28f6-43b6-ace5-53f1acf139f8 admin admin] Action: 'create', calling method: >, body: {"flavor": {"rxtx_factor": 1.0, "OS-FLV-EXT-DATA:ephemeral": 0, "name": "ds4G", "os-flavor-access:is_public": true, "id": "d4", "vcpus": 4, "disk": 20, "swap": 0, "ram": 4096}} {{(pid=93870) _process_stack /opt/stack/nova/nova/api/openstack/wsgi.py:511}}
Sep 07 08:25:47.735880 dv-neutron-797120-10-hyperv devstack@n-api.service[93870]: INFO nova.api.openstack.requestlog [None req-4e58b7fd-28f6-43b6-ace5-53f1acf139f8 admin admin] 10.222.0.49 "POST /compute/v2.1/flavors" status: 200 len: 404 microversion: 2.61 time: 0.088318
Sep 07 08:25:47.736809 dv-neutron-797120-10-hyperv devstack@n-api.service[93870]: [pid: 93870|app: 0|req: 9/17] 10.222.0.49 () {64 vars in 1283 bytes} [Tue Sep 7 08:25:47 2021] POST /compute/v2.1/flavors => generated 404 bytes in 90 msecs (HTTP/1.1 200) 9 headers in 359 bytes (2 switches on core 0)
Sep 07 08:25:47.749700 dv-neutron-797120-10-hyperv devstack@n-api.service[93869]: DEBUG nova.api.openstack.wsgi [None req-14a35038-0b36-47ec-9b80-ec04da644a6d admin admin] Action: 'create', calling method: >, body: {"extra_specs": {"hw_rng:allowed": "True"}} {{(pid=93869) _process_stack /opt/stack/nova/nova/api/openstack/wsgi.py:511}}
Sep 07 08:25:47.775968 dv-neutron-797120-10-hyperv devstack@n-api.service[93869]: INFO nova.api.openstack.requestlog [None req-14a35038-0b36-47ec-9b80-ec04da644a6d admin admin] 10.222.0.49 "POST /compute/v2.1/flavors/d4/os-extra_specs" status: 200 len: 43 microversion: 2.61 time: 0.029868
Sep 07 08:25:47.776545 dv-neutron-797120-10-hyperv devstack@n-api.service[93869]: [pid: 93869|app: 0|req: 9/18] 10.222.0.49 () {64 vars in 1336 bytes} [Tue Sep 7 08:25:47 2021] POST /compute/v2.1/flavors/d4/os-extra_specs => generated 43 bytes in 31 msecs (HTTP/1.1 200) 9 headers in 358 bytes (1 switches on core 0)
Sep 07 08:25:50.060600 dv-neutron-797120-10-hyperv devstack@n-api.service[93870]: DEBUG nova.api.openstack.wsgi [None req-4e58b7fd-28f6-43b6-ace5-53f1acf139f8 admin admin] Calling method '>' {{(pid=93870) _process_stack /opt/stack/nova/nova/api/openstack/wsgi.py:513}}
Sep 07 08:25:50.061594 dv-neutron-797120-10-hyperv devstack@n-api.service[93870]: INFO nova.api.openstack.requestlog [None req-4e58b7fd-28f6-43b6-ace5-53f1acf139f8 admin admin] 10.222.0.49 "GET /compute/v2.1" status: 200 len: 388 microversion: 2.1 time: 0.001431
Sep 07 08:25:50.062196 dv-neutron-797120-10-hyperv devstack@n-api.service[93870]: [pid: 93870|app: 0|req: 10/19] 10.222.0.49 () {54 vars in 931 bytes} [Tue Sep 7 08:25:50 2021] GET /compute/v2.1 => generated 388 bytes in 2 msecs (HTTP/1.1 200) 9 headers in 357 bytes (1 switches on core 0)
Sep 07 08:25:50.124423 dv-neutron-797120-10-hyperv devstack@n-api.service[93869]: DEBUG nova.api.openstack.wsgi [None req-b2117472-22ce-494c-89f3-e1f110f83b17 admin admin] Calling method '>' {{(pid=93869) _process_stack /opt/stack/nova/nova/api/openstack/wsgi.py:513}}
Sep 07 08:25:50.152910 dv-neutron-797120-10-hyperv devstack@n-api.service[93869]: INFO nova.api.openstack.requestlog [None req-b2117472-22ce-494c-89f3-e1f110f83b17 admin admin] 10.222.0.49 "GET /compute/v2.1/flavors/detail?is_public=True" status: 200 len: 2106 microversion: 2.61 time: 0.083982
Sep 07 08:25:50.153803 dv-neutron-797120-10-hyperv devstack@n-api.service[93869]: [pid: 93869|app: 0|req: 10/20] 10.222.0.49 () {60 vars in 1292 bytes} [Tue Sep 7 08:25:50 2021] GET /compute/v2.1/flavors/detail?is_public=True => generated 2106 bytes in 85 msecs (HTTP/1.1 200) 9 headers in 360 bytes (2 switches on core 0)
Sep 07 08:25:52.388687 dv-neutron-797120-10-hyperv devstack@n-api.service[93870]: DEBUG nova.api.openstack.wsgi [None req-4e58b7fd-28f6-43b6-ace5-53f1acf139f8 admin admin] Calling method '>' {{(pid=93870) _process_stack /opt/stack/nova/nova/api/openstack/wsgi.py:513}}
Sep 07 08:25:52.389793 dv-neutron-797120-10-hyperv devstack@n-api.service[93870]: INFO nova.api.openstack.requestlog [None req-4e58b7fd-28f6-43b6-ace5-53f1acf139f8 admin admin] 10.222.0.49 "GET /compute/v2.1" status: 200 len: 388 microversion: 2.1 time: 0.001878
Sep 07 08:25:52.390336 dv-neutron-797120-10-hyperv devstack@n-api.service[93870]: [pid: 93870|app: 0|req: 11/21] 10.222.0.49 () {54 vars in 931 bytes} [Tue Sep 7 08:25:52 2021] GET /compute/v2.1 => generated 388 bytes in 3 msecs (HTTP/1.1 200) 9 headers in 357 bytes (1 switches on core 0)
Sep 07 08:25:52.461143 dv-neutron-797120-10-hyperv devstack@n-api.service[93869]: DEBUG nova.api.openstack.wsgi [None req-f7bda348-14b5-44f3-a1dc-d056159eac22 admin admin] Action: 'create', calling method: >, body: {"flavor": {"name": "m1.tiny", "OS-FLV-EXT-DATA:ephemeral": 0, "os-flavor-access:is_public": true, "ram": 512, "vcpus": 1, "disk": 1, "rxtx_factor": 1.0, "swap": 0, "id": "1"}} {{(pid=93869) _process_stack /opt/stack/nova/nova/api/openstack/wsgi.py:511}}
Sep 07 08:25:52.485222 dv-neutron-797120-10-hyperv devstack@n-api.service[93869]: INFO nova.api.openstack.requestlog [None req-f7bda348-14b5-44f3-a1dc-d056159eac22 admin admin] 10.222.0.49 "POST /compute/v2.1/flavors" status: 200 len: 402 microversion: 2.61 time: 0.087496
Sep 07 08:25:52.499649 dv-neutron-797120-10-hyperv devstack@n-api.service[93870]: DEBUG nova.api.openstack.wsgi [None req-8cac3ff3-b7b1-4d62-b08e-deda47f6e42b admin admin] Action: 'create', calling method: >, body: {"extra_specs": {"hw_rng:allowed": "True"}} {{(pid=93870) _process_stack /opt/stack/nova/nova/api/openstack/wsgi.py:511}}
Sep 07 08:25:52.505310 dv-neutron-797120-10-hyperv devstack@n-api.service[93869]: [pid: 93869|app: 0|req: 11/22] 10.222.0.49 () {64 vars in 1283 bytes} [Tue Sep 7 08:25:52 2021] POST /compute/v2.1/flavors => generated 402 bytes in 108 msecs (HTTP/1.1 200) 9 headers in 359 bytes (1 switches on core 0)
Sep 07 08:25:52.539001 dv-neutron-797120-10-hyperv devstack@n-api.service[93870]: INFO nova.api.openstack.requestlog [None req-8cac3ff3-b7b1-4d62-b08e-deda47f6e42b admin admin] 10.222.0.49 "POST /compute/v2.1/flavors/1/os-extra_specs" status: 200 len: 43 microversion: 2.61 time: 0.043635
Sep 07 08:25:52.554519 dv-neutron-797120-10-hyperv devstack@n-api.service[93870]: [pid: 93870|app: 0|req: 12/23] 10.222.0.49 () {64 vars in 1333 bytes} [Tue Sep 7 08:25:52 2021] POST /compute/v2.1/flavors/1/os-extra_specs => generated 43 bytes in 60 msecs (HTTP/1.1 200) 9 headers in 358 bytes (1 switches on core 0)
Sep 07 08:25:54.823796 dv-neutron-797120-10-hyperv devstack@n-api.service[93869]: DEBUG nova.api.openstack.wsgi [None req-f7bda348-14b5-44f3-a1dc-d056159eac22 admin admin] Calling method '>' {{(pid=93869) _process_stack /opt/stack/nova/nova/api/openstack/wsgi.py:513}}
Sep 07 08:25:54.824786 dv-neutron-797120-10-hyperv devstack@n-api.service[93869]: INFO nova.api.openstack.requestlog [None req-f7bda348-14b5-44f3-a1dc-d056159eac22 admin admin] 10.222.0.49 "GET /compute/v2.1" status: 200 len: 388 microversion: 2.1 time: 0.001431
Sep 07 08:25:54.825182 dv-neutron-797120-10-hyperv devstack@n-api.service[93869]: [pid: 93869|app: 0|req: 12/24] 10.222.0.49 () {54 vars in 931 bytes} [Tue Sep 7 08:25:54 2021] GET /compute/v2.1 => generated 388 bytes in 2 msecs (HTTP/1.1 200) 9 headers in 357 bytes (1 switches on core 0)
Sep 07 08:25:54.885734 dv-neutron-797120-10-hyperv devstack@n-api.service[93870]: DEBUG nova.api.openstack.wsgi [None req-a6478f40-c509-4f31-9944-eca6133e2892 admin admin] Action: 'create', calling method: >, body: {"flavor": {"swap": 0, "disk": 20, "name": "m1.small", "ram": 2048, "vcpus": 1, "OS-FLV-EXT-DATA:ephemeral": 0, "id": "2", "os-flavor-access:is_public": true, "rxtx_factor": 1.0}} {{(pid=93870) _process_stack /opt/stack/nova/nova/api/openstack/wsgi.py:511}}
Sep 07 08:25:54.903784 dv-neutron-797120-10-hyperv devstack@n-api.service[93870]: INFO nova.api.openstack.requestlog [None req-a6478f40-c509-4f31-9944-eca6133e2892 admin admin] 10.222.0.49 "POST /compute/v2.1/flavors" status: 200 len: 405 microversion: 2.61 time: 0.071453
Sep 07 08:25:54.904338 dv-neutron-797120-10-hyperv devstack@n-api.service[93870]: [pid: 93870|app: 0|req: 13/25] 10.222.0.49 () {64 vars in 1283 bytes} [Tue Sep 7 08:25:54 2021] POST /compute/v2.1/flavors => generated 405 bytes in 73 msecs (HTTP/1.1 200) 9 headers in 359 bytes (1 switches on core 0)
Sep 07 08:25:54.919001 dv-neutron-797120-10-hyperv devstack@n-api.service[93869]: DEBUG nova.api.openstack.wsgi [None req-c6936a25-eeb3-4089-95e9-640e9b47f675 admin admin] Action: 'create', calling method: >, body: {"extra_specs": {"hw_rng:allowed": "True"}} {{(pid=93869) _process_stack /opt/stack/nova/nova/api/openstack/wsgi.py:511}}
Sep 07 08:25:54.940553 dv-neutron-797120-10-hyperv devstack@n-api.service[93869]: INFO nova.api.openstack.requestlog [None req-c6936a25-eeb3-4089-95e9-640e9b47f675 admin admin] 10.222.0.49 "POST /compute/v2.1/flavors/2/os-extra_specs" status: 200 len: 43 microversion: 2.61 time: 0.025167
Sep 07 08:25:54.941112 dv-neutron-797120-10-hyperv devstack@n-api.service[93869]: [pid: 93869|app: 0|req: 13/26] 10.222.0.49 () {64 vars in 1333 bytes} [Tue Sep 7 08:25:54 2021] POST /compute/v2.1/flavors/2/os-extra_specs => generated 43 bytes in 26 msecs (HTTP/1.1 200) 9 headers in 358 bytes (2 switches on core 0)
Sep 07 08:25:57.142672 dv-neutron-797120-10-hyperv devstack@n-api.service[93870]: DEBUG nova.api.openstack.wsgi [None req-a6478f40-c509-4f31-9944-eca6133e2892 admin admin] Calling method '>' {{(pid=93870) _process_stack /opt/stack/nova/nova/api/openstack/wsgi.py:513}}
Sep 07 08:25:57.143647 dv-neutron-797120-10-hyperv devstack@n-api.service[93870]: INFO nova.api.openstack.requestlog [None req-a6478f40-c509-4f31-9944-eca6133e2892 admin admin] 10.222.0.49 "GET /compute/v2.1" status: 200 len: 388 microversion: 2.1 time: 0.001500
Sep 07 08:25:57.144071 dv-neutron-797120-10-hyperv devstack@n-api.service[93870]: [pid: 93870|app: 0|req: 14/27] 10.222.0.49 () {54 vars in 931 bytes} [Tue Sep 7 08:25:57 2021] GET /compute/v2.1 => generated 388 bytes in 2 msecs (HTTP/1.1 200) 9 headers in 357 bytes (1 switches on core 0)
Sep 07 08:25:57.204237 dv-neutron-797120-10-hyperv devstack@n-api.service[93869]: DEBUG nova.api.openstack.wsgi [None req-127b56cb-90e5-4b2f-9f21-f11ba551c88b admin admin] Action: 'create', calling method: >, body: {"flavor": {"vcpus": 2, "disk": 40, "ram": 4096, "OS-FLV-EXT-DATA:ephemeral": 0, "name": "m1.medium", "swap": 0, "rxtx_factor": 1.0, "id": "3", "os-flavor-access:is_public": true}} {{(pid=93869) _process_stack /opt/stack/nova/nova/api/openstack/wsgi.py:511}}
Sep 07 08:25:57.224068 dv-neutron-797120-10-hyperv devstack@n-api.service[93869]: INFO nova.api.openstack.requestlog [None req-127b56cb-90e5-4b2f-9f21-f11ba551c88b admin admin] 10.222.0.49 "POST /compute/v2.1/flavors" status: 200 len: 406 microversion: 2.61 time: 0.071216
Sep 07 08:25:57.225137 dv-neutron-797120-10-hyperv devstack@n-api.service[93869]: [pid: 93869|app: 0|req: 14/28] 10.222.0.49 () {64 vars in 1283 bytes} [Tue Sep 7 08:25:57 2021] POST /compute/v2.1/flavors => generated 406 bytes in 73 msecs (HTTP/1.1 200) 9 headers in 359 bytes (2 switches on core 0)
Sep 07 08:25:57.241502 dv-neutron-797120-10-hyperv devstack@n-api.service[93870]: DEBUG nova.api.openstack.wsgi [None req-1d9feadc-1b44-4c58-be73-5a041553960c admin admin] Action: 'create', calling method: >, body: {"extra_specs": {"hw_rng:allowed": "True"}} {{(pid=93870) _process_stack /opt/stack/nova/nova/api/openstack/wsgi.py:511}}
Sep 07 08:25:57.267222 dv-neutron-797120-10-hyperv devstack@n-api.service[93870]: INFO nova.api.openstack.requestlog [None req-1d9feadc-1b44-4c58-be73-5a041553960c admin admin] 10.222.0.49 "POST /compute/v2.1/flavors/3/os-extra_specs" status: 200 len: 43 microversion: 2.61 time: 0.031139
Sep 07 08:25:57.267844 dv-neutron-797120-10-hyperv devstack@n-api.service[93870]: [pid: 93870|app: 0|req: 15/29] 10.222.0.49 () {64 vars in 1333 bytes} [Tue Sep 7 08:25:57 2021] POST /compute/v2.1/flavors/3/os-extra_specs => generated 43 bytes in 33 msecs (HTTP/1.1 200) 9 headers in 358 bytes (1 switches on core 0)
Sep 07 08:25:59.980010 dv-neutron-797120-10-hyperv devstack@n-api.service[93869]: DEBUG nova.api.openstack.wsgi [None req-127b56cb-90e5-4b2f-9f21-f11ba551c88b admin admin] Calling method '>' {{(pid=93869) _process_stack /opt/stack/nova/nova/api/openstack/wsgi.py:513}}
Sep 07 08:25:59.981252 dv-neutron-797120-10-hyperv devstack@n-api.service[93869]: INFO nova.api.openstack.requestlog [None req-127b56cb-90e5-4b2f-9f21-f11ba551c88b admin admin] 10.222.0.49 "GET /compute/v2.1" status: 200 len: 388 microversion: 2.1 time: 0.001614
Sep 07 08:25:59.982233 dv-neutron-797120-10-hyperv devstack@n-api.service[93869]: [pid: 93869|app: 0|req: 15/30] 10.222.0.49 () {54 vars in 931 bytes} [Tue Sep 7 08:25:59 2021] GET /compute/v2.1 => generated 388 bytes in 3 msecs (HTTP/1.1 200) 9 headers in 357 bytes (1 switches on core 0)
Sep 07 08:26:00.040383 dv-neutron-797120-10-hyperv devstack@n-api.service[93870]: DEBUG nova.api.openstack.wsgi [None req-ed4b778e-6587-418a-adb2-24f4fe99615b admin admin] Action: 'create', calling method: >, body: {"flavor": {"vcpus": 4, "name": "m1.large", "ram": 8192, "os-flavor-access:is_public": true, "id": "4", "rxtx_factor": 1.0, "swap": 0, "disk": 80, "OS-FLV-EXT-DATA:ephemeral": 0}} {{(pid=93870) _process_stack /opt/stack/nova/nova/api/openstack/wsgi.py:511}}
Sep 07 08:26:00.057758 dv-neutron-797120-10-hyperv devstack@n-api.service[93870]: INFO nova.api.openstack.requestlog [None req-ed4b778e-6587-418a-adb2-24f4fe99615b admin admin] 10.222.0.49 "POST /compute/v2.1/flavors" status: 200 len: 405 microversion: 2.61 time: 0.068955
Sep 07 08:26:00.058419 dv-neutron-797120-10-hyperv devstack@n-api.service[93870]: [pid: 93870|app: 0|req: 16/31] 10.222.0.49 () {64 vars in 1283 bytes} [Tue Sep 7 08:25:59 2021] POST /compute/v2.1/flavors => generated 405 bytes in 70 msecs (HTTP/1.1 200) 9 headers in 359 bytes (1 switches on core 0)
Sep 07 08:26:00.070434 dv-neutron-797120-10-hyperv devstack@n-api.service[93869]: DEBUG nova.api.openstack.wsgi [None req-3656a1db-fe7e-4179-924d-b1a4e786d632 admin admin] Action: 'create', calling method: >, body: {"extra_specs": {"hw_rng:allowed": "True"}} {{(pid=93869) _process_stack /opt/stack/nova/nova/api/openstack/wsgi.py:511}}
Sep 07 08:26:00.092386 dv-neutron-797120-10-hyperv devstack@n-api.service[93869]: INFO nova.api.openstack.requestlog [None req-3656a1db-fe7e-4179-924d-b1a4e786d632 admin admin] 10.222.0.49 "POST /compute/v2.1/flavors/4/os-extra_specs" status: 200 len: 43 microversion: 2.61 time: 0.025597
Sep 07 08:26:00.092950 dv-neutron-797120-10-hyperv devstack@n-api.service[93869]: [pid: 93869|app: 0|req: 16/32] 10.222.0.49 () {64 vars in 1333 bytes} [Tue Sep 7 08:26:00 2021] POST /compute/v2.1/flavors/4/os-extra_specs => generated 43 bytes in 27 msecs (HTTP/1.1 200) 9 headers in 358 bytes (1 switches on core 0)
Sep 07 08:26:02.300759 dv-neutron-797120-10-hyperv devstack@n-api.service[93870]: DEBUG nova.api.openstack.wsgi [None req-ed4b778e-6587-418a-adb2-24f4fe99615b admin admin] Calling method '>' {{(pid=93870) _process_stack /opt/stack/nova/nova/api/openstack/wsgi.py:513}}
Sep 07 08:26:02.301859 dv-neutron-797120-10-hyperv devstack@n-api.service[93870]: INFO nova.api.openstack.requestlog [None req-ed4b778e-6587-418a-adb2-24f4fe99615b admin admin] 10.222.0.49 "GET /compute/v2.1" status: 200 len: 388 microversion: 2.1 time: 0.001598
Sep 07 08:26:02.302263 dv-neutron-797120-10-hyperv devstack@n-api.service[93870]: [pid: 93870|app: 0|req: 17/33] 10.222.0.49 () {54 vars in 931 bytes} [Tue Sep 7 08:26:02 2021] GET /compute/v2.1 => generated 388 bytes in 2 msecs (HTTP/1.1 200) 9 headers in 357 bytes (1 switches on core 0)
Sep 07 08:26:02.360220 dv-neutron-797120-10-hyperv devstack@n-api.service[93869]: DEBUG nova.api.openstack.wsgi [None req-8adc3720-4ce9-4005-9ff1-72bc01b9b292 admin admin] Action: 'create', calling method: >, body: {"flavor": {"id": "5", "vcpus": 8, "os-flavor-access:is_public": true, "ram": 16384, "name": "m1.xlarge", "disk": 160, "OS-FLV-EXT-DATA:ephemeral": 0, "rxtx_factor": 1.0, "swap": 0}} {{(pid=93869) _process_stack /opt/stack/nova/nova/api/openstack/wsgi.py:511}}
Sep 07 08:26:02.378224 dv-neutron-797120-10-hyperv devstack@n-api.service[93869]: INFO nova.api.openstack.requestlog [None req-8adc3720-4ce9-4005-9ff1-72bc01b9b292 admin admin] 10.222.0.49 "POST /compute/v2.1/flavors" status: 200 len: 408 microversion: 2.61 time: 0.069603
Sep 07 08:26:02.378788 dv-neutron-797120-10-hyperv devstack@n-api.service[93869]: [pid: 93869|app: 0|req: 17/34] 10.222.0.49 () {64 vars in 1283 bytes} [Tue Sep 7 08:26:02 2021] POST /compute/v2.1/flavors => generated 408 bytes in 71 msecs (HTTP/1.1 200) 9 headers in 359 bytes (2 switches on core 0)
Sep 07 08:26:02.390966 dv-neutron-797120-10-hyperv devstack@n-api.service[93870]: DEBUG nova.api.openstack.wsgi [None req-b68230b3-49a0-4d0d-920e-fa297db83205 admin admin] Action: 'create', calling method: >, body: {"extra_specs": {"hw_rng:allowed": "True"}} {{(pid=93870) _process_stack /opt/stack/nova/nova/api/openstack/wsgi.py:511}}
Sep 07 08:26:02.414862 dv-neutron-797120-10-hyperv devstack@n-api.service[93870]: INFO nova.api.openstack.requestlog [None req-b68230b3-49a0-4d0d-920e-fa297db83205 admin admin] 10.222.0.49 "POST /compute/v2.1/flavors/5/os-extra_specs" status: 200 len: 43 microversion: 2.61 time: 0.027279
Sep 07 08:26:02.415214 dv-neutron-797120-10-hyperv devstack@n-api.service[93870]: [pid: 93870|app: 0|req: 18/35] 10.222.0.49 () {64 vars in 1333 bytes} [Tue Sep 7 08:26:02 2021] POST /compute/v2.1/flavors/5/os-extra_specs => generated 43 bytes in 28 msecs (HTTP/1.1 200) 9 headers in 358 bytes (2 switches on core 0)
Sep 07 08:26:44.518529 dv-neutron-797120-10-hyperv devstack@n-api.service[93869]: DEBUG nova.api.openstack.wsgi [None req-8adc3720-4ce9-4005-9ff1-72bc01b9b292 admin admin] Calling method '>' {{(pid=93869) _process_stack /opt/stack/nova/nova/api/openstack/wsgi.py:513}}
Sep 07 08:26:44.519521 dv-neutron-797120-10-hyperv devstack@n-api.service[93869]: INFO nova.api.openstack.requestlog [None req-8adc3720-4ce9-4005-9ff1-72bc01b9b292 admin admin] 10.222.0.49 "GET /compute/v2.1" status: 200 len: 388 microversion: 2.1 time: 0.001487
Sep 07 08:26:44.519938 dv-neutron-797120-10-hyperv devstack@n-api.service[93869]: [pid: 93869|app: 0|req: 18/36] 10.222.0.49 () {54 vars in 931 bytes} [Tue Sep 7 08:26:44 2021] GET /compute/v2.1 => generated 388 bytes in 2 msecs (HTTP/1.1 200) 9 headers in 357 bytes (1 switches on core 0)
Sep 07 08:26:44.576676 dv-neutron-797120-10-hyperv devstack@n-api.service[93870]: DEBUG nova.api.openstack.wsgi [None req-d5d4f194-2dae-4dea-8dc5-62e1aeeaca46 admin admin] Calling method '>' {{(pid=93870) _process_stack /opt/stack/nova/nova/api/openstack/wsgi.py:513}}
Sep 07 08:26:44.593833 dv-neutron-797120-10-hyperv devstack@n-api.service[93870]: INFO nova.api.openstack.requestlog [None req-d5d4f194-2dae-4dea-8dc5-62e1aeeaca46 admin admin] 10.222.0.49 "GET /compute/v2.1/flavors/detail?is_public=True" status: 200 len: 4202 microversion: 2.61 time: 0.067504
Sep 07 08:26:44.594380 dv-neutron-797120-10-hyperv devstack@n-api.service[93870]: [pid: 93870|app: 0|req: 19/37] 10.222.0.49 () {60 vars in 1292 bytes} [Tue Sep 7 08:26:44 2021] GET /compute/v2.1/flavors/detail?is_public=True => generated 4202 bytes in 69 msecs (HTTP/1.1 200) 9 headers in 360 bytes (1 switches on core 0)
Sep 07 08:26:46.006090 dv-neutron-797120-10-hyperv devstack@n-api.service[93869]: DEBUG nova.api.openstack.wsgi [None req-8adc3720-4ce9-4005-9ff1-72bc01b9b292 admin admin] Calling method '>' {{(pid=93869) _process_stack /opt/stack/nova/nova/api/openstack/wsgi.py:513}}
Sep 07 08:26:46.007071 dv-neutron-797120-10-hyperv devstack@n-api.service[93869]: INFO nova.api.openstack.requestlog [None req-8adc3720-4ce9-4005-9ff1-72bc01b9b292 admin admin] 10.222.0.49 "GET /compute/v2.1" status: 200 len: 388 microversion: 2.1 time: 0.001426
Sep 07 08:26:46.007486 dv-neutron-797120-10-hyperv devstack@n-api.service[93869]: [pid: 93869|app: 0|req: 19/38] 10.222.0.49 () {56 vars in 1075 bytes} [Tue Sep 7 08:26:46 2021] GET /compute/v2.1 => generated 388 bytes in 2 msecs (HTTP/1.1 200) 9 headers in 357 bytes (1 switches on core 0)
Sep 07 08:26:46.195447 dv-neutron-797120-10-hyperv devstack@n-api.service[93870]: DEBUG nova.api.openstack.wsgi [None req-6524cc85-ccbd-4c08-918f-f2c900ae721a admin admin] Calling method '>' {{(pid=93870) _process_stack /opt/stack/nova/nova/api/openstack/wsgi.py:513}}
Sep 07 08:26:46.200803 dv-neutron-797120-10-hyperv devstack@n-api.service[93870]: INFO nova.api.openstack.wsgi [None req-6524cc85-ccbd-4c08-918f-f2c900ae721a admin admin] HTTP exception thrown: Flavor 42 could not be found.
Sep 07 08:26:46.201353 dv-neutron-797120-10-hyperv devstack@n-api.service[93870]: DEBUG nova.api.openstack.wsgi [None req-6524cc85-ccbd-4c08-918f-f2c900ae721a admin admin] Returning 404 to user: Flavor 42 could not be found. {{(pid=93870) __call__ /opt/stack/nova/nova/api/openstack/wsgi.py:936}}
Sep 07 08:26:46.202156 dv-neutron-797120-10-hyperv devstack@n-api.service[93870]: INFO nova.api.openstack.requestlog [None req-6524cc85-ccbd-4c08-918f-f2c900ae721a admin admin] 10.222.0.49 "GET /compute/v2.1/flavors/42" status: 404 len: 75 microversion: 2.90 time: 0.057422
Sep 07 08:26:46.202649 dv-neutron-797120-10-hyperv devstack@n-api.service[93870]: [pid: 93870|app: 0|req: 20/39] 10.222.0.49 () {60 vars in 1191 bytes} [Tue Sep 7 08:26:46 2021] GET /compute/v2.1/flavors/42 => generated 75 bytes in 58 msecs (HTTP/1.1 404) 9 headers in 380 bytes (1 switches on core 0)
Sep 07 08:26:46.212425 dv-neutron-797120-10-hyperv devstack@n-api.service[93869]: DEBUG nova.api.openstack.wsgi [None req-634065bd-16e0-4a7d-9706-fca4c5a3712c admin admin] Calling method '>' {{(pid=93869) _process_stack /opt/stack/nova/nova/api/openstack/wsgi.py:513}}
Sep 07 08:26:46.233351 dv-neutron-797120-10-hyperv devstack@n-api.service[93869]: INFO nova.api.openstack.requestlog [None req-634065bd-16e0-4a7d-9706-fca4c5a3712c admin admin] 10.222.0.49 "GET /compute/v2.1/flavors?is_public=None" status: 200 len: 2056 microversion: 2.90 time: 0.024462
Sep 07 08:26:46.233893 dv-neutron-797120-10-hyperv devstack@n-api.service[93869]: [pid: 93869|app: 0|req: 20/40] 10.222.0.49 () {60 vars in 1211 bytes} [Tue Sep 7 08:26:46 2021] GET /compute/v2.1/flavors?is_public=None => generated 2056 bytes in 25 msecs (HTTP/1.1 200) 9 headers in 360 bytes (1 switches on core 0)
Sep 07 08:26:46.244220 dv-neutron-797120-10-hyperv devstack@n-api.service[93870]: DEBUG nova.api.openstack.wsgi [None req-cfeecdbe-5bdf-49df-a32e-3a08ed3b4caa admin admin] Calling method '>' {{(pid=93870) _process_stack /opt/stack/nova/nova/api/openstack/wsgi.py:513}}
Sep 07 08:26:46.264864 dv-neutron-797120-10-hyperv devstack@n-api.service[93870]: INFO nova.api.openstack.requestlog [None req-cfeecdbe-5bdf-49df-a32e-3a08ed3b4caa admin admin] 10.222.0.49 "GET /compute/v2.1/flavors?is_public=None" status: 200 len: 2056 microversion: 2.90 time: 0.023999
Sep 07 08:26:46.265374 dv-neutron-797120-10-hyperv devstack@n-api.service[93870]: [pid: 93870|app: 0|req: 21/41] 10.222.0.49 () {60 vars in 1211 bytes} [Tue Sep 7 08:26:46 2021] GET /compute/v2.1/flavors?is_public=None => generated 2056 bytes in 25 msecs (HTTP/1.1 200) 9 headers in 360 bytes (1 switches on core 0)
Sep 07 08:26:46.274993 dv-neutron-797120-10-hyperv devstack@n-api.service[93869]: DEBUG nova.api.openstack.wsgi [None req-2cd14234-2dc0-40dd-89b8-b7cb0b946d0b admin admin] Calling method '>' {{(pid=93869) _process_stack /opt/stack/nova/nova/api/openstack/wsgi.py:513}}
Sep 07 08:26:46.280160 dv-neutron-797120-10-hyperv devstack@n-api.service[93869]: INFO nova.api.openstack.wsgi [None req-2cd14234-2dc0-40dd-89b8-b7cb0b946d0b admin admin] HTTP exception thrown: Flavor 42 could not be found.
Sep 07 08:26:46.280723 dv-neutron-797120-10-hyperv devstack@n-api.service[93869]: DEBUG nova.api.openstack.wsgi [None req-2cd14234-2dc0-40dd-89b8-b7cb0b946d0b admin admin] Returning 404 to user: Flavor 42 could not be found. {{(pid=93869) __call__ /opt/stack/nova/nova/api/openstack/wsgi.py:936}}
Sep 07 08:26:46.281506 dv-neutron-797120-10-hyperv devstack@n-api.service[93869]: INFO nova.api.openstack.requestlog [None req-2cd14234-2dc0-40dd-89b8-b7cb0b946d0b admin admin] 10.222.0.49 "GET /compute/v2.1/flavors/42" status: 404 len: 75 microversion: 2.90 time: 0.009997
Sep 07 08:26:46.282029 dv-neutron-797120-10-hyperv devstack@n-api.service[93869]: [pid: 93869|app: 0|req: 21/42] 10.222.0.49 () {60 vars in 1191 bytes} [Tue Sep 7 08:26:46 2021] GET /compute/v2.1/flavors/42 => generated 75 bytes in 11 msecs (HTTP/1.1 404) 9 headers in 380 bytes (2 switches on core 0)
Sep 07 08:26:47.614716 dv-neutron-797120-10-hyperv devstack@n-api.service[93870]: DEBUG nova.api.openstack.wsgi [None req-cfeecdbe-5bdf-49df-a32e-3a08ed3b4caa admin admin] Calling method '>' {{(pid=93870) _process_stack /opt/stack/nova/nova/api/openstack/wsgi.py:513}}
Sep 07 08:26:47.615753 dv-neutron-797120-10-hyperv devstack@n-api.service[93870]: INFO nova.api.openstack.requestlog [None req-cfeecdbe-5bdf-49df-a32e-3a08ed3b4caa admin admin] 10.222.0.49 "GET /compute/v2.1" status: 200 len: 388 microversion: 2.1 time: 0.001431
Sep 07 08:26:47.616137 dv-neutron-797120-10-hyperv devstack@n-api.service[93870]: [pid: 93870|app: 0|req: 22/43] 10.222.0.49 () {56 vars in 1075 bytes} [Tue Sep 7 08:26:47 2021] GET /compute/v2.1 => generated 388 bytes in 2 msecs (HTTP/1.1 200) 9 headers in 357 bytes (1 switches on core 0)
Sep 07 08:26:47.804099 dv-neutron-797120-10-hyperv devstack@n-api.service[93869]: DEBUG nova.api.openstack.wsgi [None req-f570240c-1d99-4198-920f-ac3ef6ffa30d admin admin] Calling method '>' {{(pid=93869) _process_stack /opt/stack/nova/nova/api/openstack/wsgi.py:513}}
Sep 07 08:26:47.809094 dv-neutron-797120-10-hyperv devstack@n-api.service[93869]: INFO nova.api.openstack.wsgi [None req-f570240c-1d99-4198-920f-ac3ef6ffa30d admin admin] HTTP exception thrown: Flavor 84 could not be found.
Sep 07 08:26:47.809638 dv-neutron-797120-10-hyperv devstack@n-api.service[93869]: DEBUG nova.api.openstack.wsgi [None req-f570240c-1d99-4198-920f-ac3ef6ffa30d admin admin] Returning 404 to user: Flavor 84 could not be found. {{(pid=93869) __call__ /opt/stack/nova/nova/api/openstack/wsgi.py:936}}
Sep 07 08:26:47.810444 dv-neutron-797120-10-hyperv devstack@n-api.service[93869]: INFO nova.api.openstack.requestlog [None req-f570240c-1d99-4198-920f-ac3ef6ffa30d admin admin] 10.222.0.49 "GET /compute/v2.1/flavors/84" status: 404 len: 75 microversion: 2.90 time: 0.056976
Sep 07 08:26:47.810940 dv-neutron-797120-10-hyperv devstack@n-api.service[93869]: [pid: 93869|app: 0|req: 22/44] 10.222.0.49 () {60 vars in 1191 bytes} [Tue Sep 7 08:26:47 2021] GET /compute/v2.1/flavors/84 => generated 75 bytes in 58 msecs (HTTP/1.1 404) 9 headers in 380 bytes (1 switches on core 0)
Sep 07 08:26:47.821054 dv-neutron-797120-10-hyperv devstack@n-api.service[93870]: DEBUG nova.api.openstack.wsgi [None req-d1bffe6a-3b3b-40e8-bde1-17b6810ccfd7 admin admin] Calling method '>' {{(pid=93870) _process_stack /opt/stack/nova/nova/api/openstack/wsgi.py:513}}
Sep 07 08:26:47.835130 dv-neutron-797120-10-hyperv devstack@n-api.service[93870]: INFO nova.api.openstack.requestlog [None req-d1bffe6a-3b3b-40e8-bde1-17b6810ccfd7 admin admin] 10.222.0.49 "GET /compute/v2.1/flavors?is_public=None" status: 200 len: 2056 microversion: 2.90 time: 0.017434
Sep 07 08:26:47.835642 dv-neutron-797120-10-hyperv devstack@n-api.service[93870]: [pid: 93870|app: 0|req: 23/45] 10.222.0.49 () {60 vars in 1211 bytes} [Tue Sep 7 08:26:47 2021] GET /compute/v2.1/flavors?is_public=None => generated 2056 bytes in 18 msecs (HTTP/1.1 200) 9 headers in 360 bytes (1 switches on core 0)
