Nov 23 18:53:39.706047 dv-neutron-786478-25-hyperv neutron-server[103376]: DEBUG neutron.services.segments.db [None req-b3ab7f6f-5589-46fa-9ecb-2d53d0f402ba tempest-ExternalNetworksTestJSON-1376180569 tempest-ExternalNetworksTestJSON-1376180569-project-admin] neutron.services.segments.plugin.Plugin method delete_segment called with arguments (, '70b0d5d0-d9c3-4d0f-806d-f122eff1cded') {'for_net_delete': True} {{(pid=103376) wrapper /usr/local/lib/python3.8/dist-packages/oslo_log/helpers.py:65}}
Nov 23 18:53:39.706456 dv-neutron-786478-25-hyperv neutron-server[103376]: DEBUG neutron.services.segments.db [None req-b3ab7f6f-5589-46fa-9ecb-2d53d0f402ba tempest-ExternalNetworksTestJSON-1376180569 tempest-ExternalNetworksTestJSON-1376180569-project-admin] neutron.services.segments.plugin.Plugin method get_segment called with arguments (, '70b0d5d0-d9c3-4d0f-806d-f122eff1cded') {} {{(pid=103376) wrapper /usr/local/lib/python3.8/dist-packages/oslo_log/helpers.py:65}}
Nov 23 18:53:39.718345 dv-neutron-786478-25-hyperv neutron-server[103377]: DEBUG neutron_lib.callbacks.manager [None req-27c33c49-bcd9-4358-8ef5-84de146ee4e5 tempest-PortsAdminExtendedAttrsIpV6TestJSON-130554532 tempest-PortsAdminExtendedAttrsIpV6TestJSON-130554532-project-admin] Publish callbacks ['neutron.notifiers.nova.Notifier._send_nova_notification-166239'] for port, before_response {{(pid=103377) _notify_loop /usr/local/lib/python3.8/dist-packages/neutron_lib/callbacks/manager.py:175}}
Nov 23 18:53:39.724453 dv-neutron-786478-25-hyperv neutron-server[103377]: INFO neutron.wsgi [None req-27c33c49-bcd9-4358-8ef5-84de146ee4e5 tempest-PortsAdminExtendedAttrsIpV6TestJSON-130554532 tempest-PortsAdminExtendedAttrsIpV6TestJSON-130554532-project-admin] 10.222.0.61 "DELETE /v2.0/ports/d34af0fc-1114-459c-9855-4f78d50f5bdb HTTP/1.1" status: 204 len: 168 time: 2.0135891
Nov 23 18:53:39.728194 dv-neutron-786478-25-hyperv neutron-server[103377]: DEBUG neutron.wsgi [-] (103377) accepted ('10.222.0.61', 59424) {{(pid=103377) server /usr/local/lib/python3.8/dist-packages/eventlet/wsgi.py:1004}}
Nov 23 18:53:39.748612 dv-neutron-786478-25-hyperv neutron-server[103376]: DEBUG neutron_lib.callbacks.manager [None req-b3ab7f6f-5589-46fa-9ecb-2d53d0f402ba tempest-ExternalNetworksTestJSON-1376180569 tempest-ExternalNetworksTestJSON-1376180569-project-admin] Publish callbacks ['neutron.plugins.ml2.db._prevent_segment_delete_with_port_bound-8772838012492', 'neutron.services.segments.plugin.Plugin._prevent_segment_delete_with_subnet_associated-9754604'] for segment, before_delete {{(pid=103376) _notify_loop /usr/local/lib/python3.8/dist-packages/neutron_lib/callbacks/manager.py:175}}
Nov 23 18:53:39.789875 dv-neutron-786478-25-hyperv neutron-server[103377]: INFO neutron.pecan_wsgi.hooks.translation [None req-f3368af9-abac-4b46-865a-eefc2082a482 tempest-PortsAdminExtendedAttrsIpV6TestJSON-130554532 tempest-PortsAdminExtendedAttrsIpV6TestJSON-130554532-project-admin] GET failed (client error): The resource could not be found.
Nov 23 18:53:39.791466 dv-neutron-786478-25-hyperv neutron-server[103377]: INFO neutron.wsgi [None req-f3368af9-abac-4b46-865a-eefc2082a482 tempest-PortsAdminExtendedAttrsIpV6TestJSON-130554532 tempest-PortsAdminExtendedAttrsIpV6TestJSON-130554532-project-admin] 10.222.0.61 "GET /v2.0/ports/d34af0fc-1114-459c-9855-4f78d50f5bdb HTTP/1.1" status: 404 len: 333 time: 0.0622065
Nov 23 18:53:39.805301 dv-neutron-786478-25-hyperv neutron-server[103377]: DEBUG neutron.wsgi [-] (103377) accepted ('10.222.0.61', 59426) {{(pid=103377) server /usr/local/lib/python3.8/dist-packages/eventlet/wsgi.py:1004}}
Nov 23 18:53:39.812224 dv-neutron-786478-25-hyperv neutron-server[103377]: DEBUG neutron.api.v2.base [None req-85ed531e-7693-411b-a354-2ac52454c50b tempest-PortsAdminExtendedAttrsIpV6TestJSON-130554532 tempest-PortsAdminExtendedAttrsIpV6TestJSON-130554532-project-admin] Request body: {'port': {'network_id': 'ec002869-4315-4f16-a78e-2d20620ef76e', 'name': 'tempest-PortsAdminExtendedAttrsIpV6TestJSON-1348365562'}} {{(pid=103377) prepare_request_body /opt/stack/neutron/neutron/api/v2/base.py:729}}
Nov 23 18:53:39.832986 dv-neutron-786478-25-hyperv neutron-server[103377]: DEBUG neutron_lib.callbacks.manager [None req-5a81a56c-07ba-4960-b68d-cadc94b13abc tempest-AllowedAddressPairTestJSON-580446719 tempest-AllowedAddressPairTestJSON-580446719-project] Publish callbacks ['neutron.plugins.ml2.plugin.SecurityGroupDbMixin._ensure_default_security_group_handler-642701'] for port, before_create {{(pid=103377) _notify_loop /usr/local/lib/python3.8/dist-packages/neutron_lib/callbacks/manager.py:175}}
Nov 23 18:53:39.854085 dv-neutron-786478-25-hyperv neutron-server[103376]: DEBUG neutron_lib.callbacks.manager [None req-b3ab7f6f-5589-46fa-9ecb-2d53d0f402ba tempest-ExternalNetworksTestJSON-1376180569 tempest-ExternalNetworksTestJSON-1376180569-project-admin] Publish callbacks ['neutron.plugins.ml2.plugin.Ml2Plugin._handle_segment_change-602271'] for segment, precommit_delete {{(pid=103376) _notify_loop /usr/local/lib/python3.8/dist-packages/neutron_lib/callbacks/manager.py:175}}
Nov 23 18:53:39.908404 dv-neutron-786478-25-hyperv neutron-server[103377]: DEBUG neutron.notifiers.nova [None req-5a81a56c-07ba-4960-b68d-cadc94b13abc tempest-AllowedAddressPairTestJSON-580446719 tempest-AllowedAddressPairTestJSON-580446719-project] device_id is not set on port 4fdee97e-308f-47fd-8018-5b7f7dcbfcc2 yet. {{(pid=103377) _can_notify /opt/stack/neutron/neutron/notifiers/nova.py:190}}
Nov 23 18:53:39.953972 dv-neutron-786478-25-hyperv neutron-server[103377]: DEBUG neutron.pecan_wsgi.hooks.quota_enforcement [None req-85ed531e-7693-411b-a354-2ac52454c50b tempest-PortsAdminExtendedAttrsIpV6TestJSON-130554532 tempest-PortsAdminExtendedAttrsIpV6TestJSON-130554532-project-admin] Made reservation on behalf of 5750f2ea4cbe4315b0cd4d2206d1afde for: {'port': 1} {{(pid=103377) before /opt/stack/neutron/neutron/pecan_wsgi/hooks/quota_enforcement.py:53}}
Nov 23 18:53:39.957242 dv-neutron-786478-25-hyperv neutron-server[103377]: DEBUG neutron_lib.callbacks.manager [None req-85ed531e-7693-411b-a354-2ac52454c50b tempest-PortsAdminExtendedAttrsIpV6TestJSON-130554532 tempest-PortsAdminExtendedAttrsIpV6TestJSON-130554532-project-admin] Publish callbacks ['neutron.plugins.ml2.plugin.SecurityGroupDbMixin._ensure_default_security_group_handler-642701'] for port, before_create {{(pid=103377) _notify_loop /usr/local/lib/python3.8/dist-packages/neutron_lib/callbacks/manager.py:175}}
Nov 23 18:53:39.963088 dv-neutron-786478-25-hyperv neutron-server[103376]: DEBUG neutron_lib.callbacks.manager [None req-0942fa4c-c240-42d3-8518-b72ead2e6786 admin admin] Publish callbacks [] for security_group, before_delete {{(pid=103376) _notify_loop /usr/local/lib/python3.8/dist-packages/neutron_lib/callbacks/manager.py:175}}
Nov 23 18:53:39.968212 dv-neutron-786478-25-hyperv neutron-server[103376]: DEBUG neutron.plugins.ml2.drivers.type_vlan [None req-b3ab7f6f-5589-46fa-9ecb-2d53d0f402ba tempest-ExternalNetworksTestJSON-1376180569 tempest-ExternalNetworksTestJSON-1376180569-project-admin] Releasing vlan 571 on physical network physnet1 to pool {{(pid=103376) release_segment /opt/stack/neutron/neutron/plugins/ml2/drivers/type_vlan.py:304}}
Nov 23 18:53:39.969880 dv-neutron-786478-25-hyperv neutron-server[103376]: DEBUG neutron_lib.callbacks.manager [None req-b3ab7f6f-5589-46fa-9ecb-2d53d0f402ba tempest-ExternalNetworksTestJSON-1376180569 tempest-ExternalNetworksTestJSON-1376180569-project-admin] Publish callbacks ['neutron.plugins.ml2.plugin.Ml2Plugin._handle_segment_change-602271', 'neutron.services.segments.plugin.NovaSegmentNotifier._notify_segment_deleted-9796516'] for segment, after_delete {{(pid=103376) _notify_loop /usr/local/lib/python3.8/dist-packages/neutron_lib/callbacks/manager.py:175}}
Nov 23 18:53:39.975987 dv-neutron-786478-25-hyperv neutron-server[103376]: Traceback (most recent call last):
Nov 23 18:53:39.975987 dv-neutron-786478-25-hyperv neutron-server[103376]: File "/usr/local/lib/python3.8/dist-packages/eventlet/hubs/hub.py", line 476, in fire_timers
Nov 23 18:53:39.975987 dv-neutron-786478-25-hyperv neutron-server[103376]: timer()
Nov 23 18:53:39.975987 dv-neutron-786478-25-hyperv neutron-server[103376]: File "/usr/local/lib/python3.8/dist-packages/eventlet/hubs/timer.py", line 59, in __call__
Nov 23 18:53:39.975987 dv-neutron-786478-25-hyperv neutron-server[103376]: cb(*args, **kw)
Nov 23 18:53:39.975987 dv-neutron-786478-25-hyperv neutron-server[103376]: File "/opt/stack/neutron/neutron/common/utils.py", line 914, in wrapper
Nov 23 18:53:39.975987 dv-neutron-786478-25-hyperv neutron-server[103376]: return func(*args, **kwargs)
Nov 23 18:53:39.975987 dv-neutron-786478-25-hyperv neutron-server[103376]: File "/opt/stack/neutron/neutron/notifiers/batch_notifier.py", line 58, in synced_send
Nov 23 18:53:39.975987 dv-neutron-786478-25-hyperv neutron-server[103376]: self._notify()
Nov 23 18:53:39.975987 dv-neutron-786478-25-hyperv neutron-server[103376]: File "/opt/stack/neutron/neutron/notifiers/batch_notifier.py", line 69, in _notify
Nov 23 18:53:39.975987 dv-neutron-786478-25-hyperv neutron-server[103376]: self.callback(batched_events)
Nov 23 18:53:39.975987 dv-neutron-786478-25-hyperv neutron-server[103376]: File "/opt/stack/neutron/neutron/services/segments/plugin.py", line 211, in _send_notifications
Nov 23 18:53:39.975987 dv-neutron-786478-25-hyperv neutron-server[103376]: event.method(event)
Nov 23 18:53:39.975987 dv-neutron-786478-25-hyperv neutron-server[103376]: File "/opt/stack/neutron/neutron/services/segments/plugin.py", line 383, in _delete_nova_inventory
Nov 23 18:53:39.975987 dv-neutron-786478-25-hyperv neutron-server[103376]: aggregate_id = self._get_aggregate_id(event.segment_id)
Nov 23 18:53:39.975987 dv-neutron-786478-25-hyperv neutron-server[103376]: File "/opt/stack/neutron/neutron/services/segments/plugin.py", line 370, in _get_aggregate_id
Nov 23 18:53:39.975987 dv-neutron-786478-25-hyperv neutron-server[103376]: aggregate_uuid = self.p_client.list_aggregates(
Nov 23 18:53:39.975987 dv-neutron-786478-25-hyperv neutron-server[103376]: File "/usr/local/lib/python3.8/dist-packages/neutron_lib/placement/client.py", line 58, in wrapper
Nov 23 18:53:39.975987 dv-neutron-786478-25-hyperv neutron-server[103376]: return f(self, *a, **k)
Nov 23 18:53:39.975987 dv-neutron-786478-25-hyperv neutron-server[103376]: File "/usr/local/lib/python3.8/dist-packages/neutron_lib/placement/client.py", line 554, in list_aggregates
Nov 23 18:53:39.975987 dv-neutron-786478-25-hyperv neutron-server[103376]: return self._get(url).json()
Nov 23 18:53:39.975987 dv-neutron-786478-25-hyperv neutron-server[103376]: File "/usr/local/lib/python3.8/dist-packages/neutron_lib/placement/client.py", line 190, in _get
Nov 23 18:53:39.975987 dv-neutron-786478-25-hyperv neutron-server[103376]: return self._client.get(url, endpoint_filter=self._ks_filter,
Nov 23 18:53:39.975987 dv-neutron-786478-25-hyperv neutron-server[103376]: File "/usr/local/lib/python3.8/dist-packages/keystoneauth1/session.py", line 1141, in get
Nov 23 18:53:39.975987 dv-neutron-786478-25-hyperv neutron-server[103376]: return self.request(url, 'GET', **kwargs)
Nov 23 18:53:39.975987 dv-neutron-786478-25-hyperv neutron-server[103376]: File "/usr/local/lib/python3.8/dist-packages/keystoneauth1/session.py", line 811, in request
Nov 23 18:53:39.975987 dv-neutron-786478-25-hyperv neutron-server[103376]: base_url = self.get_endpoint(auth, allow=allow,
Nov 23 18:53:39.975987 dv-neutron-786478-25-hyperv neutron-server[103376]: File "/usr/local/lib/python3.8/dist-packages/keystoneauth1/session.py", line 1241, in get_endpoint
Nov 23 18:53:39.975987 dv-neutron-786478-25-hyperv neutron-server[103376]: auth = self._auth_required(auth, 'determine endpoint URL')
Nov 23 18:53:39.975987 dv-neutron-786478-25-hyperv neutron-server[103376]: File "/usr/local/lib/python3.8/dist-packages/keystoneauth1/session.py", line 1181, in _auth_required
Nov 23 18:53:39.975987 dv-neutron-786478-25-hyperv neutron-server[103376]: raise exceptions.MissingAuthPlugin(msg_fmt % msg)
Nov 23 18:53:39.975987 dv-neutron-786478-25-hyperv neutron-server[103376]: keystoneauth1.exceptions.auth_plugins.MissingAuthPlugin: An auth plugin is required to determine endpoint URL
Nov 23 18:53:39.997714 dv-neutron-786478-25-hyperv neutron-server[103377]: DEBUG neutron.notifiers.nova [None req-85ed531e-7693-411b-a354-2ac52454c50b tempest-PortsAdminExtendedAttrsIpV6TestJSON-130554532 tempest-PortsAdminExtendedAttrsIpV6TestJSON-130554532-project-admin] device_id is not set on port 5c835329-75ad-482f-892f-bbc9e0915241 yet. {{(pid=103377) _can_notify /opt/stack/neutron/neutron/notifiers/nova.py:190}}
Nov 23 18:53:40.027115 dv-neutron-786478-25-hyperv neutron-server[103378]: DEBUG neutron.plugins.ml2.rpc [None req-3daa8a56-086f-40d9-80ac-0cee7e291637 None None] Device 0fc7a816-2045-4365-983a-efdec6b27e3c up at agent ovs-agent-dv-neutron-786478-25-hyperv {{(pid=103378) update_device_up /opt/stack/neutron/neutron/plugins/ml2/rpc.py:296}}
Nov 23 18:53:40.110607 dv-neutron-786478-25-hyperv neutron-server[103376]: DEBUG neutron_lib.callbacks.manager [None req-0942fa4c-c240-42d3-8518-b72ead2e6786 admin admin] Publish callbacks [] for security_group, precommit_delete {{(pid=103376) _notify_loop /usr/local/lib/python3.8/dist-packages/neutron_lib/callbacks/manager.py:175}}
Nov 23 18:53:40.141361 dv-neutron-786478-25-hyperv neutron-server[103376]: DEBUG neutron_lib.callbacks.manager [None req-b3ab7f6f-5589-46fa-9ecb-2d53d0f402ba tempest-ExternalNetworksTestJSON-1376180569 tempest-ExternalNetworksTestJSON-1376180569-project-admin] Publish callbacks ['neutron.plugins.ml2.plugin.Ml2Plugin._network_delete_after_delete_handler-600164', 'neutron.plugins.ml2.ovo_rpc._ObjectChangeHandler.handle_event-3873993', 'neutron.api.rpc.agentnotifiers.dhcp_rpc_agent_api.DhcpAgentNotifyAPI._native_event_send_dhcp_notification-3705404', 'neutron.services.l3_router.l3_router_plugin.DVRResourceOperationHandler.delete_fip_namespaces_for_ext_net-3858339'] for network, after_delete {{(pid=103376) _notify_loop /usr/local/lib/python3.8/dist-packages/neutron_lib/callbacks/manager.py:175}}
Nov 23 18:53:40.166824 dv-neutron-786478-25-hyperv neutron-server[103376]: DEBUG neutron.api.rpc.agentnotifiers.l3_rpc_agent_api [None req-b3ab7f6f-5589-46fa-9ecb-2d53d0f402ba tempest-ExternalNetworksTestJSON-1376180569 tempest-ExternalNetworksTestJSON-1376180569-project-admin] Fanout notify agent at l3_agent the message fipnamespace_delete_on_ext_net for external_network 7a1e220e-b347-4d58-be04-a14845396712 {{(pid=103376) _notification_fanout /opt/stack/neutron/neutron/api/rpc/agentnotifiers/l3_rpc_agent_api.py:120}}
Nov 23 18:53:40.174847 dv-neutron-786478-25-hyperv neutron-server[103376]: DEBUG neutron_lib.callbacks.manager [None req-dc2c4c9d-7af0-4092-8e5c-4b8d21b7af33 tempest-ExtraDHCPOptionsIpV6TestJSON-1203938634 tempest-ExtraDHCPOptionsIpV6TestJSON-1203938634-project] Publish callbacks ['neutron.plugins.ml2.ovo_rpc._ObjectChangeHandler.handle_event-3873950', 'neutron.api.rpc.agentnotifiers.dhcp_rpc_agent_api.DhcpAgentNotifyAPI._native_event_send_dhcp_notification-3705404', 'neutron.services.segments.plugin.NovaSegmentNotifier._notify_subnet_created-9795019', 'neutron.services.segments.plugin.SegmentHostRoutes.host_routes_after_create-9489414'] for subnet, after_create {{(pid=103376) _notify_loop /usr/local/lib/python3.8/dist-packages/neutron_lib/callbacks/manager.py:175}}
Nov 23 18:53:40.179093 dv-neutron-786478-25-hyperv neutron-server[103376]: DEBUG neutron_lib.callbacks.manager [None req-b3ab7f6f-5589-46fa-9ecb-2d53d0f402ba tempest-ExternalNetworksTestJSON-1376180569 tempest-ExternalNetworksTestJSON-1376180569-project-admin] Publish callbacks ['neutron.api.rpc.agentnotifiers.dhcp_rpc_agent_api.DhcpAgentNotifyAPI._send_dhcp_notification-3705390'] for network, before_response {{(pid=103376) _notify_loop /usr/local/lib/python3.8/dist-packages/neutron_lib/callbacks/manager.py:175}}
Nov 23 18:53:40.184941 dv-neutron-786478-25-hyperv neutron-server[103376]: INFO neutron.wsgi [None req-b3ab7f6f-5589-46fa-9ecb-2d53d0f402ba tempest-ExternalNetworksTestJSON-1376180569 tempest-ExternalNetworksTestJSON-1376180569-project-admin] 10.222.0.61 "DELETE /v2.0/networks/7a1e220e-b347-4d58-be04-a14845396712 HTTP/1.1" status: 204 len: 168 time: 2.0228434
Nov 23 18:53:40.196158 dv-neutron-786478-25-hyperv neutron-server[103378]: DEBUG neutron.db.provisioning_blocks [None req-3daa8a56-086f-40d9-80ac-0cee7e291637 None None] Provisioning complete for port 0fc7a816-2045-4365-983a-efdec6b27e3c triggered by entity L2. {{(pid=103378) provisioning_complete /opt/stack/neutron/neutron/db/provisioning_blocks.py:139}}
Nov 23 18:53:40.196693 dv-neutron-786478-25-hyperv neutron-server[103378]: DEBUG neutron_lib.callbacks.manager [None req-3daa8a56-086f-40d9-80ac-0cee7e291637 None None] Publish callbacks ['neutron.plugins.ml2.plugin.Ml2Plugin._port_provisioned-601990'] for port, provisioning_complete {{(pid=103378) _notify_loop /usr/local/lib/python3.8/dist-packages/neutron_lib/callbacks/manager.py:175}}
Nov 23 18:53:40.288036 dv-neutron-786478-25-hyperv neutron-server[103376]: DEBUG neutron.api.rpc.handlers.resources_rpc [None req-b3ab7f6f-5589-46fa-9ecb-2d53d0f402ba tempest-ExternalNetworksTestJSON-1376180569 tempest-ExternalNetworksTestJSON-1376180569-project-admin] Pushing event deleted for resources: {'Network': ['ID=7a1e220e-b347-4d58-be04-a14845396712,revision_number=None']} {{(pid=103376) push /opt/stack/neutron/neutron/api/rpc/handlers/resources_rpc.py:237}}
Nov 23 18:53:40.292964 dv-neutron-786478-25-hyperv neutron-server[103376]: DEBUG neutron.wsgi [-] (103376) accepted ('10.222.0.61', 59430) {{(pid=103376) server /usr/local/lib/python3.8/dist-packages/eventlet/wsgi.py:1004}}
Nov 23 18:53:40.354812 dv-neutron-786478-25-hyperv neutron-server[103376]: DEBUG neutron_lib.callbacks.manager [None req-888d7c8e-1aec-46de-91ab-9d4898e0de3f tempest-ServersTestJSON-647649519 tempest-ServersTestJSON-647649519-project] Publish callbacks [] for port, precommit_update {{(pid=103376) _notify_loop /usr/local/lib/python3.8/dist-packages/neutron_lib/callbacks/manager.py:175}}
Nov 23 18:53:40.389883 dv-neutron-786478-25-hyperv neutron-server[103376]: DEBUG neutron.api.rpc.handlers.resources_rpc [None req-dc2c4c9d-7af0-4092-8e5c-4b8d21b7af33 tempest-ExtraDHCPOptionsIpV6TestJSON-1203938634 tempest-ExtraDHCPOptionsIpV6TestJSON-1203938634-project] Pushing event updated for resources: {'Subnet': ['ID=fe3ef167-327a-449c-8e79-9efc4a58ba73,revision_number=0']} {{(pid=103376) push /opt/stack/neutron/neutron/api/rpc/handlers/resources_rpc.py:237}}
Nov 23 18:53:40.407053 dv-neutron-786478-25-hyperv neutron-server[103376]: DEBUG neutron.api.v2.base [None req-26f4d2a0-c91a-44b9-90de-b25402257a29 tempest-ExternalNetworksTestJSON-1376180569 tempest-ExternalNetworksTestJSON-1376180569-project-admin] Request body: {'network': {'name': 'tempest-network--949592653'}} {{(pid=103376) prepare_request_body /opt/stack/neutron/neutron/api/v2/base.py:729}}
Nov 23 18:53:40.432292 dv-neutron-786478-25-hyperv neutron-server[103376]: DEBUG neutron_lib.callbacks.manager [None req-888d7c8e-1aec-46de-91ab-9d4898e0de3f tempest-ServersTestJSON-647649519 tempest-ServersTestJSON-647649519-project] Publish callbacks ['neutron.plugins.ml2.plugin.SecurityGroupServerNotifierRpcMixin._notify_sg_on_port_change-641608', 'neutron.plugins.ml2.ovo_rpc._ObjectChangeHandler.handle_event-98742', 'neutron.api.rpc.agentnotifiers.dhcp_rpc_agent_api.DhcpAgentNotifyAPI._native_event_send_dhcp_notification-3705404', 'neutron.db.l3_db.L3RpcNotifierMixin._notify_gateway_port_ip_changed-8772838001390', 'neutron.db.l3_dvrscheduler_db._notify_l3_agent_port_update-8772837568750', 'neutron.db.l3_hascheduler_db._notify_l3_agent_ha_port_update-8772837570052', 'neutron.services.segments.plugin.NovaSegmentNotifier._notify_port_updated-9794908'] for port, after_update {{(pid=103376) _notify_loop /usr/local/lib/python3.8/dist-packages/neutron_lib/callbacks/manager.py:175}}
Nov 23 18:53:40.539142 dv-neutron-786478-25-hyperv neutron-server[103376]: DEBUG neutron.api.rpc.handlers.resources_rpc [None req-888d7c8e-1aec-46de-91ab-9d4898e0de3f tempest-ServersTestJSON-647649519 tempest-ServersTestJSON-647649519-project] Pushing event updated for resources: {'Port': ['ID=50e9c1b9-589d-48ea-b337-a48f94105202,revision_number=2']} {{(pid=103376) push /opt/stack/neutron/neutron/api/rpc/handlers/resources_rpc.py:237}}
Nov 23 18:53:40.664171 dv-neutron-786478-25-hyperv neutron-server[103377]: INFO neutron.wsgi [req-2218978b-d521-4806-a1a1-93e3256c91a6 req-e02d6816-da6d-42da-9ab4-2a4d836d8035 tempest-ServersTestManualDisk-1931879011 tempest-ServersTestManualDisk-1931879011-project] 10.222.0.61 "GET /v2.0/ports?device_id=3b9a0e0b-3e0b-4023-a41e-e2a02568b71b HTTP/1.1" status: 200 len: 210 time: 0.1332695
Nov 23 18:53:40.695590 dv-neutron-786478-25-hyperv neutron-server[103378]: DEBUG neutron.db.provisioning_blocks [None req-de3c302d-1fc9-4f05-86a1-91ba6d466329 None None] Provisioning complete for port 0fc7a816-2045-4365-983a-efdec6b27e3c triggered by entity DHCP. {{(pid=103378) provisioning_complete /opt/stack/neutron/neutron/db/provisioning_blocks.py:139}}
Nov 23 18:53:40.695590 dv-neutron-786478-25-hyperv neutron-server[103378]: DEBUG neutron_lib.callbacks.manager [None req-de3c302d-1fc9-4f05-86a1-91ba6d466329 None None] Publish callbacks ['neutron.plugins.ml2.plugin.Ml2Plugin._port_provisioned-601990'] for port, provisioning_complete {{(pid=103378) _notify_loop /usr/local/lib/python3.8/dist-packages/neutron_lib/callbacks/manager.py:175}}
Nov 23 18:53:40.712684 dv-neutron-786478-25-hyperv neutron-server[103376]: DEBUG neutron.plugins.ml2.drivers.mech_agent [None req-dc2c4c9d-7af0-4092-8e5c-4b8d21b7af33 tempest-ExtraDHCPOptionsIpV6TestJSON-1203938634 tempest-ExtraDHCPOptionsIpV6TestJSON-1203938634-project] Checking segment: {'id': 'f55788d5-d67d-4af2-bf14-c6ee3dc012cd', 'network_type': 'vlan', 'physical_network': 'physnet1', 'segmentation_id': 565, 'network_id': '238ea1ec-d8f5-4a47-bdf2-d9d1cf174ece'} for mappings: {'physnet1': 'br-data'} with network types: ['local', 'flat', 'vlan'] {{(pid=103376) check_segment_for_agent /opt/stack/neutron/neutron/plugins/ml2/drivers/mech_agent.py:371}}
Nov 23 18:53:40.712684 dv-neutron-786478-25-hyperv neutron-server[103376]: DEBUG neutron.scheduler.dhcp_agent_scheduler [None req-dc2c4c9d-7af0-4092-8e5c-4b8d21b7af33 tempest-ExtraDHCPOptionsIpV6TestJSON-1203938634 tempest-ExtraDHCPOptionsIpV6TestJSON-1203938634-project] Network hostable DHCP agents. Network: 238ea1ec-d8f5-4a47-bdf2-d9d1cf174ece, hostable agents: ['374942c0-f89e-4103-9471-ccd4b0c4f4ad'], hosted agents: [] {{(pid=103376) _get_network_hostable_dhcp_agents /opt/stack/neutron/neutron/scheduler/dhcp_agent_scheduler.py:329}}
Nov 23 18:53:40.722054 dv-neutron-786478-25-hyperv neutron-server[103376]: DEBUG neutron.pecan_wsgi.hooks.quota_enforcement [None req-26f4d2a0-c91a-44b9-90de-b25402257a29 tempest-ExternalNetworksTestJSON-1376180569 tempest-ExternalNetworksTestJSON-1376180569-project-admin] Made reservation on behalf of ae306a4891e34ca1ae3432e1b8841bbf for: {'network': 1} {{(pid=103376) before /opt/stack/neutron/neutron/pecan_wsgi/hooks/quota_enforcement.py:53}}
Nov 23 18:53:40.733151 dv-neutron-786478-25-hyperv neutron-server[103376]: DEBUG neutron_lib.callbacks.manager [None req-26f4d2a0-c91a-44b9-90de-b25402257a29 tempest-ExternalNetworksTestJSON-1376180569 tempest-ExternalNetworksTestJSON-1376180569-project-admin] Publish callbacks ['neutron.plugins.ml2.plugin.SecurityGroupDbMixin._ensure_default_security_group_handler-642701'] for network, before_create {{(pid=103376) _notify_loop /usr/local/lib/python3.8/dist-packages/neutron_lib/callbacks/manager.py:175}}
Nov 23 18:53:40.757751 dv-neutron-786478-25-hyperv neutron-server[103376]: DEBUG neutron_lib.callbacks.manager [None req-0942fa4c-c240-42d3-8518-b72ead2e6786 admin admin] Publish callbacks ['neutron.plugins.ml2.ovo_rpc._ObjectChangeHandler.handle_event-3868194'] for security_group, after_delete {{(pid=103376) _notify_loop /usr/local/lib/python3.8/dist-packages/neutron_lib/callbacks/manager.py:175}}
Nov 23 18:53:40.764934 dv-neutron-786478-25-hyperv neutron-server[103376]: DEBUG neutron_lib.callbacks.manager [None req-0942fa4c-c240-42d3-8518-b72ead2e6786 admin admin] Publish callbacks [] for security_group, before_response {{(pid=103376) _notify_loop /usr/local/lib/python3.8/dist-packages/neutron_lib/callbacks/manager.py:175}}
Nov 23 18:53:40.769408 dv-neutron-786478-25-hyperv neutron-server[103376]: INFO neutron.wsgi [None req-0942fa4c-c240-42d3-8518-b72ead2e6786 admin admin] 10.222.0.61 "DELETE /v2.0/security-groups/967c7c63-510c-4531-ba8f-b9d76f426ac3 HTTP/1.1" status: 204 len: 168 time: 1.2207606
Nov 23 18:53:40.781395 dv-neutron-786478-25-hyperv neutron-server[103377]: DEBUG neutron.pecan_wsgi.hooks.policy_enforcement [req-cfa9c641-690c-4b13-8c9c-79ac28238061 req-22dc0008-a050-44c9-85b4-c23d23057f91 tempest-ServerActionsTestJSON-1892603324 tempest-ServerActionsTestJSON-1892603324-project] Attributes excluded by policy engine: ['standard_attr_id', 'binding:profile', 'binding:host_id', 'binding:vif_type', 'binding:vif_details'] {{(pid=103377) _exclude_attributes_by_policy /opt/stack/neutron/neutron/pecan_wsgi/hooks/policy_enforcement.py:255}}
Nov 23 18:53:40.794253 dv-neutron-786478-25-hyperv neutron-server[103377]: INFO neutron.wsgi [req-cfa9c641-690c-4b13-8c9c-79ac28238061 req-22dc0008-a050-44c9-85b4-c23d23057f91 tempest-ServerActionsTestJSON-1892603324 tempest-ServerActionsTestJSON-1892603324-project] 10.222.0.61 "GET /v2.0/ports?device_id=cf0a67bc-0635-46c4-a104-b559c3881d3d HTTP/1.1" status: 200 len: 931 time: 0.6928139
Nov 23 18:53:40.807239 dv-neutron-786478-25-hyperv neutron-server[103376]: DEBUG neutron.api.rpc.handlers.resources_rpc [None req-0942fa4c-c240-42d3-8518-b72ead2e6786 admin admin] Pushing event deleted for resources: {'SecurityGroup': ['ID=967c7c63-510c-4531-ba8f-b9d76f426ac3,revision_number=None']} {{(pid=103376) push /opt/stack/neutron/neutron/api/rpc/handlers/resources_rpc.py:237}}
Nov 23 18:53:40.921601 dv-neutron-786478-25-hyperv neutron-server[103376]: DEBUG neutron_lib.callbacks.manager [None req-888d7c8e-1aec-46de-91ab-9d4898e0de3f tempest-ServersTestJSON-647649519 tempest-ServersTestJSON-647649519-project] Publish callbacks ['neutron.services.l3_router.l3_router_plugin.DVRResourceOperationHandler._create_dvr_floating_gw_port-3858353'] for floatingip, after_create {{(pid=103376) _notify_loop /usr/local/lib/python3.8/dist-packages/neutron_lib/callbacks/manager.py:175}}
Nov 23 18:53:40.971555 dv-neutron-786478-25-hyperv neutron-server[103376]: DEBUG neutron.scheduler.dhcp_agent_scheduler [None req-dc2c4c9d-7af0-4092-8e5c-4b8d21b7af33 tempest-ExtraDHCPOptionsIpV6TestJSON-1203938634 tempest-ExtraDHCPOptionsIpV6TestJSON-1203938634-project] Network 238ea1ec-d8f5-4a47-bdf2-d9d1cf174ece is scheduled to be hosted by DHCP agent 374942c0-f89e-4103-9471-ccd4b0c4f4ad with binding_index 1 {{(pid=103376) bind /opt/stack/neutron/neutron/scheduler/dhcp_agent_scheduler.py:227}}
Nov 23 18:53:40.984935 dv-neutron-786478-25-hyperv neutron-server[103376]: DEBUG neutron.plugins.ml2.drivers.helpers [None req-26f4d2a0-c91a-44b9-90de-b25402257a29 tempest-ExternalNetworksTestJSON-1376180569 tempest-ExternalNetworksTestJSON-1376180569-project-admin] vlan segment allocate from pool success with {'physical_network': 'physnet1', 'vlan_id': 576} {{(pid=103376) allocate_partially_specified_segment /opt/stack/neutron/neutron/plugins/ml2/drivers/helpers.py:153}}
Nov 23 18:53:41.058763 dv-neutron-786478-25-hyperv neutron-server[103376]: DEBUG neutron_lib.callbacks.manager [None req-26f4d2a0-c91a-44b9-90de-b25402257a29 tempest-ExternalNetworksTestJSON-1376180569 tempest-ExternalNetworksTestJSON-1376180569-project-admin] Publish callbacks ['neutron.plugins.ml2.plugin.Ml2Plugin._handle_segment_change-602271'] for segment, precommit_create {{(pid=103376) _notify_loop /usr/local/lib/python3.8/dist-packages/neutron_lib/callbacks/manager.py:175}}
Nov 23 18:53:41.060466 dv-neutron-786478-25-hyperv neutron-server[103376]: INFO neutron.db.segments_db [None req-26f4d2a0-c91a-44b9-90de-b25402257a29 tempest-ExternalNetworksTestJSON-1376180569 tempest-ExternalNetworksTestJSON-1376180569-project-admin] Added segment 60227171-de97-4a29-a59f-1c2789b8b5ec of type vlan for network 42873dbd-1d3d-4afb-8f32-e937b9a7c571
Nov 23 18:53:41.076306 dv-neutron-786478-25-hyperv neutron-server[103376]: DEBUG neutron_lib.callbacks.manager [None req-888d7c8e-1aec-46de-91ab-9d4898e0de3f tempest-ServersTestJSON-647649519 tempest-ServersTestJSON-647649519-project] Publish callbacks ['neutron.notifiers.nova.Notifier._send_nova_notification-166239'] for floatingip, before_response {{(pid=103376) _notify_loop /usr/local/lib/python3.8/dist-packages/neutron_lib/callbacks/manager.py:175}}
Nov 23 18:53:41.096636 dv-neutron-786478-25-hyperv neutron-server[103376]: INFO neutron.wsgi [None req-888d7c8e-1aec-46de-91ab-9d4898e0de3f tempest-ServersTestJSON-647649519 tempest-ServersTestJSON-647649519-project] 10.222.0.61 "POST /v2.0/floatingips HTTP/1.1" status: 201 len: 693 time: 8.6692228
Nov 23 18:53:41.112473 dv-neutron-786478-25-hyperv neutron-server[103376]: DEBUG neutron.api.v2.base [req-5a4722db-5d08-4a74-a578-f535468d15a4 req-e82edcc1-953e-4be8-b948-ff4d5dcbbfcf service neutron] Request body: {'port': {'device_id': 'cf0a67bc-0635-46c4-a104-b559c3881d3d', 'device_owner': 'compute:nova', 'binding:host_id': 'hv-neutron-7864'}} {{(pid=103376) prepare_request_body /opt/stack/neutron/neutron/api/v2/base.py:729}}
Nov 23 18:53:41.115698 dv-neutron-786478-25-hyperv neutron-server[103376]: DEBUG neutron.scheduler.base_scheduler [None req-dc2c4c9d-7af0-4092-8e5c-4b8d21b7af33 tempest-ExtraDHCPOptionsIpV6TestJSON-1203938634 tempest-ExtraDHCPOptionsIpV6TestJSON-1203938634-project] Resources bound (agent type, host, resource id): (DHCP agent, dv-neutron-786478-25-hyperv, 238ea1ec-d8f5-4a47-bdf2-d9d1cf174ece) {{(pid=103376) schedule /opt/stack/neutron/neutron/scheduler/base_scheduler.py:57}}
Nov 23 18:53:41.117297 dv-neutron-786478-25-hyperv neutron-server[103378]: DEBUG neutron.db.provisioning_blocks [None req-de3c302d-1fc9-4f05-86a1-91ba6d466329 None None] Provisioning complete for port 95133f24-b936-48f4-82ea-4b7d22e4b8e5 triggered by entity DHCP. {{(pid=103378) provisioning_complete /opt/stack/neutron/neutron/db/provisioning_blocks.py:139}}
Nov 23 18:53:41.117882 dv-neutron-786478-25-hyperv neutron-server[103378]: DEBUG neutron_lib.callbacks.manager [None req-de3c302d-1fc9-4f05-86a1-91ba6d466329 None None] Publish callbacks ['neutron.plugins.ml2.plugin.Ml2Plugin._port_provisioned-601990'] for port, provisioning_complete {{(pid=103378) _notify_loop /usr/local/lib/python3.8/dist-packages/neutron_lib/callbacks/manager.py:175}}
Nov 23 18:53:41.160926 dv-neutron-786478-25-hyperv neutron-server[103376]: DEBUG neutron.pecan_wsgi.hooks.policy_enforcement [None req-dc2c4c9d-7af0-4092-8e5c-4b8d21b7af33 tempest-ExtraDHCPOptionsIpV6TestJSON-1203938634 tempest-ExtraDHCPOptionsIpV6TestJSON-1203938634-project] Attributes excluded by policy engine: ['standard_attr_id', 'shared', 'segment_id', 'network'] {{(pid=103376) _exclude_attributes_by_policy /opt/stack/neutron/neutron/pecan_wsgi/hooks/policy_enforcement.py:255}}
Nov 23 18:53:41.160926 dv-neutron-786478-25-hyperv neutron-server[103376]: DEBUG neutron_lib.callbacks.manager [None req-dc2c4c9d-7af0-4092-8e5c-4b8d21b7af33 tempest-ExtraDHCPOptionsIpV6TestJSON-1203938634 tempest-ExtraDHCPOptionsIpV6TestJSON-1203938634-project] Publish callbacks [] for subnet, before_response {{(pid=103376) _notify_loop /usr/local/lib/python3.8/dist-packages/neutron_lib/callbacks/manager.py:175}}
Nov 23 18:53:41.190163 dv-neutron-786478-25-hyperv neutron-server[103376]: DEBUG neutron_lib.callbacks.manager [None req-26f4d2a0-c91a-44b9-90de-b25402257a29 tempest-ExternalNetworksTestJSON-1376180569 tempest-ExternalNetworksTestJSON-1376180569-project-admin] Publish callbacks ['neutron.services.auto_allocate.db._ensure_external_network_default_value_callback-8772837594682'] for network, precommit_create {{(pid=103376) _notify_loop /usr/local/lib/python3.8/dist-packages/neutron_lib/callbacks/manager.py:175}}
Nov 23 18:53:41.190465 dv-neutron-786478-25-hyperv neutron-server[103378]: DEBUG neutron.api.rpc.handlers.dhcp_rpc [None req-9ea58679-4567-423b-ab38-6c417b7a8011 None None] Network 238ea1ec-d8f5-4a47-bdf2-d9d1cf174ece requested from dv-neutron-786478-25-hyperv {{(pid=103378) get_network_info /opt/stack/neutron/neutron/api/rpc/handlers/dhcp_rpc.py:218}}
Nov 23 18:53:41.221175 dv-neutron-786478-25-hyperv neutron-server[103376]: INFO neutron.wsgi [None req-dc2c4c9d-7af0-4092-8e5c-4b8d21b7af33 tempest-ExtraDHCPOptionsIpV6TestJSON-1203938634 tempest-ExtraDHCPOptionsIpV6TestJSON-1203938634-project] 10.222.0.61 "POST /v2.0/subnets HTTP/1.1" status: 201 len: 821 time: 3.4334886
Nov 23 18:53:41.227552 dv-neutron-786478-25-hyperv neutron-server[103376]: DEBUG neutron.wsgi [-] (103376) accepted ('10.222.0.61', 59440) {{(pid=103376) server /usr/local/lib/python3.8/dist-packages/eventlet/wsgi.py:1004}}
Nov 23 18:53:41.232983 dv-neutron-786478-25-hyperv neutron-server[103376]: DEBUG neutron.api.v2.base [None req-cdd7c393-d90c-4114-8c43-b7c66914f6fb tempest-ExtraDHCPOptionsIpV6TestJSON-1203938634 tempest-ExtraDHCPOptionsIpV6TestJSON-1203938634-project] Request body: {'port': {'network_id': '238ea1ec-d8f5-4a47-bdf2-d9d1cf174ece', 'name': 'tempest-ExtraDHCPOptionsIpV6TestJSON-1778299296'}} {{(pid=103376) prepare_request_body /opt/stack/neutron/neutron/api/v2/base.py:729}}
Nov 23 18:53:41.275852 dv-neutron-786478-25-hyperv neutron-server[103377]: INFO neutron.wsgi [req-cfa9c641-690c-4b13-8c9c-79ac28238061 req-abf7e28f-5085-4162-9ed9-9f046b09cca0 tempest-ServerActionsTestJSON-1892603324 tempest-ServerActionsTestJSON-1892603324-project] 10.222.0.61 "GET /v2.0/security-groups?id=283fbffd-6772-4fe9-9157-b9f26ff6212c&fields=id&fields=name HTTP/1.1" status: 200 len: 312 time: 0.4779313
Nov 23 18:53:41.278582 dv-neutron-786478-25-hyperv neutron-server[103376]: DEBUG neutron_lib.callbacks.manager [req-5a4722db-5d08-4a74-a578-f535468d15a4 req-e82edcc1-953e-4be8-b948-ff4d5dcbbfcf service neutron] Publish callbacks ['neutron.plugins.ml2.plugin.SecurityGroupDbMixin._ensure_default_security_group_handler-642701'] for port, before_update {{(pid=103376) _notify_loop /usr/local/lib/python3.8/dist-packages/neutron_lib/callbacks/manager.py:175}}
Nov 23 18:53:41.341124 dv-neutron-786478-25-hyperv neutron-server[103376]: DEBUG neutron_lib.callbacks.manager [None req-26f4d2a0-c91a-44b9-90de-b25402257a29 tempest-ExternalNetworksTestJSON-1376180569 tempest-ExternalNetworksTestJSON-1376180569-project-admin] Publish callbacks ['neutron.plugins.ml2.ovo_rpc._ObjectChangeHandler.handle_event-3873993', 'neutron.api.rpc.agentnotifiers.dhcp_rpc_agent_api.DhcpAgentNotifyAPI._native_event_send_dhcp_notification-3705404'] for network, after_create {{(pid=103376) _notify_loop /usr/local/lib/python3.8/dist-packages/neutron_lib/callbacks/manager.py:175}}
Nov 23 18:53:41.342205 dv-neutron-786478-25-hyperv neutron-server[103376]: DEBUG neutron.pecan_wsgi.hooks.policy_enforcement [None req-26f4d2a0-c91a-44b9-90de-b25402257a29 tempest-ExternalNetworksTestJSON-1376180569 tempest-ExternalNetworksTestJSON-1376180569-project-admin] Attributes excluded by policy engine: ['standard_attr_id', 'vlan_transparent'] {{(pid=103376) _exclude_attributes_by_policy /opt/stack/neutron/neutron/pecan_wsgi/hooks/policy_enforcement.py:255}}
Nov 23 18:53:41.342878 dv-neutron-786478-25-hyperv neutron-server[103376]: DEBUG neutron_lib.callbacks.manager [None req-26f4d2a0-c91a-44b9-90de-b25402257a29 tempest-ExternalNetworksTestJSON-1376180569 tempest-ExternalNetworksTestJSON-1376180569-project-admin] Publish callbacks ['neutron.api.rpc.agentnotifiers.dhcp_rpc_agent_api.DhcpAgentNotifyAPI._send_dhcp_notification-3705390'] for network, before_response {{(pid=103376) _notify_loop /usr/local/lib/python3.8/dist-packages/neutron_lib/callbacks/manager.py:175}}
Nov 23 18:53:41.373512 dv-neutron-786478-25-hyperv neutron-server[103376]: DEBUG neutron.wsgi [-] (103376) accepted ('10.222.0.15', 51117) {{(pid=103376) server /usr/local/lib/python3.8/dist-packages/eventlet/wsgi.py:1004}}
Nov 23 18:53:41.390886 dv-neutron-786478-25-hyperv neutron-server[103377]: DEBUG neutron.db.db_base_plugin_common [None req-5a81a56c-07ba-4960-b68d-cadc94b13abc tempest-AllowedAddressPairTestJSON-580446719 tempest-AllowedAddressPairTestJSON-580446719-project] Allocated IP 172.20.0.7 (3e949890-aa11-4d8c-9b9a-0f2c464ced54/6f817acc-4de2-44cb-a88d-b048941a7216/4fdee97e-308f-47fd-8018-5b7f7dcbfcc2) {{(pid=103377) _store_ip_allocation /opt/stack/neutron/neutron/db/db_base_plugin_common.py:131}}
Nov 23 18:53:41.402205 dv-neutron-786478-25-hyperv neutron-server[103377]: DEBUG neutron_lib.callbacks.manager [None req-85ed531e-7693-411b-a354-2ac52454c50b tempest-PortsAdminExtendedAttrsIpV6TestJSON-130554532 tempest-PortsAdminExtendedAttrsIpV6TestJSON-130554532-project-admin] Publish callbacks [] for port, precommit_create {{(pid=103377) _notify_loop /usr/local/lib/python3.8/dist-packages/neutron_lib/callbacks/manager.py:175}}
Nov 23 18:53:41.460842 dv-neutron-786478-25-hyperv neutron-server[103376]: INFO neutron.wsgi [None req-26f4d2a0-c91a-44b9-90de-b25402257a29 tempest-ExternalNetworksTestJSON-1376180569 tempest-ExternalNetworksTestJSON-1376180569-project-admin] 10.222.0.61 "POST /v2.0/networks HTTP/1.1" status: 201 len: 863 time: 1.0633280
Nov 23 18:53:41.483508 dv-neutron-786478-25-hyperv neutron-server[103377]: DEBUG neutron.wsgi [-] (103377) accepted ('10.222.0.61', 59444) {{(pid=103377) server /usr/local/lib/python3.8/dist-packages/eventlet/wsgi.py:1004}}
Nov 23 18:53:41.492306 dv-neutron-786478-25-hyperv neutron-server[103378]: DEBUG neutron.api.rpc.handlers.dhcp_rpc [None req-19d21646-4f73-4001-8726-bf4b0b0a4088 None None] Create dhcp port {'port': {'name': '', 'admin_state_up': True, 'device_id': 'dhcpc7bb2241-a1a4-5491-8be9-8157ae4058e0-238ea1ec-d8f5-4a47-bdf2-d9d1cf174ece', 'network_id': '238ea1ec-d8f5-4a47-bdf2-d9d1cf174ece', 'tenant_id': '5b9a708d1bea4076b01f61979007e051', 'fixed_ips': [{'subnet_id': 'fe3ef167-327a-449c-8e79-9efc4a58ba73'}]}} from dv-neutron-786478-25-hyperv. {{(pid=103378) create_dhcp_port /opt/stack/neutron/neutron/api/rpc/handlers/dhcp_rpc.py:285}}
Nov 23 18:53:41.495352 dv-neutron-786478-25-hyperv neutron-server[103378]: DEBUG neutron_lib.callbacks.manager [None req-19d21646-4f73-4001-8726-bf4b0b0a4088 None None] Publish callbacks ['neutron.plugins.ml2.plugin.SecurityGroupDbMixin._ensure_default_security_group_handler-642701'] for port, before_create {{(pid=103378) _notify_loop /usr/local/lib/python3.8/dist-packages/neutron_lib/callbacks/manager.py:175}}
Nov 23 18:53:41.512772 dv-neutron-786478-25-hyperv neutron-server[103377]: DEBUG neutron.api.v2.base [None req-b3260183-c071-4fe2-ae51-410b187807ae tempest-ExternalNetworksTestJSON-1376180569 tempest-ExternalNetworksTestJSON-1376180569-project-admin] Request body: {'network': {'router:external': True}} {{(pid=103377) prepare_request_body /opt/stack/neutron/neutron/api/v2/base.py:729}}
Nov 23 18:53:41.519711 dv-neutron-786478-25-hyperv neutron-server[103378]: DEBUG neutron.plugins.ml2.plugin [None req-de3c302d-1fc9-4f05-86a1-91ba6d466329 None None] Port 95133f24-b936-48f4-82ea-4b7d22e4b8e5 cannot update to ACTIVE because it is not bound. {{(pid=103378) _port_provisioned /opt/stack/neutron/neutron/plugins/ml2/plugin.py:342}}
Nov 23 18:53:41.555658 dv-neutron-786478-25-hyperv neutron-server[103376]: DEBUG neutron.api.rpc.handlers.resources_rpc [None req-26f4d2a0-c91a-44b9-90de-b25402257a29 tempest-ExternalNetworksTestJSON-1376180569 tempest-ExternalNetworksTestJSON-1376180569-project-admin] Pushing event updated for resources: {'Network': ['ID=42873dbd-1d3d-4afb-8f32-e937b9a7c571,revision_number=1']} {{(pid=103376) push /opt/stack/neutron/neutron/api/rpc/handlers/resources_rpc.py:237}}
Nov 23 18:53:41.800755 dv-neutron-786478-25-hyperv neutron-server[103376]: DEBUG neutron.pecan_wsgi.hooks.policy_enforcement [req-6da48f71-26ef-407a-a3a6-63a78718eeef req-bfc9c537-5add-4e75-b72d-27d7dbf68810 tempest-ServersTestManualDisk-1931879011 tempest-ServersTestManualDisk-1931879011-project] Attributes excluded by policy engine: ['standard_attr_id', 'vlan_transparent', 'provider:network_type', 'provider:physical_network', 'provider:segmentation_id'] {{(pid=103376) _exclude_attributes_by_policy /opt/stack/neutron/neutron/pecan_wsgi/hooks/policy_enforcement.py:255}}
Nov 23 18:53:41.803675 dv-neutron-786478-25-hyperv neutron-server[103376]: INFO neutron.wsgi [req-6da48f71-26ef-407a-a3a6-63a78718eeef req-bfc9c537-5add-4e75-b72d-27d7dbf68810 tempest-ServersTestManualDisk-1931879011 tempest-ServersTestManualDisk-1931879011-project] 10.222.0.15 "GET /v2.0/networks?id=e3010491-8506-49dc-9fff-3a3b1510d03c HTTP/1.1" status: 200 len: 810 time: 0.3993995
Nov 23 18:53:41.900212 dv-neutron-786478-25-hyperv neutron-server[103378]: DEBUG neutron.db.db_base_plugin_common [None req-19d21646-4f73-4001-8726-bf4b0b0a4088 None None] Allocated IP 2001:db8::2 (238ea1ec-d8f5-4a47-bdf2-d9d1cf174ece/fe3ef167-327a-449c-8e79-9efc4a58ba73/e86bdf2b-15ec-483d-b1f2-f10076ba3d2a) {{(pid=103378) _store_ip_allocation /opt/stack/neutron/neutron/db/db_base_plugin_common.py:131}}
Nov 23 18:53:41.956739 dv-neutron-786478-25-hyperv neutron-server[103377]: DEBUG neutron_lib.callbacks.manager [None req-85ed531e-7693-411b-a354-2ac52454c50b tempest-PortsAdminExtendedAttrsIpV6TestJSON-130554532 tempest-PortsAdminExtendedAttrsIpV6TestJSON-130554532-project-admin] Publish callbacks ['neutron.plugins.ml2.plugin.SecurityGroupServerNotifierRpcMixin._notify_sg_on_port_change-641608', 'neutron.plugins.ml2.ovo_rpc._ObjectChangeHandler.handle_event-98742', 'neutron.api.rpc.agentnotifiers.dhcp_rpc_agent_api.DhcpAgentNotifyAPI._native_event_send_dhcp_notification-3705404', 'neutron.db.l3_dvrscheduler_db._notify_l3_agent_new_port-8772837568732', 'neutron.services.segments.plugin.NovaSegmentNotifier._notify_port_created_or_deleted-9831304'] for port, after_create {{(pid=103377) _notify_loop /usr/local/lib/python3.8/dist-packages/neutron_lib/callbacks/manager.py:175}}
Nov 23 18:53:42.136358 dv-neutron-786478-25-hyperv neutron-server[103376]: DEBUG neutron.pecan_wsgi.hooks.quota_enforcement [None req-cdd7c393-d90c-4114-8c43-b7c66914f6fb tempest-ExtraDHCPOptionsIpV6TestJSON-1203938634 tempest-ExtraDHCPOptionsIpV6TestJSON-1203938634-project] Made reservation on behalf of 5b9a708d1bea4076b01f61979007e051 for: {'port': 1} {{(pid=103376) before /opt/stack/neutron/neutron/pecan_wsgi/hooks/quota_enforcement.py:53}}
Nov 23 18:53:42.143669 dv-neutron-786478-25-hyperv neutron-server[103376]: DEBUG neutron_lib.callbacks.manager [None req-cdd7c393-d90c-4114-8c43-b7c66914f6fb tempest-ExtraDHCPOptionsIpV6TestJSON-1203938634 tempest-ExtraDHCPOptionsIpV6TestJSON-1203938634-project] Publish callbacks ['neutron.plugins.ml2.plugin.SecurityGroupDbMixin._ensure_default_security_group_handler-642701'] for port, before_create {{(pid=103376) _notify_loop /usr/local/lib/python3.8/dist-packages/neutron_lib/callbacks/manager.py:175}}
Nov 23 18:53:42.274323 dv-neutron-786478-25-hyperv neutron-server[103376]: DEBUG neutron.notifiers.nova [None req-cdd7c393-d90c-4114-8c43-b7c66914f6fb tempest-ExtraDHCPOptionsIpV6TestJSON-1203938634 tempest-ExtraDHCPOptionsIpV6TestJSON-1203938634-project] device_id is not set on port cc9fa1de-7611-4caf-887a-0360d73f8851 yet. {{(pid=103376) _can_notify /opt/stack/neutron/neutron/notifiers/nova.py:190}}
Nov 23 18:53:42.289472 dv-neutron-786478-25-hyperv neutron-server[103376]: INFO neutron.wsgi [req-6da48f71-26ef-407a-a3a6-63a78718eeef req-2b147c44-8c4c-4e5e-bad6-062ff6dd4a1c tempest-ServersTestManualDisk-1931879011 tempest-ServersTestManualDisk-1931879011-project] 10.222.0.15 "GET /v2.0/security-groups?fields=id&fields=name&tenant_id=e17996d8d0324b4dbeb2953796443052 HTTP/1.1" status: 200 len: 379 time: 0.4218225
Nov 23 18:53:42.350583 dv-neutron-786478-25-hyperv neutron-server[103376]: DEBUG neutron.api.v2.base [req-6da48f71-26ef-407a-a3a6-63a78718eeef req-87971e8c-573a-432c-ab28-ac8c3f9a5133 tempest-ServersTestManualDisk-1931879011 tempest-ServersTestManualDisk-1931879011-project] Request body: {'port': {'device_id': '3b9a0e0b-3e0b-4023-a41e-e2a02568b71b', 'network_id': 'e3010491-8506-49dc-9fff-3a3b1510d03c', 'admin_state_up': True, 'tenant_id': 'e17996d8d0324b4dbeb2953796443052', 'security_groups': ['450bd062-1ec6-4821-aeff-9033f8fe2ba2']}} {{(pid=103376) prepare_request_body /opt/stack/neutron/neutron/api/v2/base.py:729}}
Nov 23 18:53:42.360785 dv-neutron-786478-25-hyperv neutron-server[103378]: DEBUG neutron.plugins.ml2.rpc [None req-3daa8a56-086f-40d9-80ac-0cee7e291637 None None] Network 42873dbd-1d3d-4afb-8f32-e937b9a7c571 details requested by agent ovs-agent-dv-neutron-786478-25-hyperv with host dv-neutron-786478-25-hyperv {{(pid=103378) get_network_details /opt/stack/neutron/neutron/plugins/ml2/rpc.py:248}}
Nov 23 18:53:42.416165 dv-neutron-786478-25-hyperv neutron-server[103377]: INFO neutron.wsgi [req-796ff896-234d-40a2-b578-e207cd434aa8 req-85e08e19-2b4e-407e-9e40-12a5c1d192de tempest-ServersTestManualDisk-1931879011 tempest-ServersTestManualDisk-1931879011-project] 10.222.0.61 "GET /v2.0/ports?device_id=3b9a0e0b-3e0b-4023-a41e-e2a02568b71b HTTP/1.1" status: 200 len: 210 time: 0.4670908
Nov 23 18:53:42.468819 dv-neutron-786478-25-hyperv neutron-server[103378]: DEBUG neutron.db.provisioning_blocks [None req-cfb31866-c1b9-4ce1-b527-110bf90fdc91 None None] Provisioning complete for port 95133f24-b936-48f4-82ea-4b7d22e4b8e5 triggered by entity DHCP. {{(pid=103378) provisioning_complete /opt/stack/neutron/neutron/db/provisioning_blocks.py:139}}
Nov 23 18:53:42.469305 dv-neutron-786478-25-hyperv neutron-server[103378]: DEBUG neutron_lib.callbacks.manager [None req-cfb31866-c1b9-4ce1-b527-110bf90fdc91 None None] Publish callbacks ['neutron.plugins.ml2.plugin.Ml2Plugin._port_provisioned-601990'] for port, provisioning_complete {{(pid=103378) _notify_loop /usr/local/lib/python3.8/dist-packages/neutron_lib/callbacks/manager.py:175}}
Nov 23 18:53:42.655760 dv-neutron-786478-25-hyperv neutron-server[103376]: DEBUG neutron.pecan_wsgi.hooks.quota_enforcement [req-6da48f71-26ef-407a-a3a6-63a78718eeef req-87971e8c-573a-432c-ab28-ac8c3f9a5133 tempest-ServersTestManualDisk-1931879011 tempest-ServersTestManualDisk-1931879011-project] Made reservation on behalf of e17996d8d0324b4dbeb2953796443052 for: {'port': 1} {{(pid=103376) before /opt/stack/neutron/neutron/pecan_wsgi/hooks/quota_enforcement.py:53}}
Nov 23 18:53:42.683899 dv-neutron-786478-25-hyperv neutron-server[103376]: DEBUG neutron_lib.callbacks.manager [req-6da48f71-26ef-407a-a3a6-63a78718eeef req-87971e8c-573a-432c-ab28-ac8c3f9a5133 tempest-ServersTestManualDisk-1931879011 tempest-ServersTestManualDisk-1931879011-project] Publish callbacks ['neutron.plugins.ml2.plugin.SecurityGroupDbMixin._ensure_default_security_group_handler-642701'] for port, before_create {{(pid=103376) _notify_loop /usr/local/lib/python3.8/dist-packages/neutron_lib/callbacks/manager.py:175}}
Nov 23 18:53:42.687948 dv-neutron-786478-25-hyperv neutron-server[103377]: DEBUG neutron_lib.callbacks.manager [None req-b3260183-c071-4fe2-ae51-410b187807ae tempest-ExternalNetworksTestJSON-1376180569 tempest-ExternalNetworksTestJSON-1376180569-project-admin] Publish callbacks ['neutron.services.auto_allocate.db._ensure_external_network_default_value_callback-8772837594682'] for network, precommit_update {{(pid=103377) _notify_loop /usr/local/lib/python3.8/dist-packages/neutron_lib/callbacks/manager.py:175}}
Nov 23 18:53:42.699548 dv-neutron-786478-25-hyperv neutron-server[103378]: DEBUG neutron_lib.callbacks.manager [None req-19d21646-4f73-4001-8726-bf4b0b0a4088 None None] Publish callbacks [] for port, precommit_create {{(pid=103378) _notify_loop /usr/local/lib/python3.8/dist-packages/neutron_lib/callbacks/manager.py:175}}
Nov 23 18:53:42.764417 dv-neutron-786478-25-hyperv neutron-server[103377]: DEBUG neutron_lib.callbacks.manager [None req-5a81a56c-07ba-4960-b68d-cadc94b13abc tempest-AllowedAddressPairTestJSON-580446719 tempest-AllowedAddressPairTestJSON-580446719-project] Publish callbacks [] for port, precommit_create {{(pid=103377) _notify_loop /usr/local/lib/python3.8/dist-packages/neutron_lib/callbacks/manager.py:175}}
Nov 23 18:53:42.773355 dv-neutron-786478-25-hyperv neutron-server[103378]: DEBUG neutron_lib.callbacks.manager [None req-19d21646-4f73-4001-8726-bf4b0b0a4088 None None] Publish callbacks ['neutron.plugins.ml2.plugin.SecurityGroupServerNotifierRpcMixin._notify_sg_on_port_change-641608', 'neutron.plugins.ml2.ovo_rpc._ObjectChangeHandler.handle_event-98742', 'neutron.api.rpc.agentnotifiers.dhcp_rpc_agent_api.DhcpAgentNotifyAPI._native_event_send_dhcp_notification-3705404', 'neutron.db.l3_dvrscheduler_db._notify_l3_agent_new_port-8772837568732'] for port, after_create {{(pid=103378) _notify_loop /usr/local/lib/python3.8/dist-packages/neutron_lib/callbacks/manager.py:175}}
Nov 23 18:53:42.790112 dv-neutron-786478-25-hyperv neutron-server[103378]: DEBUG neutron.plugins.ml2.plugin [None req-cfb31866-c1b9-4ce1-b527-110bf90fdc91 None None] Port 95133f24-b936-48f4-82ea-4b7d22e4b8e5 cannot update to ACTIVE because it is not bound. {{(pid=103378) _port_provisioned /opt/stack/neutron/neutron/plugins/ml2/plugin.py:342}}
