Nov 05 09:15:42.196821 dv-neutron-786478-22-hyperv neutron-server[101967]: INFO neutron.wsgi [None req-ca158a84-fb21-4a3a-9393-e9dd343472e8 admin admin] 10.222.0.46 "DELETE /v2.0/security-groups/517aab3e-aff3-4b12-a301-8d87959cfb4f HTTP/1.1" status: 204 len: 168 time: 0.8171301
Nov 05 09:15:42.202983 dv-neutron-786478-22-hyperv neutron-server[101967]: DEBUG neutron_lib.callbacks.manager [req-a8ccfaf7-adc4-419b-966b-47003084fea1 req-4a3930a9-c7ef-439b-93a7-11f127ac7b9d tempest-ServersTestManualDisk-1024115840 tempest-ServersTestManualDisk-1024115840-project] Publish callbacks ['neutron.plugins.ml2.plugin.SecurityGroupServerNotifierRpcMixin._notify_sg_on_port_change-1712215', 'neutron.plugins.ml2.ovo_rpc._ObjectChangeHandler.handle_event-920979', 'neutron.api.rpc.agentnotifiers.dhcp_rpc_agent_api.DhcpAgentNotifyAPI._native_event_send_dhcp_notification-600682', 'neutron.db.l3_dvrscheduler_db._notify_l3_agent_new_port-8744771670613', 'neutron.services.segments.plugin.NovaSegmentNotifier._notify_port_created_or_deleted-31205599'] for port, after_create {{(pid=101967) _notify_loop /usr/local/lib/python3.8/dist-packages/neutron_lib/callbacks/manager.py:175}}
Nov 05 09:15:42.251733 dv-neutron-786478-22-hyperv neutron-server[101966]: DEBUG neutron_lib.callbacks.manager [None req-881987cb-cbfc-4689-b040-5e9ae9fde918 tempest-NetworksIpV6Test-53594048 tempest-NetworksIpV6Test-53594048-project] Publish callbacks ['neutron.plugins.ml2.ovo_rpc._ObjectChangeHandler.handle_event-753488', 'neutron.api.rpc.agentnotifiers.dhcp_rpc_agent_api.DhcpAgentNotifyAPI._native_event_send_dhcp_notification-600682', 'neutron.services.segments.plugin.NovaSegmentNotifier._notify_subnet_created-30789460', 'neutron.services.segments.plugin.SegmentHostRoutes.host_routes_after_create-30550009'] for subnet, after_create {{(pid=101966) _notify_loop /usr/local/lib/python3.8/dist-packages/neutron_lib/callbacks/manager.py:175}}
Nov 05 09:15:42.291347 dv-neutron-786478-22-hyperv neutron-server[101967]: DEBUG neutron.api.rpc.handlers.resources_rpc [None req-ca158a84-fb21-4a3a-9393-e9dd343472e8 admin admin] Pushing event deleted for resources: {'SecurityGroup': ['ID=517aab3e-aff3-4b12-a301-8d87959cfb4f,revision_number=None']} {{(pid=101967) push /opt/stack/neutron/neutron/api/rpc/handlers/resources_rpc.py:237}}
Nov 05 09:15:42.361130 dv-neutron-786478-22-hyperv neutron-server[101967]: DEBUG neutron.scheduler.dhcp_agent_scheduler [req-a8ccfaf7-adc4-419b-966b-47003084fea1 req-4a3930a9-c7ef-439b-93a7-11f127ac7b9d tempest-ServersTestManualDisk-1024115840 tempest-ServersTestManualDisk-1024115840-project] Network cc876615-3e5b-4fc9-b241-fef86b7f4f83 is already hosted by enough agents. {{(pid=101967) _get_dhcp_agents_hosting_network /opt/stack/neutron/neutron/scheduler/dhcp_agent_scheduler.py:275}}
Nov 05 09:15:42.403260 dv-neutron-786478-22-hyperv neutron-server[101967]: DEBUG neutron.scheduler.base_scheduler [req-a8ccfaf7-adc4-419b-966b-47003084fea1 req-4a3930a9-c7ef-439b-93a7-11f127ac7b9d tempest-ServersTestManualDisk-1024115840 tempest-ServersTestManualDisk-1024115840-project] Resources bound (agent type, host, resource id): {{(pid=101967) schedule /opt/stack/neutron/neutron/scheduler/base_scheduler.py:57}}
Nov 05 09:15:42.420150 dv-neutron-786478-22-hyperv neutron-server[101967]: DEBUG neutron.db.l3_dvrscheduler_db [req-a8ccfaf7-adc4-419b-966b-47003084fea1 req-4a3930a9-c7ef-439b-93a7-11f127ac7b9d tempest-ServersTestManualDisk-1024115840 tempest-ServersTestManualDisk-1024115840-project] Received port after_create {{(pid=101967) _notify_l3_agent_new_port /opt/stack/neutron/neutron/db/l3_dvrscheduler_db.py:535}}
Nov 05 09:15:42.532494 dv-neutron-786478-22-hyperv neutron-server[101967]: DEBUG neutron.pecan_wsgi.hooks.policy_enforcement [req-a8ccfaf7-adc4-419b-966b-47003084fea1 req-4a3930a9-c7ef-439b-93a7-11f127ac7b9d tempest-ServersTestManualDisk-1024115840 tempest-ServersTestManualDisk-1024115840-project] Attributes excluded by policy engine: ['standard_attr_id', 'binding:profile', 'binding:host_id', 'binding:vif_type', 'binding:vif_details', 'network'] {{(pid=101967) _exclude_attributes_by_policy /opt/stack/neutron/neutron/pecan_wsgi/hooks/policy_enforcement.py:255}}
Nov 05 09:15:42.533153 dv-neutron-786478-22-hyperv neutron-server[101967]: DEBUG neutron_lib.callbacks.manager [req-a8ccfaf7-adc4-419b-966b-47003084fea1 req-4a3930a9-c7ef-439b-93a7-11f127ac7b9d tempest-ServersTestManualDisk-1024115840 tempest-ServersTestManualDisk-1024115840-project] Publish callbacks ['neutron.notifiers.nova.Notifier._send_nova_notification-884556'] for port, before_response {{(pid=101967) _notify_loop /usr/local/lib/python3.8/dist-packages/neutron_lib/callbacks/manager.py:175}}
Nov 05 09:15:42.540994 dv-neutron-786478-22-hyperv neutron-server[101967]: DEBUG neutron.api.rpc.handlers.resources_rpc [None req-4a3930a9-c7ef-439b-93a7-11f127ac7b9d tempest-ServersTestManualDisk-1024115840 tempest-ServersTestManualDisk-1024115840-project] Pushing event updated for resources: {'Port': ['ID=6d720c78-081c-4764-96e4-7fd01c7a6759,revision_number=1']} {{(pid=101967) push /opt/stack/neutron/neutron/api/rpc/handlers/resources_rpc.py:237}}
Nov 05 09:15:42.562203 dv-neutron-786478-22-hyperv neutron-server[101966]: DEBUG neutron_lib.callbacks.manager [None req-9dda9f59-4e13-427a-bb2a-a86693ef54e3 tempest-ExternalNetworksTestJSON-1859282095 tempest-ExternalNetworksTestJSON-1859282095-project] Publish callbacks ['neutron.plugins.ml2.plugin.Ml2Plugin._network_delete_precommit_handler-1574828', 'neutron.services.segments.db._delete_segments_for_network-8744772160269'] for network, precommit_delete {{(pid=101966) _notify_loop /usr/local/lib/python3.8/dist-packages/neutron_lib/callbacks/manager.py:175}}
Nov 05 09:15:42.570903 dv-neutron-786478-22-hyperv neutron-server[101966]: DEBUG neutron_lib.callbacks.manager [None req-e0f068bc-f36f-4916-9e0b-048d9f8c793e tempest-BulkNetworkOpsIpV6Test-1021757271 tempest-BulkNetworkOpsIpV6Test-1021757271-project] Publish callbacks [] for port, precommit_create {{(pid=101966) _notify_loop /usr/local/lib/python3.8/dist-packages/neutron_lib/callbacks/manager.py:175}}
Nov 05 09:15:42.588518 dv-neutron-786478-22-hyperv neutron-server[101967]: DEBUG neutron.pecan_wsgi.hooks.policy_enforcement [req-429a4023-f280-4a5f-b666-f1a8cefa58a1 req-8604bcad-6862-4bf8-97ac-bd701f16a1db tempest-ServersTestManualDisk-1024115840 tempest-ServersTestManualDisk-1024115840-project] Attributes excluded by policy engine: ['standard_attr_id', 'binding:profile', 'binding:host_id', 'binding:vif_type', 'binding:vif_details'] {{(pid=101967) _exclude_attributes_by_policy /opt/stack/neutron/neutron/pecan_wsgi/hooks/policy_enforcement.py:255}}
Nov 05 09:15:42.590480 dv-neutron-786478-22-hyperv neutron-server[101967]: INFO neutron.wsgi [req-429a4023-f280-4a5f-b666-f1a8cefa58a1 req-8604bcad-6862-4bf8-97ac-bd701f16a1db tempest-ServersTestManualDisk-1024115840 tempest-ServersTestManualDisk-1024115840-project] 10.222.0.46 "GET /v2.0/ports?device_id=a4339bba-8410-4ae2-aeb5-213b52e57354 HTTP/1.1" status: 200 len: 932 time: 0.3005352
Nov 05 09:15:42.595423 dv-neutron-786478-22-hyperv neutron-server[101967]: INFO neutron.wsgi [req-a8ccfaf7-adc4-419b-966b-47003084fea1 req-4a3930a9-c7ef-439b-93a7-11f127ac7b9d tempest-ServersTestManualDisk-1024115840 tempest-ServersTestManualDisk-1024115840-project] 10.222.0.10 "POST /v2.0/ports HTTP/1.1" status: 201 len: 934 time: 2.4928925
Nov 05 09:15:42.691287 dv-neutron-786478-22-hyperv neutron-server[101966]: INFO neutron.wsgi [req-37926825-bf38-4cfc-8b07-34e92d63c364 req-87100d31-88db-48a4-a1ee-68b880a3d30c tempest-ServersTestJSON-598252997 tempest-ServersTestJSON-598252997-project] 10.222.0.46 "GET /v2.0/ports?device_id=1f59ef2e-4e48-4663-a287-34f4b11d9745 HTTP/1.1" status: 200 len: 210 time: 0.1580873
Nov 05 09:15:42.731418 dv-neutron-786478-22-hyperv neutron-server[101967]: DEBUG neutron.wsgi [req-a8ccfaf7-adc4-419b-966b-47003084fea1 req-3149686b-7e53-4d9e-9c30-f4f324142459 tempest-ServersTestManualDisk-1024115840 tempest-ServersTestManualDisk-1024115840-project] http://10.222.0.46:9696/v2.0/extensions returned with HTTP 200 {{(pid=101967) __call__ /opt/stack/neutron/neutron/wsgi.py:729}}
Nov 05 09:15:42.732791 dv-neutron-786478-22-hyperv neutron-server[101967]: INFO neutron.wsgi [req-a8ccfaf7-adc4-419b-966b-47003084fea1 req-3149686b-7e53-4d9e-9c30-f4f324142459 tempest-ServersTestManualDisk-1024115840 tempest-ServersTestManualDisk-1024115840-project] 10.222.0.10 "GET /v2.0/extensions HTTP/1.1" status: 200 len: 14082 time: 0.0089009
Nov 05 09:15:42.752215 dv-neutron-786478-22-hyperv neutron-server[101967]: INFO neutron.wsgi [req-429a4023-f280-4a5f-b666-f1a8cefa58a1 req-d54671b9-48e9-40bb-8585-2b057d194cbc tempest-ServersTestManualDisk-1024115840 tempest-ServersTestManualDisk-1024115840-project] 10.222.0.46 "GET /v2.0/security-groups?id=07213eef-9e28-416d-91b6-86402ed9b248&fields=id&fields=name HTTP/1.1" status: 200 len: 312 time: 0.1425772
Nov 05 09:15:42.762989 dv-neutron-786478-22-hyperv neutron-server[101966]: DEBUG neutron.api.rpc.handlers.resources_rpc [None req-881987cb-cbfc-4689-b040-5e9ae9fde918 tempest-NetworksIpV6Test-53594048 tempest-NetworksIpV6Test-53594048-project] Pushing event updated for resources: {'Subnet': ['ID=44144045-21ed-4cf6-8f66-5bf208273da8,revision_number=0']} {{(pid=101966) push /opt/stack/neutron/neutron/api/rpc/handlers/resources_rpc.py:237}}
Nov 05 09:15:42.774143 dv-neutron-786478-22-hyperv neutron-server[101966]: DEBUG neutron.services.segments.db [None req-9dda9f59-4e13-427a-bb2a-a86693ef54e3 tempest-ExternalNetworksTestJSON-1859282095 tempest-ExternalNetworksTestJSON-1859282095-project] neutron.services.segments.plugin.Plugin method get_segments called with arguments (,) {'filters': {'network_id': ['92b4d17f-2371-4994-bf57-efaab61a0a7e']}} {{(pid=101966) wrapper /usr/local/lib/python3.8/dist-packages/oslo_log/helpers.py:65}}
Nov 05 09:15:42.825225 dv-neutron-786478-22-hyperv neutron-server[101968]: DEBUG neutron.db.provisioning_blocks [None req-5ae0f7e7-dd73-402c-9adf-7f9887f4df6b None None] Provisioning complete for port 6d720c78-081c-4764-96e4-7fd01c7a6759 triggered by entity DHCP. {{(pid=101968) provisioning_complete /opt/stack/neutron/neutron/db/provisioning_blocks.py:139}}
Nov 05 09:15:42.827247 dv-neutron-786478-22-hyperv neutron-server[101968]: DEBUG neutron_lib.callbacks.manager [None req-5ae0f7e7-dd73-402c-9adf-7f9887f4df6b None None] Publish callbacks ['neutron.plugins.ml2.plugin.Ml2Plugin._port_provisioned-1576755'] for port, provisioning_complete {{(pid=101968) _notify_loop /usr/local/lib/python3.8/dist-packages/neutron_lib/callbacks/manager.py:175}}
Nov 05 09:15:42.839175 dv-neutron-786478-22-hyperv neutron-server[101966]: DEBUG neutron.services.segments.db [None req-9dda9f59-4e13-427a-bb2a-a86693ef54e3 tempest-ExternalNetworksTestJSON-1859282095 tempest-ExternalNetworksTestJSON-1859282095-project] neutron.services.segments.plugin.Plugin method delete_segment called with arguments (, '2312d433-43cc-47b8-8c6a-aa436e06e8b1') {'for_net_delete': True} {{(pid=101966) wrapper /usr/local/lib/python3.8/dist-packages/oslo_log/helpers.py:65}}
Nov 05 09:15:42.839421 dv-neutron-786478-22-hyperv neutron-server[101966]: DEBUG neutron.services.segments.db [None req-9dda9f59-4e13-427a-bb2a-a86693ef54e3 tempest-ExternalNetworksTestJSON-1859282095 tempest-ExternalNetworksTestJSON-1859282095-project] neutron.services.segments.plugin.Plugin method get_segment called with arguments (, '2312d433-43cc-47b8-8c6a-aa436e06e8b1') {} {{(pid=101966) wrapper /usr/local/lib/python3.8/dist-packages/oslo_log/helpers.py:65}}
Nov 05 09:15:42.869319 dv-neutron-786478-22-hyperv neutron-server[101966]: DEBUG neutron.plugins.ml2.drivers.mech_agent [None req-881987cb-cbfc-4689-b040-5e9ae9fde918 tempest-NetworksIpV6Test-53594048 tempest-NetworksIpV6Test-53594048-project] Checking segment: {'id': '36345658-ed61-429f-811e-42f683b2d9fa', 'network_type': 'vlan', 'physical_network': 'physnet1', 'segmentation_id': 1086, 'network_id': '1f22c718-a492-46d2-928e-ee33688a4914'} for mappings: {'physnet1': 'br-data'} with network types: ['local', 'flat', 'vlan'] {{(pid=101966) check_segment_for_agent /opt/stack/neutron/neutron/plugins/ml2/drivers/mech_agent.py:371}}
Nov 05 09:15:42.869921 dv-neutron-786478-22-hyperv neutron-server[101966]: DEBUG neutron.scheduler.dhcp_agent_scheduler [None req-881987cb-cbfc-4689-b040-5e9ae9fde918 tempest-NetworksIpV6Test-53594048 tempest-NetworksIpV6Test-53594048-project] Network hostable DHCP agents. Network: 1f22c718-a492-46d2-928e-ee33688a4914, hostable agents: ['86893764-1e04-4596-8f39-28996ec179e1'], hosted agents: [] {{(pid=101966) _get_network_hostable_dhcp_agents /opt/stack/neutron/neutron/scheduler/dhcp_agent_scheduler.py:329}}
Nov 05 09:15:42.875937 dv-neutron-786478-22-hyperv neutron-server[101966]: DEBUG neutron_lib.callbacks.manager [None req-9dda9f59-4e13-427a-bb2a-a86693ef54e3 tempest-ExternalNetworksTestJSON-1859282095 tempest-ExternalNetworksTestJSON-1859282095-project] Publish callbacks ['neutron.plugins.ml2.db._prevent_segment_delete_with_port_bound-8744772161558', 'neutron.services.segments.plugin.Plugin._prevent_segment_delete_with_subnet_associated-32058366'] for segment, before_delete {{(pid=101966) _notify_loop /usr/local/lib/python3.8/dist-packages/neutron_lib/callbacks/manager.py:175}}
Nov 05 09:15:42.924695 dv-neutron-786478-22-hyperv neutron-server[101967]: DEBUG neutron.wsgi [-] (101967) accepted ('10.222.0.46', 35320) {{(pid=101967) server /usr/local/lib/python3.8/dist-packages/eventlet/wsgi.py:982}}
Nov 05 09:15:42.952748 dv-neutron-786478-22-hyperv neutron-server[101966]: INFO neutron.wsgi [req-6d7003c1-7cf8-4b1f-a51d-86a4415e564e req-0ec3a2a5-88c7-4f47-b08e-8c0892682db9 tempest-ServerActionsTestJSON-545001804 tempest-ServerActionsTestJSON-545001804-project] 10.222.0.46 "GET /v2.0/ports?device_id=613a8546-2324-49e7-93c9-86f53e336e4a HTTP/1.1" status: 200 len: 210 time: 0.0619519
Nov 05 09:15:42.954617 dv-neutron-786478-22-hyperv neutron-server[101966]: DEBUG neutron_lib.callbacks.manager [None req-9dda9f59-4e13-427a-bb2a-a86693ef54e3 tempest-ExternalNetworksTestJSON-1859282095 tempest-ExternalNetworksTestJSON-1859282095-project] Publish callbacks ['neutron.plugins.ml2.plugin.Ml2Plugin._handle_segment_change-1604192'] for segment, precommit_delete {{(pid=101966) _notify_loop /usr/local/lib/python3.8/dist-packages/neutron_lib/callbacks/manager.py:175}}
Nov 05 09:15:42.969444 dv-neutron-786478-22-hyperv neutron-server[101966]: DEBUG neutron.plugins.ml2.drivers.type_vlan [None req-9dda9f59-4e13-427a-bb2a-a86693ef54e3 tempest-ExternalNetworksTestJSON-1859282095 tempest-ExternalNetworksTestJSON-1859282095-project] Releasing vlan 1072 on physical network physnet1 to pool {{(pid=101966) release_segment /opt/stack/neutron/neutron/plugins/ml2/drivers/type_vlan.py:304}}
Nov 05 09:15:42.969909 dv-neutron-786478-22-hyperv neutron-server[101966]: DEBUG neutron_lib.callbacks.manager [None req-9dda9f59-4e13-427a-bb2a-a86693ef54e3 tempest-ExternalNetworksTestJSON-1859282095 tempest-ExternalNetworksTestJSON-1859282095-project] Publish callbacks ['neutron.plugins.ml2.plugin.Ml2Plugin._handle_segment_change-1604192', 'neutron.services.segments.plugin.NovaSegmentNotifier._notify_segment_deleted-30788919'] for segment, after_delete {{(pid=101966) _notify_loop /usr/local/lib/python3.8/dist-packages/neutron_lib/callbacks/manager.py:175}}
Nov 05 09:15:42.975418 dv-neutron-786478-22-hyperv neutron-server[101966]: Traceback (most recent call last):
Nov 05 09:15:42.975418 dv-neutron-786478-22-hyperv neutron-server[101966]: File "/usr/local/lib/python3.8/dist-packages/eventlet/hubs/hub.py", line 476, in fire_timers
Nov 05 09:15:42.975418 dv-neutron-786478-22-hyperv neutron-server[101966]: timer()
Nov 05 09:15:42.975418 dv-neutron-786478-22-hyperv neutron-server[101966]: File "/usr/local/lib/python3.8/dist-packages/eventlet/hubs/timer.py", line 59, in __call__
Nov 05 09:15:42.975418 dv-neutron-786478-22-hyperv neutron-server[101966]: cb(*args, **kw)
Nov 05 09:15:42.975418 dv-neutron-786478-22-hyperv neutron-server[101966]: File "/opt/stack/neutron/neutron/common/utils.py", line 914, in wrapper
Nov 05 09:15:42.975418 dv-neutron-786478-22-hyperv neutron-server[101966]: return func(*args, **kwargs)
Nov 05 09:15:42.975418 dv-neutron-786478-22-hyperv neutron-server[101966]: File "/opt/stack/neutron/neutron/notifiers/batch_notifier.py", line 58, in synced_send
Nov 05 09:15:42.975418 dv-neutron-786478-22-hyperv neutron-server[101966]: self._notify()
Nov 05 09:15:42.975418 dv-neutron-786478-22-hyperv neutron-server[101966]: File "/opt/stack/neutron/neutron/notifiers/batch_notifier.py", line 69, in _notify
Nov 05 09:15:42.975418 dv-neutron-786478-22-hyperv neutron-server[101966]: self.callback(batched_events)
Nov 05 09:15:42.975418 dv-neutron-786478-22-hyperv neutron-server[101966]: File "/opt/stack/neutron/neutron/services/segments/plugin.py", line 211, in _send_notifications
Nov 05 09:15:42.975418 dv-neutron-786478-22-hyperv neutron-server[101966]: event.method(event)
Nov 05 09:15:42.975418 dv-neutron-786478-22-hyperv neutron-server[101966]: File "/opt/stack/neutron/neutron/services/segments/plugin.py", line 383, in _delete_nova_inventory
Nov 05 09:15:42.975418 dv-neutron-786478-22-hyperv neutron-server[101966]: aggregate_id = self._get_aggregate_id(event.segment_id)
Nov 05 09:15:42.975418 dv-neutron-786478-22-hyperv neutron-server[101966]: File "/opt/stack/neutron/neutron/services/segments/plugin.py", line 370, in _get_aggregate_id
Nov 05 09:15:42.975418 dv-neutron-786478-22-hyperv neutron-server[101966]: aggregate_uuid = self.p_client.list_aggregates(
Nov 05 09:15:42.975418 dv-neutron-786478-22-hyperv neutron-server[101966]: File "/usr/local/lib/python3.8/dist-packages/neutron_lib/placement/client.py", line 58, in wrapper
Nov 05 09:15:42.975418 dv-neutron-786478-22-hyperv neutron-server[101966]: return f(self, *a, **k)
Nov 05 09:15:42.975418 dv-neutron-786478-22-hyperv neutron-server[101966]: File "/usr/local/lib/python3.8/dist-packages/neutron_lib/placement/client.py", line 554, in list_aggregates
Nov 05 09:15:42.975418 dv-neutron-786478-22-hyperv neutron-server[101966]: return self._get(url).json()
Nov 05 09:15:42.975418 dv-neutron-786478-22-hyperv neutron-server[101966]: File "/usr/local/lib/python3.8/dist-packages/neutron_lib/placement/client.py", line 190, in _get
Nov 05 09:15:42.975418 dv-neutron-786478-22-hyperv neutron-server[101966]: return self._client.get(url, endpoint_filter=self._ks_filter,
Nov 05 09:15:42.975418 dv-neutron-786478-22-hyperv neutron-server[101966]: File "/usr/local/lib/python3.8/dist-packages/keystoneauth1/session.py", line 1141, in get
Nov 05 09:15:42.975418 dv-neutron-786478-22-hyperv neutron-server[101966]: return self.request(url, 'GET', **kwargs)
Nov 05 09:15:42.975418 dv-neutron-786478-22-hyperv neutron-server[101966]: File "/usr/local/lib/python3.8/dist-packages/keystoneauth1/session.py", line 811, in request
Nov 05 09:15:42.975418 dv-neutron-786478-22-hyperv neutron-server[101966]: base_url = self.get_endpoint(auth, allow=allow,
Nov 05 09:15:42.975418 dv-neutron-786478-22-hyperv neutron-server[101966]: File "/usr/local/lib/python3.8/dist-packages/keystoneauth1/session.py", line 1241, in get_endpoint
Nov 05 09:15:42.975418 dv-neutron-786478-22-hyperv neutron-server[101966]: auth = self._auth_required(auth, 'determine endpoint URL')
Nov 05 09:15:42.975418 dv-neutron-786478-22-hyperv neutron-server[101966]: File "/usr/local/lib/python3.8/dist-packages/keystoneauth1/session.py", line 1181, in _auth_required
Nov 05 09:15:42.975418 dv-neutron-786478-22-hyperv neutron-server[101966]: raise exceptions.MissingAuthPlugin(msg_fmt % msg)
Nov 05 09:15:42.975418 dv-neutron-786478-22-hyperv neutron-server[101966]: keystoneauth1.exceptions.auth_plugins.MissingAuthPlugin: An auth plugin is required to determine endpoint URL
Nov 05 09:15:42.977191 dv-neutron-786478-22-hyperv neutron-server[101966]: DEBUG neutron_lib.callbacks.manager [None req-e0f068bc-f36f-4916-9e0b-048d9f8c793e tempest-BulkNetworkOpsIpV6Test-1021757271 tempest-BulkNetworkOpsIpV6Test-1021757271-project] Publish callbacks ['neutron.plugins.ml2.plugin.SecurityGroupServerNotifierRpcMixin._notify_sg_on_port_change-1712215', 'neutron.plugins.ml2.ovo_rpc._ObjectChangeHandler.handle_event-920979', 'neutron.api.rpc.agentnotifiers.dhcp_rpc_agent_api.DhcpAgentNotifyAPI._native_event_send_dhcp_notification-600682', 'neutron.db.l3_dvrscheduler_db._notify_l3_agent_new_port-8744771670613', 'neutron.services.segments.plugin.NovaSegmentNotifier._notify_port_created_or_deleted-30789060'] for port, after_create {{(pid=101966) _notify_loop /usr/local/lib/python3.8/dist-packages/neutron_lib/callbacks/manager.py:175}}
Nov 05 09:15:42.977281 dv-neutron-786478-22-hyperv neutron-server[101968]: DEBUG neutron.plugins.ml2.plugin [None req-5ae0f7e7-dd73-402c-9adf-7f9887f4df6b None None] Port 6d720c78-081c-4764-96e4-7fd01c7a6759 cannot update to ACTIVE because it is not bound. {{(pid=101968) _port_provisioned /opt/stack/neutron/neutron/plugins/ml2/plugin.py:342}}
Nov 05 09:15:43.039410 dv-neutron-786478-22-hyperv neutron-server[101967]: INFO neutron.wsgi [None req-af347640-0757-44fe-856a-38e861886a34 admin admin] 10.222.0.46 "GET /v2.0/security-groups?tenant_id=38e10a7a3e314a068a9976c26fae276b&name=default HTTP/1.1" status: 200 len: 2996 time: 0.1132362
Nov 05 09:15:43.041117 dv-neutron-786478-22-hyperv neutron-server[101967]: DEBUG neutron.wsgi [-] (101967) accepted ('10.222.0.46', 35322) {{(pid=101967) server /usr/local/lib/python3.8/dist-packages/eventlet/wsgi.py:982}}
Nov 05 09:15:43.078402 dv-neutron-786478-22-hyperv neutron-server[101967]: DEBUG neutron.wsgi [-] (101967) accepted ('10.222.0.10', 53176) {{(pid=101967) server /usr/local/lib/python3.8/dist-packages/eventlet/wsgi.py:982}}
Nov 05 09:15:43.085421 dv-neutron-786478-22-hyperv neutron-server[101966]: DEBUG neutron.scheduler.dhcp_agent_scheduler [None req-881987cb-cbfc-4689-b040-5e9ae9fde918 tempest-NetworksIpV6Test-53594048 tempest-NetworksIpV6Test-53594048-project] Network 1f22c718-a492-46d2-928e-ee33688a4914 is scheduled to be hosted by DHCP agent 86893764-1e04-4596-8f39-28996ec179e1 with binding_index 1 {{(pid=101966) bind /opt/stack/neutron/neutron/scheduler/dhcp_agent_scheduler.py:227}}
Nov 05 09:15:43.121875 dv-neutron-786478-22-hyperv neutron-server[101966]: DEBUG neutron.scheduler.l3_agent_scheduler [None req-e1372dc5-cd4e-43ea-a09b-114ed286c121 tempest-RoutersAdminTest-1344708763 tempest-RoutersAdminTest-1344708763-project] Router 824e95a5-090d-4839-a3ca-47032fdb416b is scheduled to L3 agent 9479633f-a254-4062-baec-d5cd1e1c2f2d with binding_index 1 {{(pid=101966) bind_router /opt/stack/neutron/neutron/scheduler/l3_agent_scheduler.py:209}}
Nov 05 09:15:43.157489 dv-neutron-786478-22-hyperv neutron-server[101966]: DEBUG neutron.scheduler.base_scheduler [None req-881987cb-cbfc-4689-b040-5e9ae9fde918 tempest-NetworksIpV6Test-53594048 tempest-NetworksIpV6Test-53594048-project] Resources bound (agent type, host, resource id): (DHCP agent, dv-neutron-786478-22-hyperv, 1f22c718-a492-46d2-928e-ee33688a4914) {{(pid=101966) schedule /opt/stack/neutron/neutron/scheduler/base_scheduler.py:57}}
Nov 05 09:15:43.163983 dv-neutron-786478-22-hyperv neutron-server[101966]: DEBUG neutron_lib.callbacks.manager [None req-9dda9f59-4e13-427a-bb2a-a86693ef54e3 tempest-ExternalNetworksTestJSON-1859282095 tempest-ExternalNetworksTestJSON-1859282095-project] Publish callbacks ['neutron.plugins.ml2.plugin.Ml2Plugin._network_delete_after_delete_handler-1574819', 'neutron.plugins.ml2.ovo_rpc._ObjectChangeHandler.handle_event-763250', 'neutron.api.rpc.agentnotifiers.dhcp_rpc_agent_api.DhcpAgentNotifyAPI._native_event_send_dhcp_notification-600682', 'neutron.services.l3_router.l3_router_plugin.DVRResourceOperationHandler.delete_fip_namespaces_for_ext_net-738278'] for network, after_delete {{(pid=101966) _notify_loop /usr/local/lib/python3.8/dist-packages/neutron_lib/callbacks/manager.py:175}}
Nov 05 09:15:43.167997 dv-neutron-786478-22-hyperv neutron-server[101968]: DEBUG neutron.api.rpc.handlers.dhcp_rpc [None req-716e9ca1-4ced-4e6a-a5ea-33697bb56e53 None None] Network 1f22c718-a492-46d2-928e-ee33688a4914 requested from dv-neutron-786478-22-hyperv {{(pid=101968) get_network_info /opt/stack/neutron/neutron/api/rpc/handlers/dhcp_rpc.py:218}}
Nov 05 09:15:43.174436 dv-neutron-786478-22-hyperv neutron-server[101966]: DEBUG neutron.pecan_wsgi.hooks.policy_enforcement [None req-881987cb-cbfc-4689-b040-5e9ae9fde918 tempest-NetworksIpV6Test-53594048 tempest-NetworksIpV6Test-53594048-project] Attributes excluded by policy engine: ['standard_attr_id', 'shared', 'segment_id', 'network'] {{(pid=101966) _exclude_attributes_by_policy /opt/stack/neutron/neutron/pecan_wsgi/hooks/policy_enforcement.py:255}}
Nov 05 09:15:43.175036 dv-neutron-786478-22-hyperv neutron-server[101966]: DEBUG neutron_lib.callbacks.manager [None req-881987cb-cbfc-4689-b040-5e9ae9fde918 tempest-NetworksIpV6Test-53594048 tempest-NetworksIpV6Test-53594048-project] Publish callbacks ['neutron.api.rpc.agentnotifiers.dhcp_rpc_agent_api.DhcpAgentNotifyAPI._send_dhcp_notification-600644'] for subnet, before_response {{(pid=101966) _notify_loop /usr/local/lib/python3.8/dist-packages/neutron_lib/callbacks/manager.py:175}}
Nov 05 09:15:43.183166 dv-neutron-786478-22-hyperv neutron-server[101966]: DEBUG neutron.api.rpc.handlers.resources_rpc [None req-e0f068bc-f36f-4916-9e0b-048d9f8c793e tempest-BulkNetworkOpsIpV6Test-1021757271 tempest-BulkNetworkOpsIpV6Test-1021757271-project] Pushing event updated for resources: {'Port': ['ID=eb6297be-000b-47e8-890d-f0c862ab30c3,revision_number=1']} {{(pid=101966) push /opt/stack/neutron/neutron/api/rpc/handlers/resources_rpc.py:237}}
Nov 05 09:15:43.199109 dv-neutron-786478-22-hyperv neutron-server[101966]: DEBUG neutron_lib.callbacks.manager [None req-9dda9f59-4e13-427a-bb2a-a86693ef54e3 tempest-ExternalNetworksTestJSON-1859282095 tempest-ExternalNetworksTestJSON-1859282095-project] Publish callbacks ['neutron.api.rpc.agentnotifiers.dhcp_rpc_agent_api.DhcpAgentNotifyAPI._send_dhcp_notification-600644'] for network, before_response {{(pid=101966) _notify_loop /usr/local/lib/python3.8/dist-packages/neutron_lib/callbacks/manager.py:175}}
Nov 05 09:15:43.202366 dv-neutron-786478-22-hyperv neutron-server[101966]: INFO neutron.wsgi [None req-9dda9f59-4e13-427a-bb2a-a86693ef54e3 tempest-ExternalNetworksTestJSON-1859282095 tempest-ExternalNetworksTestJSON-1859282095-project] 10.222.0.46 "DELETE /v2.0/networks/92b4d17f-2371-4994-bf57-efaab61a0a7e HTTP/1.1" status: 204 len: 168 time: 1.7271893
Nov 05 09:15:43.207470 dv-neutron-786478-22-hyperv neutron-server[101967]: DEBUG neutron_lib.callbacks.manager [None req-796615f6-c109-4d15-b30d-e45e59fa5337 admin admin] Publish callbacks [] for security_group, before_delete {{(pid=101967) _notify_loop /usr/local/lib/python3.8/dist-packages/neutron_lib/callbacks/manager.py:175}}
Nov 05 09:15:43.230938 dv-neutron-786478-22-hyperv neutron-server[101967]: DEBUG neutron_lib.callbacks.manager [None req-796615f6-c109-4d15-b30d-e45e59fa5337 admin admin] Publish callbacks [] for security_group, precommit_delete {{(pid=101967) _notify_loop /usr/local/lib/python3.8/dist-packages/neutron_lib/callbacks/manager.py:175}}
Nov 05 09:15:43.256937 dv-neutron-786478-22-hyperv neutron-server[101966]: DEBUG neutron.api.rpc.handlers.resources_rpc [None req-9dda9f59-4e13-427a-bb2a-a86693ef54e3 tempest-ExternalNetworksTestJSON-1859282095 tempest-ExternalNetworksTestJSON-1859282095-project] Pushing event deleted for resources: {'Network': ['ID=92b4d17f-2371-4994-bf57-efaab61a0a7e,revision_number=None']} {{(pid=101966) push /opt/stack/neutron/neutron/api/rpc/handlers/resources_rpc.py:237}}
Nov 05 09:15:43.290836 dv-neutron-786478-22-hyperv neutron-server[101966]: INFO neutron.wsgi [None req-881987cb-cbfc-4689-b040-5e9ae9fde918 tempest-NetworksIpV6Test-53594048 tempest-NetworksIpV6Test-53594048-project] 10.222.0.46 "POST /v2.0/subnets HTTP/1.1" status: 201 len: 848 time: 3.2669022
Nov 05 09:15:43.293939 dv-neutron-786478-22-hyperv neutron-server[101966]: DEBUG neutron.wsgi [-] (101966) accepted ('10.222.0.46', 35328) {{(pid=101966) server /usr/local/lib/python3.8/dist-packages/eventlet/wsgi.py:982}}
Nov 05 09:15:43.302441 dv-neutron-786478-22-hyperv neutron-server[101966]: DEBUG neutron.api.v2.base [None req-3f2feb06-a405-4823-bb2c-041bd49c3cc2 tempest-NetworksIpV6Test-53594048 tempest-NetworksIpV6Test-53594048-project] Request body: {'network': {'name': 'tempest-NetworksIpV6Test-test-network-388104607'}} {{(pid=101966) prepare_request_body /opt/stack/neutron/neutron/api/v2/base.py:729}}
Nov 05 09:15:43.308348 dv-neutron-786478-22-hyperv neutron-server[101966]: DEBUG neutron.plugins.ml2.drivers.mech_agent [None req-e0f068bc-f36f-4916-9e0b-048d9f8c793e tempest-BulkNetworkOpsIpV6Test-1021757271 tempest-BulkNetworkOpsIpV6Test-1021757271-project] Checking segment: {'id': '6a9e55eb-db94-4cbb-b11d-2b1cc3a93b8d', 'network_type': 'vlan', 'physical_network': 'physnet1', 'segmentation_id': 1079, 'network_id': '3f95f6b5-8c48-4b9a-9df2-fb0cbd45ca89'} for mappings: {'physnet1': 'br-data'} with network types: ['local', 'flat', 'vlan'] {{(pid=101966) check_segment_for_agent /opt/stack/neutron/neutron/plugins/ml2/drivers/mech_agent.py:371}}
Nov 05 09:15:43.308595 dv-neutron-786478-22-hyperv neutron-server[101967]: DEBUG neutron_lib.callbacks.manager [None req-796615f6-c109-4d15-b30d-e45e59fa5337 admin admin] Publish callbacks ['neutron.plugins.ml2.ovo_rpc._ObjectChangeHandler.handle_event-736676'] for security_group, after_delete {{(pid=101967) _notify_loop /usr/local/lib/python3.8/dist-packages/neutron_lib/callbacks/manager.py:175}}
Nov 05 09:15:43.308701 dv-neutron-786478-22-hyperv neutron-server[101966]: DEBUG neutron.scheduler.dhcp_agent_scheduler [None req-e0f068bc-f36f-4916-9e0b-048d9f8c793e tempest-BulkNetworkOpsIpV6Test-1021757271 tempest-BulkNetworkOpsIpV6Test-1021757271-project] Network hostable DHCP agents. Network: 3f95f6b5-8c48-4b9a-9df2-fb0cbd45ca89, hostable agents: ['86893764-1e04-4596-8f39-28996ec179e1'], hosted agents: [] {{(pid=101966) _get_network_hostable_dhcp_agents /opt/stack/neutron/neutron/scheduler/dhcp_agent_scheduler.py:329}}
Nov 05 09:15:43.316461 dv-neutron-786478-22-hyperv neutron-server[101967]: DEBUG neutron_lib.callbacks.manager [None req-796615f6-c109-4d15-b30d-e45e59fa5337 admin admin] Publish callbacks [] for security_group, before_response {{(pid=101967) _notify_loop /usr/local/lib/python3.8/dist-packages/neutron_lib/callbacks/manager.py:175}}
Nov 05 09:15:43.324517 dv-neutron-786478-22-hyperv neutron-server[101967]: INFO neutron.wsgi [None req-796615f6-c109-4d15-b30d-e45e59fa5337 admin admin] 10.222.0.46 "DELETE /v2.0/security-groups/d93d32cb-136e-453d-8e81-ad20cc774ef7 HTTP/1.1" status: 204 len: 168 time: 0.2802587
Nov 05 09:15:43.360989 dv-neutron-786478-22-hyperv neutron-server[101967]: DEBUG neutron.api.rpc.handlers.resources_rpc [None req-796615f6-c109-4d15-b30d-e45e59fa5337 admin admin] Pushing event deleted for resources: {'SecurityGroup': ['ID=d93d32cb-136e-453d-8e81-ad20cc774ef7,revision_number=None']} {{(pid=101967) push /opt/stack/neutron/neutron/api/rpc/handlers/resources_rpc.py:237}}
Nov 05 09:15:43.408839 dv-neutron-786478-22-hyperv neutron-server[101967]: DEBUG neutron.pecan_wsgi.hooks.policy_enforcement [req-b7afa029-b5eb-48de-bb98-20b7aab3ebb0 req-ebeb11b2-9255-4d89-961d-4efee6ae7769 tempest-ServerActionsTestJSON-545001804 tempest-ServerActionsTestJSON-545001804-project] Attributes excluded by policy engine: ['standard_attr_id', 'vlan_transparent', 'provider:network_type', 'provider:physical_network', 'provider:segmentation_id'] {{(pid=101967) _exclude_attributes_by_policy /opt/stack/neutron/neutron/pecan_wsgi/hooks/policy_enforcement.py:255}}
Nov 05 09:15:43.410622 dv-neutron-786478-22-hyperv neutron-server[101967]: INFO neutron.wsgi [req-b7afa029-b5eb-48de-bb98-20b7aab3ebb0 req-ebeb11b2-9255-4d89-961d-4efee6ae7769 tempest-ServerActionsTestJSON-545001804 tempest-ServerActionsTestJSON-545001804-project] 10.222.0.10 "GET /v2.0/networks?id=0ab0a952-4cc6-461d-83b3-0332fe2be34b HTTP/1.1" status: 200 len: 812 time: 0.3300142
Nov 05 09:15:43.471426 dv-neutron-786478-22-hyperv neutron-server[101966]: DEBUG neutron.pecan_wsgi.hooks.quota_enforcement [None req-3f2feb06-a405-4823-bb2c-041bd49c3cc2 tempest-NetworksIpV6Test-53594048 tempest-NetworksIpV6Test-53594048-project] Made reservation on behalf of a30e29d8c91344c894c726627dfb7ded for: {'network': 1} {{(pid=101966) before /opt/stack/neutron/neutron/pecan_wsgi/hooks/quota_enforcement.py:53}}
Nov 05 09:15:43.480143 dv-neutron-786478-22-hyperv neutron-server[101966]: DEBUG neutron_lib.callbacks.manager [None req-3f2feb06-a405-4823-bb2c-041bd49c3cc2 tempest-NetworksIpV6Test-53594048 tempest-NetworksIpV6Test-53594048-project] Publish callbacks ['neutron.plugins.ml2.plugin.SecurityGroupDbMixin._ensure_default_security_group_handler-1712354'] for network, before_create {{(pid=101966) _notify_loop /usr/local/lib/python3.8/dist-packages/neutron_lib/callbacks/manager.py:175}}
Nov 05 09:15:43.496908 dv-neutron-786478-22-hyperv neutron-server[101966]: DEBUG neutron.scheduler.dhcp_agent_scheduler [None req-e0f068bc-f36f-4916-9e0b-048d9f8c793e tempest-BulkNetworkOpsIpV6Test-1021757271 tempest-BulkNetworkOpsIpV6Test-1021757271-project] Network 3f95f6b5-8c48-4b9a-9df2-fb0cbd45ca89 is scheduled to be hosted by DHCP agent 86893764-1e04-4596-8f39-28996ec179e1 with binding_index 1 {{(pid=101966) bind /opt/stack/neutron/neutron/scheduler/dhcp_agent_scheduler.py:227}}
Nov 05 09:15:43.556563 dv-neutron-786478-22-hyperv neutron-server[101966]: DEBUG neutron.api.rpc.agentnotifiers.l3_rpc_agent_api [None req-e1372dc5-cd4e-43ea-a09b-114ed286c121 tempest-RoutersAdminTest-1344708763 tempest-RoutersAdminTest-1344708763-project] Notify agent at l3_agent.dv-neutron-786478-22-hyperv the message routers_updated {{(pid=101966) _agent_notification /opt/stack/neutron/neutron/api/rpc/agentnotifiers/l3_rpc_agent_api.py:65}}
Nov 05 09:15:43.572605 dv-neutron-786478-22-hyperv neutron-server[101968]: DEBUG neutron.api.rpc.handlers.l3_rpc [None req-a05cab7a-5731-4164-b0ae-9897971bc39f None None] Sync routers for ids ['824e95a5-090d-4839-a3ca-47032fdb416b'] in dv-neutron-786478-22-hyperv {{(pid=101968) sync_routers /opt/stack/neutron/neutron/api/rpc/handlers/l3_rpc.py:125}}
Nov 05 09:15:43.573321 dv-neutron-786478-22-hyperv neutron-server[101967]: DEBUG neutron.api.v2.base [req-a8ccfaf7-adc4-419b-966b-47003084fea1 req-869b45f0-8faf-4907-b48b-b4f2c028fe12 service neutron] Request body: {'port': {'device_id': 'a4339bba-8410-4ae2-aeb5-213b52e57354', 'device_owner': 'compute:nova', 'binding:host_id': 'hv-neutron-7864'}} {{(pid=101967) prepare_request_body /opt/stack/neutron/neutron/api/v2/base.py:729}}
Nov 05 09:15:43.650579 dv-neutron-786478-22-hyperv neutron-server[101966]: DEBUG neutron.scheduler.base_scheduler [None req-e0f068bc-f36f-4916-9e0b-048d9f8c793e tempest-BulkNetworkOpsIpV6Test-1021757271 tempest-BulkNetworkOpsIpV6Test-1021757271-project] Resources bound (agent type, host, resource id): (DHCP agent, dv-neutron-786478-22-hyperv, 3f95f6b5-8c48-4b9a-9df2-fb0cbd45ca89) {{(pid=101966) schedule /opt/stack/neutron/neutron/scheduler/base_scheduler.py:57}}
Nov 05 09:15:43.657570 dv-neutron-786478-22-hyperv neutron-server[101966]: DEBUG neutron.db.l3_dvrscheduler_db [None req-e0f068bc-f36f-4916-9e0b-048d9f8c793e tempest-BulkNetworkOpsIpV6Test-1021757271 tempest-BulkNetworkOpsIpV6Test-1021757271-project] Received port after_create {{(pid=101966) _notify_l3_agent_new_port /opt/stack/neutron/neutron/db/l3_dvrscheduler_db.py:535}}
Nov 05 09:15:43.658914 dv-neutron-786478-22-hyperv neutron-server[101966]: DEBUG neutron_lib.callbacks.manager [None req-e0f068bc-f36f-4916-9e0b-048d9f8c793e tempest-BulkNetworkOpsIpV6Test-1021757271 tempest-BulkNetworkOpsIpV6Test-1021757271-project] Publish callbacks ['neutron.plugins.ml2.plugin.SecurityGroupServerNotifierRpcMixin._notify_sg_on_port_change-1712215', 'neutron.plugins.ml2.ovo_rpc._ObjectChangeHandler.handle_event-920979', 'neutron.api.rpc.agentnotifiers.dhcp_rpc_agent_api.DhcpAgentNotifyAPI._native_event_send_dhcp_notification-600682', 'neutron.db.l3_dvrscheduler_db._notify_l3_agent_new_port-8744771670613', 'neutron.services.segments.plugin.NovaSegmentNotifier._notify_port_created_or_deleted-30789060'] for port, after_create {{(pid=101966) _notify_loop /usr/local/lib/python3.8/dist-packages/neutron_lib/callbacks/manager.py:175}}
Nov 05 09:15:43.659181 dv-neutron-786478-22-hyperv neutron-server[101968]: DEBUG neutron.db.l3_dvrscheduler_db [None req-a05cab7a-5731-4164-b0ae-9897971bc39f None None] Routers {'824e95a5-090d-4839-a3ca-47032fdb416b'} bound to L3 agent in host dv-neutron-786478-22-hyperv {{(pid=101968) _get_router_ids_for_agent /opt/stack/neutron/neutron/db/l3_dvrscheduler_db.py:420}}
Nov 05 09:15:43.659828 dv-neutron-786478-22-hyperv neutron-server[101968]: DEBUG neutron.db.l3_hamode_db [None req-a05cab7a-5731-4164-b0ae-9897971bc39f None None] neutron.services.l3_router.l3_router_plugin.L3RouterPlugin method get_ha_sync_data_for_host called with arguments (, 'dv-neutron-786478-22-hyperv', Agent(admin_state_up=True,agent_type='L3 agent',availability_zone='nova',binary='neutron-l3-agent',configurations={"agent_mode": "legacy", "ex_gw_ports": 4, "extensions": [], "floating_ips": 0, "handle_internal_only_routers": true, "interface_driver": "openvswitch", "interfaces": 4, "log_agent_heartbeats": false, "routers": 5},created_at=2021-11-05T09:07:33Z,description=,heartbeat_timestamp=2021-11-05T09:15:33Z,host='dv-neutron-786478-22-hyperv',id=9479633f-a254-4062-baec-d5cd1e1c2f2d,load=0,resource_versions=,resources_synced=,started_at=2021-11-05T09:07:33Z,topic='l3_agent')) {'router_ids': ['824e95a5-090d-4839-a3ca-47032fdb416b'], 'active': True} {{(pid=101968) wrapper /usr/local/lib/python3.8/dist-packages/oslo_log/helpers.py:65}}
Nov 05 09:15:43.672680 dv-neutron-786478-22-hyperv neutron-server[101968]: DEBUG neutron.api.rpc.handlers.dhcp_rpc [None req-8376a4b6-0ca5-4ee2-bb14-2ec20eff3ffa None None] Network 3f95f6b5-8c48-4b9a-9df2-fb0cbd45ca89 requested from dv-neutron-786478-22-hyperv {{(pid=101968) get_network_info /opt/stack/neutron/neutron/api/rpc/handlers/dhcp_rpc.py:218}}
Nov 05 09:15:43.746195 dv-neutron-786478-22-hyperv neutron-server[101967]: DEBUG neutron_lib.callbacks.manager [req-a8ccfaf7-adc4-419b-966b-47003084fea1 req-869b45f0-8faf-4907-b48b-b4f2c028fe12 service neutron] Publish callbacks ['neutron.plugins.ml2.plugin.SecurityGroupDbMixin._ensure_default_security_group_handler-1712354'] for port, before_update {{(pid=101967) _notify_loop /usr/local/lib/python3.8/dist-packages/neutron_lib/callbacks/manager.py:175}}
Nov 05 09:15:43.775654 dv-neutron-786478-22-hyperv neutron-server[101968]: DEBUG neutron.api.rpc.handlers.dhcp_rpc [None req-2e18c743-7cb8-4148-ab0a-5242c7453f09 None None] Create dhcp port {'port': {'name': '', 'admin_state_up': True, 'device_id': 'dhcpa59e26c2-f5df-58fb-9a12-de12ed3100d5-1f22c718-a492-46d2-928e-ee33688a4914', 'network_id': '1f22c718-a492-46d2-928e-ee33688a4914', 'tenant_id': 'a30e29d8c91344c894c726627dfb7ded', 'fixed_ips': [{'subnet_id': '44144045-21ed-4cf6-8f66-5bf208273da8'}]}} from dv-neutron-786478-22-hyperv. {{(pid=101968) create_dhcp_port /opt/stack/neutron/neutron/api/rpc/handlers/dhcp_rpc.py:285}}
Nov 05 09:15:43.776843 dv-neutron-786478-22-hyperv neutron-server[101968]: DEBUG neutron_lib.callbacks.manager [None req-2e18c743-7cb8-4148-ab0a-5242c7453f09 None None] Publish callbacks ['neutron.plugins.ml2.plugin.SecurityGroupDbMixin._ensure_default_security_group_handler-1712354'] for port, before_create {{(pid=101968) _notify_loop /usr/local/lib/python3.8/dist-packages/neutron_lib/callbacks/manager.py:175}}
Nov 05 09:15:43.800042 dv-neutron-786478-22-hyperv neutron-server[101967]: INFO neutron.wsgi [req-b7afa029-b5eb-48de-bb98-20b7aab3ebb0 req-b29f08c7-1386-4a5e-9c18-ebb7173a1b7b tempest-ServerActionsTestJSON-545001804 tempest-ServerActionsTestJSON-545001804-project] 10.222.0.10 "GET /v2.0/security-groups?fields=id&fields=name&tenant_id=35debe534b3a4e9cad4941c6a38b2b86 HTTP/1.1" status: 200 len: 380 time: 0.2979889
Nov 05 09:15:43.804254 dv-neutron-786478-22-hyperv neutron-server[101968]: DEBUG neutron.db.l3_hamode_db [None req-a05cab7a-5731-4164-b0ae-9897971bc39f None None] neutron.services.l3_router.l3_router_plugin.L3RouterPlugin method _process_sync_ha_data called with arguments (, [], 'dv-neutron-786478-22-hyperv', False) {} {{(pid=101968) wrapper /usr/local/lib/python3.8/dist-packages/oslo_log/helpers.py:65}}
Nov 05 09:15:43.823609 dv-neutron-786478-22-hyperv neutron-server[101966]: DEBUG neutron.plugins.ml2.drivers.helpers [None req-3f2feb06-a405-4823-bb2c-041bd49c3cc2 tempest-NetworksIpV6Test-53594048 tempest-NetworksIpV6Test-53594048-project] vlan segment allocate from pool success with {'vlan_id': 1075, 'physical_network': 'physnet1'} {{(pid=101966) allocate_partially_specified_segment /opt/stack/neutron/neutron/plugins/ml2/drivers/helpers.py:153}}
Nov 05 09:15:43.843343 dv-neutron-786478-22-hyperv neutron-server[101966]: DEBUG neutron_lib.callbacks.manager [None req-e1372dc5-cd4e-43ea-a09b-114ed286c121 tempest-RoutersAdminTest-1344708763 tempest-RoutersAdminTest-1344708763-project] Publish callbacks [] for router, before_response {{(pid=101966) _notify_loop /usr/local/lib/python3.8/dist-packages/neutron_lib/callbacks/manager.py:175}}
Nov 05 09:15:43.851788 dv-neutron-786478-22-hyperv neutron-server[101966]: INFO neutron.wsgi [None req-e1372dc5-cd4e-43ea-a09b-114ed286c121 tempest-RoutersAdminTest-1344708763 tempest-RoutersAdminTest-1344708763-project] 10.222.0.46 "POST /v2.0/routers HTTP/1.1" status: 201 len: 883 time: 7.9930403
Nov 05 09:15:43.862628 dv-neutron-786478-22-hyperv neutron-server[101967]: DEBUG neutron.wsgi [-] (101967) accepted ('10.222.0.46', 35342) {{(pid=101967) server /usr/local/lib/python3.8/dist-packages/eventlet/wsgi.py:982}}
Nov 05 09:15:43.876184 dv-neutron-786478-22-hyperv neutron-server[101967]: DEBUG neutron.api.v2.base [req-b7afa029-b5eb-48de-bb98-20b7aab3ebb0 req-e5c7ccdc-e699-41cf-9fc6-814e0b53232c tempest-ServerActionsTestJSON-545001804 tempest-ServerActionsTestJSON-545001804-project] Request body: {'port': {'device_id': '613a8546-2324-49e7-93c9-86f53e336e4a', 'network_id': '0ab0a952-4cc6-461d-83b3-0332fe2be34b', 'admin_state_up': True, 'tenant_id': '35debe534b3a4e9cad4941c6a38b2b86', 'security_groups': ['b979458b-24ee-492a-949c-e86bfd4ae2f2']}} {{(pid=101967) prepare_request_body /opt/stack/neutron/neutron/api/v2/base.py:729}}
Nov 05 09:15:43.916486 dv-neutron-786478-22-hyperv neutron-server[101966]: DEBUG neutron.wsgi [-] (101966) accepted ('10.222.0.10', 53179) {{(pid=101966) server /usr/local/lib/python3.8/dist-packages/eventlet/wsgi.py:982}}
Nov 05 09:15:43.917319 dv-neutron-786478-22-hyperv neutron-server[101966]: DEBUG neutron.api.rpc.handlers.resources_rpc [None req-e0f068bc-f36f-4916-9e0b-048d9f8c793e tempest-BulkNetworkOpsIpV6Test-1021757271 tempest-BulkNetworkOpsIpV6Test-1021757271-project] Pushing event updated for resources: {'Port': ['ID=1934ee42-3e8f-472d-9885-125180467148,revision_number=1']} {{(pid=101966) push /opt/stack/neutron/neutron/api/rpc/handlers/resources_rpc.py:237}}
Nov 05 09:15:43.940796 dv-neutron-786478-22-hyperv neutron-server[101968]: DEBUG neutron.db.l3_dvrscheduler_db [None req-a05cab7a-5731-4164-b0ae-9897971bc39f None None] Routers {'824e95a5-090d-4839-a3ca-47032fdb416b'} bound to L3 agent in host dv-neutron-786478-22-hyperv {{(pid=101968) _get_router_ids_for_agent /opt/stack/neutron/neutron/db/l3_dvrscheduler_db.py:420}}
Nov 05 09:15:43.942341 dv-neutron-786478-22-hyperv neutron-server[101968]: DEBUG neutron.db.l3_hamode_db [None req-a05cab7a-5731-4164-b0ae-9897971bc39f None None] neutron.services.l3_router.l3_router_plugin.L3RouterPlugin method get_ha_sync_data_for_host called with arguments (, 'dv-neutron-786478-22-hyperv', Agent(admin_state_up=True,agent_type='L3 agent',availability_zone='nova',binary='neutron-l3-agent',configurations={"agent_mode": "legacy", "ex_gw_ports": 4, "extensions": [], "floating_ips": 0, "handle_internal_only_routers": true, "interface_driver": "openvswitch", "interfaces": 4, "log_agent_heartbeats": false, "routers": 5},created_at=2021-11-05T09:07:33Z,description=,heartbeat_timestamp=2021-11-05T09:15:33Z,host='dv-neutron-786478-22-hyperv',id=9479633f-a254-4062-baec-d5cd1e1c2f2d,load=0,resource_versions=,resources_synced=,started_at=2021-11-05T09:07:33Z,topic='l3_agent')) {'router_ids': ['824e95a5-090d-4839-a3ca-47032fdb416b'], 'active': True} {{(pid=101968) wrapper /usr/local/lib/python3.8/dist-packages/oslo_log/helpers.py:65}}
Nov 05 09:15:44.036243 dv-neutron-786478-22-hyperv neutron-server[101968]: DEBUG neutron.db.l3_hamode_db [None req-a05cab7a-5731-4164-b0ae-9897971bc39f None None] neutron.services.l3_router.l3_router_plugin.L3RouterPlugin method _process_sync_ha_data called with arguments (, [], 'dv-neutron-786478-22-hyperv', False) {} {{(pid=101968) wrapper /usr/local/lib/python3.8/dist-packages/oslo_log/helpers.py:65}}
Nov 05 09:15:44.048952 dv-neutron-786478-22-hyperv neutron-server[101968]: DEBUG neutron.api.rpc.handlers.l3_rpc [None req-a05cab7a-5731-4164-b0ae-9897971bc39f None None] The sync data for ids ['824e95a5-090d-4839-a3ca-47032fdb416b'] in dv-neutron-786478-22-hyperv is: [] {{(pid=101968) sync_routers /opt/stack/neutron/neutron/api/rpc/handlers/l3_rpc.py:137}}
Nov 05 09:15:44.091625 dv-neutron-786478-22-hyperv neutron-server[101967]: DEBUG neutron.wsgi [-] (101967) accepted ('10.222.0.46', 35348) {{(pid=101967) server /usr/local/lib/python3.8/dist-packages/eventlet/wsgi.py:982}}
Nov 05 09:15:44.096975 dv-neutron-786478-22-hyperv neutron-server[101966]: DEBUG neutron_lib.callbacks.manager [None req-3f2feb06-a405-4823-bb2c-041bd49c3cc2 tempest-NetworksIpV6Test-53594048 tempest-NetworksIpV6Test-53594048-project] Publish callbacks ['neutron.plugins.ml2.plugin.Ml2Plugin._handle_segment_change-1604192'] for segment, precommit_create {{(pid=101966) _notify_loop /usr/local/lib/python3.8/dist-packages/neutron_lib/callbacks/manager.py:175}}
Nov 05 09:15:44.097420 dv-neutron-786478-22-hyperv neutron-server[101966]: INFO neutron.db.segments_db [None req-3f2feb06-a405-4823-bb2c-041bd49c3cc2 tempest-NetworksIpV6Test-53594048 tempest-NetworksIpV6Test-53594048-project] Added segment abfed969-f77b-43e0-93d9-e9f6e9492ba3 of type vlan for network 4cc143d6-b982-4708-8ad6-4bef99466db7
Nov 05 09:15:44.101604 dv-neutron-786478-22-hyperv neutron-server[101967]: INFO neutron.wsgi [req-adb770bf-c2af-4c4b-8a5d-fe389d44bb74 req-d396cde5-a755-41b2-b281-253bae7681ed tempest-ServersTestJSON-598252997 tempest-ServersTestJSON-598252997-project] 10.222.0.46 "GET /v2.0/ports?device_id=1f59ef2e-4e48-4663-a287-34f4b11d9745 HTTP/1.1" status: 200 len: 210 time: 0.2413578
Nov 05 09:15:44.284364 dv-neutron-786478-22-hyperv neutron-server[101966]: DEBUG neutron.pecan_wsgi.hooks.policy_enforcement [req-269a49ff-44a6-4bd2-a008-d8c00f17b3cc req-78756661-641f-4be6-ad3c-02494235dfad tempest-ServersTestManualDisk-1024115840 tempest-ServersTestManualDisk-1024115840-project] Attributes excluded by policy engine: ['standard_attr_id', 'binding:profile', 'binding:host_id', 'binding:vif_type', 'binding:vif_details'] {{(pid=101966) _exclude_attributes_by_policy /opt/stack/neutron/neutron/pecan_wsgi/hooks/policy_enforcement.py:255}}
Nov 05 09:15:44.299404 dv-neutron-786478-22-hyperv neutron-server[101966]: INFO neutron.wsgi [req-269a49ff-44a6-4bd2-a008-d8c00f17b3cc req-78756661-641f-4be6-ad3c-02494235dfad tempest-ServersTestManualDisk-1024115840 tempest-ServersTestManualDisk-1024115840-project] 10.222.0.46 "GET /v2.0/ports?device_id=a4339bba-8410-4ae2-aeb5-213b52e57354 HTTP/1.1" status: 200 len: 932 time: 0.3698468
Nov 05 09:15:44.331006 dv-neutron-786478-22-hyperv neutron-server[101968]: DEBUG neutron.db.db_base_plugin_common [None req-2e18c743-7cb8-4148-ab0a-5242c7453f09 None None] Allocated IP 2001:db8:0:ffff::2 (1f22c718-a492-46d2-928e-ee33688a4914/44144045-21ed-4cf6-8f66-5bf208273da8/6f98c8c2-5c67-46db-8df0-40a8a1b91610) {{(pid=101968) _store_ip_allocation /opt/stack/neutron/neutron/db/db_base_plugin_common.py:131}}
Nov 05 09:15:44.463942 dv-neutron-786478-22-hyperv neutron-server[101966]: DEBUG neutron.plugins.ml2.drivers.mech_agent [None req-e0f068bc-f36f-4916-9e0b-048d9f8c793e tempest-BulkNetworkOpsIpV6Test-1021757271 tempest-BulkNetworkOpsIpV6Test-1021757271-project] Checking segment: {'id': '4207029f-334b-4ec7-8e77-1912415fe1bd', 'network_type': 'vlan', 'physical_network': 'physnet1', 'segmentation_id': 1097, 'network_id': 'f4e60f23-7272-4b71-98c0-f8806226f2dd'} for mappings: {'physnet1': 'br-data'} with network types: ['local', 'flat', 'vlan'] {{(pid=101966) check_segment_for_agent /opt/stack/neutron/neutron/plugins/ml2/drivers/mech_agent.py:371}}
Nov 05 09:15:44.466547 dv-neutron-786478-22-hyperv neutron-server[101966]: DEBUG neutron.scheduler.dhcp_agent_scheduler [None req-e0f068bc-f36f-4916-9e0b-048d9f8c793e tempest-BulkNetworkOpsIpV6Test-1021757271 tempest-BulkNetworkOpsIpV6Test-1021757271-project] Network hostable DHCP agents. Network: f4e60f23-7272-4b71-98c0-f8806226f2dd, hostable agents: ['86893764-1e04-4596-8f39-28996ec179e1'], hosted agents: [] {{(pid=101966) _get_network_hostable_dhcp_agents /opt/stack/neutron/neutron/scheduler/dhcp_agent_scheduler.py:329}}
Nov 05 09:15:44.501225 dv-neutron-786478-22-hyperv neutron-server[101966]: DEBUG neutron_lib.callbacks.manager [None req-3f2feb06-a405-4823-bb2c-041bd49c3cc2 tempest-NetworksIpV6Test-53594048 tempest-NetworksIpV6Test-53594048-project] Publish callbacks ['neutron.services.auto_allocate.db._ensure_external_network_default_value_callback-8744771625391'] for network, precommit_create {{(pid=101966) _notify_loop /usr/local/lib/python3.8/dist-packages/neutron_lib/callbacks/manager.py:175}}
