Oct 15 14:30:51.540570 dv-neutron-786478-21-hyperv devstack@n-api.service[106453]: DEBUG oslo_concurrency.lockutils [None req-ace0a35a-a8c3-40fd-acd9-110f2f1cac67 None None] Lock "0c059f10-0865-4132-b2b6-7c4d657b41e2" acquired by "nova.context.set_target_cell..get_or_set_cached_cell_and_set_connections" :: waited 0.000s {{(pid=106453) inner /usr/local/lib/python3.8/dist-packages/oslo_concurrency/lockutils.py:355}}
Oct 15 14:30:51.541551 dv-neutron-786478-21-hyperv devstack@n-api.service[106452]: DEBUG oslo_concurrency.lockutils [None req-973c0963-8c83-4e64-a6b2-b93bbf22d05a None None] Lock "00000000-0000-0000-0000-000000000000" acquired by "nova.context.set_target_cell..get_or_set_cached_cell_and_set_connections" :: waited 0.000s {{(pid=106452) inner /usr/local/lib/python3.8/dist-packages/oslo_concurrency/lockutils.py:355}}
Oct 15 14:30:51.542495 dv-neutron-786478-21-hyperv devstack@n-api.service[106453]: DEBUG oslo_concurrency.lockutils [None req-ace0a35a-a8c3-40fd-acd9-110f2f1cac67 None None] Lock "0c059f10-0865-4132-b2b6-7c4d657b41e2" released by "nova.context.set_target_cell..get_or_set_cached_cell_and_set_connections" :: held 0.002s {{(pid=106453) inner /usr/local/lib/python3.8/dist-packages/oslo_concurrency/lockutils.py:367}}
Oct 15 14:30:51.543133 dv-neutron-786478-21-hyperv devstack@n-api.service[106452]: DEBUG oslo_concurrency.lockutils [None req-973c0963-8c83-4e64-a6b2-b93bbf22d05a None None] Lock "00000000-0000-0000-0000-000000000000" released by "nova.context.set_target_cell..get_or_set_cached_cell_and_set_connections" :: held 0.002s {{(pid=106452) inner /usr/local/lib/python3.8/dist-packages/oslo_concurrency/lockutils.py:367}}
Oct 15 14:30:51.543933 dv-neutron-786478-21-hyperv devstack@n-api.service[106452]: DEBUG oslo_concurrency.lockutils [None req-973c0963-8c83-4e64-a6b2-b93bbf22d05a None None] Lock "0c059f10-0865-4132-b2b6-7c4d657b41e2" acquired by "nova.context.set_target_cell..get_or_set_cached_cell_and_set_connections" :: waited 0.000s {{(pid=106452) inner /usr/local/lib/python3.8/dist-packages/oslo_concurrency/lockutils.py:355}}
Oct 15 14:30:51.545896 dv-neutron-786478-21-hyperv devstack@n-api.service[106452]: DEBUG oslo_concurrency.lockutils [None req-973c0963-8c83-4e64-a6b2-b93bbf22d05a None None] Lock "0c059f10-0865-4132-b2b6-7c4d657b41e2" released by "nova.context.set_target_cell..get_or_set_cached_cell_and_set_connections" :: held 0.002s {{(pid=106452) inner /usr/local/lib/python3.8/dist-packages/oslo_concurrency/lockutils.py:367}}
Oct 15 14:30:51.553098 dv-neutron-786478-21-hyperv devstack@n-api.service[106453]: DEBUG oslo_db.sqlalchemy.engines [None req-ace0a35a-a8c3-40fd-acd9-110f2f1cac67 None None] MySQL server mode set to STRICT_TRANS_TABLES,STRICT_ALL_TABLES,NO_ZERO_IN_DATE,NO_ZERO_DATE,ERROR_FOR_DIVISION_BY_ZERO,TRADITIONAL,NO_ENGINE_SUBSTITUTION {{(pid=106453) _check_effective_sql_mode /usr/local/lib/python3.8/dist-packages/oslo_db/sqlalchemy/engines.py:314}}
Oct 15 14:30:51.555616 dv-neutron-786478-21-hyperv devstack@n-api.service[106453]: DEBUG oslo_db.sqlalchemy.engines [None req-ace0a35a-a8c3-40fd-acd9-110f2f1cac67 None None] MySQL server mode set to STRICT_TRANS_TABLES,STRICT_ALL_TABLES,NO_ZERO_IN_DATE,NO_ZERO_DATE,ERROR_FOR_DIVISION_BY_ZERO,TRADITIONAL,NO_ENGINE_SUBSTITUTION {{(pid=106453) _check_effective_sql_mode /usr/local/lib/python3.8/dist-packages/oslo_db/sqlalchemy/engines.py:314}}
Oct 15 14:30:51.559714 dv-neutron-786478-21-hyperv devstack@n-api.service[106452]: DEBUG oslo_db.sqlalchemy.engines [None req-973c0963-8c83-4e64-a6b2-b93bbf22d05a None None] MySQL server mode set to STRICT_TRANS_TABLES,STRICT_ALL_TABLES,NO_ZERO_IN_DATE,NO_ZERO_DATE,ERROR_FOR_DIVISION_BY_ZERO,TRADITIONAL,NO_ENGINE_SUBSTITUTION {{(pid=106452) _check_effective_sql_mode /usr/local/lib/python3.8/dist-packages/oslo_db/sqlalchemy/engines.py:314}}
Oct 15 14:30:51.564385 dv-neutron-786478-21-hyperv devstack@n-api.service[106452]: DEBUG oslo_db.sqlalchemy.engines [None req-973c0963-8c83-4e64-a6b2-b93bbf22d05a None None] MySQL server mode set to STRICT_TRANS_TABLES,STRICT_ALL_TABLES,NO_ZERO_IN_DATE,NO_ZERO_DATE,ERROR_FOR_DIVISION_BY_ZERO,TRADITIONAL,NO_ENGINE_SUBSTITUTION {{(pid=106452) _check_effective_sql_mode /usr/local/lib/python3.8/dist-packages/oslo_db/sqlalchemy/engines.py:314}}
Oct 15 14:30:51.815375 dv-neutron-786478-21-hyperv devstack@n-api.service[106453]: DEBUG oslo_db.sqlalchemy.engines [None req-ace0a35a-a8c3-40fd-acd9-110f2f1cac67 None None] MySQL server mode set to STRICT_TRANS_TABLES,STRICT_ALL_TABLES,NO_ZERO_IN_DATE,NO_ZERO_DATE,ERROR_FOR_DIVISION_BY_ZERO,TRADITIONAL,NO_ENGINE_SUBSTITUTION {{(pid=106453) _check_effective_sql_mode /usr/local/lib/python3.8/dist-packages/oslo_db/sqlalchemy/engines.py:314}}
Oct 15 14:30:51.821176 dv-neutron-786478-21-hyperv devstack@n-api.service[106452]: DEBUG oslo_db.sqlalchemy.engines [None req-973c0963-8c83-4e64-a6b2-b93bbf22d05a None None] MySQL server mode set to STRICT_TRANS_TABLES,STRICT_ALL_TABLES,NO_ZERO_IN_DATE,NO_ZERO_DATE,ERROR_FOR_DIVISION_BY_ZERO,TRADITIONAL,NO_ENGINE_SUBSTITUTION {{(pid=106452) _check_effective_sql_mode /usr/local/lib/python3.8/dist-packages/oslo_db/sqlalchemy/engines.py:314}}
Oct 15 14:30:52.159515 dv-neutron-786478-21-hyperv devstack@n-api.service[106453]: WARNING keystonemiddleware.auth_token [None req-ace0a35a-a8c3-40fd-acd9-110f2f1cac67 None None] AuthToken middleware is set with keystone_authtoken.service_token_roles_required set to False. This is backwards compatible but deprecated behaviour. Please set this to True.
Oct 15 14:30:52.161123 dv-neutron-786478-21-hyperv devstack@n-api.service[106452]: WARNING keystonemiddleware.auth_token [None req-973c0963-8c83-4e64-a6b2-b93bbf22d05a None None] AuthToken middleware is set with keystone_authtoken.service_token_roles_required set to False. This is backwards compatible but deprecated behaviour. Please set this to True.
Oct 15 14:30:52.165966 dv-neutron-786478-21-hyperv devstack@n-api.service[106453]: WARNING keystonemiddleware.auth_token [None req-ace0a35a-a8c3-40fd-acd9-110f2f1cac67 None None] Configuring www_authenticate_uri to point to the public identity endpoint is required; clients may not be able to authenticate against an admin endpoint
Oct 15 14:30:52.167608 dv-neutron-786478-21-hyperv devstack@n-api.service[106452]: WARNING keystonemiddleware.auth_token [None req-973c0963-8c83-4e64-a6b2-b93bbf22d05a None None] Configuring www_authenticate_uri to point to the public identity endpoint is required; clients may not be able to authenticate against an admin endpoint
Oct 15 14:30:52.510097 dv-neutron-786478-21-hyperv devstack@n-api.service[106453]: WARNING keystonemiddleware.auth_token [None req-ace0a35a-a8c3-40fd-acd9-110f2f1cac67 None None] AuthToken middleware is set with keystone_authtoken.service_token_roles_required set to False. This is backwards compatible but deprecated behaviour. Please set this to True.
Oct 15 14:30:52.515322 dv-neutron-786478-21-hyperv devstack@n-api.service[106453]: WARNING keystonemiddleware.auth_token [None req-ace0a35a-a8c3-40fd-acd9-110f2f1cac67 None None] Configuring www_authenticate_uri to point to the public identity endpoint is required; clients may not be able to authenticate against an admin endpoint
Oct 15 14:30:52.518740 dv-neutron-786478-21-hyperv devstack@n-api.service[106452]: WARNING keystonemiddleware.auth_token [None req-973c0963-8c83-4e64-a6b2-b93bbf22d05a None None] AuthToken middleware is set with keystone_authtoken.service_token_roles_required set to False. This is backwards compatible but deprecated behaviour. Please set this to True.
Oct 15 14:30:52.521331 dv-neutron-786478-21-hyperv devstack@n-api.service[106453]: WSGI app 0 (mountpoint='') ready in 6 seconds on interpreter 0x5617da2ff9c0 pid: 106453 (default app)
Oct 15 14:30:52.523418 dv-neutron-786478-21-hyperv devstack@n-api.service[106453]: DEBUG nova.api.openstack.wsgi [None req-ace0a35a-a8c3-40fd-acd9-110f2f1cac67 None None] Calling method '>' {{(pid=106453) _process_stack /opt/stack/nova/nova/api/openstack/wsgi.py:513}}
Oct 15 14:30:52.523946 dv-neutron-786478-21-hyperv devstack@n-api.service[106452]: WARNING keystonemiddleware.auth_token [None req-973c0963-8c83-4e64-a6b2-b93bbf22d05a None None] Configuring www_authenticate_uri to point to the public identity endpoint is required; clients may not be able to authenticate against an admin endpoint
Oct 15 14:30:52.524581 dv-neutron-786478-21-hyperv devstack@n-api.service[106453]: INFO nova.api.openstack.requestlog [None req-ace0a35a-a8c3-40fd-acd9-110f2f1cac67 None None] 10.222.0.30 "GET /compute/v2.1/" status: 200 len: 388 microversion: 2.1 time: 0.001739
Oct 15 14:30:52.524992 dv-neutron-786478-21-hyperv devstack@n-api.service[106453]: [pid: 106453|app: 0|req: 1/1] 10.222.0.30 () {50 vars in 788 bytes} [Fri Oct 15 14:30:52 2021] GET /compute/v2.1/ => generated 388 bytes in 3 msecs (HTTP/1.1 200) 9 headers in 357 bytes (1 switches on core 0)
Oct 15 14:30:52.530544 dv-neutron-786478-21-hyperv devstack@n-api.service[106452]: WSGI app 0 (mountpoint='') ready in 6 seconds on interpreter 0x5617da2ff9c0 pid: 106452 (default app)
Oct 15 14:32:13.770439 dv-neutron-786478-21-hyperv devstack@n-api.service[106453]: DEBUG nova.api.openstack.wsgi [None req-ace0a35a-a8c3-40fd-acd9-110f2f1cac67 None None] Calling method '>' {{(pid=106453) _process_stack /opt/stack/nova/nova/api/openstack/wsgi.py:513}}
Oct 15 14:32:13.771515 dv-neutron-786478-21-hyperv devstack@n-api.service[106453]: INFO nova.api.openstack.requestlog [None req-ace0a35a-a8c3-40fd-acd9-110f2f1cac67 None None] 10.222.0.30 "GET /compute/v2.1" status: 200 len: 388 microversion: 2.1 time: 0.001423
Oct 15 14:32:13.772058 dv-neutron-786478-21-hyperv devstack@n-api.service[106453]: [pid: 106453|app: 0|req: 2/2] 10.222.0.30 () {54 vars in 930 bytes} [Fri Oct 15 14:32:13 2021] GET /compute/v2.1 => generated 388 bytes in 2 msecs (HTTP/1.1 200) 9 headers in 357 bytes (2 switches on core 0)
Oct 15 14:32:14.212545 dv-neutron-786478-21-hyperv devstack@n-api.service[106452]: DEBUG nova.api.openstack.wsgi [None req-1ad33295-0a6a-4964-8e79-4dd8131b3922 admin admin] Calling method '>' {{(pid=106452) _process_stack /opt/stack/nova/nova/api/openstack/wsgi.py:513}}
Oct 15 14:32:14.242415 dv-neutron-786478-21-hyperv devstack@n-api.service[106452]: INFO nova.api.openstack.requestlog [None req-1ad33295-0a6a-4964-8e79-4dd8131b3922 admin admin] 10.222.0.30 "GET /compute/v2.1/flavors/detail?is_public=True" status: 200 len: 15 microversion: 2.61 time: 0.462735
Oct 15 14:32:14.243173 dv-neutron-786478-21-hyperv devstack@n-api.service[106452]: [pid: 106452|app: 0|req: 1/3] 10.222.0.30 () {60 vars in 1291 bytes} [Fri Oct 15 14:32:13 2021] GET /compute/v2.1/flavors/detail?is_public=True => generated 15 bytes in 465 msecs (HTTP/1.1 200) 9 headers in 358 bytes (1 switches on core 0)
Oct 15 14:32:16.602147 dv-neutron-786478-21-hyperv devstack@n-api.service[106453]: DEBUG nova.api.openstack.wsgi [None req-ace0a35a-a8c3-40fd-acd9-110f2f1cac67 None None] Calling method '>' {{(pid=106453) _process_stack /opt/stack/nova/nova/api/openstack/wsgi.py:513}}
Oct 15 14:32:16.603207 dv-neutron-786478-21-hyperv devstack@n-api.service[106453]: INFO nova.api.openstack.requestlog [None req-ace0a35a-a8c3-40fd-acd9-110f2f1cac67 None None] 10.222.0.30 "GET /compute/v2.1" status: 200 len: 388 microversion: 2.1 time: 0.001426
Oct 15 14:32:16.604072 dv-neutron-786478-21-hyperv devstack@n-api.service[106453]: [pid: 106453|app: 0|req: 3/4] 10.222.0.30 () {54 vars in 930 bytes} [Fri Oct 15 14:32:16 2021] GET /compute/v2.1 => generated 388 bytes in 2 msecs (HTTP/1.1 200) 9 headers in 357 bytes (1 switches on core 0)
Oct 15 14:32:16.672293 dv-neutron-786478-21-hyperv devstack@n-api.service[106452]: DEBUG nova.api.openstack.wsgi [None req-2a21c879-8d95-4e8f-9652-e3357a7928de admin admin] Action: 'create', calling method: >, body: {"flavor": {"OS-FLV-EXT-DATA:ephemeral": 0, "id": "c1", "os-flavor-access:is_public": true, "name": "cirros256", "rxtx_factor": 1.0, "ram": 256, "swap": 0, "vcpus": 1, "disk": 1}} {{(pid=106452) _process_stack /opt/stack/nova/nova/api/openstack/wsgi.py:511}}
Oct 15 14:32:16.691697 dv-neutron-786478-21-hyperv devstack@n-api.service[106452]: /usr/local/lib/python3.8/dist-packages/oslo_policy/policy.py:1064: UserWarning: Policy os_compute_api:os-flavor-manage:create failed scope check. The token used to make the request was project scoped but the policy requires ['system'] scope. This behavior may change in the future where using the intended scope is required
Oct 15 14:32:16.691697 dv-neutron-786478-21-hyperv devstack@n-api.service[106452]: warnings.warn(msg)
Oct 15 14:32:16.724576 dv-neutron-786478-21-hyperv devstack@n-api.service[106452]: INFO nova.api.openstack.requestlog [None req-2a21c879-8d95-4e8f-9652-e3357a7928de admin admin] 10.222.0.30 "POST /compute/v2.1/flavors" status: 200 len: 407 microversion: 2.61 time: 0.113038
Oct 15 14:32:16.733302 dv-neutron-786478-21-hyperv devstack@n-api.service[106452]: [pid: 106452|app: 0|req: 2/5] 10.222.0.30 () {64 vars in 1282 bytes} [Fri Oct 15 14:32:16 2021] POST /compute/v2.1/flavors => generated 407 bytes in 121 msecs (HTTP/1.1 200) 9 headers in 359 bytes (2 switches on core 0)
Oct 15 14:32:16.974798 dv-neutron-786478-21-hyperv devstack@n-api.service[106453]: DEBUG nova.api.openstack.wsgi [None req-31cde7c3-dedf-4d43-9c35-98af70c91dbe admin admin] Action: 'create', calling method: >, body: {"extra_specs": {"hw_rng:allowed": "True"}} {{(pid=106453) _process_stack /opt/stack/nova/nova/api/openstack/wsgi.py:511}}
Oct 15 14:32:16.977272 dv-neutron-786478-21-hyperv devstack@n-api.service[106453]: /usr/local/lib/python3.8/dist-packages/oslo_policy/policy.py:1064: UserWarning: Policy os_compute_api:os-flavor-extra-specs:create failed scope check. The token used to make the request was project scoped but the policy requires ['system'] scope. This behavior may change in the future where using the intended scope is required
Oct 15 14:32:16.977272 dv-neutron-786478-21-hyperv devstack@n-api.service[106453]: warnings.warn(msg)
Oct 15 14:32:17.031119 dv-neutron-786478-21-hyperv devstack@n-api.service[106453]: INFO nova.api.openstack.requestlog [None req-31cde7c3-dedf-4d43-9c35-98af70c91dbe admin admin] 10.222.0.30 "POST /compute/v2.1/flavors/c1/os-extra_specs" status: 200 len: 43 microversion: 2.61 time: 0.296470
Oct 15 14:32:17.032278 dv-neutron-786478-21-hyperv devstack@n-api.service[106453]: [pid: 106453|app: 0|req: 4/6] 10.222.0.30 () {64 vars in 1335 bytes} [Fri Oct 15 14:32:16 2021] POST /compute/v2.1/flavors/c1/os-extra_specs => generated 43 bytes in 298 msecs (HTTP/1.1 200) 9 headers in 358 bytes (1 switches on core 0)
Oct 15 14:32:19.383583 dv-neutron-786478-21-hyperv devstack@n-api.service[106452]: DEBUG nova.api.openstack.wsgi [None req-2a21c879-8d95-4e8f-9652-e3357a7928de admin admin] Calling method '>' {{(pid=106452) _process_stack /opt/stack/nova/nova/api/openstack/wsgi.py:513}}
Oct 15 14:32:19.384586 dv-neutron-786478-21-hyperv devstack@n-api.service[106452]: INFO nova.api.openstack.requestlog [None req-2a21c879-8d95-4e8f-9652-e3357a7928de admin admin] 10.222.0.30 "GET /compute/v2.1" status: 200 len: 388 microversion: 2.1 time: 0.001582
Oct 15 14:32:19.384985 dv-neutron-786478-21-hyperv devstack@n-api.service[106452]: [pid: 106452|app: 0|req: 3/7] 10.222.0.30 () {54 vars in 930 bytes} [Fri Oct 15 14:32:19 2021] GET /compute/v2.1 => generated 388 bytes in 2 msecs (HTTP/1.1 200) 9 headers in 357 bytes (1 switches on core 0)
Oct 15 14:32:19.502189 dv-neutron-786478-21-hyperv devstack@n-api.service[106453]: DEBUG nova.api.openstack.wsgi [None req-cb8b820f-3f7c-46c5-910d-b9d3b29ce819 admin admin] Action: 'create', calling method: >, body: {"flavor": {"disk": 5, "swap": 0, "ram": 512, "id": "d1", "name": "ds512M", "rxtx_factor": 1.0, "os-flavor-access:is_public": true, "vcpus": 1, "OS-FLV-EXT-DATA:ephemeral": 0}} {{(pid=106453) _process_stack /opt/stack/nova/nova/api/openstack/wsgi.py:511}}
Oct 15 14:32:19.528007 dv-neutron-786478-21-hyperv devstack@n-api.service[106453]: /usr/local/lib/python3.8/dist-packages/oslo_policy/policy.py:1064: UserWarning: Policy os_compute_api:os-flavor-manage:create failed scope check. The token used to make the request was project scoped but the policy requires ['system'] scope. This behavior may change in the future where using the intended scope is required
Oct 15 14:32:19.528007 dv-neutron-786478-21-hyperv devstack@n-api.service[106453]: warnings.warn(msg)
Oct 15 14:32:19.560427 dv-neutron-786478-21-hyperv devstack@n-api.service[106453]: INFO nova.api.openstack.requestlog [None req-cb8b820f-3f7c-46c5-910d-b9d3b29ce819 admin admin] 10.222.0.30 "POST /compute/v2.1/flavors" status: 200 len: 404 microversion: 2.61 time: 0.167651
Oct 15 14:32:19.562178 dv-neutron-786478-21-hyperv devstack@n-api.service[106453]: [pid: 106453|app: 0|req: 5/8] 10.222.0.30 () {64 vars in 1282 bytes} [Fri Oct 15 14:32:19 2021] POST /compute/v2.1/flavors => generated 404 bytes in 170 msecs (HTTP/1.1 200) 9 headers in 359 bytes (1 switches on core 0)
Oct 15 14:32:19.577730 dv-neutron-786478-21-hyperv devstack@n-api.service[106452]: DEBUG nova.api.openstack.wsgi [None req-ac2e166b-6651-46ca-9902-881121dbe893 admin admin] Action: 'create', calling method: >, body: {"extra_specs": {"hw_rng:allowed": "True"}} {{(pid=106452) _process_stack /opt/stack/nova/nova/api/openstack/wsgi.py:511}}
Oct 15 14:32:19.579330 dv-neutron-786478-21-hyperv devstack@n-api.service[106452]: /usr/local/lib/python3.8/dist-packages/oslo_policy/policy.py:1064: UserWarning: Policy os_compute_api:os-flavor-extra-specs:create failed scope check. The token used to make the request was project scoped but the policy requires ['system'] scope. This behavior may change in the future where using the intended scope is required
Oct 15 14:32:19.579330 dv-neutron-786478-21-hyperv devstack@n-api.service[106452]: warnings.warn(msg)
Oct 15 14:32:19.621359 dv-neutron-786478-21-hyperv devstack@n-api.service[106452]: INFO nova.api.openstack.requestlog [None req-ac2e166b-6651-46ca-9902-881121dbe893 admin admin] 10.222.0.30 "POST /compute/v2.1/flavors/d1/os-extra_specs" status: 200 len: 43 microversion: 2.61 time: 0.048784
Oct 15 14:32:19.622881 dv-neutron-786478-21-hyperv devstack@n-api.service[106452]: [pid: 106452|app: 0|req: 4/9] 10.222.0.30 () {64 vars in 1335 bytes} [Fri Oct 15 14:32:19 2021] POST /compute/v2.1/flavors/d1/os-extra_specs => generated 43 bytes in 51 msecs (HTTP/1.1 200) 9 headers in 358 bytes (1 switches on core 0)
Oct 15 14:32:22.135127 dv-neutron-786478-21-hyperv devstack@n-api.service[106453]: DEBUG nova.api.openstack.wsgi [None req-cb8b820f-3f7c-46c5-910d-b9d3b29ce819 admin admin] Calling method '>' {{(pid=106453) _process_stack /opt/stack/nova/nova/api/openstack/wsgi.py:513}}
Oct 15 14:32:22.137494 dv-neutron-786478-21-hyperv devstack@n-api.service[106453]: INFO nova.api.openstack.requestlog [None req-cb8b820f-3f7c-46c5-910d-b9d3b29ce819 admin admin] 10.222.0.30 "GET /compute/v2.1" status: 200 len: 388 microversion: 2.1 time: 0.003184
Oct 15 14:32:22.142920 dv-neutron-786478-21-hyperv devstack@n-api.service[106453]: [pid: 106453|app: 0|req: 6/10] 10.222.0.30 () {54 vars in 930 bytes} [Fri Oct 15 14:32:22 2021] GET /compute/v2.1 => generated 388 bytes in 9 msecs (HTTP/1.1 200) 9 headers in 357 bytes (1 switches on core 0)
Oct 15 14:32:22.243700 dv-neutron-786478-21-hyperv devstack@n-api.service[106452]: DEBUG nova.api.openstack.wsgi [None req-888bd8f6-bca4-45f1-99ca-02cf2320d25e admin admin] Action: 'create', calling method: >, body: {"flavor": {"disk": 10, "swap": 0, "rxtx_factor": 1.0, "name": "ds1G", "ram": 1024, "os-flavor-access:is_public": true, "id": "d2", "vcpus": 1, "OS-FLV-EXT-DATA:ephemeral": 0}} {{(pid=106452) _process_stack /opt/stack/nova/nova/api/openstack/wsgi.py:511}}
Oct 15 14:32:22.270800 dv-neutron-786478-21-hyperv devstack@n-api.service[106452]: INFO nova.api.openstack.requestlog [None req-888bd8f6-bca4-45f1-99ca-02cf2320d25e admin admin] 10.222.0.30 "POST /compute/v2.1/flavors" status: 200 len: 404 microversion: 2.61 time: 0.125910
Oct 15 14:32:22.276670 dv-neutron-786478-21-hyperv devstack@n-api.service[106452]: [pid: 106452|app: 0|req: 5/11] 10.222.0.30 () {64 vars in 1282 bytes} [Fri Oct 15 14:32:22 2021] POST /compute/v2.1/flavors => generated 404 bytes in 128 msecs (HTTP/1.1 200) 9 headers in 359 bytes (1 switches on core 0)
Oct 15 14:32:22.288701 dv-neutron-786478-21-hyperv devstack@n-api.service[106453]: DEBUG nova.api.openstack.wsgi [None req-1249caba-9df0-4b21-b4e6-343d40d5ddea admin admin] Action: 'create', calling method: >, body: {"extra_specs": {"hw_rng:allowed": "True"}} {{(pid=106453) _process_stack /opt/stack/nova/nova/api/openstack/wsgi.py:511}}
Oct 15 14:32:22.350345 dv-neutron-786478-21-hyperv devstack@n-api.service[106453]: INFO nova.api.openstack.requestlog [None req-1249caba-9df0-4b21-b4e6-343d40d5ddea admin admin] 10.222.0.30 "POST /compute/v2.1/flavors/d2/os-extra_specs" status: 200 len: 43 microversion: 2.61 time: 0.065825
Oct 15 14:32:22.351054 dv-neutron-786478-21-hyperv devstack@n-api.service[106453]: [pid: 106453|app: 0|req: 7/12] 10.222.0.30 () {64 vars in 1335 bytes} [Fri Oct 15 14:32:22 2021] POST /compute/v2.1/flavors/d2/os-extra_specs => generated 43 bytes in 70 msecs (HTTP/1.1 200) 9 headers in 358 bytes (1 switches on core 0)
Oct 15 14:32:25.015946 dv-neutron-786478-21-hyperv devstack@n-api.service[106452]: DEBUG nova.api.openstack.wsgi [None req-888bd8f6-bca4-45f1-99ca-02cf2320d25e admin admin] Calling method '>' {{(pid=106452) _process_stack /opt/stack/nova/nova/api/openstack/wsgi.py:513}}
Oct 15 14:32:25.017590 dv-neutron-786478-21-hyperv devstack@n-api.service[106452]: INFO nova.api.openstack.requestlog [None req-888bd8f6-bca4-45f1-99ca-02cf2320d25e admin admin] 10.222.0.30 "GET /compute/v2.1" status: 200 len: 388 microversion: 2.1 time: 0.002122
Oct 15 14:32:25.018647 dv-neutron-786478-21-hyperv devstack@n-api.service[106452]: [pid: 106452|app: 0|req: 6/13] 10.222.0.30 () {54 vars in 930 bytes} [Fri Oct 15 14:32:25 2021] GET /compute/v2.1 => generated 388 bytes in 4 msecs (HTTP/1.1 200) 9 headers in 357 bytes (1 switches on core 0)
Oct 15 14:32:25.144629 dv-neutron-786478-21-hyperv devstack@n-api.service[106453]: DEBUG nova.api.openstack.wsgi [None req-49f5caef-5c49-4f95-8218-452e8530c698 admin admin] Action: 'create', calling method: >, body: {"flavor": {"vcpus": 2, "swap": 0, "OS-FLV-EXT-DATA:ephemeral": 0, "os-flavor-access:is_public": true, "name": "ds2G", "ram": 2048, "rxtx_factor": 1.0, "id": "d3", "disk": 10}} {{(pid=106453) _process_stack /opt/stack/nova/nova/api/openstack/wsgi.py:511}}
Oct 15 14:32:25.184952 dv-neutron-786478-21-hyperv devstack@n-api.service[106453]: INFO nova.api.openstack.requestlog [None req-49f5caef-5c49-4f95-8218-452e8530c698 admin admin] 10.222.0.30 "POST /compute/v2.1/flavors" status: 200 len: 404 microversion: 2.61 time: 0.159102
Oct 15 14:32:25.186461 dv-neutron-786478-21-hyperv devstack@n-api.service[106453]: [pid: 106453|app: 0|req: 8/14] 10.222.0.30 () {64 vars in 1282 bytes} [Fri Oct 15 14:32:25 2021] POST /compute/v2.1/flavors => generated 404 bytes in 161 msecs (HTTP/1.1 200) 9 headers in 359 bytes (1 switches on core 0)
Oct 15 14:32:25.203222 dv-neutron-786478-21-hyperv devstack@n-api.service[106452]: DEBUG nova.api.openstack.wsgi [None req-6c86226a-6a6d-4efb-9f1e-a31a9e366a0e admin admin] Action: 'create', calling method: >, body: {"extra_specs": {"hw_rng:allowed": "True"}} {{(pid=106452) _process_stack /opt/stack/nova/nova/api/openstack/wsgi.py:511}}
Oct 15 14:32:25.250266 dv-neutron-786478-21-hyperv devstack@n-api.service[106452]: INFO nova.api.openstack.requestlog [None req-6c86226a-6a6d-4efb-9f1e-a31a9e366a0e admin admin] 10.222.0.30 "POST /compute/v2.1/flavors/d3/os-extra_specs" status: 200 len: 43 microversion: 2.61 time: 0.047556
Oct 15 14:32:25.263888 dv-neutron-786478-21-hyperv devstack@n-api.service[106452]: [pid: 106452|app: 0|req: 7/15] 10.222.0.30 () {64 vars in 1335 bytes} [Fri Oct 15 14:32:25 2021] POST /compute/v2.1/flavors/d3/os-extra_specs => generated 43 bytes in 65 msecs (HTTP/1.1 200) 9 headers in 358 bytes (1 switches on core 0)
Oct 15 14:32:27.638893 dv-neutron-786478-21-hyperv devstack@n-api.service[106453]: DEBUG nova.api.openstack.wsgi [None req-49f5caef-5c49-4f95-8218-452e8530c698 admin admin] Calling method '>' {{(pid=106453) _process_stack /opt/stack/nova/nova/api/openstack/wsgi.py:513}}
Oct 15 14:32:27.639947 dv-neutron-786478-21-hyperv devstack@n-api.service[106453]: INFO nova.api.openstack.requestlog [None req-49f5caef-5c49-4f95-8218-452e8530c698 admin admin] 10.222.0.30 "GET /compute/v2.1" status: 200 len: 388 microversion: 2.1 time: 0.001523
Oct 15 14:32:27.640684 dv-neutron-786478-21-hyperv devstack@n-api.service[106453]: [pid: 106453|app: 0|req: 9/16] 10.222.0.30 () {54 vars in 930 bytes} [Fri Oct 15 14:32:27 2021] GET /compute/v2.1 => generated 388 bytes in 3 msecs (HTTP/1.1 200) 9 headers in 357 bytes (1 switches on core 0)
Oct 15 14:32:27.706051 dv-neutron-786478-21-hyperv devstack@n-api.service[106452]: DEBUG nova.api.openstack.wsgi [None req-5ba7edf9-a42a-4b6f-a104-2ddcd79dffa4 admin admin] Action: 'create', calling method: >, body: {"flavor": {"id": "d4", "rxtx_factor": 1.0, "vcpus": 4, "disk": 20, "name": "ds4G", "swap": 0, "OS-FLV-EXT-DATA:ephemeral": 0, "ram": 4096, "os-flavor-access:is_public": true}} {{(pid=106452) _process_stack /opt/stack/nova/nova/api/openstack/wsgi.py:511}}
Oct 15 14:32:27.725520 dv-neutron-786478-21-hyperv devstack@n-api.service[106452]: INFO nova.api.openstack.requestlog [None req-5ba7edf9-a42a-4b6f-a104-2ddcd79dffa4 admin admin] 10.222.0.30 "POST /compute/v2.1/flavors" status: 200 len: 404 microversion: 2.61 time: 0.077664
Oct 15 14:32:27.726363 dv-neutron-786478-21-hyperv devstack@n-api.service[106452]: [pid: 106452|app: 0|req: 8/17] 10.222.0.30 () {64 vars in 1282 bytes} [Fri Oct 15 14:32:27 2021] POST /compute/v2.1/flavors => generated 404 bytes in 79 msecs (HTTP/1.1 200) 9 headers in 359 bytes (1 switches on core 0)
Oct 15 14:32:27.739576 dv-neutron-786478-21-hyperv devstack@n-api.service[106453]: DEBUG nova.api.openstack.wsgi [None req-dd8113fb-7111-4bb0-9569-1c22724a13f0 admin admin] Action: 'create', calling method: >, body: {"extra_specs": {"hw_rng:allowed": "True"}} {{(pid=106453) _process_stack /opt/stack/nova/nova/api/openstack/wsgi.py:511}}
Oct 15 14:32:27.765556 dv-neutron-786478-21-hyperv devstack@n-api.service[106453]: INFO nova.api.openstack.requestlog [None req-dd8113fb-7111-4bb0-9569-1c22724a13f0 admin admin] 10.222.0.30 "POST /compute/v2.1/flavors/d4/os-extra_specs" status: 200 len: 43 microversion: 2.61 time: 0.029731
Oct 15 14:32:27.775170 dv-neutron-786478-21-hyperv devstack@n-api.service[106453]: [pid: 106453|app: 0|req: 10/18] 10.222.0.30 () {64 vars in 1335 bytes} [Fri Oct 15 14:32:27 2021] POST /compute/v2.1/flavors/d4/os-extra_specs => generated 43 bytes in 32 msecs (HTTP/1.1 200) 9 headers in 358 bytes (1 switches on core 0)
Oct 15 14:32:30.234793 dv-neutron-786478-21-hyperv devstack@n-api.service[106452]: DEBUG nova.api.openstack.wsgi [None req-5ba7edf9-a42a-4b6f-a104-2ddcd79dffa4 admin admin] Calling method '>' {{(pid=106452) _process_stack /opt/stack/nova/nova/api/openstack/wsgi.py:513}}
Oct 15 14:32:30.236452 dv-neutron-786478-21-hyperv devstack@n-api.service[106452]: INFO nova.api.openstack.requestlog [None req-5ba7edf9-a42a-4b6f-a104-2ddcd79dffa4 admin admin] 10.222.0.30 "GET /compute/v2.1" status: 200 len: 388 microversion: 2.1 time: 0.002173
Oct 15 14:32:30.237450 dv-neutron-786478-21-hyperv devstack@n-api.service[106452]: [pid: 106452|app: 0|req: 9/19] 10.222.0.30 () {54 vars in 930 bytes} [Fri Oct 15 14:32:30 2021] GET /compute/v2.1 => generated 388 bytes in 3 msecs (HTTP/1.1 200) 9 headers in 357 bytes (1 switches on core 0)
Oct 15 14:32:30.304249 dv-neutron-786478-21-hyperv devstack@n-api.service[106453]: DEBUG nova.api.openstack.wsgi [None req-e16ff91b-47ec-4ff8-9622-78ca5f6dd8e0 admin admin] Calling method '>' {{(pid=106453) _process_stack /opt/stack/nova/nova/api/openstack/wsgi.py:513}}
Oct 15 14:32:30.329034 dv-neutron-786478-21-hyperv devstack@n-api.service[106453]: INFO nova.api.openstack.requestlog [None req-e16ff91b-47ec-4ff8-9622-78ca5f6dd8e0 admin admin] 10.222.0.30 "GET /compute/v2.1/flavors/detail?is_public=True" status: 200 len: 2106 microversion: 2.61 time: 0.084371
Oct 15 14:32:30.330246 dv-neutron-786478-21-hyperv devstack@n-api.service[106453]: [pid: 106453|app: 0|req: 11/20] 10.222.0.30 () {60 vars in 1291 bytes} [Fri Oct 15 14:32:30 2021] GET /compute/v2.1/flavors/detail?is_public=True => generated 2106 bytes in 86 msecs (HTTP/1.1 200) 9 headers in 360 bytes (1 switches on core 0)
Oct 15 14:32:32.671617 dv-neutron-786478-21-hyperv devstack@n-api.service[106452]: DEBUG nova.api.openstack.wsgi [None req-5ba7edf9-a42a-4b6f-a104-2ddcd79dffa4 admin admin] Calling method '>' {{(pid=106452) _process_stack /opt/stack/nova/nova/api/openstack/wsgi.py:513}}
Oct 15 14:32:32.673219 dv-neutron-786478-21-hyperv devstack@n-api.service[106452]: INFO nova.api.openstack.requestlog [None req-5ba7edf9-a42a-4b6f-a104-2ddcd79dffa4 admin admin] 10.222.0.30 "GET /compute/v2.1" status: 200 len: 388 microversion: 2.1 time: 0.002044
Oct 15 14:32:32.679091 dv-neutron-786478-21-hyperv devstack@n-api.service[106452]: [pid: 106452|app: 0|req: 10/21] 10.222.0.30 () {54 vars in 930 bytes} [Fri Oct 15 14:32:32 2021] GET /compute/v2.1 => generated 388 bytes in 8 msecs (HTTP/1.1 200) 9 headers in 357 bytes (1 switches on core 0)
Oct 15 14:32:32.739986 dv-neutron-786478-21-hyperv devstack@n-api.service[106453]: DEBUG nova.api.openstack.wsgi [None req-591596a7-0504-4254-a847-65dc56d541b0 admin admin] Action: 'create', calling method: >, body: {"flavor": {"rxtx_factor": 1.0, "ram": 512, "id": "1", "os-flavor-access:is_public": true, "OS-FLV-EXT-DATA:ephemeral": 0, "vcpus": 1, "name": "m1.tiny", "swap": 0, "disk": 1}} {{(pid=106453) _process_stack /opt/stack/nova/nova/api/openstack/wsgi.py:511}}
Oct 15 14:32:32.761865 dv-neutron-786478-21-hyperv devstack@n-api.service[106453]: INFO nova.api.openstack.requestlog [None req-591596a7-0504-4254-a847-65dc56d541b0 admin admin] 10.222.0.30 "POST /compute/v2.1/flavors" status: 200 len: 402 microversion: 2.61 time: 0.081105
Oct 15 14:32:32.778827 dv-neutron-786478-21-hyperv devstack@n-api.service[106452]: DEBUG nova.api.openstack.wsgi [None req-33564e8c-ffe5-41bb-bc50-74b2c0045804 admin admin] Action: 'create', calling method: >, body: {"extra_specs": {"hw_rng:allowed": "True"}} {{(pid=106452) _process_stack /opt/stack/nova/nova/api/openstack/wsgi.py:511}}
Oct 15 14:32:32.785182 dv-neutron-786478-21-hyperv devstack@n-api.service[106453]: [pid: 106453|app: 0|req: 12/22] 10.222.0.30 () {64 vars in 1282 bytes} [Fri Oct 15 14:32:32 2021] POST /compute/v2.1/flavors => generated 402 bytes in 90 msecs (HTTP/1.1 200) 9 headers in 359 bytes (1 switches on core 0)
Oct 15 14:32:32.804469 dv-neutron-786478-21-hyperv devstack@n-api.service[106452]: INFO nova.api.openstack.requestlog [None req-33564e8c-ffe5-41bb-bc50-74b2c0045804 admin admin] 10.222.0.30 "POST /compute/v2.1/flavors/1/os-extra_specs" status: 200 len: 43 microversion: 2.61 time: 0.032571
Oct 15 14:32:32.813365 dv-neutron-786478-21-hyperv devstack@n-api.service[106452]: [pid: 106452|app: 0|req: 11/23] 10.222.0.30 () {64 vars in 1332 bytes} [Fri Oct 15 14:32:32 2021] POST /compute/v2.1/flavors/1/os-extra_specs => generated 43 bytes in 41 msecs (HTTP/1.1 200) 9 headers in 358 bytes (2 switches on core 0)
Oct 15 14:32:35.167709 dv-neutron-786478-21-hyperv devstack@n-api.service[106453]: DEBUG nova.api.openstack.wsgi [None req-591596a7-0504-4254-a847-65dc56d541b0 admin admin] Calling method '>' {{(pid=106453) _process_stack /opt/stack/nova/nova/api/openstack/wsgi.py:513}}
Oct 15 14:32:35.168722 dv-neutron-786478-21-hyperv devstack@n-api.service[106453]: INFO nova.api.openstack.requestlog [None req-591596a7-0504-4254-a847-65dc56d541b0 admin admin] 10.222.0.30 "GET /compute/v2.1" status: 200 len: 388 microversion: 2.1 time: 0.001558
Oct 15 14:32:35.169127 dv-neutron-786478-21-hyperv devstack@n-api.service[106453]: [pid: 106453|app: 0|req: 13/24] 10.222.0.30 () {54 vars in 930 bytes} [Fri Oct 15 14:32:35 2021] GET /compute/v2.1 => generated 388 bytes in 3 msecs (HTTP/1.1 200) 9 headers in 357 bytes (1 switches on core 0)
Oct 15 14:32:35.247818 dv-neutron-786478-21-hyperv devstack@n-api.service[106452]: DEBUG nova.api.openstack.wsgi [None req-a4a50d92-4d05-4a61-ac86-61c95a7f8915 admin admin] Action: 'create', calling method: >, body: {"flavor": {"id": "2", "OS-FLV-EXT-DATA:ephemeral": 0, "vcpus": 1, "ram": 2048, "os-flavor-access:is_public": true, "rxtx_factor": 1.0, "name": "m1.small", "disk": 20, "swap": 0}} {{(pid=106452) _process_stack /opt/stack/nova/nova/api/openstack/wsgi.py:511}}
Oct 15 14:32:35.271063 dv-neutron-786478-21-hyperv devstack@n-api.service[106452]: INFO nova.api.openstack.requestlog [None req-a4a50d92-4d05-4a61-ac86-61c95a7f8915 admin admin] 10.222.0.30 "POST /compute/v2.1/flavors" status: 200 len: 405 microversion: 2.61 time: 0.093824
Oct 15 14:32:35.271704 dv-neutron-786478-21-hyperv devstack@n-api.service[106452]: [pid: 106452|app: 0|req: 12/25] 10.222.0.30 () {64 vars in 1282 bytes} [Fri Oct 15 14:32:35 2021] POST /compute/v2.1/flavors => generated 405 bytes in 95 msecs (HTTP/1.1 200) 9 headers in 359 bytes (1 switches on core 0)
Oct 15 14:32:35.284977 dv-neutron-786478-21-hyperv devstack@n-api.service[106453]: DEBUG nova.api.openstack.wsgi [None req-2b6bc25e-bb39-440a-b78b-ab08901895f1 admin admin] Action: 'create', calling method: >, body: {"extra_specs": {"hw_rng:allowed": "True"}} {{(pid=106453) _process_stack /opt/stack/nova/nova/api/openstack/wsgi.py:511}}
Oct 15 14:32:35.307287 dv-neutron-786478-21-hyperv devstack@n-api.service[106453]: INFO nova.api.openstack.requestlog [None req-2b6bc25e-bb39-440a-b78b-ab08901895f1 admin admin] 10.222.0.30 "POST /compute/v2.1/flavors/2/os-extra_specs" status: 200 len: 43 microversion: 2.61 time: 0.025888
Oct 15 14:32:35.307856 dv-neutron-786478-21-hyperv devstack@n-api.service[106453]: [pid: 106453|app: 0|req: 14/26] 10.222.0.30 () {64 vars in 1332 bytes} [Fri Oct 15 14:32:35 2021] POST /compute/v2.1/flavors/2/os-extra_specs => generated 43 bytes in 27 msecs (HTTP/1.1 200) 9 headers in 358 bytes (2 switches on core 0)
Oct 15 14:32:37.642693 dv-neutron-786478-21-hyperv devstack@n-api.service[106452]: DEBUG nova.api.openstack.wsgi [None req-a4a50d92-4d05-4a61-ac86-61c95a7f8915 admin admin] Calling method '>' {{(pid=106452) _process_stack /opt/stack/nova/nova/api/openstack/wsgi.py:513}}
Oct 15 14:32:37.643731 dv-neutron-786478-21-hyperv devstack@n-api.service[106452]: INFO nova.api.openstack.requestlog [None req-a4a50d92-4d05-4a61-ac86-61c95a7f8915 admin admin] 10.222.0.30 "GET /compute/v2.1" status: 200 len: 388 microversion: 2.1 time: 0.001478
Oct 15 14:32:37.644175 dv-neutron-786478-21-hyperv devstack@n-api.service[106452]: [pid: 106452|app: 0|req: 13/27] 10.222.0.30 () {54 vars in 930 bytes} [Fri Oct 15 14:32:37 2021] GET /compute/v2.1 => generated 388 bytes in 2 msecs (HTTP/1.1 200) 9 headers in 357 bytes (1 switches on core 0)
Oct 15 14:32:37.701463 dv-neutron-786478-21-hyperv devstack@n-api.service[106453]: DEBUG nova.api.openstack.wsgi [None req-2734c421-43f9-40f3-856c-b613cdbf3e86 admin admin] Action: 'create', calling method: >, body: {"flavor": {"vcpus": 2, "rxtx_factor": 1.0, "OS-FLV-EXT-DATA:ephemeral": 0, "os-flavor-access:is_public": true, "disk": 40, "swap": 0, "ram": 4096, "name": "m1.medium", "id": "3"}} {{(pid=106453) _process_stack /opt/stack/nova/nova/api/openstack/wsgi.py:511}}
Oct 15 14:32:37.723365 dv-neutron-786478-21-hyperv devstack@n-api.service[106453]: INFO nova.api.openstack.requestlog [None req-2734c421-43f9-40f3-856c-b613cdbf3e86 admin admin] 10.222.0.30 "POST /compute/v2.1/flavors" status: 200 len: 406 microversion: 2.61 time: 0.072745
Oct 15 14:32:37.723906 dv-neutron-786478-21-hyperv devstack@n-api.service[106453]: [pid: 106453|app: 0|req: 15/28] 10.222.0.30 () {64 vars in 1282 bytes} [Fri Oct 15 14:32:37 2021] POST /compute/v2.1/flavors => generated 406 bytes in 74 msecs (HTTP/1.1 200) 9 headers in 359 bytes (1 switches on core 0)
Oct 15 14:32:37.737627 dv-neutron-786478-21-hyperv devstack@n-api.service[106452]: DEBUG nova.api.openstack.wsgi [None req-40366b4f-44f4-4131-9f6a-47cfe8711902 admin admin] Action: 'create', calling method: >, body: {"extra_specs": {"hw_rng:allowed": "True"}} {{(pid=106452) _process_stack /opt/stack/nova/nova/api/openstack/wsgi.py:511}}
Oct 15 14:32:37.762690 dv-neutron-786478-21-hyperv devstack@n-api.service[106452]: INFO nova.api.openstack.requestlog [None req-40366b4f-44f4-4131-9f6a-47cfe8711902 admin admin] 10.222.0.30 "POST /compute/v2.1/flavors/3/os-extra_specs" status: 200 len: 43 microversion: 2.61 time: 0.029888
Oct 15 14:32:37.763293 dv-neutron-786478-21-hyperv devstack@n-api.service[106452]: [pid: 106452|app: 0|req: 14/29] 10.222.0.30 () {64 vars in 1332 bytes} [Fri Oct 15 14:32:37 2021] POST /compute/v2.1/flavors/3/os-extra_specs => generated 43 bytes in 31 msecs (HTTP/1.1 200) 9 headers in 358 bytes (1 switches on core 0)
Oct 15 14:32:40.513314 dv-neutron-786478-21-hyperv devstack@n-api.service[106453]: DEBUG nova.api.openstack.wsgi [None req-2734c421-43f9-40f3-856c-b613cdbf3e86 admin admin] Calling method '>' {{(pid=106453) _process_stack /opt/stack/nova/nova/api/openstack/wsgi.py:513}}
Oct 15 14:32:40.514315 dv-neutron-786478-21-hyperv devstack@n-api.service[106453]: INFO nova.api.openstack.requestlog [None req-2734c421-43f9-40f3-856c-b613cdbf3e86 admin admin] 10.222.0.30 "GET /compute/v2.1" status: 200 len: 388 microversion: 2.1 time: 0.001435
Oct 15 14:32:40.514717 dv-neutron-786478-21-hyperv devstack@n-api.service[106453]: [pid: 106453|app: 0|req: 16/30] 10.222.0.30 () {54 vars in 930 bytes} [Fri Oct 15 14:32:40 2021] GET /compute/v2.1 => generated 388 bytes in 2 msecs (HTTP/1.1 200) 9 headers in 357 bytes (1 switches on core 0)
Oct 15 14:32:40.573418 dv-neutron-786478-21-hyperv devstack@n-api.service[106452]: DEBUG nova.api.openstack.wsgi [None req-4e2b44ad-ddd9-449e-ac44-4201fe018136 admin admin] Action: 'create', calling method: >, body: {"flavor": {"id": "4", "ram": 8192, "vcpus": 4, "rxtx_factor": 1.0, "os-flavor-access:is_public": true, "disk": 80, "swap": 0, "OS-FLV-EXT-DATA:ephemeral": 0, "name": "m1.large"}} {{(pid=106452) _process_stack /opt/stack/nova/nova/api/openstack/wsgi.py:511}}
Oct 15 14:32:40.590242 dv-neutron-786478-21-hyperv devstack@n-api.service[106452]: INFO nova.api.openstack.requestlog [None req-4e2b44ad-ddd9-449e-ac44-4201fe018136 admin admin] 10.222.0.30 "POST /compute/v2.1/flavors" status: 200 len: 405 microversion: 2.61 time: 0.069050
Oct 15 14:32:40.590798 dv-neutron-786478-21-hyperv devstack@n-api.service[106452]: [pid: 106452|app: 0|req: 15/31] 10.222.0.30 () {64 vars in 1282 bytes} [Fri Oct 15 14:32:40 2021] POST /compute/v2.1/flavors => generated 405 bytes in 70 msecs (HTTP/1.1 200) 9 headers in 359 bytes (1 switches on core 0)
Oct 15 14:32:40.604376 dv-neutron-786478-21-hyperv devstack@n-api.service[106453]: DEBUG nova.api.openstack.wsgi [None req-843ab4a0-6e11-4e79-aa8b-cd9ce661f825 admin admin] Action: 'create', calling method: >, body: {"extra_specs": {"hw_rng:allowed": "True"}} {{(pid=106453) _process_stack /opt/stack/nova/nova/api/openstack/wsgi.py:511}}
Oct 15 14:32:40.626596 dv-neutron-786478-21-hyperv devstack@n-api.service[106453]: INFO nova.api.openstack.requestlog [None req-843ab4a0-6e11-4e79-aa8b-cd9ce661f825 admin admin] 10.222.0.30 "POST /compute/v2.1/flavors/4/os-extra_specs" status: 200 len: 43 microversion: 2.61 time: 0.026658
Oct 15 14:32:40.627356 dv-neutron-786478-21-hyperv devstack@n-api.service[106453]: [pid: 106453|app: 0|req: 17/32] 10.222.0.30 () {64 vars in 1332 bytes} [Fri Oct 15 14:32:40 2021] POST /compute/v2.1/flavors/4/os-extra_specs => generated 43 bytes in 28 msecs (HTTP/1.1 200) 9 headers in 358 bytes (2 switches on core 0)
Oct 15 14:32:42.937856 dv-neutron-786478-21-hyperv devstack@n-api.service[106452]: DEBUG nova.api.openstack.wsgi [None req-4e2b44ad-ddd9-449e-ac44-4201fe018136 admin admin] Calling method '>' {{(pid=106452) _process_stack /opt/stack/nova/nova/api/openstack/wsgi.py:513}}
Oct 15 14:32:42.939325 dv-neutron-786478-21-hyperv devstack@n-api.service[106452]: INFO nova.api.openstack.requestlog [None req-4e2b44ad-ddd9-449e-ac44-4201fe018136 admin admin] 10.222.0.30 "GET /compute/v2.1" status: 200 len: 388 microversion: 2.1 time: 0.002053
Oct 15 14:32:42.939852 dv-neutron-786478-21-hyperv devstack@n-api.service[106452]: [pid: 106452|app: 0|req: 16/33] 10.222.0.30 () {54 vars in 930 bytes} [Fri Oct 15 14:32:42 2021] GET /compute/v2.1 => generated 388 bytes in 3 msecs (HTTP/1.1 200) 9 headers in 357 bytes (1 switches on core 0)
Oct 15 14:32:42.996649 dv-neutron-786478-21-hyperv devstack@n-api.service[106453]: DEBUG nova.api.openstack.wsgi [None req-211e81e9-4ed4-4b80-b39b-6a2caad20a2b admin admin] Action: 'create', calling method: >, body: {"flavor": {"swap": 0, "disk": 160, "OS-FLV-EXT-DATA:ephemeral": 0, "name": "m1.xlarge", "rxtx_factor": 1.0, "id": "5", "ram": 16384, "os-flavor-access:is_public": true, "vcpus": 8}} {{(pid=106453) _process_stack /opt/stack/nova/nova/api/openstack/wsgi.py:511}}
Oct 15 14:32:43.014517 dv-neutron-786478-21-hyperv devstack@n-api.service[106453]: INFO nova.api.openstack.requestlog [None req-211e81e9-4ed4-4b80-b39b-6a2caad20a2b admin admin] 10.222.0.30 "POST /compute/v2.1/flavors" status: 200 len: 408 microversion: 2.61 time: 0.067178
Oct 15 14:32:43.015481 dv-neutron-786478-21-hyperv devstack@n-api.service[106453]: [pid: 106453|app: 0|req: 18/34] 10.222.0.30 () {64 vars in 1282 bytes} [Fri Oct 15 14:32:42 2021] POST /compute/v2.1/flavors => generated 408 bytes in 69 msecs (HTTP/1.1 200) 9 headers in 359 bytes (1 switches on core 0)
Oct 15 14:32:43.027790 dv-neutron-786478-21-hyperv devstack@n-api.service[106452]: DEBUG nova.api.openstack.wsgi [None req-cc0a46bf-6714-41c9-aea8-ee1b34597eec admin admin] Action: 'create', calling method: >, body: {"extra_specs": {"hw_rng:allowed": "True"}} {{(pid=106452) _process_stack /opt/stack/nova/nova/api/openstack/wsgi.py:511}}
Oct 15 14:32:43.050329 dv-neutron-786478-21-hyperv devstack@n-api.service[106452]: INFO nova.api.openstack.requestlog [None req-cc0a46bf-6714-41c9-aea8-ee1b34597eec admin admin] 10.222.0.30 "POST /compute/v2.1/flavors/5/os-extra_specs" status: 200 len: 43 microversion: 2.61 time: 0.026154
Oct 15 14:32:43.051096 dv-neutron-786478-21-hyperv devstack@n-api.service[106452]: [pid: 106452|app: 0|req: 17/35] 10.222.0.30 () {64 vars in 1332 bytes} [Fri Oct 15 14:32:43 2021] POST /compute/v2.1/flavors/5/os-extra_specs => generated 43 bytes in 27 msecs (HTTP/1.1 200) 9 headers in 358 bytes (2 switches on core 0)
Oct 15 14:33:26.536970 dv-neutron-786478-21-hyperv devstack@n-api.service[106453]: DEBUG nova.api.openstack.wsgi [None req-211e81e9-4ed4-4b80-b39b-6a2caad20a2b admin admin] Calling method '>' {{(pid=106453) _process_stack /opt/stack/nova/nova/api/openstack/wsgi.py:513}}
Oct 15 14:33:26.537994 dv-neutron-786478-21-hyperv devstack@n-api.service[106453]: INFO nova.api.openstack.requestlog [None req-211e81e9-4ed4-4b80-b39b-6a2caad20a2b admin admin] 10.222.0.30 "GET /compute/v2.1" status: 200 len: 388 microversion: 2.1 time: 0.001438
Oct 15 14:33:26.538382 dv-neutron-786478-21-hyperv devstack@n-api.service[106453]: [pid: 106453|app: 0|req: 19/36] 10.222.0.30 () {54 vars in 930 bytes} [Fri Oct 15 14:33:26 2021] GET /compute/v2.1 => generated 388 bytes in 2 msecs (HTTP/1.1 200) 9 headers in 357 bytes (1 switches on core 0)
Oct 15 14:33:26.595842 dv-neutron-786478-21-hyperv devstack@n-api.service[106452]: DEBUG nova.api.openstack.wsgi [None req-784f1103-da98-48b1-b8e5-01396d42186d admin admin] Calling method '>' {{(pid=106452) _process_stack /opt/stack/nova/nova/api/openstack/wsgi.py:513}}
Oct 15 14:33:26.612219 dv-neutron-786478-21-hyperv devstack@n-api.service[106452]: INFO nova.api.openstack.requestlog [None req-784f1103-da98-48b1-b8e5-01396d42186d admin admin] 10.222.0.30 "GET /compute/v2.1/flavors/detail?is_public=True" status: 200 len: 4202 microversion: 2.61 time: 0.067301
Oct 15 14:33:26.612776 dv-neutron-786478-21-hyperv devstack@n-api.service[106452]: [pid: 106452|app: 0|req: 18/37] 10.222.0.30 () {60 vars in 1291 bytes} [Fri Oct 15 14:33:26 2021] GET /compute/v2.1/flavors/detail?is_public=True => generated 4202 bytes in 68 msecs (HTTP/1.1 200) 9 headers in 360 bytes (2 switches on core 0)
Oct 15 14:33:28.114716 dv-neutron-786478-21-hyperv devstack@n-api.service[106453]: DEBUG nova.api.openstack.wsgi [None req-211e81e9-4ed4-4b80-b39b-6a2caad20a2b admin admin] Calling method '>' {{(pid=106453) _process_stack /opt/stack/nova/nova/api/openstack/wsgi.py:513}}
Oct 15 14:33:28.115736 dv-neutron-786478-21-hyperv devstack@n-api.service[106453]: INFO nova.api.openstack.requestlog [None req-211e81e9-4ed4-4b80-b39b-6a2caad20a2b admin admin] 10.222.0.30 "GET /compute/v2.1" status: 200 len: 388 microversion: 2.1 time: 0.001435
Oct 15 14:33:28.116136 dv-neutron-786478-21-hyperv devstack@n-api.service[106453]: [pid: 106453|app: 0|req: 20/38] 10.222.0.30 () {56 vars in 1074 bytes} [Fri Oct 15 14:33:28 2021] GET /compute/v2.1 => generated 388 bytes in 2 msecs (HTTP/1.1 200) 9 headers in 357 bytes (1 switches on core 0)
Oct 15 14:33:28.324229 dv-neutron-786478-21-hyperv devstack@n-api.service[106452]: DEBUG nova.api.openstack.wsgi [None req-bdd463dc-901f-4a7b-90e1-559fb9b070c4 admin admin] Calling method '>' {{(pid=106452) _process_stack /opt/stack/nova/nova/api/openstack/wsgi.py:513}}
Oct 15 14:33:28.329598 dv-neutron-786478-21-hyperv devstack@n-api.service[106452]: INFO nova.api.openstack.wsgi [None req-bdd463dc-901f-4a7b-90e1-559fb9b070c4 admin admin] HTTP exception thrown: Flavor 42 could not be found.
Oct 15 14:33:28.330150 dv-neutron-786478-21-hyperv devstack@n-api.service[106452]: DEBUG nova.api.openstack.wsgi [None req-bdd463dc-901f-4a7b-90e1-559fb9b070c4 admin admin] Returning 404 to user: Flavor 42 could not be found. {{(pid=106452) __call__ /opt/stack/nova/nova/api/openstack/wsgi.py:936}}
Oct 15 14:33:28.330984 dv-neutron-786478-21-hyperv devstack@n-api.service[106452]: INFO nova.api.openstack.requestlog [None req-bdd463dc-901f-4a7b-90e1-559fb9b070c4 admin admin] 10.222.0.30 "GET /compute/v2.1/flavors/42" status: 404 len: 75 microversion: 2.90 time: 0.058283
Oct 15 14:33:28.331472 dv-neutron-786478-21-hyperv devstack@n-api.service[106452]: [pid: 106452|app: 0|req: 19/39] 10.222.0.30 () {60 vars in 1190 bytes} [Fri Oct 15 14:33:28 2021] GET /compute/v2.1/flavors/42 => generated 75 bytes in 59 msecs (HTTP/1.1 404) 9 headers in 380 bytes (1 switches on core 0)
Oct 15 14:33:28.341088 dv-neutron-786478-21-hyperv devstack@n-api.service[106453]: DEBUG nova.api.openstack.wsgi [None req-e23ea949-ddb1-47c4-ab64-177c1f784345 admin admin] Calling method '>' {{(pid=106453) _process_stack /opt/stack/nova/nova/api/openstack/wsgi.py:513}}
Oct 15 14:33:28.361457 dv-neutron-786478-21-hyperv devstack@n-api.service[106453]: INFO nova.api.openstack.requestlog [None req-e23ea949-ddb1-47c4-ab64-177c1f784345 admin admin] 10.222.0.30 "GET /compute/v2.1/flavors?is_public=None" status: 200 len: 2056 microversion: 2.90 time: 0.023830
Oct 15 14:33:28.361970 dv-neutron-786478-21-hyperv devstack@n-api.service[106453]: [pid: 106453|app: 0|req: 21/40] 10.222.0.30 () {60 vars in 1210 bytes} [Fri Oct 15 14:33:28 2021] GET /compute/v2.1/flavors?is_public=None => generated 2056 bytes in 25 msecs (HTTP/1.1 200) 9 headers in 360 bytes (2 switches on core 0)
Oct 15 14:33:28.372343 dv-neutron-786478-21-hyperv devstack@n-api.service[106452]: DEBUG nova.api.openstack.wsgi [None req-74865907-9bc6-4f45-871c-f74e432a07d9 admin admin] Calling method '>' {{(pid=106452) _process_stack /opt/stack/nova/nova/api/openstack/wsgi.py:513}}
Oct 15 14:33:28.393508 dv-neutron-786478-21-hyperv devstack@n-api.service[106452]: INFO nova.api.openstack.requestlog [None req-74865907-9bc6-4f45-871c-f74e432a07d9 admin admin] 10.222.0.30 "GET /compute/v2.1/flavors?is_public=None" status: 200 len: 2056 microversion: 2.90 time: 0.024477
Oct 15 14:33:28.394048 dv-neutron-786478-21-hyperv devstack@n-api.service[106452]: [pid: 106452|app: 0|req: 20/41] 10.222.0.30 () {60 vars in 1210 bytes} [Fri Oct 15 14:33:28 2021] GET /compute/v2.1/flavors?is_public=None => generated 2056 bytes in 25 msecs (HTTP/1.1 200) 9 headers in 360 bytes (2 switches on core 0)
Oct 15 14:33:28.403515 dv-neutron-786478-21-hyperv devstack@n-api.service[106453]: DEBUG nova.api.openstack.wsgi [None req-3c39455e-eeaf-4d3a-926c-ffb3f8c6a9a0 admin admin] Calling method '>' {{(pid=106453) _process_stack /opt/stack/nova/nova/api/openstack/wsgi.py:513}}
Oct 15 14:33:28.408723 dv-neutron-786478-21-hyperv devstack@n-api.service[106453]: INFO nova.api.openstack.wsgi [None req-3c39455e-eeaf-4d3a-926c-ffb3f8c6a9a0 admin admin] HTTP exception thrown: Flavor 42 could not be found.
Oct 15 14:33:28.409287 dv-neutron-786478-21-hyperv devstack@n-api.service[106453]: DEBUG nova.api.openstack.wsgi [None req-3c39455e-eeaf-4d3a-926c-ffb3f8c6a9a0 admin admin] Returning 404 to user: Flavor 42 could not be found. {{(pid=106453) __call__ /opt/stack/nova/nova/api/openstack/wsgi.py:936}}
Oct 15 14:33:28.410065 dv-neutron-786478-21-hyperv devstack@n-api.service[106453]: INFO nova.api.openstack.requestlog [None req-3c39455e-eeaf-4d3a-926c-ffb3f8c6a9a0 admin admin] 10.222.0.30 "GET /compute/v2.1/flavors/42" status: 404 len: 75 microversion: 2.90 time: 0.009999
Oct 15 14:33:28.410547 dv-neutron-786478-21-hyperv devstack@n-api.service[106453]: [pid: 106453|app: 0|req: 22/42] 10.222.0.30 () {60 vars in 1190 bytes} [Fri Oct 15 14:33:28 2021] GET /compute/v2.1/flavors/42 => generated 75 bytes in 11 msecs (HTTP/1.1 404) 9 headers in 380 bytes (2 switches on core 0)
