Jul 28 11:44:08.349875 dv-neutron-786478-16-hyperv neutron-server[100416]: DEBUG neutron.api.v2.base [None req-d1309cde-f539-4a92-807f-89c6ce49b9f2 tempest-ExternalNetworksTestJSON-764615853 tempest-ExternalNetworksTestJSON-764615853-project-admin] Request body: {'subnet': {'network_id': '163ade52-d57f-489c-9144-16d5419cbed8', 'cidr': '172.20.0.0/28', 'ip_version': 4, 'gateway_ip': '172.20.0.1', 'enable_dhcp': False}} {{(pid=100416) prepare_request_body /opt/stack/neutron/neutron/api/v2/base.py:729}}
Jul 28 11:44:08.353010 dv-neutron-786478-16-hyperv neutron-server[100417]: DEBUG neutron.plugins.ml2.rpc [None req-ef030071-770d-4fa2-b820-6c255d8774b5 None None] Network 163ade52-d57f-489c-9144-16d5419cbed8 details requested by agent ovs-agent-dv-neutron-786478-16-hyperv with host dv-neutron-786478-16-hyperv {{(pid=100417) get_network_details /opt/stack/neutron/neutron/plugins/ml2/rpc.py:248}}
Jul 28 11:44:08.360791 dv-neutron-786478-16-hyperv neutron-server[100416]: DEBUG neutron.api.rpc.handlers.resources_rpc [None req-46bec117-9f9c-4086-b894-6cad0567c586 tempest-FloatingIPAdminTestJSON-1696653423 tempest-FloatingIPAdminTestJSON-1696653423-project-admin] Pushing event updated for resources: {'Port': ['ID=c80f0479-d436-46bc-9818-5a80a4b114b7,revision_number=2']} {{(pid=100416) push /opt/stack/neutron/neutron/api/rpc/handlers/resources_rpc.py:237}}
Jul 28 11:44:08.379855 dv-neutron-786478-16-hyperv neutron-server[100415]: DEBUG neutron.api.rpc.handlers.resources_rpc [None req-e744cf87-b476-4951-9ca0-9df2d07bfda7 tempest-ExtraDHCPOptionsTestJSON-981260045 tempest-ExtraDHCPOptionsTestJSON-981260045-project] Pushing event deleted for resources: {'Port': ['ID=17e88545-293e-4dfc-9045-b5863be925c3,revision_number=None']} {{(pid=100415) push /opt/stack/neutron/neutron/api/rpc/handlers/resources_rpc.py:237}}
Jul 28 11:44:08.384245 dv-neutron-786478-16-hyperv neutron-server[100415]: INFO neutron.wsgi [req-c0c9ea75-0b6b-4e8d-8eb9-a789508fde13 req-a1c9d6f1-d5e0-49f1-b1cc-574433aa034e service neutron] 10.222.0.39 "GET /v2.0/floatingips?fixed_ip_address=172.20.0.5&port_id=66f4fcee-dcd8-4157-8499-b57d57ea8b88 HTTP/1.1" status: 200 len: 217 time: 0.1077862
Jul 28 11:44:08.384614 dv-neutron-786478-16-hyperv neutron-server[100416]: DEBUG neutron_lib.callbacks.manager [None req-46bec117-9f9c-4086-b894-6cad0567c586 tempest-FloatingIPAdminTestJSON-1696653423 tempest-FloatingIPAdminTestJSON-1696653423-project-admin] Notify callbacks ['neutron.services.l3_router.l3_router_plugin.DVRResourceOperationHandler._create_dvr_floating_gw_port-1612032'] for floatingip, after_update {{(pid=100416) _notify_loop /usr/local/lib/python3.8/dist-packages/neutron_lib/callbacks/manager.py:192}}
Jul 28 11:44:08.385836 dv-neutron-786478-16-hyperv neutron-server[100415]: DEBUG neutron.db.l3_dvrscheduler_db [None req-e744cf87-b476-4951-9ca0-9df2d07bfda7 tempest-ExtraDHCPOptionsTestJSON-981260045 tempest-ExtraDHCPOptionsTestJSON-981260045-project] No DVR routers for this DVR port 17e88545-293e-4dfc-9045-b5863be925c3 on host dv-neutron-786478-16-hyperv {{(pid=100415) get_dvr_routers_to_remove /opt/stack/neutron/neutron/db/l3_dvrscheduler_db.py:214}}
Jul 28 11:44:08.395215 dv-neutron-786478-16-hyperv neutron-server[100415]: INFO neutron.wsgi [req-b6bfd7cc-b6f6-426c-a30f-faa89cf43dc0 req-a69c8587-37f5-4415-bc78-924b370d8037 service neutron] 10.222.0.39 "GET /v2.0/security-groups?id=472d702e-ff1e-4c12-aae5-f9f050a0014a&fields=id&fields=name HTTP/1.1" status: 200 len: 313 time: 1.0319579
Jul 28 11:44:08.416546 dv-neutron-786478-16-hyperv neutron-server[100417]: DEBUG neutron.plugins.ml2.plugin [None req-de4fb2bf-82c7-4215-9229-c7c4865a4f63 None None] Port 429c566d-d68e-4028-9f88-b3a6f158bda2 cannot update to ACTIVE because it is not bound. {{(pid=100417) _port_provisioned /opt/stack/neutron/neutron/plugins/ml2/plugin.py:337}}
Jul 28 11:44:08.442185 dv-neutron-786478-16-hyperv neutron-server[100416]: DEBUG neutron.pecan_wsgi.hooks.policy_enforcement [req-fa2f545f-1acc-415e-bfc3-4cf9b1ac5db8 req-8f3b3a9f-cf53-4889-9a52-b6d32e1fcb68 tempest-ServersTestManualDisk-1859445965 tempest-ServersTestManualDisk-1859445965-project] Attributes excluded by policy engine: ['standard_attr_id', 'binding:profile', 'binding:host_id', 'binding:vif_type', 'binding:vif_details'] {{(pid=100416) _exclude_attributes_by_policy /opt/stack/neutron/neutron/pecan_wsgi/hooks/policy_enforcement.py:255}}
Jul 28 11:44:08.443691 dv-neutron-786478-16-hyperv neutron-server[100416]: INFO neutron.wsgi [req-fa2f545f-1acc-415e-bfc3-4cf9b1ac5db8 req-8f3b3a9f-cf53-4889-9a52-b6d32e1fcb68 tempest-ServersTestManualDisk-1859445965 tempest-ServersTestManualDisk-1859445965-project] 10.222.0.43 "GET /v2.0/ports?device_id=fb5afee4-04b9-4338-8aec-60c8139c7bf4 HTTP/1.1" status: 200 len: 943 time: 0.1930487
Jul 28 11:44:08.445763 dv-neutron-786478-16-hyperv neutron-server[100416]: DEBUG neutron_lib.callbacks.manager [None req-0db447b8-40ea-4f63-bdf2-3acd50beb5b5 tempest-AllowedAddressPairIpV6TestJSON-1084944632 tempest-AllowedAddressPairIpV6TestJSON-1084944632-project] Notify callbacks ['neutron.services.l3_router.l3_router_plugin.L3_NAT_dbonly_mixin._precommit_delete_port_callback-421663'] for port, precommit_delete {{(pid=100416) _notify_loop /usr/local/lib/python3.8/dist-packages/neutron_lib/callbacks/manager.py:192}}
Jul 28 11:44:08.449241 dv-neutron-786478-16-hyperv neutron-server[100416]: DEBUG neutron.pecan_wsgi.hooks.quota_enforcement [None req-d1309cde-f539-4a92-807f-89c6ce49b9f2 tempest-ExternalNetworksTestJSON-764615853 tempest-ExternalNetworksTestJSON-764615853-project-admin] Made reservation on behalf of ca9b0dc341c541d88929aa817c0a1874 for: {'subnet': 1} {{(pid=100416) before /opt/stack/neutron/neutron/pecan_wsgi/hooks/quota_enforcement.py:53}}
Jul 28 11:44:08.450466 dv-neutron-786478-16-hyperv neutron-server[100417]: DEBUG neutron.plugins.ml2.rpc [None req-7dd9464c-d25d-4707-97d6-2cc4157d22fc None None] Device 1cea81a3-003c-4e40-975a-c1ae2a82051c details requested by agent hyperv_hv-neutron-7864 with host hv-neutron-7864 {{(pid=100417) get_device_details /opt/stack/neutron/neutron/plugins/ml2/rpc.py:102}}
Jul 28 11:44:08.451624 dv-neutron-786478-16-hyperv neutron-server[100416]: DEBUG neutron_lib.callbacks.manager [None req-d1309cde-f539-4a92-807f-89c6ce49b9f2 tempest-ExternalNetworksTestJSON-764615853 tempest-ExternalNetworksTestJSON-764615853-project-admin] Notify callbacks ['neutron.services.segments.plugin.SegmentHostRoutes.host_routes_before_create-9524427'] for subnet, before_create {{(pid=100416) _notify_loop /usr/local/lib/python3.8/dist-packages/neutron_lib/callbacks/manager.py:192}}
Jul 28 11:44:08.462192 dv-neutron-786478-16-hyperv neutron-server[100416]: DEBUG neutron_lib.callbacks.manager [None req-46bec117-9f9c-4086-b894-6cad0567c586 tempest-FloatingIPAdminTestJSON-1696653423 tempest-FloatingIPAdminTestJSON-1696653423-project-admin] Notify callbacks ['neutron.notifiers.nova.Notifier._send_nova_notification-3347'] for floatingip, before_response {{(pid=100416) _notify_loop /usr/local/lib/python3.8/dist-packages/neutron_lib/callbacks/manager.py:192}}
Jul 28 11:44:08.465925 dv-neutron-786478-16-hyperv neutron-server[100416]: INFO neutron.wsgi [None req-46bec117-9f9c-4086-b894-6cad0567c586 tempest-FloatingIPAdminTestJSON-1696653423 tempest-FloatingIPAdminTestJSON-1696653423-project-admin] 10.222.0.43 "POST /v2.0/floatingips HTTP/1.1" status: 201 len: 692 time: 2.8383269
Jul 28 11:44:08.477329 dv-neutron-786478-16-hyperv neutron-server[100416]: DEBUG neutron.wsgi [-] (100416) accepted ('10.222.0.43', 53732) {{(pid=100416) server /usr/local/lib/python3.8/dist-packages/eventlet/wsgi.py:982}}
Jul 28 11:44:08.480885 dv-neutron-786478-16-hyperv neutron-server[100415]: DEBUG neutron.api.rpc.handlers.resources_rpc [None req-a69c8587-37f5-4415-bc78-924b370d8037 service neutron] Pushing event updated for resources: {'SecurityGroup': ['ID=2dea9173-a457-4841-9e6c-893ca11e3e63,revision_number=1']} {{(pid=100415) push /opt/stack/neutron/neutron/api/rpc/handlers/resources_rpc.py:237}}
Jul 28 11:44:08.516851 dv-neutron-786478-16-hyperv neutron-server[100416]: DEBUG neutron.plugins.ml2.plugin [None req-0db447b8-40ea-4f63-bdf2-3acd50beb5b5 tempest-AllowedAddressPairIpV6TestJSON-1084944632 tempest-AllowedAddressPairIpV6TestJSON-1084944632-project] Calling delete_port for 429c566d-d68e-4028-9f88-b3a6f158bda2 owned by {{(pid=100416) delete_port /opt/stack/neutron/neutron/plugins/ml2/plugin.py:1997}}
Jul 28 11:44:08.543070 dv-neutron-786478-16-hyperv neutron-server[100415]: DEBUG neutron_lib.callbacks.manager [None req-e744cf87-b476-4951-9ca0-9df2d07bfda7 tempest-ExtraDHCPOptionsTestJSON-981260045 tempest-ExtraDHCPOptionsTestJSON-981260045-project] Notify callbacks ['neutron.plugins.ml2.plugin.Ml2Plugin._network_delete_precommit_handler-1515289', 'neutron.services.segments.db._delete_segments_for_network-8758058051889'] for network, precommit_delete {{(pid=100415) _notify_loop /usr/local/lib/python3.8/dist-packages/neutron_lib/callbacks/manager.py:192}}
Jul 28 11:44:08.552875 dv-neutron-786478-16-hyperv neutron-server[100415]: DEBUG neutron.pecan_wsgi.hooks.policy_enforcement [req-c0c9ea75-0b6b-4e8d-8eb9-a789508fde13 req-dfc7a0b9-08fc-4871-9e60-8443a5752fea service neutron] Attributes excluded by policy engine: ['standard_attr_id', 'shared', 'segment_id'] {{(pid=100415) _exclude_attributes_by_policy /opt/stack/neutron/neutron/pecan_wsgi/hooks/policy_enforcement.py:255}}
Jul 28 11:44:08.554718 dv-neutron-786478-16-hyperv neutron-server[100415]: INFO neutron.wsgi [req-c0c9ea75-0b6b-4e8d-8eb9-a789508fde13 req-dfc7a0b9-08fc-4871-9e60-8443a5752fea service neutron] 10.222.0.39 "GET /v2.0/subnets?id=3757737d-2ee3-496c-9734-f629212027bf HTTP/1.1" status: 200 len: 850 time: 0.1550326
Jul 28 11:44:08.558827 dv-neutron-786478-16-hyperv neutron-server[100415]: DEBUG neutron.services.segments.db [None req-e744cf87-b476-4951-9ca0-9df2d07bfda7 tempest-ExtraDHCPOptionsTestJSON-981260045 tempest-ExtraDHCPOptionsTestJSON-981260045-project] neutron.services.segments.plugin.Plugin method get_segments called with arguments (,) {'filters': {'network_id': ['95242498-7d1a-4519-9bf9-7747c097ad67']}} {{(pid=100415) wrapper /usr/local/lib/python3.8/dist-packages/oslo_log/helpers.py:65}}
Jul 28 11:44:08.573252 dv-neutron-786478-16-hyperv neutron-server[100415]: DEBUG neutron.services.segments.db [None req-e744cf87-b476-4951-9ca0-9df2d07bfda7 tempest-ExtraDHCPOptionsTestJSON-981260045 tempest-ExtraDHCPOptionsTestJSON-981260045-project] neutron.services.segments.plugin.Plugin method delete_segment called with arguments (, '86abdd1f-9832-4fb4-82fd-5aa4324bd045') {'for_net_delete': True} {{(pid=100415) wrapper /usr/local/lib/python3.8/dist-packages/oslo_log/helpers.py:65}}
Jul 28 11:44:08.573252 dv-neutron-786478-16-hyperv neutron-server[100415]: DEBUG neutron.services.segments.db [None req-e744cf87-b476-4951-9ca0-9df2d07bfda7 tempest-ExtraDHCPOptionsTestJSON-981260045 tempest-ExtraDHCPOptionsTestJSON-981260045-project] neutron.services.segments.plugin.Plugin method get_segment called with arguments (, '86abdd1f-9832-4fb4-82fd-5aa4324bd045') {} {{(pid=100415) wrapper /usr/local/lib/python3.8/dist-packages/oslo_log/helpers.py:65}}
Jul 28 11:44:08.575143 dv-neutron-786478-16-hyperv neutron-server[100415]: DEBUG neutron.scheduler.l3_agent_scheduler [None req-f239733c-5b4e-4fb1-a5e6-089bd170dd17 tempest-RoutersAdminTest-2130321576 tempest-RoutersAdminTest-2130321576-project] Router b51d4d8e-b56a-4514-b8d8-81927b9d06d3 is scheduled to L3 agent 6c5987ec-f8b2-42ea-8e18-6aba22ce92e7 with binding_index 1 {{(pid=100415) bind_router /opt/stack/neutron/neutron/scheduler/l3_agent_scheduler.py:210}}
Jul 28 11:44:08.618981 dv-neutron-786478-16-hyperv neutron-server[100417]: DEBUG neutron.plugins.ml2.db [None req-7dd9464c-d25d-4707-97d6-2cc4157d22fc None None] For port 1cea81a3-003c-4e40-975a-c1ae2a82051c, host hv-neutron-7864, got binding levels [PortBindingLevel(driver='hyperv',host='hv-neutron-7864',level=0,port_id=1cea81a3-003c-4e40-975a-c1ae2a82051c,segment=NetworkSegment(64171afb-54c7-40f4-b804-e53347d094eb),segment_id=64171afb-54c7-40f4-b804-e53347d094eb)] {{(pid=100417) get_binding_level_objs /opt/stack/neutron/neutron/plugins/ml2/db.py:74}}
Jul 28 11:44:08.624726 dv-neutron-786478-16-hyperv neutron-server[100416]: INFO neutron.wsgi [req-fa2f545f-1acc-415e-bfc3-4cf9b1ac5db8 req-56986668-4a01-4836-b8bd-37d7a19bc11f tempest-ServersTestManualDisk-1859445965 tempest-ServersTestManualDisk-1859445965-project] 10.222.0.43 "GET /v2.0/security-groups?id=67b4186a-a2ed-4792-94d3-313facceaebd&fields=id&fields=name HTTP/1.1" status: 200 len: 312 time: 0.1702440
Jul 28 11:44:08.633052 dv-neutron-786478-16-hyperv neutron-server[100415]: DEBUG neutron_lib.callbacks.manager [None req-e744cf87-b476-4951-9ca0-9df2d07bfda7 tempest-ExtraDHCPOptionsTestJSON-981260045 tempest-ExtraDHCPOptionsTestJSON-981260045-project] Notify callbacks ['neutron.plugins.ml2.db._prevent_segment_delete_with_port_bound-8758058052922', 'neutron.services.segments.plugin.Plugin._prevent_segment_delete_with_subnet_associated-3125546'] for segment, before_delete {{(pid=100415) _notify_loop /usr/local/lib/python3.8/dist-packages/neutron_lib/callbacks/manager.py:192}}
Jul 28 11:44:08.654397 dv-neutron-786478-16-hyperv neutron-server[100417]: DEBUG neutron.plugins.ml2.rpc [None req-7dd9464c-d25d-4707-97d6-2cc4157d22fc None None] Returning: {'device': '1cea81a3-003c-4e40-975a-c1ae2a82051c', 'network_id': '1bdecf82-0e70-4af7-9715-9a46699c8f22', 'port_id': '1cea81a3-003c-4e40-975a-c1ae2a82051c', 'mac_address': 'fa:16:3e:d8:51:f4', 'admin_state_up': True, 'network_type': 'vlan', 'segmentation_id': 140, 'physical_network': 'physnet1', 'mtu': 1500, 'fixed_ips': [{'subnet_id': '52537c06-0de1-4719-8c48-4b4417843622', 'ip_address': '172.20.0.14'}], 'device_owner': 'compute:nova', 'allowed_address_pairs': [], 'port_security_enabled': True, 'qos_policy_id': None, 'network_qos_policy_id': None, 'profile': {}, 'propagate_uplink_status': False} {{(pid=100417) _get_device_details /opt/stack/neutron/neutron/plugins/ml2/rpc.py:184}}
Jul 28 11:44:08.695205 dv-neutron-786478-16-hyperv neutron-server[100416]: DEBUG neutron.api.v2.base [None req-1c05ed67-6492-483b-a4e1-b6bcca1314d5 tempest-FloatingIPAdminTestJSON-155503263 tempest-FloatingIPAdminTestJSON-155503263-project] Request body: {'floatingip': {'floating_network_id': 'e4f7873c-4d94-460a-8c07-155f724d96cd'}} {{(pid=100416) prepare_request_body /opt/stack/neutron/neutron/api/v2/base.py:729}}
Jul 28 11:44:08.697987 dv-neutron-786478-16-hyperv neutron-server[100417]: DEBUG neutron.plugins.ml2.rpc [None req-ef030071-770d-4fa2-b820-6c255d8774b5 None None] Device 17e88545-293e-4dfc-9045-b5863be925c3 no longer exists at agent ovs-agent-dv-neutron-786478-16-hyperv {{(pid=100417) update_device_down /opt/stack/neutron/neutron/plugins/ml2/rpc.py:259}}
Jul 28 11:44:08.701338 dv-neutron-786478-16-hyperv neutron-server[100417]: DEBUG neutron_lib.callbacks.manager [None req-7dd9464c-d25d-4707-97d6-2cc4157d22fc None None] Notify callbacks ['neutron.plugins.ml2.plugin.SecurityGroupDbMixin._ensure_default_security_group_handler-550923'] for port, before_update {{(pid=100417) _notify_loop /usr/local/lib/python3.8/dist-packages/neutron_lib/callbacks/manager.py:192}}
Jul 28 11:44:08.712540 dv-neutron-786478-16-hyperv neutron-server[100415]: DEBUG neutron_lib.callbacks.manager [None req-e744cf87-b476-4951-9ca0-9df2d07bfda7 tempest-ExtraDHCPOptionsTestJSON-981260045 tempest-ExtraDHCPOptionsTestJSON-981260045-project] Notify callbacks ['neutron.plugins.ml2.plugin.Ml2Plugin._handle_segment_change-1502489'] for segment, precommit_delete {{(pid=100415) _notify_loop /usr/local/lib/python3.8/dist-packages/neutron_lib/callbacks/manager.py:192}}
Jul 28 11:44:08.724456 dv-neutron-786478-16-hyperv neutron-server[100415]: DEBUG neutron.plugins.ml2.drivers.type_vlan [None req-e744cf87-b476-4951-9ca0-9df2d07bfda7 tempest-ExtraDHCPOptionsTestJSON-981260045 tempest-ExtraDHCPOptionsTestJSON-981260045-project] Releasing vlan 141 on physical network physnet1 to pool {{(pid=100415) release_segment /opt/stack/neutron/neutron/plugins/ml2/drivers/type_vlan.py:304}}
Jul 28 11:44:08.724874 dv-neutron-786478-16-hyperv neutron-server[100415]: DEBUG neutron_lib.callbacks.manager [None req-e744cf87-b476-4951-9ca0-9df2d07bfda7 tempest-ExtraDHCPOptionsTestJSON-981260045 tempest-ExtraDHCPOptionsTestJSON-981260045-project] Notify callbacks ['neutron.plugins.ml2.plugin.Ml2Plugin._handle_segment_change-1502489', 'neutron.services.segments.plugin.NovaSegmentNotifier._notify_segment_deleted-3127981'] for segment, after_delete {{(pid=100415) _notify_loop /usr/local/lib/python3.8/dist-packages/neutron_lib/callbacks/manager.py:192}}
Jul 28 11:44:08.728202 dv-neutron-786478-16-hyperv neutron-server[100415]: Traceback (most recent call last):
Jul 28 11:44:08.728202 dv-neutron-786478-16-hyperv neutron-server[100415]: File "/usr/local/lib/python3.8/dist-packages/eventlet/hubs/hub.py", line 476, in fire_timers
Jul 28 11:44:08.728202 dv-neutron-786478-16-hyperv neutron-server[100415]: timer()
Jul 28 11:44:08.728202 dv-neutron-786478-16-hyperv neutron-server[100415]: File "/usr/local/lib/python3.8/dist-packages/eventlet/hubs/timer.py", line 59, in __call__
Jul 28 11:44:08.728202 dv-neutron-786478-16-hyperv neutron-server[100415]: cb(*args, **kw)
Jul 28 11:44:08.728202 dv-neutron-786478-16-hyperv neutron-server[100415]: File "/opt/stack/neutron/neutron/common/utils.py", line 905, in wrapper
Jul 28 11:44:08.728202 dv-neutron-786478-16-hyperv neutron-server[100415]: return func(*args, **kwargs)
Jul 28 11:44:08.728202 dv-neutron-786478-16-hyperv neutron-server[100415]: File "/opt/stack/neutron/neutron/notifiers/batch_notifier.py", line 58, in synced_send
Jul 28 11:44:08.728202 dv-neutron-786478-16-hyperv neutron-server[100415]: self._notify()
Jul 28 11:44:08.728202 dv-neutron-786478-16-hyperv neutron-server[100415]: File "/opt/stack/neutron/neutron/notifiers/batch_notifier.py", line 69, in _notify
Jul 28 11:44:08.728202 dv-neutron-786478-16-hyperv neutron-server[100415]: self.callback(batched_events)
Jul 28 11:44:08.728202 dv-neutron-786478-16-hyperv neutron-server[100415]: File "/opt/stack/neutron/neutron/services/segments/plugin.py", line 211, in _send_notifications
Jul 28 11:44:08.728202 dv-neutron-786478-16-hyperv neutron-server[100415]: event.method(event)
Jul 28 11:44:08.728202 dv-neutron-786478-16-hyperv neutron-server[100415]: File "/opt/stack/neutron/neutron/services/segments/plugin.py", line 383, in _delete_nova_inventory
Jul 28 11:44:08.728202 dv-neutron-786478-16-hyperv neutron-server[100415]: aggregate_id = self._get_aggregate_id(event.segment_id)
Jul 28 11:44:08.728202 dv-neutron-786478-16-hyperv neutron-server[100415]: File "/opt/stack/neutron/neutron/services/segments/plugin.py", line 370, in _get_aggregate_id
Jul 28 11:44:08.728202 dv-neutron-786478-16-hyperv neutron-server[100415]: aggregate_uuid = self.p_client.list_aggregates(
Jul 28 11:44:08.728202 dv-neutron-786478-16-hyperv neutron-server[100415]: File "/usr/local/lib/python3.8/dist-packages/neutron_lib/placement/client.py", line 57, in wrapper
Jul 28 11:44:08.728202 dv-neutron-786478-16-hyperv neutron-server[100415]: return f(self, *a, **k)
Jul 28 11:44:08.728202 dv-neutron-786478-16-hyperv neutron-server[100415]: File "/usr/local/lib/python3.8/dist-packages/neutron_lib/placement/client.py", line 553, in list_aggregates
Jul 28 11:44:08.728202 dv-neutron-786478-16-hyperv neutron-server[100415]: return self._get(url).json()
Jul 28 11:44:08.728202 dv-neutron-786478-16-hyperv neutron-server[100415]: File "/usr/local/lib/python3.8/dist-packages/neutron_lib/placement/client.py", line 189, in _get
Jul 28 11:44:08.728202 dv-neutron-786478-16-hyperv neutron-server[100415]: return self._client.get(url, endpoint_filter=self._ks_filter,
Jul 28 11:44:08.728202 dv-neutron-786478-16-hyperv neutron-server[100415]: File "/usr/local/lib/python3.8/dist-packages/keystoneauth1/session.py", line 1141, in get
Jul 28 11:44:08.728202 dv-neutron-786478-16-hyperv neutron-server[100415]: return self.request(url, 'GET', **kwargs)
Jul 28 11:44:08.728202 dv-neutron-786478-16-hyperv neutron-server[100415]: File "/usr/local/lib/python3.8/dist-packages/keystoneauth1/session.py", line 811, in request
Jul 28 11:44:08.728202 dv-neutron-786478-16-hyperv neutron-server[100415]: base_url = self.get_endpoint(auth, allow=allow,
Jul 28 11:44:08.728202 dv-neutron-786478-16-hyperv neutron-server[100415]: File "/usr/local/lib/python3.8/dist-packages/keystoneauth1/session.py", line 1241, in get_endpoint
Jul 28 11:44:08.728202 dv-neutron-786478-16-hyperv neutron-server[100415]: auth = self._auth_required(auth, 'determine endpoint URL')
Jul 28 11:44:08.728202 dv-neutron-786478-16-hyperv neutron-server[100415]: File "/usr/local/lib/python3.8/dist-packages/keystoneauth1/session.py", line 1181, in _auth_required
Jul 28 11:44:08.728202 dv-neutron-786478-16-hyperv neutron-server[100415]: raise exceptions.MissingAuthPlugin(msg_fmt % msg)
Jul 28 11:44:08.728202 dv-neutron-786478-16-hyperv neutron-server[100415]: keystoneauth1.exceptions.auth_plugins.MissingAuthPlugin: An auth plugin is required to determine endpoint URL
Jul 28 11:44:08.731684 dv-neutron-786478-16-hyperv neutron-server[100417]: DEBUG neutron.plugins.ml2.plugin [None req-ef030071-770d-4fa2-b820-6c255d8774b5 None None] No Port match for: 17e88545-293e-4dfc-9045-b5863be925c3 {{(pid=100417) port_bound_to_host /opt/stack/neutron/neutron/plugins/ml2/plugin.py:2255}}
Jul 28 11:44:08.732131 dv-neutron-786478-16-hyperv neutron-server[100417]: DEBUG neutron.plugins.ml2.rpc [None req-ef030071-770d-4fa2-b820-6c255d8774b5 None None] Device 17e88545-293e-4dfc-9045-b5863be925c3 not bound to the agent host dv-neutron-786478-16-hyperv {{(pid=100417) update_device_down /opt/stack/neutron/neutron/plugins/ml2/rpc.py:269}}
Jul 28 11:44:08.740359 dv-neutron-786478-16-hyperv neutron-server[100417]: DEBUG neutron.notifiers.nova [None req-7dd9464c-d25d-4707-97d6-2cc4157d22fc None None] Ignoring state change previous_port_status: DOWN current_port_status: BUILD port_id 1cea81a3-003c-4e40-975a-c1ae2a82051c {{(pid=100417) record_port_status_changed /opt/stack/neutron/neutron/notifiers/nova.py:224}}
Jul 28 11:44:08.767050 dv-neutron-786478-16-hyperv neutron-server[100417]: DEBUG neutron.plugins.ml2.db [None req-7dd9464c-d25d-4707-97d6-2cc4157d22fc None None] For port 1cea81a3-003c-4e40-975a-c1ae2a82051c, host hv-neutron-7864, got binding levels [PortBindingLevel(driver='hyperv',host='hv-neutron-7864',level=0,port_id=1cea81a3-003c-4e40-975a-c1ae2a82051c,segment=NetworkSegment(64171afb-54c7-40f4-b804-e53347d094eb),segment_id=64171afb-54c7-40f4-b804-e53347d094eb)] {{(pid=100417) get_binding_level_objs /opt/stack/neutron/neutron/plugins/ml2/db.py:74}}
Jul 28 11:44:08.773926 dv-neutron-786478-16-hyperv neutron-server[100417]: DEBUG neutron_lib.callbacks.manager [None req-7dd9464c-d25d-4707-97d6-2cc4157d22fc None None] Notify callbacks ['neutron.plugins.ml2.plugin.SecurityGroupServerNotifierRpcMixin._notify_sg_on_port_change-1450694', 'neutron.plugins.ml2.ovo_rpc._ObjectChangeHandler.handle_event-1876097', 'neutron.api.rpc.agentnotifiers.dhcp_rpc_agent_api.DhcpAgentNotifyAPI._native_event_send_dhcp_notification-1794480', 'neutron.db.l3_db.L3RpcNotifierMixin._notify_gateway_port_ip_changed-8758057976369', 'neutron.db.l3_dvrscheduler_db._notify_l3_agent_port_update-8758057604118', 'neutron.db.l3_hascheduler_db._notify_l3_agent_ha_port_update-8758057604136'] for port, after_update {{(pid=100417) _notify_loop /usr/local/lib/python3.8/dist-packages/neutron_lib/callbacks/manager.py:192}}
Jul 28 11:44:08.803243 dv-neutron-786478-16-hyperv neutron-server[100416]: DEBUG neutron_lib.callbacks.manager [None req-1c05ed67-6492-483b-a4e1-b6bcca1314d5 tempest-FloatingIPAdminTestJSON-155503263 tempest-FloatingIPAdminTestJSON-155503263-project] Notify callbacks [] for floatingip, before_create {{(pid=100416) _notify_loop /usr/local/lib/python3.8/dist-packages/neutron_lib/callbacks/manager.py:192}}
Jul 28 11:44:08.822160 dv-neutron-786478-16-hyperv neutron-server[100415]: DEBUG neutron.pecan_wsgi.hooks.policy_enforcement [req-c0c9ea75-0b6b-4e8d-8eb9-a789508fde13 req-a16cf4fd-ef2e-4cd3-ac19-c3d0a6bcc874 service neutron] Attributes excluded by policy engine: ['standard_attr_id'] {{(pid=100415) _exclude_attributes_by_policy /opt/stack/neutron/neutron/pecan_wsgi/hooks/policy_enforcement.py:255}}
Jul 28 11:44:08.823708 dv-neutron-786478-16-hyperv neutron-server[100415]: INFO neutron.wsgi [req-c0c9ea75-0b6b-4e8d-8eb9-a789508fde13 req-a16cf4fd-ef2e-4cd3-ac19-c3d0a6bcc874 service neutron] 10.222.0.39 "GET /v2.0/ports?network_id=3ab5dcf3-09cf-45bd-bb1a-1345514f52ad&device_owner=network%3Adhcp HTTP/1.1" status: 200 len: 1178 time: 0.2169595
Jul 28 11:44:08.832317 dv-neutron-786478-16-hyperv neutron-server[100417]: DEBUG neutron.api.rpc.handlers.resources_rpc [None req-7dd9464c-d25d-4707-97d6-2cc4157d22fc None None] Pushing event updated for resources: {'Port': ['ID=1cea81a3-003c-4e40-975a-c1ae2a82051c,revision_number=4']} {{(pid=100417) push /opt/stack/neutron/neutron/api/rpc/handlers/resources_rpc.py:237}}
Jul 28 11:44:08.841459 dv-neutron-786478-16-hyperv neutron-server[100416]: DEBUG neutron.pecan_wsgi.hooks.policy_enforcement [req-d42dbb1f-9cf8-4c7c-af1a-38b6885fb684 req-56fc7ed9-8bf6-4ef1-b380-4219a9ce372c tempest-ServerActionsTestJSON-871056556 tempest-ServerActionsTestJSON-871056556-project] Attributes excluded by policy engine: ['standard_attr_id', 'binding:profile', 'binding:host_id', 'binding:vif_type', 'binding:vif_details'] {{(pid=100416) _exclude_attributes_by_policy /opt/stack/neutron/neutron/pecan_wsgi/hooks/policy_enforcement.py:255}}
Jul 28 11:44:08.843417 dv-neutron-786478-16-hyperv neutron-server[100416]: INFO neutron.wsgi [req-d42dbb1f-9cf8-4c7c-af1a-38b6885fb684 req-56fc7ed9-8bf6-4ef1-b380-4219a9ce372c tempest-ServerActionsTestJSON-871056556 tempest-ServerActionsTestJSON-871056556-project] 10.222.0.43 "GET /v2.0/ports?device_id=ecec36ee-7e4f-42a3-a40f-ff4808c4445b HTTP/1.1" status: 200 len: 944 time: 0.1653829
Jul 28 11:44:08.891638 dv-neutron-786478-16-hyperv neutron-server[100415]: DEBUG neutron_lib.callbacks.manager [None req-e744cf87-b476-4951-9ca0-9df2d07bfda7 tempest-ExtraDHCPOptionsTestJSON-981260045 tempest-ExtraDHCPOptionsTestJSON-981260045-project] Notify callbacks ['neutron.plugins.ml2.plugin.Ml2Plugin._network_delete_after_delete_handler-1513450', 'neutron.plugins.ml2.ovo_rpc._ObjectChangeHandler.handle_event-1788697', 'neutron.api.rpc.agentnotifiers.dhcp_rpc_agent_api.DhcpAgentNotifyAPI._native_event_send_dhcp_notification-1794480', 'neutron.services.l3_router.l3_router_plugin.DVRResourceOperationHandler.delete_fip_namespaces_for_ext_net-1612274'] for network, after_delete {{(pid=100415) _notify_loop /usr/local/lib/python3.8/dist-packages/neutron_lib/callbacks/manager.py:192}}
Jul 28 11:44:08.902354 dv-neutron-786478-16-hyperv neutron-server[100415]: DEBUG neutron_lib.callbacks.manager [None req-e744cf87-b476-4951-9ca0-9df2d07bfda7 tempest-ExtraDHCPOptionsTestJSON-981260045 tempest-ExtraDHCPOptionsTestJSON-981260045-project] Notify callbacks ['neutron.api.rpc.agentnotifiers.dhcp_rpc_agent_api.DhcpAgentNotifyAPI._send_dhcp_notification-1794446'] for network, before_response {{(pid=100415) _notify_loop /usr/local/lib/python3.8/dist-packages/neutron_lib/callbacks/manager.py:192}}
Jul 28 11:44:08.904423 dv-neutron-786478-16-hyperv neutron-server[100415]: INFO neutron.wsgi [None req-e744cf87-b476-4951-9ca0-9df2d07bfda7 tempest-ExtraDHCPOptionsTestJSON-981260045 tempest-ExtraDHCPOptionsTestJSON-981260045-project] 10.222.0.43 "DELETE /v2.0/networks/95242498-7d1a-4519-9bf9-7747c097ad67 HTTP/1.1" status: 204 len: 168 time: 1.6050453
Jul 28 11:44:08.908639 dv-neutron-786478-16-hyperv neutron-server[100415]: DEBUG neutron.api.rpc.agentnotifiers.l3_rpc_agent_api [None req-f239733c-5b4e-4fb1-a5e6-089bd170dd17 tempest-RoutersAdminTest-2130321576 tempest-RoutersAdminTest-2130321576-project] Notify agent at l3_agent.dv-neutron-786478-16-hyperv the message routers_updated {{(pid=100415) _agent_notification /opt/stack/neutron/neutron/api/rpc/agentnotifiers/l3_rpc_agent_api.py:65}}
Jul 28 11:44:08.929174 dv-neutron-786478-16-hyperv neutron-server[100417]: DEBUG neutron.api.rpc.handlers.l3_rpc [None req-85473f13-605b-4fb5-9fb3-5177d148db5b None None] Sync routers for ids ['b51d4d8e-b56a-4514-b8d8-81927b9d06d3'] in dv-neutron-786478-16-hyperv {{(pid=100417) sync_routers /opt/stack/neutron/neutron/api/rpc/handlers/l3_rpc.py:125}}
Jul 28 11:44:08.930316 dv-neutron-786478-16-hyperv neutron-server[100415]: DEBUG neutron.api.rpc.handlers.resources_rpc [None req-e744cf87-b476-4951-9ca0-9df2d07bfda7 tempest-ExtraDHCPOptionsTestJSON-981260045 tempest-ExtraDHCPOptionsTestJSON-981260045-project] Pushing event deleted for resources: {'Network': ['ID=95242498-7d1a-4519-9bf9-7747c097ad67,revision_number=None']} {{(pid=100415) push /opt/stack/neutron/neutron/api/rpc/handlers/resources_rpc.py:237}}
Jul 28 11:44:08.953497 dv-neutron-786478-16-hyperv neutron-server[100415]: DEBUG neutron_lib.callbacks.manager [None req-f239733c-5b4e-4fb1-a5e6-089bd170dd17 tempest-RoutersAdminTest-2130321576 tempest-RoutersAdminTest-2130321576-project] Notify callbacks [] for router, before_response {{(pid=100415) _notify_loop /usr/local/lib/python3.8/dist-packages/neutron_lib/callbacks/manager.py:192}}
Jul 28 11:44:08.958032 dv-neutron-786478-16-hyperv neutron-server[100415]: INFO neutron.wsgi [None req-f239733c-5b4e-4fb1-a5e6-089bd170dd17 tempest-RoutersAdminTest-2130321576 tempest-RoutersAdminTest-2130321576-project] 10.222.0.43 "POST /v2.0/routers HTTP/1.1" status: 201 len: 885 time: 5.8882520
Jul 28 11:44:08.958032 dv-neutron-786478-16-hyperv neutron-server[100415]: DEBUG neutron.wsgi [-] (100415) accepted ('10.222.0.43', 53740) {{(pid=100415) server /usr/local/lib/python3.8/dist-packages/eventlet/wsgi.py:982}}
Jul 28 11:44:08.960470 dv-neutron-786478-16-hyperv neutron-server[100417]: DEBUG neutron.db.l3_dvrscheduler_db [None req-85473f13-605b-4fb5-9fb3-5177d148db5b None None] Routers {'b51d4d8e-b56a-4514-b8d8-81927b9d06d3'} bound to L3 agent in host dv-neutron-786478-16-hyperv {{(pid=100417) _get_router_ids_for_agent /opt/stack/neutron/neutron/db/l3_dvrscheduler_db.py:420}}
Jul 28 11:44:08.961211 dv-neutron-786478-16-hyperv neutron-server[100417]: DEBUG neutron.db.l3_hamode_db [None req-85473f13-605b-4fb5-9fb3-5177d148db5b None None] neutron.services.l3_router.l3_router_plugin.L3RouterPlugin method get_ha_sync_data_for_host called with arguments (, 'dv-neutron-786478-16-hyperv', Agent(admin_state_up=True,agent_type='L3 agent',availability_zone='nova',binary='neutron-l3-agent',configurations={"agent_mode": "legacy", "ex_gw_ports": 4, "extensions": [], "floating_ips": 0, "handle_internal_only_routers": true, "interface_driver": "openvswitch", "interfaces": 4, "log_agent_heartbeats": false, "routers": 4},created_at=2021-07-28T11:36:05Z,description=,heartbeat_timestamp=2021-07-28T11:44:05Z,host='dv-neutron-786478-16-hyperv',id=6c5987ec-f8b2-42ea-8e18-6aba22ce92e7,load=0,resource_versions=,resources_synced=,started_at=2021-07-28T11:36:05Z,topic='l3_agent')) {'router_ids': ['b51d4d8e-b56a-4514-b8d8-81927b9d06d3'], 'active': True} {{(pid=100417) wrapper /usr/local/lib/python3.8/dist-packages/oslo_log/helpers.py:65}}
Jul 28 11:44:09.002411 dv-neutron-786478-16-hyperv neutron-server[100417]: DEBUG neutron.db.l3_hamode_db [None req-85473f13-605b-4fb5-9fb3-5177d148db5b None None] neutron.services.l3_router.l3_router_plugin.L3RouterPlugin method _process_sync_ha_data called with arguments (, [], 'dv-neutron-786478-16-hyperv', False) {} {{(pid=100417) wrapper /usr/local/lib/python3.8/dist-packages/oslo_log/helpers.py:65}}
Jul 28 11:44:09.006731 dv-neutron-786478-16-hyperv neutron-server[100417]: DEBUG neutron.plugins.ml2.db [None req-7dd9464c-d25d-4707-97d6-2cc4157d22fc None None] get_ports_and_sgs() called for port_ids ['1cea81a3-003c-4e40-975a-c1ae2a82051c'] {{(pid=100417) get_ports_and_sgs /opt/stack/neutron/neutron/plugins/ml2/db.py:156}}
Jul 28 11:44:09.037337 dv-neutron-786478-16-hyperv neutron-server[100415]: INFO neutron.wsgi [req-c0c9ea75-0b6b-4e8d-8eb9-a789508fde13 req-14444f30-eefe-4ce1-9323-f00ea55d6791 service neutron] 10.222.0.39 "GET /v2.0/networks/3ab5dcf3-09cf-45bd-bb1a-1345514f52ad?fields=segments HTTP/1.1" status: 200 len: 212 time: 0.2018199
Jul 28 11:44:09.049760 dv-neutron-786478-16-hyperv neutron-server[100417]: DEBUG neutron.db.l3_dvrscheduler_db [None req-85473f13-605b-4fb5-9fb3-5177d148db5b None None] Routers {'b51d4d8e-b56a-4514-b8d8-81927b9d06d3'} bound to L3 agent in host dv-neutron-786478-16-hyperv {{(pid=100417) _get_router_ids_for_agent /opt/stack/neutron/neutron/db/l3_dvrscheduler_db.py:420}}
Jul 28 11:44:09.050297 dv-neutron-786478-16-hyperv neutron-server[100417]: DEBUG neutron.db.l3_hamode_db [None req-85473f13-605b-4fb5-9fb3-5177d148db5b None None] neutron.services.l3_router.l3_router_plugin.L3RouterPlugin method get_ha_sync_data_for_host called with arguments (, 'dv-neutron-786478-16-hyperv', Agent(admin_state_up=True,agent_type='L3 agent',availability_zone='nova',binary='neutron-l3-agent',configurations={"agent_mode": "legacy", "ex_gw_ports": 4, "extensions": [], "floating_ips": 0, "handle_internal_only_routers": true, "interface_driver": "openvswitch", "interfaces": 4, "log_agent_heartbeats": false, "routers": 4},created_at=2021-07-28T11:36:05Z,description=,heartbeat_timestamp=2021-07-28T11:44:05Z,host='dv-neutron-786478-16-hyperv',id=6c5987ec-f8b2-42ea-8e18-6aba22ce92e7,load=0,resource_versions=,resources_synced=,started_at=2021-07-28T11:36:05Z,topic='l3_agent')) {'router_ids': ['b51d4d8e-b56a-4514-b8d8-81927b9d06d3'], 'active': True} {{(pid=100417) wrapper /usr/local/lib/python3.8/dist-packages/oslo_log/helpers.py:65}}
Jul 28 11:44:09.068757 dv-neutron-786478-16-hyperv neutron-server[100416]: INFO neutron.wsgi [req-d42dbb1f-9cf8-4c7c-af1a-38b6885fb684 req-e804a482-8090-4135-a33f-eef2d99050a2 tempest-ServerActionsTestJSON-871056556 tempest-ServerActionsTestJSON-871056556-project] 10.222.0.43 "GET /v2.0/security-groups?id=9a58a11a-f398-441a-9cfe-1ddaad195955&fields=id&fields=name HTTP/1.1" status: 200 len: 313 time: 0.1986380
Jul 28 11:44:09.073678 dv-neutron-786478-16-hyperv neutron-server[100416]: DEBUG neutron_lib.callbacks.manager [None req-0db447b8-40ea-4f63-bdf2-3acd50beb5b5 tempest-AllowedAddressPairIpV6TestJSON-1084944632 tempest-AllowedAddressPairIpV6TestJSON-1084944632-project] Notify callbacks ['neutron.plugins.ml2.plugin.SecurityGroupServerNotifierRpcMixin._notify_sg_on_port_change-1450694', 'neutron.plugins.ml2.ovo_rpc._ObjectChangeHandler.handle_event-1876097', 'neutron.api.rpc.agentnotifiers.dhcp_rpc_agent_api.DhcpAgentNotifyAPI._native_event_send_dhcp_notification-1794480', 'neutron.db.l3_db.L3RpcNotifierMixin._notify_routers_callback-8758057976351', 'neutron.db.l3_dvrscheduler_db._notify_port_delete-8758057604109', 'neutron.services.segments.plugin.NovaSegmentNotifier._notify_port_created_or_deleted-9515179'] for port, after_delete {{(pid=100416) _notify_loop /usr/local/lib/python3.8/dist-packages/neutron_lib/callbacks/manager.py:192}}
Jul 28 11:44:09.110671 dv-neutron-786478-16-hyperv neutron-server[100417]: DEBUG neutron.db.l3_hamode_db [None req-85473f13-605b-4fb5-9fb3-5177d148db5b None None] neutron.services.l3_router.l3_router_plugin.L3RouterPlugin method _process_sync_ha_data called with arguments (, [], 'dv-neutron-786478-16-hyperv', False) {} {{(pid=100417) wrapper /usr/local/lib/python3.8/dist-packages/oslo_log/helpers.py:65}}
Jul 28 11:44:09.111552 dv-neutron-786478-16-hyperv neutron-server[100417]: DEBUG neutron.api.rpc.handlers.l3_rpc [None req-85473f13-605b-4fb5-9fb3-5177d148db5b None None] The sync data for ids ['b51d4d8e-b56a-4514-b8d8-81927b9d06d3'] in dv-neutron-786478-16-hyperv is: [] {{(pid=100417) sync_routers /opt/stack/neutron/neutron/api/rpc/handlers/l3_rpc.py:137}}
Jul 28 11:44:09.397585 dv-neutron-786478-16-hyperv neutron-server[100416]: DEBUG neutron.wsgi [-] (100416) accepted ('10.222.0.43', 53746) {{(pid=100416) server /usr/local/lib/python3.8/dist-packages/eventlet/wsgi.py:982}}
Jul 28 11:44:09.411838 dv-neutron-786478-16-hyperv neutron-server[100416]: DEBUG neutron.api.rpc.handlers.resources_rpc [None req-0db447b8-40ea-4f63-bdf2-3acd50beb5b5 tempest-AllowedAddressPairIpV6TestJSON-1084944632 tempest-AllowedAddressPairIpV6TestJSON-1084944632-project] Pushing event deleted for resources: {'Port': ['ID=429c566d-d68e-4028-9f88-b3a6f158bda2,revision_number=None']} {{(pid=100416) push /opt/stack/neutron/neutron/api/rpc/handlers/resources_rpc.py:237}}
Jul 28 11:44:09.491798 dv-neutron-786478-16-hyperv neutron-server[100415]: INFO neutron.wsgi [None req-86285686-dd01-4398-ae6b-a4a8fd48d18d tempest-RoutersAdminTest-935949326 tempest-RoutersAdminTest-935949326-project-admin] 10.222.0.43 "GET /v2.0/routers/b51d4d8e-b56a-4514-b8d8-81927b9d06d3 HTTP/1.1" status: 200 len: 921 time: 0.5326233
Jul 28 11:44:09.497391 dv-neutron-786478-16-hyperv neutron-server[100415]: DEBUG neutron.wsgi [-] (100415) accepted ('10.222.0.43', 53750) {{(pid=100415) server /usr/local/lib/python3.8/dist-packages/eventlet/wsgi.py:982}}
Jul 28 11:44:09.551386 dv-neutron-786478-16-hyperv neutron-server[100415]: INFO neutron.wsgi [None req-d5583105-70b3-4652-9842-470c285f1c37 tempest-RoutersAdminTest-2130321576 tempest-RoutersAdminTest-2130321576-project] 10.222.0.43 "GET /v2.0/ports?device_id=b51d4d8e-b56a-4514-b8d8-81927b9d06d3 HTTP/1.1" status: 200 len: 205 time: 0.0501256
Jul 28 11:44:09.551386 dv-neutron-786478-16-hyperv neutron-server[100415]: INFO neutron.wsgi [req-c0c9ea75-0b6b-4e8d-8eb9-a789508fde13 req-63cbad89-501e-4383-afe9-615c66df0fb2 service neutron] 10.222.0.39 "GET /v2.0/networks/3ab5dcf3-09cf-45bd-bb1a-1345514f52ad?fields=provider%3Aphysical_network&fields=provider%3Anetwork_type HTTP/1.1" status: 200 len: 281 time: 0.5020134
Jul 28 11:44:09.552587 dv-neutron-786478-16-hyperv neutron-server[100415]: DEBUG neutron.wsgi [-] (100415) accepted ('10.222.0.43', 53752) {{(pid=100415) server /usr/local/lib/python3.8/dist-packages/eventlet/wsgi.py:982}}
Jul 28 11:44:09.587010 dv-neutron-786478-16-hyperv neutron-server[100416]: DEBUG neutron.pecan_wsgi.hooks.policy_enforcement [req-a4ea885b-0cd9-4d0f-8aaa-b67e248d54aa req-0f16148e-54ee-4bc0-93a9-f06931df1fee tempest-ServersTestJSON-521021180 tempest-ServersTestJSON-521021180-project] Attributes excluded by policy engine: ['standard_attr_id', 'binding:profile', 'binding:host_id', 'binding:vif_type', 'binding:vif_details'] {{(pid=100416) _exclude_attributes_by_policy /opt/stack/neutron/neutron/pecan_wsgi/hooks/policy_enforcement.py:255}}
Jul 28 11:44:09.588516 dv-neutron-786478-16-hyperv neutron-server[100416]: INFO neutron.wsgi [req-a4ea885b-0cd9-4d0f-8aaa-b67e248d54aa req-0f16148e-54ee-4bc0-93a9-f06931df1fee tempest-ServersTestJSON-521021180 tempest-ServersTestJSON-521021180-project] 10.222.0.43 "GET /v2.0/ports?device_id=f3cee1f0-f956-4ca2-b253-8545f9f7cf53 HTTP/1.1" status: 200 len: 945 time: 0.5175869
Jul 28 11:44:09.647297 dv-neutron-786478-16-hyperv neutron-server[100416]: DEBUG neutron_lib.callbacks.manager [None req-0db447b8-40ea-4f63-bdf2-3acd50beb5b5 tempest-AllowedAddressPairIpV6TestJSON-1084944632 tempest-AllowedAddressPairIpV6TestJSON-1084944632-project] Notify callbacks ['neutron.notifiers.nova.Notifier._send_nova_notification-3347'] for port, before_response {{(pid=100416) _notify_loop /usr/local/lib/python3.8/dist-packages/neutron_lib/callbacks/manager.py:192}}
Jul 28 11:44:09.651508 dv-neutron-786478-16-hyperv neutron-server[100416]: INFO neutron.wsgi [None req-0db447b8-40ea-4f63-bdf2-3acd50beb5b5 tempest-AllowedAddressPairIpV6TestJSON-1084944632 tempest-AllowedAddressPairIpV6TestJSON-1084944632-project] 10.222.0.43 "DELETE /v2.0/ports/429c566d-d68e-4028-9f88-b3a6f158bda2 HTTP/1.1" status: 204 len: 168 time: 1.7517712
Jul 28 11:44:09.652693 dv-neutron-786478-16-hyperv neutron-server[100415]: DEBUG neutron.wsgi [-] (100415) accepted ('10.222.0.43', 53756) {{(pid=100415) server /usr/local/lib/python3.8/dist-packages/eventlet/wsgi.py:982}}
Jul 28 11:44:09.660509 dv-neutron-786478-16-hyperv neutron-server[100416]: DEBUG neutron_lib.callbacks.manager [None req-1c05ed67-6492-483b-a4e1-b6bcca1314d5 tempest-FloatingIPAdminTestJSON-155503263 tempest-FloatingIPAdminTestJSON-155503263-project] Notify callbacks ['neutron.plugins.ml2.plugin.SecurityGroupDbMixin._ensure_default_security_group_handler-550923'] for port, before_create {{(pid=100416) _notify_loop /usr/local/lib/python3.8/dist-packages/neutron_lib/callbacks/manager.py:192}}
Jul 28 11:44:09.680133 dv-neutron-786478-16-hyperv neutron-server[100415]: INFO neutron.pecan_wsgi.hooks.translation [None req-555ff38d-d2f6-4b47-80b1-d5759d38dc21 tempest-AllowedAddressPairIpV6TestJSON-1084944632 tempest-AllowedAddressPairIpV6TestJSON-1084944632-project] GET failed (client error): The resource could not be found.
Jul 28 11:44:09.681687 dv-neutron-786478-16-hyperv neutron-server[100415]: INFO neutron.wsgi [None req-555ff38d-d2f6-4b47-80b1-d5759d38dc21 tempest-AllowedAddressPairIpV6TestJSON-1084944632 tempest-AllowedAddressPairIpV6TestJSON-1084944632-project] 10.222.0.43 "GET /v2.0/ports/429c566d-d68e-4028-9f88-b3a6f158bda2 HTTP/1.1" status: 404 len: 333 time: 0.0288765
Jul 28 11:44:09.685328 dv-neutron-786478-16-hyperv neutron-server[100415]: DEBUG neutron.wsgi [-] (100415) accepted ('10.222.0.43', 53758) {{(pid=100415) server /usr/local/lib/python3.8/dist-packages/eventlet/wsgi.py:982}}
Jul 28 11:44:09.690920 dv-neutron-786478-16-hyperv neutron-server[100415]: DEBUG neutron.api.v2.base [None req-f193cbfc-ded0-41a8-98cb-31cc94bba2fa tempest-AllowedAddressPairIpV6TestJSON-1084944632 tempest-AllowedAddressPairIpV6TestJSON-1084944632-project] Request body: {'port': {'network_id': '8ee91a7f-6a14-45bc-b0cc-ab905e8f019b', 'name': 'tempest-AllowedAddressPairIpV6TestJSON-510553208'}} {{(pid=100415) prepare_request_body /opt/stack/neutron/neutron/api/v2/base.py:729}}
Jul 28 11:44:09.697263 dv-neutron-786478-16-hyperv neutron-server[100416]: INFO neutron.wsgi [None req-146e73c5-c3b9-4513-be5c-996fe70e57fe admin admin] 10.222.0.43 "GET /v2.0/security-groups?tenant_id=0608f7e304d64cd399ec4ec80d41f941&name=default HTTP/1.1" status: 200 len: 2979 time: 0.2937033
Jul 28 11:44:09.698849 dv-neutron-786478-16-hyperv neutron-server[100415]: DEBUG neutron.wsgi [-] (100415) accepted ('10.222.0.43', 53760) {{(pid=100415) server /usr/local/lib/python3.8/dist-packages/eventlet/wsgi.py:982}}
Jul 28 11:44:09.733057 dv-neutron-786478-16-hyperv neutron-server[100416]: INFO neutron.wsgi [req-a4ea885b-0cd9-4d0f-8aaa-b67e248d54aa req-64167915-5f47-408a-aeac-c1cba3a2d8fa tempest-ServersTestJSON-521021180 tempest-ServersTestJSON-521021180-project] 10.222.0.43 "GET /v2.0/security-groups?id=472d702e-ff1e-4c12-aae5-f9f050a0014a&fields=id&fields=name HTTP/1.1" status: 200 len: 313 time: 0.1336417
Jul 28 11:44:09.805636 dv-neutron-786478-16-hyperv neutron-server[100415]: DEBUG neutron_lib.callbacks.manager [None req-bf74e511-9f43-4891-bec2-5d5d723073c6 tempest-RoutersAdminTest-2130321576 tempest-RoutersAdminTest-2130321576-project] Notify callbacks [] for router, before_delete {{(pid=100415) _notify_loop /usr/local/lib/python3.8/dist-packages/neutron_lib/callbacks/manager.py:192}}
Jul 28 11:44:09.859183 dv-neutron-786478-16-hyperv neutron-server[100416]: DEBUG neutron.pecan_wsgi.hooks.policy_enforcement [req-01010705-eb7f-40ea-9b6d-e0ac4a98189e req-14116fb5-30ea-456c-90f0-9d8125cea91a tempest-ServersTestManualDisk-1859445965 tempest-ServersTestManualDisk-1859445965-project] Attributes excluded by policy engine: ['standard_attr_id', 'binding:profile', 'binding:host_id', 'binding:vif_type', 'binding:vif_details'] {{(pid=100416) _exclude_attributes_by_policy /opt/stack/neutron/neutron/pecan_wsgi/hooks/policy_enforcement.py:255}}
Jul 28 11:44:09.860666 dv-neutron-786478-16-hyperv neutron-server[100416]: INFO neutron.wsgi [req-01010705-eb7f-40ea-9b6d-e0ac4a98189e req-14116fb5-30ea-456c-90f0-9d8125cea91a tempest-ServersTestManualDisk-1859445965 tempest-ServersTestManualDisk-1859445965-project] 10.222.0.43 "GET /v2.0/ports?device_id=fb5afee4-04b9-4338-8aec-60c8139c7bf4 HTTP/1.1" status: 200 len: 943 time: 0.1559484
Jul 28 11:44:09.884567 dv-neutron-786478-16-hyperv neutron-server[100416]: DEBUG neutron.objects.ports [None req-d1309cde-f539-4a92-807f-89c6ce49b9f2 tempest-ExternalNetworksTestJSON-764615853 tempest-ExternalNetworksTestJSON-764615853-project-admin] Time-cost: Fetching 0 ports in 0 security groups {{(pid=100416) get_objects /opt/stack/neutron/neutron/objects/ports.py:444}}
Jul 28 11:44:09.885018 dv-neutron-786478-16-hyperv neutron-server[100416]: DEBUG neutron_lib.callbacks.manager [None req-d1309cde-f539-4a92-807f-89c6ce49b9f2 tempest-ExternalNetworksTestJSON-764615853 tempest-ExternalNetworksTestJSON-764615853-project-admin] Notify callbacks ['neutron.plugins.ml2.ovo_rpc._ObjectChangeHandler.handle_event-1574075', 'neutron.api.rpc.agentnotifiers.dhcp_rpc_agent_api.DhcpAgentNotifyAPI._native_event_send_dhcp_notification-1794480', 'neutron.services.segments.plugin.NovaSegmentNotifier._notify_subnet_created-9515071', 'neutron.services.segments.plugin.SegmentHostRoutes.host_routes_after_create-9524409'] for subnet, after_create {{(pid=100416) _notify_loop /usr/local/lib/python3.8/dist-packages/neutron_lib/callbacks/manager.py:192}}
Jul 28 11:44:09.889689 dv-neutron-786478-16-hyperv neutron-server[100415]: DEBUG neutron_lib.callbacks.manager [None req-22607276-911a-453a-ba8e-c1ad68f3b799 admin admin] Notify callbacks [] for security_group, before_delete {{(pid=100415) _notify_loop /usr/local/lib/python3.8/dist-packages/neutron_lib/callbacks/manager.py:192}}
Jul 28 11:44:09.948954 dv-neutron-786478-16-hyperv neutron-server[100416]: DEBUG neutron.db.db_base_plugin_common [None req-1c05ed67-6492-483b-a4e1-b6bcca1314d5 tempest-FloatingIPAdminTestJSON-155503263 tempest-FloatingIPAdminTestJSON-155503263-project] Allocated IP 172.26.1.19 (e4f7873c-4d94-460a-8c07-155f724d96cd/48ab53c6-d51a-4dff-b383-73ad4c768c92/dfb0355b-5f8a-4ce7-8e39-75011171d644) {{(pid=100416) _store_ip_allocation /opt/stack/neutron/neutron/db/db_base_plugin_common.py:131}}
Jul 28 11:44:09.963902 dv-neutron-786478-16-hyperv neutron-server[100415]: DEBUG neutron_lib.callbacks.manager [None req-22607276-911a-453a-ba8e-c1ad68f3b799 admin admin] Notify callbacks [] for security_group, precommit_delete {{(pid=100415) _notify_loop /usr/local/lib/python3.8/dist-packages/neutron_lib/callbacks/manager.py:192}}
Jul 28 11:44:09.987007 dv-neutron-786478-16-hyperv neutron-server[100416]: DEBUG neutron.api.rpc.handlers.resources_rpc [None req-d1309cde-f539-4a92-807f-89c6ce49b9f2 tempest-ExternalNetworksTestJSON-764615853 tempest-ExternalNetworksTestJSON-764615853-project-admin] Pushing event updated for resources: {'Subnet': ['ID=759cabab-09ea-43d9-9d83-fb16cbb711b7,revision_number=0']} {{(pid=100416) push /opt/stack/neutron/neutron/api/rpc/handlers/resources_rpc.py:237}}
Jul 28 11:44:09.993728 dv-neutron-786478-16-hyperv neutron-server[100416]: INFO neutron.wsgi [req-01010705-eb7f-40ea-9b6d-e0ac4a98189e req-b3b4a5f2-e394-44a5-8faf-1dc13c0afe35 tempest-ServersTestManualDisk-1859445965 tempest-ServersTestManualDisk-1859445965-project] 10.222.0.43 "GET /v2.0/security-groups?id=67b4186a-a2ed-4792-94d3-313facceaebd&fields=id&fields=name HTTP/1.1" status: 200 len: 312 time: 0.1122360
Jul 28 11:44:10.018063 dv-neutron-786478-16-hyperv neutron-server[100415]: DEBUG neutron_lib.callbacks.manager [None req-bf74e511-9f43-4891-bec2-5d5d723073c6 tempest-RoutersAdminTest-2130321576 tempest-RoutersAdminTest-2130321576-project] Notify callbacks [] for router_gateway, before_delete {{(pid=100415) _notify_loop /usr/local/lib/python3.8/dist-packages/neutron_lib/callbacks/manager.py:192}}
Jul 28 11:44:10.023620 dv-neutron-786478-16-hyperv neutron-server[100415]: DEBUG neutron.pecan_wsgi.hooks.quota_enforcement [None req-f193cbfc-ded0-41a8-98cb-31cc94bba2fa tempest-AllowedAddressPairIpV6TestJSON-1084944632 tempest-AllowedAddressPairIpV6TestJSON-1084944632-project] Made reservation on behalf of ac29001115b4430cb92a15f9e9ebe685 for: {'port': 1} {{(pid=100415) before /opt/stack/neutron/neutron/pecan_wsgi/hooks/quota_enforcement.py:53}}
Jul 28 11:44:10.027251 dv-neutron-786478-16-hyperv neutron-server[100415]: DEBUG neutron_lib.callbacks.manager [None req-f193cbfc-ded0-41a8-98cb-31cc94bba2fa tempest-AllowedAddressPairIpV6TestJSON-1084944632 tempest-AllowedAddressPairIpV6TestJSON-1084944632-project] Notify callbacks ['neutron.plugins.ml2.plugin.SecurityGroupDbMixin._ensure_default_security_group_handler-550923'] for port, before_create {{(pid=100415) _notify_loop /usr/local/lib/python3.8/dist-packages/neutron_lib/callbacks/manager.py:192}}
Jul 28 11:44:10.052284 dv-neutron-786478-16-hyperv neutron-server[100415]: DEBUG neutron.notifiers.nova [None req-f193cbfc-ded0-41a8-98cb-31cc94bba2fa tempest-AllowedAddressPairIpV6TestJSON-1084944632 tempest-AllowedAddressPairIpV6TestJSON-1084944632-project] device_id is not set on port 8758d467-0515-4db0-adeb-2743865c051d yet. {{(pid=100415) _can_notify /opt/stack/neutron/neutron/notifiers/nova.py:190}}
Jul 28 11:44:10.057961 dv-neutron-786478-16-hyperv neutron-server[100416]: DEBUG neutron.plugins.ml2.drivers.mech_agent [None req-d1309cde-f539-4a92-807f-89c6ce49b9f2 tempest-ExternalNetworksTestJSON-764615853 tempest-ExternalNetworksTestJSON-764615853-project-admin] Checking segment: {'id': '81757a28-2d5f-4250-a6e5-82db05cc65b2', 'network_type': 'vlan', 'physical_network': 'physnet1', 'segmentation_id': 143, 'network_id': '163ade52-d57f-489c-9144-16d5419cbed8'} for mappings: {'physnet1': 'br-data'} with network types: ['local', 'flat', 'vlan'] {{(pid=100416) check_segment_for_agent /opt/stack/neutron/neutron/plugins/ml2/drivers/mech_agent.py:352}}
