Oct 26 15:23:49.181286 dv-neutron-759874-6-hyperv devstack@placement-api.service[105847]: DEBUG placement.requestlog [None req-59aeb678-de35-474e-861c-b398ff5afa3c None None] Starting request: 10.222.0.60 "DELETE /placement/resource_providers/ec548447-59f2-4876-bab6-234c9f4060e7" {{(pid=105847) __call__ /opt/stack/placement/placement/requestlog.py:55}}
Oct 26 15:23:49.182648 dv-neutron-759874-6-hyperv devstack@placement-api.service[105846]: DEBUG placement.requestlog [req-598071ea-318d-4603-bdb9-95dcfd0f0e07 req-66039248-6414-47f9-aa3a-1c37574a84d4 None None] Starting request: 10.222.0.64 "GET /placement/allocations/169100ee-6210-466a-83d6-91f72fb28b38" {{(pid=105846) __call__ /opt/stack/placement/placement/requestlog.py:55}}
Oct 26 15:23:49.198624 dv-neutron-759874-6-hyperv devstack@placement-api.service[105847]: DEBUG placement.wsgi_wrapper [None req-59aeb678-de35-474e-861c-b398ff5afa3c service placement] Placement API returning an error response: No resource provider with uuid ec548447-59f2-4876-bab6-234c9f4060e7 found for delete {{(pid=105847) call_func /opt/stack/placement/placement/wsgi_wrapper.py:31}}
Oct 26 15:23:49.199488 dv-neutron-759874-6-hyperv devstack@placement-api.service[105847]: INFO placement.requestlog [None req-59aeb678-de35-474e-861c-b398ff5afa3c service placement] 10.222.0.60 "DELETE /placement/resource_providers/ec548447-59f2-4876-bab6-234c9f4060e7" status: 404 len: 246 microversion: 1.1
Oct 26 15:23:49.201934 dv-neutron-759874-6-hyperv devstack@placement-api.service[105847]: [pid: 105847|app: 0|req: 107/216] 10.222.0.60 () {60 vars in 1351 bytes} [Wed Oct 26 15:23:49 2022] DELETE /placement/resource_providers/ec548447-59f2-4876-bab6-234c9f4060e7 => generated 246 bytes in 22 msecs (HTTP/1.1 404) 6 headers in 231 bytes (1 switches on core 0)
Oct 26 15:23:49.234608 dv-neutron-759874-6-hyperv devstack@placement-api.service[105846]: INFO placement.requestlog [req-598071ea-318d-4603-bdb9-95dcfd0f0e07 req-66039248-6414-47f9-aa3a-1c37574a84d4 service placement] 10.222.0.64 "GET /placement/allocations/169100ee-6210-466a-83d6-91f72fb28b38" status: 200 len: 258 microversion: 1.28
Oct 26 15:23:49.235000 dv-neutron-759874-6-hyperv devstack@placement-api.service[105846]: [pid: 105846|app: 0|req: 110/217] 10.222.0.64 () {60 vars in 1377 bytes} [Wed Oct 26 15:23:49 2022] GET /placement/allocations/169100ee-6210-466a-83d6-91f72fb28b38 => generated 258 bytes in 53 msecs (HTTP/1.1 200) 8 headers in 296 bytes (1 switches on core 0)
Oct 26 15:23:49.244238 dv-neutron-759874-6-hyperv devstack@placement-api.service[105847]: DEBUG placement.requestlog [req-598071ea-318d-4603-bdb9-95dcfd0f0e07 req-dacb4dd7-e85c-4554-a411-fe64cc4822ed None None] Starting request: 10.222.0.64 "GET /placement/allocations/ed2259c2-6513-40de-8b05-709666925775" {{(pid=105847) __call__ /opt/stack/placement/placement/requestlog.py:55}}
Oct 26 15:23:49.300579 dv-neutron-759874-6-hyperv devstack@placement-api.service[105847]: INFO placement.requestlog [req-598071ea-318d-4603-bdb9-95dcfd0f0e07 req-dacb4dd7-e85c-4554-a411-fe64cc4822ed service placement] 10.222.0.64 "GET /placement/allocations/ed2259c2-6513-40de-8b05-709666925775" status: 200 len: 258 microversion: 1.28
Oct 26 15:23:49.302102 dv-neutron-759874-6-hyperv devstack@placement-api.service[105847]: [pid: 105847|app: 0|req: 108/218] 10.222.0.64 () {60 vars in 1377 bytes} [Wed Oct 26 15:23:49 2022] GET /placement/allocations/ed2259c2-6513-40de-8b05-709666925775 => generated 258 bytes in 57 msecs (HTTP/1.1 200) 8 headers in 296 bytes (1 switches on core 0)
Oct 26 15:23:49.310743 dv-neutron-759874-6-hyperv devstack@placement-api.service[105846]: DEBUG placement.requestlog [req-598071ea-318d-4603-bdb9-95dcfd0f0e07 req-37efa5a8-ed61-4935-ab97-e7173b250bc9 None None] Starting request: 10.222.0.64 "GET /placement/allocations/a4e9c5c2-06dd-400a-9b08-e1ea6fd784ad" {{(pid=105846) __call__ /opt/stack/placement/placement/requestlog.py:55}}
Oct 26 15:23:49.346105 dv-neutron-759874-6-hyperv devstack@placement-api.service[105846]: INFO placement.requestlog [req-598071ea-318d-4603-bdb9-95dcfd0f0e07 req-37efa5a8-ed61-4935-ab97-e7173b250bc9 service placement] 10.222.0.64 "GET /placement/allocations/a4e9c5c2-06dd-400a-9b08-e1ea6fd784ad" status: 200 len: 258 microversion: 1.28
Oct 26 15:23:49.346843 dv-neutron-759874-6-hyperv devstack@placement-api.service[105846]: [pid: 105846|app: 0|req: 111/219] 10.222.0.64 () {60 vars in 1377 bytes} [Wed Oct 26 15:23:49 2022] GET /placement/allocations/a4e9c5c2-06dd-400a-9b08-e1ea6fd784ad => generated 258 bytes in 36 msecs (HTTP/1.1 200) 8 headers in 296 bytes (1 switches on core 0)
Oct 26 15:23:49.354509 dv-neutron-759874-6-hyperv devstack@placement-api.service[105847]: DEBUG placement.requestlog [req-598071ea-318d-4603-bdb9-95dcfd0f0e07 req-b95e474d-2c28-4d2a-ac5c-d8fd77e35625 None None] Starting request: 10.222.0.64 "GET /placement/allocations/efe63d87-5805-4538-af4d-bd9859b24fb1" {{(pid=105847) __call__ /opt/stack/placement/placement/requestlog.py:55}}
Oct 26 15:23:49.376555 dv-neutron-759874-6-hyperv devstack@placement-api.service[105847]: INFO placement.requestlog [req-598071ea-318d-4603-bdb9-95dcfd0f0e07 req-b95e474d-2c28-4d2a-ac5c-d8fd77e35625 service placement] 10.222.0.64 "GET /placement/allocations/efe63d87-5805-4538-af4d-bd9859b24fb1" status: 200 len: 258 microversion: 1.28
Oct 26 15:23:49.377275 dv-neutron-759874-6-hyperv devstack@placement-api.service[105847]: [pid: 105847|app: 0|req: 109/220] 10.222.0.64 () {60 vars in 1377 bytes} [Wed Oct 26 15:23:49 2022] GET /placement/allocations/efe63d87-5805-4538-af4d-bd9859b24fb1 => generated 258 bytes in 23 msecs (HTTP/1.1 200) 8 headers in 296 bytes (1 switches on core 0)
Oct 26 15:23:53.611146 dv-neutron-759874-6-hyperv devstack@placement-api.service[105846]: DEBUG placement.requestlog [None req-871c30d2-7fe8-492a-ae40-60f4aaef07de None None] Starting request: 10.222.0.60 "GET /placement/resource_providers/edf2300e-c288-4c37-b671-3fa963ef491f/aggregates" {{(pid=105846) __call__ /opt/stack/placement/placement/requestlog.py:55}}
Oct 26 15:23:53.628128 dv-neutron-759874-6-hyperv devstack@placement-api.service[105846]: INFO placement.requestlog [None req-871c30d2-7fe8-492a-ae40-60f4aaef07de service placement] 10.222.0.60 "GET /placement/resource_providers/edf2300e-c288-4c37-b671-3fa963ef491f/aggregates" status: 404 len: 235 microversion: 1.1
Oct 26 15:23:53.629968 dv-neutron-759874-6-hyperv devstack@placement-api.service[105846]: [pid: 105846|app: 0|req: 112/221] 10.222.0.60 () {58 vars in 1362 bytes} [Wed Oct 26 15:23:53 2022] GET /placement/resource_providers/edf2300e-c288-4c37-b671-3fa963ef491f/aggregates => generated 235 bytes in 19 msecs (HTTP/1.1 404) 5 headers in 202 bytes (1 switches on core 0)
Oct 26 15:23:53.669215 dv-neutron-759874-6-hyperv devstack@placement-api.service[105847]: DEBUG placement.requestlog [None req-29809741-ce38-4eed-bc1b-a7c44a5001d8 None None] Starting request: 10.222.0.60 "DELETE /placement/resource_providers/edf2300e-c288-4c37-b671-3fa963ef491f" {{(pid=105847) __call__ /opt/stack/placement/placement/requestlog.py:55}}
Oct 26 15:23:53.687013 dv-neutron-759874-6-hyperv devstack@placement-api.service[105847]: DEBUG placement.wsgi_wrapper [None req-29809741-ce38-4eed-bc1b-a7c44a5001d8 service placement] Placement API returning an error response: No resource provider with uuid edf2300e-c288-4c37-b671-3fa963ef491f found for delete {{(pid=105847) call_func /opt/stack/placement/placement/wsgi_wrapper.py:31}}
Oct 26 15:23:53.687794 dv-neutron-759874-6-hyperv devstack@placement-api.service[105847]: INFO placement.requestlog [None req-29809741-ce38-4eed-bc1b-a7c44a5001d8 service placement] 10.222.0.60 "DELETE /placement/resource_providers/edf2300e-c288-4c37-b671-3fa963ef491f" status: 404 len: 246 microversion: 1.1
Oct 26 15:23:53.690514 dv-neutron-759874-6-hyperv devstack@placement-api.service[105847]: [pid: 105847|app: 0|req: 110/222] 10.222.0.60 () {60 vars in 1351 bytes} [Wed Oct 26 15:23:53 2022] DELETE /placement/resource_providers/edf2300e-c288-4c37-b671-3fa963ef491f => generated 246 bytes in 22 msecs (HTTP/1.1 404) 6 headers in 231 bytes (2 switches on core 0)
Oct 26 15:24:03.622975 dv-neutron-759874-6-hyperv devstack@placement-api.service[105846]: DEBUG dbcounter [-] [105846] Writing DB stats placement:SELECT=21 {{(pid=105846) stat_writer /usr/local/lib/python3.8/dist-packages/dbcounter.py:114}}
Oct 26 15:24:03.685223 dv-neutron-759874-6-hyperv devstack@placement-api.service[105847]: DEBUG dbcounter [-] [105847] Writing DB stats placement:SELECT=13 {{(pid=105847) stat_writer /usr/local/lib/python3.8/dist-packages/dbcounter.py:114}}
Oct 26 15:24:13.466951 dv-neutron-759874-6-hyperv devstack@placement-api.service[105846]: DEBUG placement.requestlog [req-acc10766-334f-421d-a10c-e4abe93ed2b6 req-f7971cca-5113-47fc-a038-1ffb67a96837 None None] Starting request: 10.222.0.64 "GET /placement/resource_providers/2d2c5ebd-e626-4149-8d3b-9594235382bf/allocations" {{(pid=105846) __call__ /opt/stack/placement/placement/requestlog.py:55}}
Oct 26 15:24:13.522655 dv-neutron-759874-6-hyperv devstack@placement-api.service[105846]: INFO placement.requestlog [req-acc10766-334f-421d-a10c-e4abe93ed2b6 req-f7971cca-5113-47fc-a038-1ffb67a96837 service placement] 10.222.0.64 "GET /placement/resource_providers/2d2c5ebd-e626-4149-8d3b-9594235382bf/allocations" status: 200 len: 456 microversion: 1.0
Oct 26 15:24:13.528780 dv-neutron-759874-6-hyperv devstack@placement-api.service[105846]: [pid: 105846|app: 0|req: 113/223] 10.222.0.64 () {58 vars in 1390 bytes} [Wed Oct 26 15:24:13 2022] GET /placement/resource_providers/2d2c5ebd-e626-4149-8d3b-9594235382bf/allocations => generated 456 bytes in 64 msecs (HTTP/1.1 200) 6 headers in 224 bytes (1 switches on core 0)
Oct 26 15:24:13.536654 dv-neutron-759874-6-hyperv devstack@placement-api.service[105847]: DEBUG placement.requestlog [req-acc10766-334f-421d-a10c-e4abe93ed2b6 req-8636efc9-a8c5-4f42-a607-4bec703273e7 None None] Starting request: 10.222.0.64 "GET /placement/allocations/169100ee-6210-466a-83d6-91f72fb28b38" {{(pid=105847) __call__ /opt/stack/placement/placement/requestlog.py:55}}
Oct 26 15:24:13.564051 dv-neutron-759874-6-hyperv devstack@placement-api.service[105847]: INFO placement.requestlog [req-acc10766-334f-421d-a10c-e4abe93ed2b6 req-8636efc9-a8c5-4f42-a607-4bec703273e7 service placement] 10.222.0.64 "GET /placement/allocations/169100ee-6210-466a-83d6-91f72fb28b38" status: 200 len: 258 microversion: 1.28
Oct 26 15:24:13.564901 dv-neutron-759874-6-hyperv devstack@placement-api.service[105847]: [pid: 105847|app: 0|req: 111/224] 10.222.0.64 () {60 vars in 1377 bytes} [Wed Oct 26 15:24:13 2022] GET /placement/allocations/169100ee-6210-466a-83d6-91f72fb28b38 => generated 258 bytes in 28 msecs (HTTP/1.1 200) 8 headers in 296 bytes (1 switches on core 0)
Oct 26 15:24:13.572094 dv-neutron-759874-6-hyperv devstack@placement-api.service[105846]: DEBUG placement.requestlog [req-acc10766-334f-421d-a10c-e4abe93ed2b6 req-8738fca9-35b1-40a4-8b9b-0dec9741c8f5 None None] Starting request: 10.222.0.64 "GET /placement/allocations/ed2259c2-6513-40de-8b05-709666925775" {{(pid=105846) __call__ /opt/stack/placement/placement/requestlog.py:55}}
Oct 26 15:24:13.596363 dv-neutron-759874-6-hyperv devstack@placement-api.service[105846]: INFO placement.requestlog [req-acc10766-334f-421d-a10c-e4abe93ed2b6 req-8738fca9-35b1-40a4-8b9b-0dec9741c8f5 service placement] 10.222.0.64 "GET /placement/allocations/ed2259c2-6513-40de-8b05-709666925775" status: 200 len: 258 microversion: 1.28
Oct 26 15:24:13.596752 dv-neutron-759874-6-hyperv devstack@placement-api.service[105846]: [pid: 105846|app: 0|req: 114/225] 10.222.0.64 () {60 vars in 1377 bytes} [Wed Oct 26 15:24:13 2022] GET /placement/allocations/ed2259c2-6513-40de-8b05-709666925775 => generated 258 bytes in 25 msecs (HTTP/1.1 200) 8 headers in 296 bytes (1 switches on core 0)
Oct 26 15:24:13.604207 dv-neutron-759874-6-hyperv devstack@placement-api.service[105847]: DEBUG placement.requestlog [req-acc10766-334f-421d-a10c-e4abe93ed2b6 req-427451e1-bcd4-4faf-b5ac-9a5726823447 None None] Starting request: 10.222.0.64 "GET /placement/allocations/a4e9c5c2-06dd-400a-9b08-e1ea6fd784ad" {{(pid=105847) __call__ /opt/stack/placement/placement/requestlog.py:55}}
Oct 26 15:24:13.645268 dv-neutron-759874-6-hyperv devstack@placement-api.service[105847]: INFO placement.requestlog [req-acc10766-334f-421d-a10c-e4abe93ed2b6 req-427451e1-bcd4-4faf-b5ac-9a5726823447 service placement] 10.222.0.64 "GET /placement/allocations/a4e9c5c2-06dd-400a-9b08-e1ea6fd784ad" status: 200 len: 258 microversion: 1.28
Oct 26 15:24:13.646290 dv-neutron-759874-6-hyperv devstack@placement-api.service[105847]: [pid: 105847|app: 0|req: 112/226] 10.222.0.64 () {60 vars in 1377 bytes} [Wed Oct 26 15:24:13 2022] GET /placement/allocations/a4e9c5c2-06dd-400a-9b08-e1ea6fd784ad => generated 258 bytes in 42 msecs (HTTP/1.1 200) 8 headers in 296 bytes (1 switches on core 0)
Oct 26 15:24:13.655376 dv-neutron-759874-6-hyperv devstack@placement-api.service[105846]: DEBUG placement.requestlog [req-acc10766-334f-421d-a10c-e4abe93ed2b6 req-3bb9f5ec-8b2b-493b-9e68-c71977af918e None None] Starting request: 10.222.0.64 "GET /placement/allocations/efe63d87-5805-4538-af4d-bd9859b24fb1" {{(pid=105846) __call__ /opt/stack/placement/placement/requestlog.py:55}}
Oct 26 15:24:13.689251 dv-neutron-759874-6-hyperv devstack@placement-api.service[105846]: INFO placement.requestlog [req-acc10766-334f-421d-a10c-e4abe93ed2b6 req-3bb9f5ec-8b2b-493b-9e68-c71977af918e service placement] 10.222.0.64 "GET /placement/allocations/efe63d87-5805-4538-af4d-bd9859b24fb1" status: 200 len: 258 microversion: 1.28
Oct 26 15:24:13.689996 dv-neutron-759874-6-hyperv devstack@placement-api.service[105846]: [pid: 105846|app: 0|req: 115/227] 10.222.0.64 () {60 vars in 1377 bytes} [Wed Oct 26 15:24:13 2022] GET /placement/allocations/efe63d87-5805-4538-af4d-bd9859b24fb1 => generated 258 bytes in 35 msecs (HTTP/1.1 200) 8 headers in 296 bytes (1 switches on core 0)
Oct 26 15:24:13.983373 dv-neutron-759874-6-hyperv devstack@placement-api.service[105847]: DEBUG placement.requestlog [req-acc10766-334f-421d-a10c-e4abe93ed2b6 req-a6bb9381-9220-4caf-a010-8f384c0b2b59 None None] Starting request: 10.222.0.64 "DELETE /placement/allocations/ed2259c2-6513-40de-8b05-709666925775" {{(pid=105847) __call__ /opt/stack/placement/placement/requestlog.py:55}}
Oct 26 15:24:14.029049 dv-neutron-759874-6-hyperv devstack@placement-api.service[105847]: DEBUG placement.handlers.allocation [req-acc10766-334f-421d-a10c-e4abe93ed2b6 req-a6bb9381-9220-4caf-a010-8f384c0b2b59 service placement] Successfully deleted allocations [, , ] {{(pid=105847) delete_allocations /opt/stack/placement/placement/handlers/allocation.py:627}}
Oct 26 15:24:14.029917 dv-neutron-759874-6-hyperv devstack@placement-api.service[105847]: INFO placement.requestlog [req-acc10766-334f-421d-a10c-e4abe93ed2b6 req-a6bb9381-9220-4caf-a010-8f384c0b2b59 service placement] 10.222.0.64 "DELETE /placement/allocations/ed2259c2-6513-40de-8b05-709666925775" status: 204 len: 0 microversion: 1.0
Oct 26 15:24:14.032051 dv-neutron-759874-6-hyperv devstack@placement-api.service[105847]: [pid: 105847|app: 0|req: 113/228] 10.222.0.64 () {60 vars in 1355 bytes} [Wed Oct 26 15:24:13 2022] DELETE /placement/allocations/ed2259c2-6513-40de-8b05-709666925775 => generated 0 bytes in 49 msecs (HTTP/1.1 204) 5 headers in 198 bytes (1 switches on core 0)
Oct 26 15:24:19.512326 dv-neutron-759874-6-hyperv devstack@placement-api.service[105846]: DEBUG placement.requestlog [None req-18755d90-9777-438f-9a11-6d04a14e13a6 None None] Starting request: 10.222.0.60 "GET /placement/resource_providers/1deee21b-69a7-4c84-99a1-4e1b5f5631be/aggregates" {{(pid=105846) __call__ /opt/stack/placement/placement/requestlog.py:55}}
Oct 26 15:24:19.517780 dv-neutron-759874-6-hyperv devstack@placement-api.service[105847]: DEBUG placement.requestlog [req-b3a2db4e-8ae1-4799-8403-7befe595b0c6 req-f78ff640-e8b0-4dc6-be41-9ee5f95b382a None None] Starting request: 10.222.0.64 "GET /placement/resource_providers/2d2c5ebd-e626-4149-8d3b-9594235382bf/allocations" {{(pid=105847) __call__ /opt/stack/placement/placement/requestlog.py:55}}
Oct 26 15:24:19.545161 dv-neutron-759874-6-hyperv devstack@placement-api.service[105846]: INFO placement.requestlog [None req-18755d90-9777-438f-9a11-6d04a14e13a6 service placement] 10.222.0.60 "GET /placement/resource_providers/1deee21b-69a7-4c84-99a1-4e1b5f5631be/aggregates" status: 404 len: 235 microversion: 1.1
Oct 26 15:24:19.550468 dv-neutron-759874-6-hyperv devstack@placement-api.service[105846]: [pid: 105846|app: 0|req: 116/229] 10.222.0.60 () {58 vars in 1362 bytes} [Wed Oct 26 15:24:19 2022] GET /placement/resource_providers/1deee21b-69a7-4c84-99a1-4e1b5f5631be/aggregates => generated 235 bytes in 38 msecs (HTTP/1.1 404) 5 headers in 202 bytes (1 switches on core 0)
Oct 26 15:24:19.574415 dv-neutron-759874-6-hyperv devstack@placement-api.service[105847]: INFO placement.requestlog [req-b3a2db4e-8ae1-4799-8403-7befe595b0c6 req-f78ff640-e8b0-4dc6-be41-9ee5f95b382a service placement] 10.222.0.64 "GET /placement/resource_providers/2d2c5ebd-e626-4149-8d3b-9594235382bf/allocations" status: 200 len: 355 microversion: 1.0
Oct 26 15:24:19.574780 dv-neutron-759874-6-hyperv devstack@placement-api.service[105847]: [pid: 105847|app: 0|req: 114/230] 10.222.0.64 () {58 vars in 1390 bytes} [Wed Oct 26 15:24:19 2022] GET /placement/resource_providers/2d2c5ebd-e626-4149-8d3b-9594235382bf/allocations => generated 355 bytes in 58 msecs (HTTP/1.1 200) 6 headers in 224 bytes (2 switches on core 0)
Oct 26 15:24:19.576165 dv-neutron-759874-6-hyperv devstack@placement-api.service[105846]: DEBUG placement.requestlog [None req-f9925927-45aa-4b4d-9919-c4720508b88b None None] Starting request: 10.222.0.60 "DELETE /placement/resource_providers/1deee21b-69a7-4c84-99a1-4e1b5f5631be" {{(pid=105846) __call__ /opt/stack/placement/placement/requestlog.py:55}}
Oct 26 15:24:19.589704 dv-neutron-759874-6-hyperv devstack@placement-api.service[105847]: DEBUG placement.requestlog [req-b3a2db4e-8ae1-4799-8403-7befe595b0c6 req-16401768-8a50-48b7-ae9e-745bc37bf649 None None] Starting request: 10.222.0.64 "GET /placement/allocations/169100ee-6210-466a-83d6-91f72fb28b38" {{(pid=105847) __call__ /opt/stack/placement/placement/requestlog.py:55}}
Oct 26 15:24:19.599021 dv-neutron-759874-6-hyperv devstack@placement-api.service[105846]: DEBUG placement.wsgi_wrapper [None req-f9925927-45aa-4b4d-9919-c4720508b88b service placement] Placement API returning an error response: No resource provider with uuid 1deee21b-69a7-4c84-99a1-4e1b5f5631be found for delete {{(pid=105846) call_func /opt/stack/placement/placement/wsgi_wrapper.py:31}}
Oct 26 15:24:19.599792 dv-neutron-759874-6-hyperv devstack@placement-api.service[105846]: INFO placement.requestlog [None req-f9925927-45aa-4b4d-9919-c4720508b88b service placement] 10.222.0.60 "DELETE /placement/resource_providers/1deee21b-69a7-4c84-99a1-4e1b5f5631be" status: 404 len: 246 microversion: 1.1
Oct 26 15:24:19.601023 dv-neutron-759874-6-hyperv devstack@placement-api.service[105846]: [pid: 105846|app: 0|req: 117/231] 10.222.0.60 () {60 vars in 1351 bytes} [Wed Oct 26 15:24:19 2022] DELETE /placement/resource_providers/1deee21b-69a7-4c84-99a1-4e1b5f5631be => generated 246 bytes in 24 msecs (HTTP/1.1 404) 6 headers in 231 bytes (1 switches on core 0)
Oct 26 15:24:19.621578 dv-neutron-759874-6-hyperv devstack@placement-api.service[105847]: INFO placement.requestlog [req-b3a2db4e-8ae1-4799-8403-7befe595b0c6 req-16401768-8a50-48b7-ae9e-745bc37bf649 service placement] 10.222.0.64 "GET /placement/allocations/169100ee-6210-466a-83d6-91f72fb28b38" status: 200 len: 258 microversion: 1.28
Oct 26 15:24:19.621977 dv-neutron-759874-6-hyperv devstack@placement-api.service[105847]: [pid: 105847|app: 0|req: 115/232] 10.222.0.64 () {60 vars in 1377 bytes} [Wed Oct 26 15:24:19 2022] GET /placement/allocations/169100ee-6210-466a-83d6-91f72fb28b38 => generated 258 bytes in 33 msecs (HTTP/1.1 200) 8 headers in 296 bytes (2 switches on core 0)
Oct 26 15:24:19.634778 dv-neutron-759874-6-hyperv devstack@placement-api.service[105846]: DEBUG placement.requestlog [req-b3a2db4e-8ae1-4799-8403-7befe595b0c6 req-4cc89c93-edaf-413d-a01f-ac4f638ac741 None None] Starting request: 10.222.0.64 "GET /placement/allocations/a4e9c5c2-06dd-400a-9b08-e1ea6fd784ad" {{(pid=105846) __call__ /opt/stack/placement/placement/requestlog.py:55}}
Oct 26 15:24:19.670654 dv-neutron-759874-6-hyperv devstack@placement-api.service[105846]: INFO placement.requestlog [req-b3a2db4e-8ae1-4799-8403-7befe595b0c6 req-4cc89c93-edaf-413d-a01f-ac4f638ac741 service placement] 10.222.0.64 "GET /placement/allocations/a4e9c5c2-06dd-400a-9b08-e1ea6fd784ad" status: 200 len: 258 microversion: 1.28
Oct 26 15:24:19.671670 dv-neutron-759874-6-hyperv devstack@placement-api.service[105846]: [pid: 105846|app: 0|req: 118/233] 10.222.0.64 () {60 vars in 1377 bytes} [Wed Oct 26 15:24:19 2022] GET /placement/allocations/a4e9c5c2-06dd-400a-9b08-e1ea6fd784ad => generated 258 bytes in 37 msecs (HTTP/1.1 200) 8 headers in 296 bytes (2 switches on core 0)
Oct 26 15:24:19.680948 dv-neutron-759874-6-hyperv devstack@placement-api.service[105847]: DEBUG placement.requestlog [req-b3a2db4e-8ae1-4799-8403-7befe595b0c6 req-5d7620dc-3de6-46af-886b-880a753a0f29 None None] Starting request: 10.222.0.64 "GET /placement/allocations/efe63d87-5805-4538-af4d-bd9859b24fb1" {{(pid=105847) __call__ /opt/stack/placement/placement/requestlog.py:55}}
Oct 26 15:24:19.710526 dv-neutron-759874-6-hyperv devstack@placement-api.service[105847]: INFO placement.requestlog [req-b3a2db4e-8ae1-4799-8403-7befe595b0c6 req-5d7620dc-3de6-46af-886b-880a753a0f29 service placement] 10.222.0.64 "GET /placement/allocations/efe63d87-5805-4538-af4d-bd9859b24fb1" status: 200 len: 258 microversion: 1.28
Oct 26 15:24:19.718566 dv-neutron-759874-6-hyperv devstack@placement-api.service[105847]: [pid: 105847|app: 0|req: 116/234] 10.222.0.64 () {60 vars in 1377 bytes} [Wed Oct 26 15:24:19 2022] GET /placement/allocations/efe63d87-5805-4538-af4d-bd9859b24fb1 => generated 258 bytes in 38 msecs (HTTP/1.1 200) 8 headers in 296 bytes (1 switches on core 0)
Oct 26 15:24:19.967425 dv-neutron-759874-6-hyperv devstack@placement-api.service[105846]: DEBUG placement.requestlog [req-b3a2db4e-8ae1-4799-8403-7befe595b0c6 req-009f606e-12b4-4cac-a598-9becaa243993 None None] Starting request: 10.222.0.64 "DELETE /placement/allocations/efe63d87-5805-4538-af4d-bd9859b24fb1" {{(pid=105846) __call__ /opt/stack/placement/placement/requestlog.py:55}}
Oct 26 15:24:20.027747 dv-neutron-759874-6-hyperv devstack@placement-api.service[105846]: DEBUG placement.handlers.allocation [req-b3a2db4e-8ae1-4799-8403-7befe595b0c6 req-009f606e-12b4-4cac-a598-9becaa243993 service placement] Successfully deleted allocations [, , ] {{(pid=105846) delete_allocations /opt/stack/placement/placement/handlers/allocation.py:627}}
Oct 26 15:24:20.027747 dv-neutron-759874-6-hyperv devstack@placement-api.service[105846]: INFO placement.requestlog [req-b3a2db4e-8ae1-4799-8403-7befe595b0c6 req-009f606e-12b4-4cac-a598-9becaa243993 service placement] 10.222.0.64 "DELETE /placement/allocations/efe63d87-5805-4538-af4d-bd9859b24fb1" status: 204 len: 0 microversion: 1.0
Oct 26 15:24:20.028342 dv-neutron-759874-6-hyperv devstack@placement-api.service[105846]: [pid: 105846|app: 0|req: 119/235] 10.222.0.64 () {60 vars in 1355 bytes} [Wed Oct 26 15:24:19 2022] DELETE /placement/allocations/efe63d87-5805-4538-af4d-bd9859b24fb1 => generated 0 bytes in 61 msecs (HTTP/1.1 204) 5 headers in 198 bytes (2 switches on core 0)
Oct 26 15:24:21.648010 dv-neutron-759874-6-hyperv devstack@placement-api.service[105847]: DEBUG placement.requestlog [None req-88d50ce0-5b21-4ed4-85b0-dc115db86758 None None] Starting request: 10.222.0.60 "GET /placement/resource_providers/4d185ad7-c578-48c2-9e87-c98d8cfe7922/aggregates" {{(pid=105847) __call__ /opt/stack/placement/placement/requestlog.py:55}}
Oct 26 15:24:21.669072 dv-neutron-759874-6-hyperv devstack@placement-api.service[105847]: INFO placement.requestlog [None req-88d50ce0-5b21-4ed4-85b0-dc115db86758 service placement] 10.222.0.60 "GET /placement/resource_providers/4d185ad7-c578-48c2-9e87-c98d8cfe7922/aggregates" status: 404 len: 235 microversion: 1.1
Oct 26 15:24:21.671869 dv-neutron-759874-6-hyperv devstack@placement-api.service[105847]: [pid: 105847|app: 0|req: 117/236] 10.222.0.60 () {58 vars in 1362 bytes} [Wed Oct 26 15:24:21 2022] GET /placement/resource_providers/4d185ad7-c578-48c2-9e87-c98d8cfe7922/aggregates => generated 235 bytes in 25 msecs (HTTP/1.1 404) 5 headers in 202 bytes (1 switches on core 0)
Oct 26 15:24:21.708372 dv-neutron-759874-6-hyperv devstack@placement-api.service[105846]: DEBUG placement.requestlog [None req-c9a5cd2b-b71f-4bc0-8b9b-8716e2081f05 None None] Starting request: 10.222.0.60 "DELETE /placement/resource_providers/4d185ad7-c578-48c2-9e87-c98d8cfe7922" {{(pid=105846) __call__ /opt/stack/placement/placement/requestlog.py:55}}
Oct 26 15:24:21.731310 dv-neutron-759874-6-hyperv devstack@placement-api.service[105846]: DEBUG placement.wsgi_wrapper [None req-c9a5cd2b-b71f-4bc0-8b9b-8716e2081f05 service placement] Placement API returning an error response: No resource provider with uuid 4d185ad7-c578-48c2-9e87-c98d8cfe7922 found for delete {{(pid=105846) call_func /opt/stack/placement/placement/wsgi_wrapper.py:31}}
Oct 26 15:24:21.732131 dv-neutron-759874-6-hyperv devstack@placement-api.service[105846]: INFO placement.requestlog [None req-c9a5cd2b-b71f-4bc0-8b9b-8716e2081f05 service placement] 10.222.0.60 "DELETE /placement/resource_providers/4d185ad7-c578-48c2-9e87-c98d8cfe7922" status: 404 len: 246 microversion: 1.1
Oct 26 15:24:21.732503 dv-neutron-759874-6-hyperv devstack@placement-api.service[105846]: [pid: 105846|app: 0|req: 120/237] 10.222.0.60 () {60 vars in 1351 bytes} [Wed Oct 26 15:24:21 2022] DELETE /placement/resource_providers/4d185ad7-c578-48c2-9e87-c98d8cfe7922 => generated 246 bytes in 26 msecs (HTTP/1.1 404) 6 headers in 231 bytes (1 switches on core 0)
Oct 26 15:24:21.937819 dv-neutron-759874-6-hyperv devstack@placement-api.service[105847]: DEBUG placement.requestlog [None req-6378b75e-a50d-47c1-8114-a8f27e77d565 None None] Starting request: 10.222.0.60 "GET /placement/resource_providers/0e94e639-54f2-4152-bd89-14424a4fd1cc/aggregates" {{(pid=105847) __call__ /opt/stack/placement/placement/requestlog.py:55}}
Oct 26 15:24:21.960995 dv-neutron-759874-6-hyperv devstack@placement-api.service[105847]: INFO placement.requestlog [None req-6378b75e-a50d-47c1-8114-a8f27e77d565 service placement] 10.222.0.60 "GET /placement/resource_providers/0e94e639-54f2-4152-bd89-14424a4fd1cc/aggregates" status: 404 len: 235 microversion: 1.1
Oct 26 15:24:21.961825 dv-neutron-759874-6-hyperv devstack@placement-api.service[105847]: [pid: 105847|app: 0|req: 118/238] 10.222.0.60 () {58 vars in 1362 bytes} [Wed Oct 26 15:24:21 2022] GET /placement/resource_providers/0e94e639-54f2-4152-bd89-14424a4fd1cc/aggregates => generated 235 bytes in 25 msecs (HTTP/1.1 404) 5 headers in 202 bytes (1 switches on core 0)
Oct 26 15:24:22.004386 dv-neutron-759874-6-hyperv devstack@placement-api.service[105846]: DEBUG placement.requestlog [None req-7b089181-c357-45e4-927c-0f8446c5b659 None None] Starting request: 10.222.0.60 "DELETE /placement/resource_providers/0e94e639-54f2-4152-bd89-14424a4fd1cc" {{(pid=105846) __call__ /opt/stack/placement/placement/requestlog.py:55}}
Oct 26 15:24:22.026175 dv-neutron-759874-6-hyperv devstack@placement-api.service[105846]: DEBUG placement.wsgi_wrapper [None req-7b089181-c357-45e4-927c-0f8446c5b659 service placement] Placement API returning an error response: No resource provider with uuid 0e94e639-54f2-4152-bd89-14424a4fd1cc found for delete {{(pid=105846) call_func /opt/stack/placement/placement/wsgi_wrapper.py:31}}
Oct 26 15:24:22.026960 dv-neutron-759874-6-hyperv devstack@placement-api.service[105846]: INFO placement.requestlog [None req-7b089181-c357-45e4-927c-0f8446c5b659 service placement] 10.222.0.60 "DELETE /placement/resource_providers/0e94e639-54f2-4152-bd89-14424a4fd1cc" status: 404 len: 246 microversion: 1.1
Oct 26 15:24:22.027333 dv-neutron-759874-6-hyperv devstack@placement-api.service[105846]: [pid: 105846|app: 0|req: 121/239] 10.222.0.60 () {60 vars in 1351 bytes} [Wed Oct 26 15:24:22 2022] DELETE /placement/resource_providers/0e94e639-54f2-4152-bd89-14424a4fd1cc => generated 246 bytes in 23 msecs (HTTP/1.1 404) 6 headers in 231 bytes (1 switches on core 0)
Oct 26 15:24:25.174311 dv-neutron-759874-6-hyperv devstack@placement-api.service[105847]: DEBUG placement.requestlog [None req-32cdc7ee-967b-432d-bdfd-ae791b68d8ed None None] Starting request: 10.222.0.60 "GET /placement/resource_providers/12eeb000-e556-407e-af91-8e5fda71cd86/aggregates" {{(pid=105847) __call__ /opt/stack/placement/placement/requestlog.py:55}}
Oct 26 15:24:25.195096 dv-neutron-759874-6-hyperv devstack@placement-api.service[105847]: INFO placement.requestlog [None req-32cdc7ee-967b-432d-bdfd-ae791b68d8ed service placement] 10.222.0.60 "GET /placement/resource_providers/12eeb000-e556-407e-af91-8e5fda71cd86/aggregates" status: 404 len: 235 microversion: 1.1
Oct 26 15:24:25.195469 dv-neutron-759874-6-hyperv devstack@placement-api.service[105847]: [pid: 105847|app: 0|req: 119/240] 10.222.0.60 () {58 vars in 1362 bytes} [Wed Oct 26 15:24:25 2022] GET /placement/resource_providers/12eeb000-e556-407e-af91-8e5fda71cd86/aggregates => generated 235 bytes in 21 msecs (HTTP/1.1 404) 5 headers in 202 bytes (1 switches on core 0)
Oct 26 15:24:25.297317 dv-neutron-759874-6-hyperv devstack@placement-api.service[105846]: DEBUG placement.requestlog [None req-e0b81133-6672-42af-93ed-4b86468854d1 None None] Starting request: 10.222.0.60 "DELETE /placement/resource_providers/12eeb000-e556-407e-af91-8e5fda71cd86" {{(pid=105846) __call__ /opt/stack/placement/placement/requestlog.py:55}}
Oct 26 15:24:25.322516 dv-neutron-759874-6-hyperv devstack@placement-api.service[105846]: DEBUG placement.wsgi_wrapper [None req-e0b81133-6672-42af-93ed-4b86468854d1 service placement] Placement API returning an error response: No resource provider with uuid 12eeb000-e556-407e-af91-8e5fda71cd86 found for delete {{(pid=105846) call_func /opt/stack/placement/placement/wsgi_wrapper.py:31}}
Oct 26 15:24:25.323288 dv-neutron-759874-6-hyperv devstack@placement-api.service[105846]: INFO placement.requestlog [None req-e0b81133-6672-42af-93ed-4b86468854d1 service placement] 10.222.0.60 "DELETE /placement/resource_providers/12eeb000-e556-407e-af91-8e5fda71cd86" status: 404 len: 246 microversion: 1.1
Oct 26 15:24:25.323659 dv-neutron-759874-6-hyperv devstack@placement-api.service[105846]: [pid: 105846|app: 0|req: 122/241] 10.222.0.60 () {60 vars in 1351 bytes} [Wed Oct 26 15:24:25 2022] DELETE /placement/resource_providers/12eeb000-e556-407e-af91-8e5fda71cd86 => generated 246 bytes in 27 msecs (HTTP/1.1 404) 6 headers in 231 bytes (1 switches on core 0)
Oct 26 15:24:31.079262 dv-neutron-759874-6-hyperv devstack@placement-api.service[105847]: DEBUG placement.requestlog [None req-c7dedd3e-d10b-40cc-ac24-cf8934d89360 None None] Starting request: 10.222.0.60 "GET /placement/resource_providers/878b8e5b-ecb8-4aa5-b134-e80266343bcc/aggregates" {{(pid=105847) __call__ /opt/stack/placement/placement/requestlog.py:55}}
Oct 26 15:24:31.455167 dv-neutron-759874-6-hyperv devstack@placement-api.service[105847]: INFO placement.requestlog [None req-c7dedd3e-d10b-40cc-ac24-cf8934d89360 service placement] 10.222.0.60 "GET /placement/resource_providers/878b8e5b-ecb8-4aa5-b134-e80266343bcc/aggregates" status: 404 len: 235 microversion: 1.1
Oct 26 15:24:31.455888 dv-neutron-759874-6-hyperv devstack@placement-api.service[105847]: [pid: 105847|app: 0|req: 120/242] 10.222.0.60 () {58 vars in 1362 bytes} [Wed Oct 26 15:24:31 2022] GET /placement/resource_providers/878b8e5b-ecb8-4aa5-b134-e80266343bcc/aggregates => generated 235 bytes in 377 msecs (HTTP/1.1 404) 5 headers in 202 bytes (1 switches on core 0)
Oct 26 15:24:31.555563 dv-neutron-759874-6-hyperv devstack@placement-api.service[105846]: DEBUG placement.requestlog [None req-daf1da31-8182-490a-b2bf-2cf4c77060cc None None] Starting request: 10.222.0.60 "DELETE /placement/resource_providers/878b8e5b-ecb8-4aa5-b134-e80266343bcc" {{(pid=105846) __call__ /opt/stack/placement/placement/requestlog.py:55}}
Oct 26 15:24:31.577771 dv-neutron-759874-6-hyperv devstack@placement-api.service[105846]: DEBUG placement.wsgi_wrapper [None req-daf1da31-8182-490a-b2bf-2cf4c77060cc service placement] Placement API returning an error response: No resource provider with uuid 878b8e5b-ecb8-4aa5-b134-e80266343bcc found for delete {{(pid=105846) call_func /opt/stack/placement/placement/wsgi_wrapper.py:31}}
Oct 26 15:24:31.578611 dv-neutron-759874-6-hyperv devstack@placement-api.service[105846]: INFO placement.requestlog [None req-daf1da31-8182-490a-b2bf-2cf4c77060cc service placement] 10.222.0.60 "DELETE /placement/resource_providers/878b8e5b-ecb8-4aa5-b134-e80266343bcc" status: 404 len: 246 microversion: 1.1
Oct 26 15:24:31.579128 dv-neutron-759874-6-hyperv devstack@placement-api.service[105846]: [pid: 105846|app: 0|req: 123/243] 10.222.0.60 () {60 vars in 1351 bytes} [Wed Oct 26 15:24:31 2022] DELETE /placement/resource_providers/878b8e5b-ecb8-4aa5-b134-e80266343bcc => generated 246 bytes in 27 msecs (HTTP/1.1 404) 6 headers in 231 bytes (1 switches on core 0)
Oct 26 15:24:35.659763 dv-neutron-759874-6-hyperv devstack@placement-api.service[105847]: DEBUG placement.requestlog [None req-48045315-edeb-4232-8889-0a4a5962ed92 None None] Starting request: 10.222.0.60 "GET /placement/resource_providers/fac12222-1d58-485d-89d6-c1e01cb80a5b/aggregates" {{(pid=105847) __call__ /opt/stack/placement/placement/requestlog.py:55}}
Oct 26 15:24:36.101508 dv-neutron-759874-6-hyperv devstack@placement-api.service[105847]: DEBUG dbcounter [-] [105847] Writing DB stats placement:SELECT=38,placement:DELETE=2 {{(pid=105847) stat_writer /usr/local/lib/python3.8/dist-packages/dbcounter.py:114}}
Oct 26 15:24:36.111438 dv-neutron-759874-6-hyperv devstack@placement-api.service[105847]: INFO placement.requestlog [None req-48045315-edeb-4232-8889-0a4a5962ed92 service placement] 10.222.0.60 "GET /placement/resource_providers/fac12222-1d58-485d-89d6-c1e01cb80a5b/aggregates" status: 404 len: 235 microversion: 1.1
Oct 26 15:24:36.119321 dv-neutron-759874-6-hyperv devstack@placement-api.service[105847]: [pid: 105847|app: 0|req: 121/244] 10.222.0.60 () {58 vars in 1362 bytes} [Wed Oct 26 15:24:35 2022] GET /placement/resource_providers/fac12222-1d58-485d-89d6-c1e01cb80a5b/aggregates => generated 235 bytes in 460 msecs (HTTP/1.1 404) 5 headers in 202 bytes (1 switches on core 0)
Oct 26 15:24:36.165335 dv-neutron-759874-6-hyperv devstack@placement-api.service[105846]: DEBUG placement.requestlog [None req-f74adc42-0626-4c50-a5fd-7ce1cd41fea8 None None] Starting request: 10.222.0.60 "DELETE /placement/resource_providers/fac12222-1d58-485d-89d6-c1e01cb80a5b" {{(pid=105846) __call__ /opt/stack/placement/placement/requestlog.py:55}}
Oct 26 15:24:36.183519 dv-neutron-759874-6-hyperv devstack@placement-api.service[105846]: DEBUG dbcounter [-] [105846] Writing DB stats placement:SELECT=38,placement:DELETE=2 {{(pid=105846) stat_writer /usr/local/lib/python3.8/dist-packages/dbcounter.py:114}}
Oct 26 15:24:36.196437 dv-neutron-759874-6-hyperv devstack@placement-api.service[105846]: DEBUG placement.wsgi_wrapper [None req-f74adc42-0626-4c50-a5fd-7ce1cd41fea8 service placement] Placement API returning an error response: No resource provider with uuid fac12222-1d58-485d-89d6-c1e01cb80a5b found for delete {{(pid=105846) call_func /opt/stack/placement/placement/wsgi_wrapper.py:31}}
Oct 26 15:24:36.200947 dv-neutron-759874-6-hyperv devstack@placement-api.service[105846]: INFO placement.requestlog [None req-f74adc42-0626-4c50-a5fd-7ce1cd41fea8 service placement] 10.222.0.60 "DELETE /placement/resource_providers/fac12222-1d58-485d-89d6-c1e01cb80a5b" status: 404 len: 246 microversion: 1.1
Oct 26 15:24:36.205670 dv-neutron-759874-6-hyperv devstack@placement-api.service[105846]: [pid: 105846|app: 0|req: 124/245] 10.222.0.60 () {60 vars in 1351 bytes} [Wed Oct 26 15:24:36 2022] DELETE /placement/resource_providers/fac12222-1d58-485d-89d6-c1e01cb80a5b => generated 246 bytes in 41 msecs (HTTP/1.1 404) 6 headers in 231 bytes (1 switches on core 0)
Oct 26 15:24:39.544822 dv-neutron-759874-6-hyperv devstack@placement-api.service[105847]: DEBUG placement.requestlog [None req-8d844a54-64c6-450d-bf90-1d731f233530 None None] Starting request: 10.222.0.60 "GET /placement/resource_providers/05de1825-acae-441a-8694-765080d5ecb7/aggregates" {{(pid=105847) __call__ /opt/stack/placement/placement/requestlog.py:55}}
Oct 26 15:24:39.558580 dv-neutron-759874-6-hyperv devstack@placement-api.service[105847]: INFO placement.requestlog [None req-8d844a54-64c6-450d-bf90-1d731f233530 service placement] 10.222.0.60 "GET /placement/resource_providers/05de1825-acae-441a-8694-765080d5ecb7/aggregates" status: 404 len: 235 microversion: 1.1
Oct 26 15:24:39.559388 dv-neutron-759874-6-hyperv devstack@placement-api.service[105847]: [pid: 105847|app: 0|req: 122/246] 10.222.0.60 () {58 vars in 1362 bytes} [Wed Oct 26 15:24:39 2022] GET /placement/resource_providers/05de1825-acae-441a-8694-765080d5ecb7/aggregates => generated 235 bytes in 15 msecs (HTTP/1.1 404) 5 headers in 202 bytes (1 switches on core 0)
Oct 26 15:24:39.633501 dv-neutron-759874-6-hyperv devstack@placement-api.service[105846]: DEBUG placement.requestlog [None req-40195fd9-06a9-40df-b2c7-744bef1d26fe None None] Starting request: 10.222.0.60 "DELETE /placement/resource_providers/05de1825-acae-441a-8694-765080d5ecb7" {{(pid=105846) __call__ /opt/stack/placement/placement/requestlog.py:55}}
Oct 26 15:24:39.652021 dv-neutron-759874-6-hyperv devstack@placement-api.service[105846]: DEBUG placement.wsgi_wrapper [None req-40195fd9-06a9-40df-b2c7-744bef1d26fe service placement] Placement API returning an error response: No resource provider with uuid 05de1825-acae-441a-8694-765080d5ecb7 found for delete {{(pid=105846) call_func /opt/stack/placement/placement/wsgi_wrapper.py:31}}
Oct 26 15:24:39.653510 dv-neutron-759874-6-hyperv devstack@placement-api.service[105846]: INFO placement.requestlog [None req-40195fd9-06a9-40df-b2c7-744bef1d26fe service placement] 10.222.0.60 "DELETE /placement/resource_providers/05de1825-acae-441a-8694-765080d5ecb7" status: 404 len: 246 microversion: 1.1
Oct 26 15:24:39.654376 dv-neutron-759874-6-hyperv devstack@placement-api.service[105846]: [pid: 105846|app: 0|req: 125/247] 10.222.0.60 () {60 vars in 1351 bytes} [Wed Oct 26 15:24:39 2022] DELETE /placement/resource_providers/05de1825-acae-441a-8694-765080d5ecb7 => generated 246 bytes in 23 msecs (HTTP/1.1 404) 6 headers in 231 bytes (1 switches on core 0)
Oct 26 15:24:41.681823 dv-neutron-759874-6-hyperv devstack@placement-api.service[105847]: DEBUG placement.requestlog [None req-995b7363-31df-44d3-9e1f-34aaf6c67290 None None] Starting request: 10.222.0.60 "GET /placement/resource_providers/2442bf02-7f99-4bac-a7b2-8ffc179fa55b/aggregates" {{(pid=105847) __call__ /opt/stack/placement/placement/requestlog.py:55}}
Oct 26 15:24:41.697502 dv-neutron-759874-6-hyperv devstack@placement-api.service[105847]: INFO placement.requestlog [None req-995b7363-31df-44d3-9e1f-34aaf6c67290 service placement] 10.222.0.60 "GET /placement/resource_providers/2442bf02-7f99-4bac-a7b2-8ffc179fa55b/aggregates" status: 404 len: 235 microversion: 1.1
Oct 26 15:24:41.700671 dv-neutron-759874-6-hyperv devstack@placement-api.service[105847]: [pid: 105847|app: 0|req: 123/248] 10.222.0.60 () {58 vars in 1362 bytes} [Wed Oct 26 15:24:41 2022] GET /placement/resource_providers/2442bf02-7f99-4bac-a7b2-8ffc179fa55b/aggregates => generated 235 bytes in 19 msecs (HTTP/1.1 404) 5 headers in 202 bytes (1 switches on core 0)
Oct 26 15:24:41.716190 dv-neutron-759874-6-hyperv devstack@placement-api.service[105846]: DEBUG placement.requestlog [None req-915b4f9f-00b7-4360-b6ac-5fc938f30fda None None] Starting request: 10.222.0.60 "DELETE /placement/resource_providers/2442bf02-7f99-4bac-a7b2-8ffc179fa55b" {{(pid=105846) __call__ /opt/stack/placement/placement/requestlog.py:55}}
Oct 26 15:24:41.731444 dv-neutron-759874-6-hyperv devstack@placement-api.service[105846]: DEBUG placement.wsgi_wrapper [None req-915b4f9f-00b7-4360-b6ac-5fc938f30fda service placement] Placement API returning an error response: No resource provider with uuid 2442bf02-7f99-4bac-a7b2-8ffc179fa55b found for delete {{(pid=105846) call_func /opt/stack/placement/placement/wsgi_wrapper.py:31}}
Oct 26 15:24:41.733534 dv-neutron-759874-6-hyperv devstack@placement-api.service[105846]: INFO placement.requestlog [None req-915b4f9f-00b7-4360-b6ac-5fc938f30fda service placement] 10.222.0.60 "DELETE /placement/resource_providers/2442bf02-7f99-4bac-a7b2-8ffc179fa55b" status: 404 len: 246 microversion: 1.1
Oct 26 15:24:41.736856 dv-neutron-759874-6-hyperv devstack@placement-api.service[105846]: [pid: 105846|app: 0|req: 126/249] 10.222.0.60 () {60 vars in 1351 bytes} [Wed Oct 26 15:24:41 2022] DELETE /placement/resource_providers/2442bf02-7f99-4bac-a7b2-8ffc179fa55b => generated 246 bytes in 21 msecs (HTTP/1.1 404) 6 headers in 231 bytes (1 switches on core 0)
Oct 26 15:24:50.185181 dv-neutron-759874-6-hyperv devstack@placement-api.service[105847]: DEBUG placement.requestlog [req-6a77ace9-0954-4670-8df7-a050374dcb59 req-216f347c-0c4c-46db-950e-d13da93ff443 None None] Starting request: 10.222.0.64 "GET /placement/resource_providers/2d2c5ebd-e626-4149-8d3b-9594235382bf/allocations" {{(pid=105847) __call__ /opt/stack/placement/placement/requestlog.py:55}}
Oct 26 15:24:50.226981 dv-neutron-759874-6-hyperv devstack@placement-api.service[105847]: INFO placement.requestlog [req-6a77ace9-0954-4670-8df7-a050374dcb59 req-216f347c-0c4c-46db-950e-d13da93ff443 service placement] 10.222.0.64 "GET /placement/resource_providers/2d2c5ebd-e626-4149-8d3b-9594235382bf/allocations" status: 200 len: 254 microversion: 1.0
Oct 26 15:24:50.227631 dv-neutron-759874-6-hyperv devstack@placement-api.service[105847]: [pid: 105847|app: 0|req: 124/250] 10.222.0.64 () {58 vars in 1390 bytes} [Wed Oct 26 15:24:50 2022] GET /placement/resource_providers/2d2c5ebd-e626-4149-8d3b-9594235382bf/allocations => generated 254 bytes in 43 msecs (HTTP/1.1 200) 6 headers in 224 bytes (1 switches on core 0)
Oct 26 15:24:50.284562 dv-neutron-759874-6-hyperv devstack@placement-api.service[105846]: DEBUG placement.requestlog [req-6a77ace9-0954-4670-8df7-a050374dcb59 req-a0703e34-b243-45ea-9709-c40eda134972 None None] Starting request: 10.222.0.64 "GET /placement/resource_providers/2d2c5ebd-e626-4149-8d3b-9594235382bf/allocations" {{(pid=105846) __call__ /opt/stack/placement/placement/requestlog.py:55}}
Oct 26 15:24:50.320163 dv-neutron-759874-6-hyperv devstack@placement-api.service[105846]: INFO placement.requestlog [req-6a77ace9-0954-4670-8df7-a050374dcb59 req-a0703e34-b243-45ea-9709-c40eda134972 service placement] 10.222.0.64 "GET /placement/resource_providers/2d2c5ebd-e626-4149-8d3b-9594235382bf/allocations" status: 200 len: 254 microversion: 1.0
Oct 26 15:24:50.322984 dv-neutron-759874-6-hyperv devstack@placement-api.service[105846]: [pid: 105846|app: 0|req: 127/251] 10.222.0.64 () {58 vars in 1390 bytes} [Wed Oct 26 15:24:50 2022] GET /placement/resource_providers/2d2c5ebd-e626-4149-8d3b-9594235382bf/allocations => generated 254 bytes in 39 msecs (HTTP/1.1 200) 6 headers in 224 bytes (1 switches on core 0)
Oct 26 15:24:50.333699 dv-neutron-759874-6-hyperv devstack@placement-api.service[105847]: DEBUG placement.requestlog [req-6a77ace9-0954-4670-8df7-a050374dcb59 req-3d4ea2ad-b7bb-4088-857a-09b79bf551fd None None] Starting request: 10.222.0.64 "GET /placement/allocations/a4e9c5c2-06dd-400a-9b08-e1ea6fd784ad" {{(pid=105847) __call__ /opt/stack/placement/placement/requestlog.py:55}}
Oct 26 15:24:50.357801 dv-neutron-759874-6-hyperv devstack@placement-api.service[105847]: INFO placement.requestlog [req-6a77ace9-0954-4670-8df7-a050374dcb59 req-3d4ea2ad-b7bb-4088-857a-09b79bf551fd service placement] 10.222.0.64 "GET /placement/allocations/a4e9c5c2-06dd-400a-9b08-e1ea6fd784ad" status: 200 len: 258 microversion: 1.28
Oct 26 15:24:50.358485 dv-neutron-759874-6-hyperv devstack@placement-api.service[105847]: [pid: 105847|app: 0|req: 125/252] 10.222.0.64 () {60 vars in 1377 bytes} [Wed Oct 26 15:24:50 2022] GET /placement/allocations/a4e9c5c2-06dd-400a-9b08-e1ea6fd784ad => generated 258 bytes in 25 msecs (HTTP/1.1 200) 8 headers in 296 bytes (1 switches on core 0)
Oct 26 15:24:50.372479 dv-neutron-759874-6-hyperv devstack@placement-api.service[105846]: DEBUG placement.requestlog [req-6a77ace9-0954-4670-8df7-a050374dcb59 req-9a50f4e3-4218-4e3b-8737-7be5387770c4 None None] Starting request: 10.222.0.64 "GET /placement/allocations/169100ee-6210-466a-83d6-91f72fb28b38" {{(pid=105846) __call__ /opt/stack/placement/placement/requestlog.py:55}}
Oct 26 15:24:50.389497 dv-neutron-759874-6-hyperv devstack@placement-api.service[105846]: INFO placement.requestlog [req-6a77ace9-0954-4670-8df7-a050374dcb59 req-9a50f4e3-4218-4e3b-8737-7be5387770c4 service placement] 10.222.0.64 "GET /placement/allocations/169100ee-6210-466a-83d6-91f72fb28b38" status: 200 len: 258 microversion: 1.28
Oct 26 15:24:50.390144 dv-neutron-759874-6-hyperv devstack@placement-api.service[105846]: [pid: 105846|app: 0|req: 128/253] 10.222.0.64 () {60 vars in 1377 bytes} [Wed Oct 26 15:24:50 2022] GET /placement/allocations/169100ee-6210-466a-83d6-91f72fb28b38 => generated 258 bytes in 18 msecs (HTTP/1.1 200) 8 headers in 296 bytes (1 switches on core 0)
Oct 26 15:24:55.145540 dv-neutron-759874-6-hyperv devstack@placement-api.service[105847]: DEBUG placement.requestlog [None req-4f029f12-d2e5-4ec6-9543-f84875f0a8e6 None None] Starting request: 10.222.0.60 "GET /placement/resource_providers/4dfb67f0-8a97-4165-b3f9-688846dab294/aggregates" {{(pid=105847) __call__ /opt/stack/placement/placement/requestlog.py:55}}
Oct 26 15:24:55.161685 dv-neutron-759874-6-hyperv devstack@placement-api.service[105847]: INFO placement.requestlog [None req-4f029f12-d2e5-4ec6-9543-f84875f0a8e6 service placement] 10.222.0.60 "GET /placement/resource_providers/4dfb67f0-8a97-4165-b3f9-688846dab294/aggregates" status: 404 len: 235 microversion: 1.1
Oct 26 15:24:55.164386 dv-neutron-759874-6-hyperv devstack@placement-api.service[105847]: [pid: 105847|app: 0|req: 126/254] 10.222.0.60 () {58 vars in 1362 bytes} [Wed Oct 26 15:24:55 2022] GET /placement/resource_providers/4dfb67f0-8a97-4165-b3f9-688846dab294/aggregates => generated 235 bytes in 20 msecs (HTTP/1.1 404) 5 headers in 202 bytes (1 switches on core 0)
Oct 26 15:24:55.242142 dv-neutron-759874-6-hyperv devstack@placement-api.service[105846]: DEBUG placement.requestlog [None req-64e94076-ba0d-4e2d-b620-51b3d3ef4e7b None None] Starting request: 10.222.0.60 "DELETE /placement/resource_providers/4dfb67f0-8a97-4165-b3f9-688846dab294" {{(pid=105846) __call__ /opt/stack/placement/placement/requestlog.py:55}}
Oct 26 15:24:55.261656 dv-neutron-759874-6-hyperv devstack@placement-api.service[105846]: DEBUG placement.wsgi_wrapper [None req-64e94076-ba0d-4e2d-b620-51b3d3ef4e7b service placement] Placement API returning an error response: No resource provider with uuid 4dfb67f0-8a97-4165-b3f9-688846dab294 found for delete {{(pid=105846) call_func /opt/stack/placement/placement/wsgi_wrapper.py:31}}
Oct 26 15:24:55.268399 dv-neutron-759874-6-hyperv devstack@placement-api.service[105846]: INFO placement.requestlog [None req-64e94076-ba0d-4e2d-b620-51b3d3ef4e7b service placement] 10.222.0.60 "DELETE /placement/resource_providers/4dfb67f0-8a97-4165-b3f9-688846dab294" status: 404 len: 246 microversion: 1.1
Oct 26 15:24:55.279464 dv-neutron-759874-6-hyperv devstack@placement-api.service[105846]: [pid: 105846|app: 0|req: 129/255] 10.222.0.60 () {60 vars in 1351 bytes} [Wed Oct 26 15:24:55 2022] DELETE /placement/resource_providers/4dfb67f0-8a97-4165-b3f9-688846dab294 => generated 246 bytes in 38 msecs (HTTP/1.1 404) 6 headers in 231 bytes (1 switches on core 0)
Oct 26 15:25:01.703273 dv-neutron-759874-6-hyperv devstack@placement-api.service[105847]: DEBUG placement.requestlog [None req-111df4b4-c2c8-410f-941c-b6dd43897f0b None None] Starting request: 10.222.0.60 "GET /placement/resource_providers/b9cf0c3f-1a36-4bd3-9a3b-efe333e83e53/aggregates" {{(pid=105847) __call__ /opt/stack/placement/placement/requestlog.py:55}}
Oct 26 15:25:01.719129 dv-neutron-759874-6-hyperv devstack@placement-api.service[105847]: INFO placement.requestlog [None req-111df4b4-c2c8-410f-941c-b6dd43897f0b service placement] 10.222.0.60 "GET /placement/resource_providers/b9cf0c3f-1a36-4bd3-9a3b-efe333e83e53/aggregates" status: 404 len: 235 microversion: 1.1
Oct 26 15:25:01.720478 dv-neutron-759874-6-hyperv devstack@placement-api.service[105847]: [pid: 105847|app: 0|req: 127/256] 10.222.0.60 () {58 vars in 1362 bytes} [Wed Oct 26 15:25:01 2022] GET /placement/resource_providers/b9cf0c3f-1a36-4bd3-9a3b-efe333e83e53/aggregates => generated 235 bytes in 17 msecs (HTTP/1.1 404) 5 headers in 202 bytes (1 switches on core 0)
Oct 26 15:25:01.766929 dv-neutron-759874-6-hyperv devstack@placement-api.service[105846]: DEBUG placement.requestlog [None req-9df81a19-951a-4c0c-a4bd-a7282c73dcb6 None None] Starting request: 10.222.0.60 "DELETE /placement/resource_providers/b9cf0c3f-1a36-4bd3-9a3b-efe333e83e53" {{(pid=105846) __call__ /opt/stack/placement/placement/requestlog.py:55}}
