Oct 26 11:10:18.699340 dv-neutron-759874-5-hyperv neutron-server[105415]: DEBUG neutron.pecan_wsgi.hooks.policy_enforcement [None req-349a5bc4-cc22-436e-a473-da3923bcedb0 tempest-NetworksIpV6TestAttrs-40598114 tempest-NetworksIpV6TestAttrs-40598114-project] Attributes excluded by policy engine: ['standard_attr_id', 'provider:network_type', 'provider:physical_network', 'provider:segmentation_id', 'vlan_transparent'] {{(pid=105415) _exclude_attributes_by_policy /opt/stack/neutron/neutron/pecan_wsgi/hooks/policy_enforcement.py:259}}
Oct 26 11:10:18.700238 dv-neutron-759874-5-hyperv neutron-server[105415]: DEBUG neutron_lib.callbacks.manager [None req-349a5bc4-cc22-436e-a473-da3923bcedb0 tempest-NetworksIpV6TestAttrs-40598114 tempest-NetworksIpV6TestAttrs-40598114-project] Publish callbacks ['neutron.api.rpc.agentnotifiers.dhcp_rpc_agent_api.DhcpAgentNotifyAPI._send_dhcp_notification-16451846'] for network (None), before_response {{(pid=105415) _notify_loop /usr/local/lib/python3.8/dist-packages/neutron_lib/callbacks/manager.py:176}}
Oct 26 11:10:18.702419 dv-neutron-759874-5-hyperv neutron-server[105416]: DEBUG neutron.scheduler.base_scheduler [None req-24a1548e-be8d-41a8-b17a-ff4dacad8fff tempest-AllowedAddressPairIpV6TestJSON-822698972 tempest-AllowedAddressPairIpV6TestJSON-822698972-project] Resources bound (agent type, host, resource id): {{(pid=105416) schedule /opt/stack/neutron/neutron/scheduler/base_scheduler.py:57}}
Oct 26 11:10:18.720676 dv-neutron-759874-5-hyperv neutron-server[105417]: DEBUG neutron.plugins.ml2.rpc [None req-e5489c16-f294-4ab5-b323-4892bb6496f7 None None] Network 2dbfbf5f-d5b1-4e72-9780-34d70282f0c5 details requested by agent ovs-agent-dv-neutron-759874-5-hyperv with host dv-neutron-759874-5-hyperv {{(pid=105417) get_network_details /opt/stack/neutron/neutron/plugins/ml2/rpc.py:248}}
Oct 26 11:10:18.728987 dv-neutron-759874-5-hyperv neutron-server[105417]: DEBUG neutron.plugins.ml2.plugin [None req-e5489c16-f294-4ab5-b323-4892bb6496f7 None None] Current status of the port ef8d3bac-72b0-42d8-a428-b9d98faa2eb6 is: ACTIVE; New status is: ACTIVE {{(pid=105417) _update_individual_port_db_status /opt/stack/neutron/neutron/plugins/ml2/plugin.py:2333}}
Oct 26 11:10:18.769954 dv-neutron-759874-5-hyperv neutron-server[105416]: DEBUG neutron.db.l3_dvrscheduler_db [None req-24a1548e-be8d-41a8-b17a-ff4dacad8fff tempest-AllowedAddressPairIpV6TestJSON-822698972 tempest-AllowedAddressPairIpV6TestJSON-822698972-project] Received port after_create {{(pid=105416) _notify_l3_agent_new_port /opt/stack/neutron/neutron/db/l3_dvrscheduler_db.py:542}}
Oct 26 11:10:18.775888 dv-neutron-759874-5-hyperv neutron-server[105416]: DEBUG neutron.pecan_wsgi.hooks.policy_enforcement [None req-24a1548e-be8d-41a8-b17a-ff4dacad8fff tempest-AllowedAddressPairIpV6TestJSON-822698972 tempest-AllowedAddressPairIpV6TestJSON-822698972-project] Attributes excluded by policy engine: ['standard_attr_id', 'binding:profile', 'binding:host_id', 'binding:vif_type', 'binding:vif_details', 'network'] {{(pid=105416) _exclude_attributes_by_policy /opt/stack/neutron/neutron/pecan_wsgi/hooks/policy_enforcement.py:259}}
Oct 26 11:10:18.778945 dv-neutron-759874-5-hyperv neutron-server[105416]: DEBUG neutron_lib.callbacks.manager [None req-24a1548e-be8d-41a8-b17a-ff4dacad8fff tempest-AllowedAddressPairIpV6TestJSON-822698972 tempest-AllowedAddressPairIpV6TestJSON-822698972-project] Publish callbacks ['neutron.notifiers.nova.Notifier._send_nova_notification-149658'] for port (None), before_response {{(pid=105416) _notify_loop /usr/local/lib/python3.8/dist-packages/neutron_lib/callbacks/manager.py:176}}
Oct 26 11:10:18.809674 dv-neutron-759874-5-hyperv neutron-server[105417]: DEBUG neutron.plugins.ml2.rpc [None req-e5489c16-f294-4ab5-b323-4892bb6496f7 None None] Device f72dde58-1b32-4643-8268-dbefd0521338 no longer exists at agent ovs-agent-dv-neutron-759874-5-hyperv {{(pid=105417) update_device_down /opt/stack/neutron/neutron/plugins/ml2/rpc.py:259}}
Oct 26 11:10:18.821963 dv-neutron-759874-5-hyperv neutron-server[105415]: DEBUG neutron_lib.callbacks.manager [None req-cd4fc050-e4d1-4859-8098-e74a10461725 tempest-ServersTestManualDisk-2078207021 tempest-ServersTestManualDisk-2078207021-project] Publish callbacks ['neutron.plugins.ml2.plugin.SecurityGroupServerNotifierRpcMixin._notify_sg_on_port_change-802426', 'neutron.plugins.ml2.ovo_rpc._ObjectChangeHandler.handle_event-16649072', 'neutron.api.rpc.agentnotifiers.dhcp_rpc_agent_api.DhcpAgentNotifyAPI._native_event_send_dhcp_notification-16451860', 'neutron.db.l3_db.L3RpcNotifierMixin._notify_gateway_port_ip_changed-8787628971385', 'neutron.db.l3_dvrscheduler_db._notify_l3_agent_port_update-8787628526758', 'neutron.db.l3_hascheduler_db._notify_l3_agent_ha_port_update-8787628526776'] for port (746d1336-7939-4acc-bdc0-e80c4220ef9d), after_update {{(pid=105415) _notify_loop /usr/local/lib/python3.8/dist-packages/neutron_lib/callbacks/manager.py:176}}
Oct 26 11:10:18.823046 dv-neutron-759874-5-hyperv neutron-server[105415]: DEBUG neutron_lib.callbacks.manager [None req-cd4fc050-e4d1-4859-8098-e74a10461725 tempest-ServersTestManualDisk-2078207021 tempest-ServersTestManualDisk-2078207021-project] Publish callbacks ['neutron.services.l3_router.l3_router_plugin.DVRResourceOperationHandler._create_dvr_floating_gw_port-16327129'] for floatingip (bcd48ace-dd94-4e00-bc1b-9e3be4a2cc12), after_create {{(pid=105415) _notify_loop /usr/local/lib/python3.8/dist-packages/neutron_lib/callbacks/manager.py:176}}
Oct 26 11:10:18.836839 dv-neutron-759874-5-hyperv neutron-server[105415]: DEBUG neutron.api.rpc.handlers.resources_rpc [None req-349a5bc4-cc22-436e-a473-da3923bcedb0 tempest-NetworksIpV6TestAttrs-40598114 tempest-NetworksIpV6TestAttrs-40598114-project] Pushing event updated for resources: {'Network': ['ID=3027d085-849f-4c4e-96be-f4e394c7f3c5,revision_number=1']} {{(pid=105415) push /opt/stack/neutron/neutron/api/rpc/handlers/resources_rpc.py:237}}
Oct 26 11:10:18.870747 dv-neutron-759874-5-hyperv neutron-server[105415]: INFO neutron.wsgi [None req-349a5bc4-cc22-436e-a473-da3923bcedb0 tempest-NetworksIpV6TestAttrs-40598114 tempest-NetworksIpV6TestAttrs-40598114-project] 10.222.0.26 "POST /networking/v2.0/networks HTTP/1.1" status: 201 len: 789 time: 1.6308038
Oct 26 11:10:18.877190 dv-neutron-759874-5-hyperv neutron-server[105415]: DEBUG dbcounter [-] [105415] Writing DB stats neutron:SELECT=92,neutron:UPDATE=2,neutron:INSERT=1,neutron:DELETE=5 {{(pid=105415) stat_writer /usr/local/lib/python3.8/dist-packages/dbcounter.py:114}}
Oct 26 11:10:18.881291 dv-neutron-759874-5-hyperv neutron-server[105415]: DEBUG neutron_lib.callbacks.manager [None req-cd4fc050-e4d1-4859-8098-e74a10461725 tempest-ServersTestManualDisk-2078207021 tempest-ServersTestManualDisk-2078207021-project] Publish callbacks ['neutron.notifiers.nova.Notifier._send_nova_notification-149658'] for floatingip (None), before_response {{(pid=105415) _notify_loop /usr/local/lib/python3.8/dist-packages/neutron_lib/callbacks/manager.py:176}}
Oct 26 11:10:18.882675 dv-neutron-759874-5-hyperv neutron-server[105415]: INFO neutron.wsgi [None req-cd4fc050-e4d1-4859-8098-e74a10461725 tempest-ServersTestManualDisk-2078207021 tempest-ServersTestManualDisk-2078207021-project] 10.222.0.26 "POST /networking/v2.0/floatingips HTTP/1.1" status: 201 len: 693 time: 6.0252702
Oct 26 11:10:18.890136 dv-neutron-759874-5-hyperv neutron-server[105415]: DEBUG neutron.wsgi [-] (105415) accepted ('10.222.0.26', 50446) {{(pid=105415) server /usr/local/lib/python3.8/dist-packages/eventlet/wsgi.py:1004}}
Oct 26 11:10:18.902967 dv-neutron-759874-5-hyperv neutron-server[105417]: DEBUG neutron.plugins.ml2.rpc [None req-e5489c16-f294-4ab5-b323-4892bb6496f7 None None] Network 3027d085-849f-4c4e-96be-f4e394c7f3c5 details requested by agent ovs-agent-dv-neutron-759874-5-hyperv with host dv-neutron-759874-5-hyperv {{(pid=105417) get_network_details /opt/stack/neutron/neutron/plugins/ml2/rpc.py:248}}
Oct 26 11:10:18.907090 dv-neutron-759874-5-hyperv neutron-server[105415]: DEBUG neutron.api.v2.base [None req-00ff9175-ff63-460e-9820-77ae7b847d07 tempest-NetworksIpV6TestAttrs-40598114 tempest-NetworksIpV6TestAttrs-40598114-project] Request body: {'subnet': {'network_id': '3027d085-849f-4c4e-96be-f4e394c7f3c5', 'cidr': '2001:db8::/64', 'ip_version': 6, 'gateway_ip': '2001:db8::1', 'ipv6_ra_mode': 'dhcpv6-stateless', 'ipv6_address_mode': 'dhcpv6-stateless'}} {{(pid=105415) prepare_request_body /opt/stack/neutron/neutron/api/v2/base.py:730}}
Oct 26 11:10:18.911647 dv-neutron-759874-5-hyperv neutron-server[105416]: DEBUG dbcounter [-] [105416] Writing DB stats neutron:SELECT=94,neutron:INSERT=3,neutron:UPDATE=2,neutron:DELETE=1 {{(pid=105416) stat_writer /usr/local/lib/python3.8/dist-packages/dbcounter.py:114}}
Oct 26 11:10:18.946255 dv-neutron-759874-5-hyperv neutron-server[105416]: DEBUG neutron.api.rpc.handlers.resources_rpc [None req-24a1548e-be8d-41a8-b17a-ff4dacad8fff tempest-AllowedAddressPairIpV6TestJSON-822698972 tempest-AllowedAddressPairIpV6TestJSON-822698972-project] Pushing event updated for resources: {'Port': ['ID=70e7d648-9b13-4c75-92a9-7406b7b64328,revision_number=1']} {{(pid=105416) push /opt/stack/neutron/neutron/api/rpc/handlers/resources_rpc.py:237}}
Oct 26 11:10:19.001875 dv-neutron-759874-5-hyperv neutron-server[105417]: DEBUG neutron.db.db_base_plugin_common [None req-63c194bb-e4f3-4d47-93dc-9b1db5ce6eaa None None] Allocated IP 2001:db8::2 (c6d73943-6df0-4ef2-93fb-dd8442ba8e4f/dd787d82-43a0-40ce-aa7c-20f1a6e24e67/92814126-f41e-4229-9096-473b270a2367) {{(pid=105417) _store_ip_allocation /opt/stack/neutron/neutron/db/db_base_plugin_common.py:131}}
Oct 26 11:10:19.015419 dv-neutron-759874-5-hyperv neutron-server[105416]: INFO neutron.wsgi [None req-24a1548e-be8d-41a8-b17a-ff4dacad8fff tempest-AllowedAddressPairIpV6TestJSON-822698972 tempest-AllowedAddressPairIpV6TestJSON-822698972-project] 10.222.0.26 "POST /networking/v2.0/ports HTTP/1.1" status: 201 len: 943 time: 2.1021020
Oct 26 11:10:19.026822 dv-neutron-759874-5-hyperv neutron-server[105415]: DEBUG neutron.plugins.ml2.managers [None req-ee355e02-0c08-427a-a144-e72464d716eb tempest-PortsAdminExtendedAttrsIpV6TestJSON-2003067330 tempest-PortsAdminExtendedAttrsIpV6TestJSON-2003067330-project-admin] Attempting to bind port 216fb50a-8fea-4aad-8e35-263904b38929 on host hv-neutron-7598 for vnic_type normal with profile {{(pid=105415) bind_port /opt/stack/neutron/neutron/plugins/ml2/managers.py:810}}
Oct 26 11:10:19.027108 dv-neutron-759874-5-hyperv neutron-server[105415]: DEBUG neutron.plugins.ml2.managers [None req-ee355e02-0c08-427a-a144-e72464d716eb tempest-PortsAdminExtendedAttrsIpV6TestJSON-2003067330 tempest-PortsAdminExtendedAttrsIpV6TestJSON-2003067330-project-admin] Attempting to bind port 216fb50a-8fea-4aad-8e35-263904b38929 by drivers openvswitch,hyperv on host hv-neutron-7598 at level 0 using segments [{'id': '6123c29e-3ff8-4e63-a125-445d4d818c89', 'network_type': 'vlan', 'physical_network': 'physnet1', 'segmentation_id': 666, 'network_id': '517f11a5-76a3-471e-bee4-b01dadabec9a'}] {{(pid=105415) _bind_port_level /opt/stack/neutron/neutron/plugins/ml2/managers.py:835}}
Oct 26 11:10:19.027443 dv-neutron-759874-5-hyperv neutron-server[105415]: DEBUG neutron.plugins.ml2.drivers.mech_agent [None req-ee355e02-0c08-427a-a144-e72464d716eb tempest-PortsAdminExtendedAttrsIpV6TestJSON-2003067330 tempest-PortsAdminExtendedAttrsIpV6TestJSON-2003067330-project-admin] Attempting to bind port 216fb50a-8fea-4aad-8e35-263904b38929 on network 517f11a5-76a3-471e-bee4-b01dadabec9a {{(pid=105415) bind_port /opt/stack/neutron/neutron/plugins/ml2/drivers/mech_agent.py:91}}
Oct 26 11:10:19.037568 dv-neutron-759874-5-hyperv neutron-server[105415]: DEBUG neutron.wsgi [-] (105415) accepted ('10.222.0.26', 50450) {{(pid=105415) server /usr/local/lib/python3.8/dist-packages/eventlet/wsgi.py:1004}}
Oct 26 11:10:19.044999 dv-neutron-759874-5-hyperv neutron-server[105415]: DEBUG neutron.plugins.ml2.drivers.mech_agent [None req-ee355e02-0c08-427a-a144-e72464d716eb tempest-PortsAdminExtendedAttrsIpV6TestJSON-2003067330 tempest-PortsAdminExtendedAttrsIpV6TestJSON-2003067330-project-admin] Port 216fb50a-8fea-4aad-8e35-263904b38929 on network 517f11a5-76a3-471e-bee4-b01dadabec9a not bound, no agent of type Open vSwitch agent registered on host hv-neutron-7598 {{(pid=105415) bind_port /opt/stack/neutron/neutron/plugins/ml2/drivers/mech_agent.py:120}}
Oct 26 11:10:19.045725 dv-neutron-759874-5-hyperv neutron-server[105415]: ERROR neutron.plugins.ml2.managers [None req-ee355e02-0c08-427a-a144-e72464d716eb tempest-PortsAdminExtendedAttrsIpV6TestJSON-2003067330 tempest-PortsAdminExtendedAttrsIpV6TestJSON-2003067330-project-admin] Failed to bind port 216fb50a-8fea-4aad-8e35-263904b38929 on host hv-neutron-7598 for vnic_type normal using segments [{'id': '6123c29e-3ff8-4e63-a125-445d4d818c89', 'network_type': 'vlan', 'physical_network': 'physnet1', 'segmentation_id': 666, 'network_id': '517f11a5-76a3-471e-bee4-b01dadabec9a'}]
Oct 26 11:10:19.061473 dv-neutron-759874-5-hyperv neutron-server[105415]: DEBUG neutron.api.v2.base [None req-cb4e96ac-26ac-41ce-b2c0-389e3aa28730 tempest-AllowedAddressPairIpV6TestJSON-822698972 tempest-AllowedAddressPairIpV6TestJSON-822698972-project] Request body: {'port': {'network_id': 'c6d73943-6df0-4ef2-93fb-dd8442ba8e4f', 'name': 'tempest-AllowedAddressPairIpV6TestJSON-562248900', 'allowed_address_pairs': [{'ip_address': '2001:db8::335', 'mac_address': 'fa:16:3e:dd:ec:02'}]}} {{(pid=105415) prepare_request_body /opt/stack/neutron/neutron/api/v2/base.py:730}}
Oct 26 11:10:19.068814 dv-neutron-759874-5-hyperv neutron-server[105416]: DEBUG neutron_lib.callbacks.manager [None req-71ecadb5-ac3c-49a4-b145-40eb597156a3 admin admin] Publish callbacks [] for port (0490449d-ec05-497a-9779-4d58bef9d73c), precommit_update {{(pid=105416) _notify_loop /usr/local/lib/python3.8/dist-packages/neutron_lib/callbacks/manager.py:176}}
Oct 26 11:10:19.069014 dv-neutron-759874-5-hyperv neutron-server[105415]: DEBUG neutron.pecan_wsgi.hooks.quota_enforcement [None req-00ff9175-ff63-460e-9820-77ae7b847d07 tempest-NetworksIpV6TestAttrs-40598114 tempest-NetworksIpV6TestAttrs-40598114-project] Made reservation on behalf of 00ab79330a5945539cae0de137b12e4c for: {'subnet': 1} {{(pid=105415) before /opt/stack/neutron/neutron/pecan_wsgi/hooks/quota_enforcement.py:53}}
Oct 26 11:10:19.079007 dv-neutron-759874-5-hyperv neutron-server[105415]: DEBUG neutron_lib.callbacks.manager [None req-00ff9175-ff63-460e-9820-77ae7b847d07 tempest-NetworksIpV6TestAttrs-40598114 tempest-NetworksIpV6TestAttrs-40598114-project] Publish callbacks [] for subnet (None), before_create {{(pid=105415) _notify_loop /usr/local/lib/python3.8/dist-packages/neutron_lib/callbacks/manager.py:176}}
Oct 26 11:10:19.094632 dv-neutron-759874-5-hyperv neutron-server[105415]: INFO neutron.plugins.ml2.plugin [None req-ee355e02-0c08-427a-a144-e72464d716eb tempest-PortsAdminExtendedAttrsIpV6TestJSON-2003067330 tempest-PortsAdminExtendedAttrsIpV6TestJSON-2003067330-project-admin] Attempt 4 to bind port 216fb50a-8fea-4aad-8e35-263904b38929
Oct 26 11:10:19.141405 dv-neutron-759874-5-hyperv neutron-server[105417]: DEBUG neutron.plugins.ml2.plugin [None req-e5489c16-f294-4ab5-b323-4892bb6496f7 None None] Current status of the port f72dde58-1b32-4643-8268-dbefd0521338 is: DOWN; New status is: DOWN {{(pid=105417) _update_individual_port_db_status /opt/stack/neutron/neutron/plugins/ml2/plugin.py:2333}}
Oct 26 11:10:19.142211 dv-neutron-759874-5-hyperv neutron-server[105415]: DEBUG neutron_lib.callbacks.manager [None req-f8974869-ea0f-4c32-b25e-c2a0c9ce25a1 tempest-ExternalNetworksTestJSON-1029161567 tempest-ExternalNetworksTestJSON-1029161567-project-admin] Publish callbacks [] for port (1a00a6f0-da56-499e-8066-0d7b9215fdd2), precommit_update {{(pid=105415) _notify_loop /usr/local/lib/python3.8/dist-packages/neutron_lib/callbacks/manager.py:176}}
Oct 26 11:10:19.161299 dv-neutron-759874-5-hyperv neutron-server[105416]: DEBUG neutron_lib.callbacks.manager [None req-71ecadb5-ac3c-49a4-b145-40eb597156a3 admin admin] Publish callbacks ['neutron.plugins.ml2.plugin.SecurityGroupServerNotifierRpcMixin._notify_sg_on_port_change-802426', 'neutron.plugins.ml2.ovo_rpc._ObjectChangeHandler.handle_event-16649072', 'neutron.api.rpc.agentnotifiers.dhcp_rpc_agent_api.DhcpAgentNotifyAPI._native_event_send_dhcp_notification-16451860', 'neutron.db.l3_db.L3RpcNotifierMixin._notify_gateway_port_ip_changed-8787628971385', 'neutron.db.l3_dvrscheduler_db._notify_l3_agent_port_update-8787628526758', 'neutron.db.l3_hascheduler_db._notify_l3_agent_ha_port_update-8787628526776', 'neutron.services.segments.plugin.NovaSegmentNotifier._notify_port_updated-2101430'] for port (0490449d-ec05-497a-9779-4d58bef9d73c), after_update {{(pid=105416) _notify_loop /usr/local/lib/python3.8/dist-packages/neutron_lib/callbacks/manager.py:176}}
Oct 26 11:10:19.182475 dv-neutron-759874-5-hyperv neutron-server[105417]: DEBUG neutron.plugins.ml2.rpc [None req-e5489c16-f294-4ab5-b323-4892bb6496f7 None None] Device f72dde58-1b32-4643-8268-dbefd0521338 no longer exists at agent ovs-agent-dv-neutron-759874-5-hyperv {{(pid=105417) update_device_down /opt/stack/neutron/neutron/plugins/ml2/rpc.py:259}}
Oct 26 11:10:19.191331 dv-neutron-759874-5-hyperv neutron-server[105415]: DEBUG neutron.api.rpc.handlers.resources_rpc [None req-cd4fc050-e4d1-4859-8098-e74a10461725 tempest-ServersTestManualDisk-2078207021 tempest-ServersTestManualDisk-2078207021-project] Pushing event updated for resources: {'Port': ['ID=746d1336-7939-4acc-bdc0-e80c4220ef9d,revision_number=2']} {{(pid=105415) push /opt/stack/neutron/neutron/api/rpc/handlers/resources_rpc.py:237}}
Oct 26 11:10:19.232229 dv-neutron-759874-5-hyperv neutron-server[105415]: DEBUG neutron.plugins.ml2.managers [None req-ee355e02-0c08-427a-a144-e72464d716eb tempest-PortsAdminExtendedAttrsIpV6TestJSON-2003067330 tempest-PortsAdminExtendedAttrsIpV6TestJSON-2003067330-project-admin] Attempting to bind port 216fb50a-8fea-4aad-8e35-263904b38929 on host hv-neutron-7598 for vnic_type normal with profile {{(pid=105415) bind_port /opt/stack/neutron/neutron/plugins/ml2/managers.py:810}}
Oct 26 11:10:19.232888 dv-neutron-759874-5-hyperv neutron-server[105415]: DEBUG neutron.plugins.ml2.managers [None req-ee355e02-0c08-427a-a144-e72464d716eb tempest-PortsAdminExtendedAttrsIpV6TestJSON-2003067330 tempest-PortsAdminExtendedAttrsIpV6TestJSON-2003067330-project-admin] Attempting to bind port 216fb50a-8fea-4aad-8e35-263904b38929 by drivers openvswitch,hyperv on host hv-neutron-7598 at level 0 using segments [{'id': '6123c29e-3ff8-4e63-a125-445d4d818c89', 'network_type': 'vlan', 'physical_network': 'physnet1', 'segmentation_id': 666, 'network_id': '517f11a5-76a3-471e-bee4-b01dadabec9a'}] {{(pid=105415) _bind_port_level /opt/stack/neutron/neutron/plugins/ml2/managers.py:835}}
Oct 26 11:10:19.233182 dv-neutron-759874-5-hyperv neutron-server[105415]: DEBUG neutron.plugins.ml2.drivers.mech_agent [None req-ee355e02-0c08-427a-a144-e72464d716eb tempest-PortsAdminExtendedAttrsIpV6TestJSON-2003067330 tempest-PortsAdminExtendedAttrsIpV6TestJSON-2003067330-project-admin] Attempting to bind port 216fb50a-8fea-4aad-8e35-263904b38929 on network 517f11a5-76a3-471e-bee4-b01dadabec9a {{(pid=105415) bind_port /opt/stack/neutron/neutron/plugins/ml2/drivers/mech_agent.py:91}}
Oct 26 11:10:19.235743 dv-neutron-759874-5-hyperv neutron-server[105415]: DEBUG neutron_lib.callbacks.manager [None req-f8974869-ea0f-4c32-b25e-c2a0c9ce25a1 tempest-ExternalNetworksTestJSON-1029161567 tempest-ExternalNetworksTestJSON-1029161567-project-admin] Publish callbacks ['neutron.plugins.ml2.plugin.SecurityGroupServerNotifierRpcMixin._notify_sg_on_port_change-802426', 'neutron.plugins.ml2.ovo_rpc._ObjectChangeHandler.handle_event-16649072', 'neutron.api.rpc.agentnotifiers.dhcp_rpc_agent_api.DhcpAgentNotifyAPI._native_event_send_dhcp_notification-16451860', 'neutron.db.l3_db.L3RpcNotifierMixin._notify_gateway_port_ip_changed-8787628971385', 'neutron.db.l3_dvrscheduler_db._notify_l3_agent_port_update-8787628526758', 'neutron.db.l3_hascheduler_db._notify_l3_agent_ha_port_update-8787628526776'] for port (1a00a6f0-da56-499e-8066-0d7b9215fdd2), after_update {{(pid=105415) _notify_loop /usr/local/lib/python3.8/dist-packages/neutron_lib/callbacks/manager.py:176}}
Oct 26 11:10:19.236534 dv-neutron-759874-5-hyperv neutron-server[105415]: DEBUG neutron_lib.callbacks.manager [None req-f8974869-ea0f-4c32-b25e-c2a0c9ce25a1 tempest-ExternalNetworksTestJSON-1029161567 tempest-ExternalNetworksTestJSON-1029161567-project-admin] Publish callbacks ['neutron.services.l3_router.l3_router_plugin.DVRResourceOperationHandler._create_dvr_floating_gw_port-16327129'] for floatingip (95eae956-dec4-45e9-a1b6-b9faf4570732), after_create {{(pid=105415) _notify_loop /usr/local/lib/python3.8/dist-packages/neutron_lib/callbacks/manager.py:176}}
Oct 26 11:10:19.314258 dv-neutron-759874-5-hyperv neutron-server[105415]: DEBUG neutron.plugins.ml2.drivers.mech_agent [None req-ee355e02-0c08-427a-a144-e72464d716eb tempest-PortsAdminExtendedAttrsIpV6TestJSON-2003067330 tempest-PortsAdminExtendedAttrsIpV6TestJSON-2003067330-project-admin] Port 216fb50a-8fea-4aad-8e35-263904b38929 on network 517f11a5-76a3-471e-bee4-b01dadabec9a not bound, no agent of type Open vSwitch agent registered on host hv-neutron-7598 {{(pid=105415) bind_port /opt/stack/neutron/neutron/plugins/ml2/drivers/mech_agent.py:120}}
Oct 26 11:10:19.314258 dv-neutron-759874-5-hyperv neutron-server[105415]: ERROR neutron.plugins.ml2.managers [None req-ee355e02-0c08-427a-a144-e72464d716eb tempest-PortsAdminExtendedAttrsIpV6TestJSON-2003067330 tempest-PortsAdminExtendedAttrsIpV6TestJSON-2003067330-project-admin] Failed to bind port 216fb50a-8fea-4aad-8e35-263904b38929 on host hv-neutron-7598 for vnic_type normal using segments [{'id': '6123c29e-3ff8-4e63-a125-445d4d818c89', 'network_type': 'vlan', 'physical_network': 'physnet1', 'segmentation_id': 666, 'network_id': '517f11a5-76a3-471e-bee4-b01dadabec9a'}]
Oct 26 11:10:19.318727 dv-neutron-759874-5-hyperv neutron-server[105417]: DEBUG dbcounter [-] [105417] Writing DB stats neutron:SELECT=94,neutron:INSERT=4,neutron:UPDATE=2 {{(pid=105417) stat_writer /usr/local/lib/python3.8/dist-packages/dbcounter.py:114}}
Oct 26 11:10:19.326141 dv-neutron-759874-5-hyperv neutron-server[105415]: INFO neutron.plugins.ml2.plugin [None req-ee355e02-0c08-427a-a144-e72464d716eb tempest-PortsAdminExtendedAttrsIpV6TestJSON-2003067330 tempest-PortsAdminExtendedAttrsIpV6TestJSON-2003067330-project-admin] Attempt 5 to bind port 216fb50a-8fea-4aad-8e35-263904b38929
Oct 26 11:10:19.356277 dv-neutron-759874-5-hyperv neutron-server[105415]: DEBUG neutron_lib.callbacks.manager [None req-f8974869-ea0f-4c32-b25e-c2a0c9ce25a1 tempest-ExternalNetworksTestJSON-1029161567 tempest-ExternalNetworksTestJSON-1029161567-project-admin] Publish callbacks ['neutron.notifiers.nova.Notifier._send_nova_notification-149658'] for floatingip (None), before_response {{(pid=105415) _notify_loop /usr/local/lib/python3.8/dist-packages/neutron_lib/callbacks/manager.py:176}}
Oct 26 11:10:19.357760 dv-neutron-759874-5-hyperv neutron-server[105415]: INFO neutron.wsgi [None req-f8974869-ea0f-4c32-b25e-c2a0c9ce25a1 tempest-ExternalNetworksTestJSON-1029161567 tempest-ExternalNetworksTestJSON-1029161567-project-admin] 10.222.0.26 "POST /networking/v2.0/floatingips HTTP/1.1" status: 201 len: 691 time: 5.5791214
Oct 26 11:10:19.368118 dv-neutron-759874-5-hyperv neutron-server[105415]: DEBUG neutron.wsgi [-] (105415) accepted ('10.222.0.26', 50470) {{(pid=105415) server /usr/local/lib/python3.8/dist-packages/eventlet/wsgi.py:1004}}
Oct 26 11:10:19.430121 dv-neutron-759874-5-hyperv neutron-server[105417]: DEBUG dbcounter [-] [105417] Writing DB stats neutron:SELECT=94,neutron:UPDATE=4,neutron:INSERT=2 {{(pid=105417) stat_writer /usr/local/lib/python3.8/dist-packages/dbcounter.py:114}}
Oct 26 11:10:19.476701 dv-neutron-759874-5-hyperv neutron-server[105417]: DEBUG neutron_lib.callbacks.manager [None req-63c194bb-e4f3-4d47-93dc-9b1db5ce6eaa None None] Publish callbacks [] for port (92814126-f41e-4229-9096-473b270a2367), precommit_create {{(pid=105417) _notify_loop /usr/local/lib/python3.8/dist-packages/neutron_lib/callbacks/manager.py:176}}
Oct 26 11:10:19.481929 dv-neutron-759874-5-hyperv neutron-server[105417]: DEBUG neutron.plugins.ml2.plugin [None req-e5489c16-f294-4ab5-b323-4892bb6496f7 None None] Current status of the port f72dde58-1b32-4643-8268-dbefd0521338 is: DOWN; New status is: DOWN {{(pid=105417) _update_individual_port_db_status /opt/stack/neutron/neutron/plugins/ml2/plugin.py:2333}}
Oct 26 11:10:19.496849 dv-neutron-759874-5-hyperv neutron-server[105417]: DEBUG neutron_lib.callbacks.manager [None req-63c194bb-e4f3-4d47-93dc-9b1db5ce6eaa None None] Publish callbacks ['neutron.plugins.ml2.plugin.SecurityGroupServerNotifierRpcMixin._notify_sg_on_port_change-802426', 'neutron.plugins.ml2.ovo_rpc._ObjectChangeHandler.handle_event-16649072', 'neutron.api.rpc.agentnotifiers.dhcp_rpc_agent_api.DhcpAgentNotifyAPI._native_event_send_dhcp_notification-16451860', 'neutron.db.l3_dvrscheduler_db._notify_l3_agent_new_port-8787628526740'] for port (92814126-f41e-4229-9096-473b270a2367), after_create {{(pid=105417) _notify_loop /usr/local/lib/python3.8/dist-packages/neutron_lib/callbacks/manager.py:176}}
Oct 26 11:10:19.537707 dv-neutron-759874-5-hyperv neutron-server[105416]: DEBUG dbcounter [-] [105416] Writing DB stats neutron:SELECT=92,neutron:DELETE=3,neutron:INSERT=3,neutron:UPDATE=2 {{(pid=105416) stat_writer /usr/local/lib/python3.8/dist-packages/dbcounter.py:114}}
Oct 26 11:10:19.570949 dv-neutron-759874-5-hyperv neutron-server[105415]: DEBUG neutron.plugins.ml2.managers [None req-ee355e02-0c08-427a-a144-e72464d716eb tempest-PortsAdminExtendedAttrsIpV6TestJSON-2003067330 tempest-PortsAdminExtendedAttrsIpV6TestJSON-2003067330-project-admin] Attempting to bind port 216fb50a-8fea-4aad-8e35-263904b38929 on host hv-neutron-7598 for vnic_type normal with profile {{(pid=105415) bind_port /opt/stack/neutron/neutron/plugins/ml2/managers.py:810}}
Oct 26 11:10:19.573589 dv-neutron-759874-5-hyperv neutron-server[105415]: DEBUG neutron.plugins.ml2.managers [None req-ee355e02-0c08-427a-a144-e72464d716eb tempest-PortsAdminExtendedAttrsIpV6TestJSON-2003067330 tempest-PortsAdminExtendedAttrsIpV6TestJSON-2003067330-project-admin] Attempting to bind port 216fb50a-8fea-4aad-8e35-263904b38929 by drivers openvswitch,hyperv on host hv-neutron-7598 at level 0 using segments [{'id': '6123c29e-3ff8-4e63-a125-445d4d818c89', 'network_type': 'vlan', 'physical_network': 'physnet1', 'segmentation_id': 666, 'network_id': '517f11a5-76a3-471e-bee4-b01dadabec9a'}] {{(pid=105415) _bind_port_level /opt/stack/neutron/neutron/plugins/ml2/managers.py:835}}
Oct 26 11:10:19.575076 dv-neutron-759874-5-hyperv neutron-server[105417]: DEBUG neutron.scheduler.dhcp_agent_scheduler [None req-63c194bb-e4f3-4d47-93dc-9b1db5ce6eaa None None] Network c6d73943-6df0-4ef2-93fb-dd8442ba8e4f is already hosted by enough agents. {{(pid=105417) _get_dhcp_agents_hosting_network /opt/stack/neutron/neutron/scheduler/dhcp_agent_scheduler.py:275}}
Oct 26 11:10:19.575389 dv-neutron-759874-5-hyperv neutron-server[105415]: DEBUG neutron.plugins.ml2.drivers.mech_agent [None req-ee355e02-0c08-427a-a144-e72464d716eb tempest-PortsAdminExtendedAttrsIpV6TestJSON-2003067330 tempest-PortsAdminExtendedAttrsIpV6TestJSON-2003067330-project-admin] Attempting to bind port 216fb50a-8fea-4aad-8e35-263904b38929 on network 517f11a5-76a3-471e-bee4-b01dadabec9a {{(pid=105415) bind_port /opt/stack/neutron/neutron/plugins/ml2/drivers/mech_agent.py:91}}
Oct 26 11:10:19.582350 dv-neutron-759874-5-hyperv neutron-server[105417]: DEBUG neutron.scheduler.base_scheduler [None req-63c194bb-e4f3-4d47-93dc-9b1db5ce6eaa None None] Resources bound (agent type, host, resource id): {{(pid=105417) schedule /opt/stack/neutron/neutron/scheduler/base_scheduler.py:57}}
Oct 26 11:10:19.591189 dv-neutron-759874-5-hyperv neutron-server[105417]: DEBUG neutron.db.l3_dvrscheduler_db [None req-63c194bb-e4f3-4d47-93dc-9b1db5ce6eaa None None] Received port after_create {{(pid=105417) _notify_l3_agent_new_port /opt/stack/neutron/neutron/db/l3_dvrscheduler_db.py:542}}
Oct 26 11:10:19.653865 dv-neutron-759874-5-hyperv neutron-server[105416]: DEBUG neutron.db.db_base_plugin_common [None req-b4fb2464-a7dd-4fd0-a5d8-4c26ca7ad1ae tempest-ServerActionsTestJSON-1035368416 tempest-ServerActionsTestJSON-1035368416-project] Allocated IP 172.26.0.105 (123c83d5-5238-40c3-856a-1b3ca4739c33/eaca25b8-2a73-4ba3-893d-c3114096ad13/e4f1a652-8e32-4537-8c1a-09c16123c1d9) {{(pid=105416) _store_ip_allocation /opt/stack/neutron/neutron/db/db_base_plugin_common.py:131}}
Oct 26 11:10:19.814663 dv-neutron-759874-5-hyperv neutron-server[105416]: INFO neutron.wsgi [None req-8732f9e3-fe41-4ed0-a8e8-d3cbc1f2f9aa tempest-DHCPAgentSchedulersTestJSON-58543940 tempest-DHCPAgentSchedulersTestJSON-58543940-project-admin] 10.222.0.26 "GET /networking/v2.0/agents/b828326a-a372-4dc3-bb48-9e31d382da35/dhcp-networks HTTP/1.1" status: 200 len: 9601 time: 1.2782114
Oct 26 11:10:19.818520 dv-neutron-759874-5-hyperv neutron-server[105416]: DEBUG neutron.wsgi [-] (105416) accepted ('10.222.0.26', 50478) {{(pid=105416) server /usr/local/lib/python3.8/dist-packages/eventlet/wsgi.py:1004}}
Oct 26 11:10:19.818959 dv-neutron-759874-5-hyperv neutron-server[105416]: DEBUG neutron.wsgi [-] (105416) accepted ('10.222.0.26', 50480) {{(pid=105416) server /usr/local/lib/python3.8/dist-packages/eventlet/wsgi.py:1004}}
Oct 26 11:10:19.841044 dv-neutron-759874-5-hyperv neutron-server[105416]: WARNING keystonemiddleware.auth_token [-] A valid token was submitted as a service token, but it was not a valid service token. This is incorrect but backwards compatible behaviour. This will be removed in future releases.
Oct 26 11:10:19.891316 dv-neutron-759874-5-hyperv neutron-server[105417]: DEBUG neutron.api.rpc.handlers.resources_rpc [None req-63c194bb-e4f3-4d47-93dc-9b1db5ce6eaa None None] Pushing event updated for resources: {'Port': ['ID=92814126-f41e-4229-9096-473b270a2367,revision_number=1']} {{(pid=105417) push /opt/stack/neutron/neutron/api/rpc/handlers/resources_rpc.py:237}}
Oct 26 11:10:19.907613 dv-neutron-759874-5-hyperv neutron-server[105417]: DEBUG neutron.plugins.ml2.managers [None req-63c194bb-e4f3-4d47-93dc-9b1db5ce6eaa None None] Attempting to bind port 92814126-f41e-4229-9096-473b270a2367 on host dv-neutron-759874-5-hyperv for vnic_type normal with profile {{(pid=105417) bind_port /opt/stack/neutron/neutron/plugins/ml2/managers.py:810}}
Oct 26 11:10:19.908009 dv-neutron-759874-5-hyperv neutron-server[105417]: DEBUG neutron.plugins.ml2.managers [None req-63c194bb-e4f3-4d47-93dc-9b1db5ce6eaa None None] Attempting to bind port 92814126-f41e-4229-9096-473b270a2367 by drivers openvswitch,hyperv on host dv-neutron-759874-5-hyperv at level 0 using segments [{'id': '21c36ff1-49b5-4e65-bef6-17fb3b276446', 'network_type': 'vlan', 'physical_network': 'physnet1', 'segmentation_id': 668, 'network_id': 'c6d73943-6df0-4ef2-93fb-dd8442ba8e4f'}] {{(pid=105417) _bind_port_level /opt/stack/neutron/neutron/plugins/ml2/managers.py:835}}
Oct 26 11:10:19.908372 dv-neutron-759874-5-hyperv neutron-server[105417]: DEBUG neutron.plugins.ml2.drivers.mech_agent [None req-63c194bb-e4f3-4d47-93dc-9b1db5ce6eaa None None] Attempting to bind port 92814126-f41e-4229-9096-473b270a2367 on network c6d73943-6df0-4ef2-93fb-dd8442ba8e4f {{(pid=105417) bind_port /opt/stack/neutron/neutron/plugins/ml2/drivers/mech_agent.py:91}}
Oct 26 11:10:19.933056 dv-neutron-759874-5-hyperv neutron-server[105415]: DEBUG neutron.api.rpc.handlers.resources_rpc [None req-f8974869-ea0f-4c32-b25e-c2a0c9ce25a1 tempest-ExternalNetworksTestJSON-1029161567 tempest-ExternalNetworksTestJSON-1029161567-project-admin] Pushing event updated for resources: {'Port': ['ID=1a00a6f0-da56-499e-8066-0d7b9215fdd2,revision_number=2']} {{(pid=105415) push /opt/stack/neutron/neutron/api/rpc/handlers/resources_rpc.py:237}}
Oct 26 11:10:19.979136 dv-neutron-759874-5-hyperv neutron-server[105417]: DEBUG neutron.plugins.ml2.drivers.mech_agent [None req-63c194bb-e4f3-4d47-93dc-9b1db5ce6eaa None None] Checking agent: {'id': 'dadfbbf0-0d9c-4761-9935-12b1f972bd84', 'agent_type': 'Open vSwitch agent', 'binary': 'neutron-openvswitch-agent', 'topic': 'N/A', 'host': 'dv-neutron-759874-5-hyperv', 'admin_state_up': True, 'created_at': datetime.datetime(2022, 10, 26, 11, 1, 31), 'started_at': datetime.datetime(2022, 10, 26, 11, 2, 1), 'heartbeat_timestamp': datetime.datetime(2022, 10, 26, 11, 10, 1), 'description': None, 'resources_synced': None, 'availability_zone': None, 'alive': True, 'configurations': {'arp_responder_enabled': False, 'baremetal_smartnic': False, 'bridge_mappings': {'physnet1': 'br-data'}, 'datapath_type': 'system', 'devices': 0, 'enable_distributed_routing': False, 'extensions': [], 'in_distributed_mode': False, 'integration_bridge': 'br-int', 'l2_population': False, 'log_agent_heartbeats': False, 'ovs_capabilities': {'datapath_types': ['netdev', 'system'], 'iface_types': ['erspan', 'geneve', 'gre', 'internal', 'ip6erspan', 'ip6gre', 'lisp', 'patch', 'stt', 'system', 'tap', 'vxlan']}, 'ovs_hybrid_plug': False, 'resource_provider_bandwidths': {}, 'resource_provider_hypervisors': {'br-data': 'dv-neutron-759874-5-hyperv'}, 'resource_provider_inventory_defaults': {'allocation_ratio': 1.0, 'min_unit': 1, 'step_size': 1, 'reserved': 0}, 'resource_provider_packet_processing_inventory_defaults': {'allocation_ratio': 1.0, 'min_unit': 1, 'step_size': 1, 'reserved': 0}, 'resource_provider_packet_processing_with_direction': {}, 'resource_provider_packet_processing_without_direction': {}, 'tunnel_types': [], 'tunneling_ip': None, 'vhostuser_socket_dir': '/var/run/openvswitch'}, 'resource_versions': {'AddressGroup': '1.2', 'Agent': '1.1', 'ConntrackHelper': '1.0', 'LocalIPAssociation': '1.0', 'Log': '1.0', 'NDPProxy': '1.0', 'Network': '1.1', 'Port': '1.7', 'PortForwarding': '1.3', 'QosPolicy': '1.10', 'SecurityGroup': '1.5', 'SecurityGroupRule': '1.2', 'SubPort': '1.0', 'Subnet': '1.1', 'Trunk': '1.1'}} {{(pid=105417) bind_port /opt/stack/neutron/neutron/plugins/ml2/drivers/mech_agent.py:127}}
Oct 26 11:10:19.979891 dv-neutron-759874-5-hyperv neutron-server[105417]: DEBUG neutron.plugins.ml2.drivers.mech_agent [None req-63c194bb-e4f3-4d47-93dc-9b1db5ce6eaa None None] Checking segment: {'id': '21c36ff1-49b5-4e65-bef6-17fb3b276446', 'network_type': 'vlan', 'physical_network': 'physnet1', 'segmentation_id': 668, 'network_id': 'c6d73943-6df0-4ef2-93fb-dd8442ba8e4f'} for mappings: {'physnet1': 'br-data'} with network types: ['local', 'flat', 'vlan'] {{(pid=105417) check_segment_for_agent /opt/stack/neutron/neutron/plugins/ml2/drivers/mech_agent.py:399}}
Oct 26 11:10:19.980227 dv-neutron-759874-5-hyperv neutron-server[105416]: DEBUG neutron.api.rpc.handlers.resources_rpc [None req-71ecadb5-ac3c-49a4-b145-40eb597156a3 admin admin] Pushing event updated for resources: {'Port': ['ID=0490449d-ec05-497a-9779-4d58bef9d73c,revision_number=2']} {{(pid=105416) push /opt/stack/neutron/neutron/api/rpc/handlers/resources_rpc.py:237}}
Oct 26 11:10:19.980624 dv-neutron-759874-5-hyperv neutron-server[105417]: DEBUG neutron_lib.callbacks.manager [None req-63c194bb-e4f3-4d47-93dc-9b1db5ce6eaa None None] Publish callbacks [] for ovs_bridge_name (None), before_read {{(pid=105417) _notify_loop /usr/local/lib/python3.8/dist-packages/neutron_lib/callbacks/manager.py:176}}
Oct 26 11:10:19.981236 dv-neutron-759874-5-hyperv neutron-server[105417]: DEBUG neutron.plugins.ml2.drivers.mech_agent [None req-63c194bb-e4f3-4d47-93dc-9b1db5ce6eaa None None] Bound using segment: {'id': '21c36ff1-49b5-4e65-bef6-17fb3b276446', 'network_type': 'vlan', 'physical_network': 'physnet1', 'segmentation_id': 668, 'network_id': 'c6d73943-6df0-4ef2-93fb-dd8442ba8e4f'} {{(pid=105417) bind_port /opt/stack/neutron/neutron/plugins/ml2/drivers/mech_agent.py:137}}
Oct 26 11:10:19.987638 dv-neutron-759874-5-hyperv neutron-server[105415]: INFO neutron.wsgi [None req-90207250-27fa-4533-bcd7-ea4b5b0cb5b6 tempest-ExternalNetworksTestJSON-1029161567 tempest-ExternalNetworksTestJSON-1029161567-project-admin] 10.222.0.26 "GET /networking/v2.0/floatingips?floating_network_id=8d6a145f-eb3a-4da2-b6d5-faf8771f7e69 HTTP/1.1" status: 200 len: 689 time: 0.6077614
Oct 26 11:10:19.991507 dv-neutron-759874-5-hyperv neutron-server[105416]: DEBUG neutron.wsgi [-] (105416) accepted ('10.222.0.26', 50482) {{(pid=105416) server /usr/local/lib/python3.8/dist-packages/eventlet/wsgi.py:1004}}
Oct 26 11:10:19.991834 dv-neutron-759874-5-hyperv neutron-server[105415]: DEBUG neutron.plugins.ml2.drivers.mech_agent [None req-ee355e02-0c08-427a-a144-e72464d716eb tempest-PortsAdminExtendedAttrsIpV6TestJSON-2003067330 tempest-PortsAdminExtendedAttrsIpV6TestJSON-2003067330-project-admin] Port 216fb50a-8fea-4aad-8e35-263904b38929 on network 517f11a5-76a3-471e-bee4-b01dadabec9a not bound, no agent of type Open vSwitch agent registered on host hv-neutron-7598 {{(pid=105415) bind_port /opt/stack/neutron/neutron/plugins/ml2/drivers/mech_agent.py:120}}
Oct 26 11:10:19.992685 dv-neutron-759874-5-hyperv neutron-server[105415]: ERROR neutron.plugins.ml2.managers [None req-ee355e02-0c08-427a-a144-e72464d716eb tempest-PortsAdminExtendedAttrsIpV6TestJSON-2003067330 tempest-PortsAdminExtendedAttrsIpV6TestJSON-2003067330-project-admin] Failed to bind port 216fb50a-8fea-4aad-8e35-263904b38929 on host hv-neutron-7598 for vnic_type normal using segments [{'id': '6123c29e-3ff8-4e63-a125-445d4d818c89', 'network_type': 'vlan', 'physical_network': 'physnet1', 'segmentation_id': 666, 'network_id': '517f11a5-76a3-471e-bee4-b01dadabec9a'}]
Oct 26 11:10:19.998784 dv-neutron-759874-5-hyperv neutron-server[105415]: INFO neutron.plugins.ml2.plugin [None req-ee355e02-0c08-427a-a144-e72464d716eb tempest-PortsAdminExtendedAttrsIpV6TestJSON-2003067330 tempest-PortsAdminExtendedAttrsIpV6TestJSON-2003067330-project-admin] Attempt 6 to bind port 216fb50a-8fea-4aad-8e35-263904b38929
Oct 26 11:10:19.999054 dv-neutron-759874-5-hyperv neutron-server[105417]: DEBUG neutron.plugins.ml2.managers [None req-63c194bb-e4f3-4d47-93dc-9b1db5ce6eaa None None] Bound port: 92814126-f41e-4229-9096-473b270a2367, host: dv-neutron-759874-5-hyperv, vif_type: ovs, vif_details: {"connectivity": "l2", "port_filter": true, "ovs_hybrid_plug": false, "datapath_type": "system", "bridge_name": "br-int"}, binding_levels: [{'bound_driver': 'openvswitch', 'bound_segment': {'id': '21c36ff1-49b5-4e65-bef6-17fb3b276446', 'network_type': 'vlan', 'physical_network': 'physnet1', 'segmentation_id': 668, 'network_id': 'c6d73943-6df0-4ef2-93fb-dd8442ba8e4f'}}] {{(pid=105417) _bind_port_level /opt/stack/neutron/neutron/plugins/ml2/managers.py:947}}
Oct 26 11:10:20.000259 dv-neutron-759874-5-hyperv neutron-server[105417]: DEBUG neutron_lib.callbacks.manager [None req-63c194bb-e4f3-4d47-93dc-9b1db5ce6eaa None None] Publish callbacks ['neutron.plugins.ml2.plugin.SecurityGroupDbMixin._ensure_default_security_group_handler-802365'] for port (92814126-f41e-4229-9096-473b270a2367), before_update {{(pid=105417) _notify_loop /usr/local/lib/python3.8/dist-packages/neutron_lib/callbacks/manager.py:176}}
Oct 26 11:10:20.034069 dv-neutron-759874-5-hyperv neutron-server[105416]: DEBUG neutron_lib.callbacks.manager [None req-71ecadb5-ac3c-49a4-b145-40eb597156a3 admin admin] Publish callbacks ['neutron.api.rpc.agentnotifiers.dhcp_rpc_agent_api.DhcpAgentNotifyAPI._after_router_interface_created-16451874', 'neutron.services.l3_router.l3_router_plugin.DVRResourceOperationHandler._update_snat_v6_addrs_after_intf_update-16329906'] for router_interface (e0118747-463d-4784-aaf3-f385b445be46), after_create {{(pid=105416) _notify_loop /usr/local/lib/python3.8/dist-packages/neutron_lib/callbacks/manager.py:176}}
Oct 26 11:10:20.056098 dv-neutron-759874-5-hyperv neutron-server[105415]: DEBUG neutron.plugins.ml2.managers [None req-ee355e02-0c08-427a-a144-e72464d716eb tempest-PortsAdminExtendedAttrsIpV6TestJSON-2003067330 tempest-PortsAdminExtendedAttrsIpV6TestJSON-2003067330-project-admin] Attempting to bind port 216fb50a-8fea-4aad-8e35-263904b38929 on host hv-neutron-7598 for vnic_type normal with profile {{(pid=105415) bind_port /opt/stack/neutron/neutron/plugins/ml2/managers.py:810}}
Oct 26 11:10:20.056428 dv-neutron-759874-5-hyperv neutron-server[105415]: DEBUG neutron.plugins.ml2.managers [None req-ee355e02-0c08-427a-a144-e72464d716eb tempest-PortsAdminExtendedAttrsIpV6TestJSON-2003067330 tempest-PortsAdminExtendedAttrsIpV6TestJSON-2003067330-project-admin] Attempting to bind port 216fb50a-8fea-4aad-8e35-263904b38929 by drivers openvswitch,hyperv on host hv-neutron-7598 at level 0 using segments [{'id': '6123c29e-3ff8-4e63-a125-445d4d818c89', 'network_type': 'vlan', 'physical_network': 'physnet1', 'segmentation_id': 666, 'network_id': '517f11a5-76a3-471e-bee4-b01dadabec9a'}] {{(pid=105415) _bind_port_level /opt/stack/neutron/neutron/plugins/ml2/managers.py:835}}
Oct 26 11:10:20.056934 dv-neutron-759874-5-hyperv neutron-server[105415]: DEBUG neutron.plugins.ml2.drivers.mech_agent [None req-ee355e02-0c08-427a-a144-e72464d716eb tempest-PortsAdminExtendedAttrsIpV6TestJSON-2003067330 tempest-PortsAdminExtendedAttrsIpV6TestJSON-2003067330-project-admin] Attempting to bind port 216fb50a-8fea-4aad-8e35-263904b38929 on network 517f11a5-76a3-471e-bee4-b01dadabec9a {{(pid=105415) bind_port /opt/stack/neutron/neutron/plugins/ml2/drivers/mech_agent.py:91}}
Oct 26 11:10:20.075934 dv-neutron-759874-5-hyperv neutron-server[105415]: DEBUG neutron.pecan_wsgi.hooks.quota_enforcement [None req-cb4e96ac-26ac-41ce-b2c0-389e3aa28730 tempest-AllowedAddressPairIpV6TestJSON-822698972 tempest-AllowedAddressPairIpV6TestJSON-822698972-project] Made reservation on behalf of c4a2e5dfc7dd4f2ab62ff544cb878a7e for: {'port': 1} {{(pid=105415) before /opt/stack/neutron/neutron/pecan_wsgi/hooks/quota_enforcement.py:53}}
Oct 26 11:10:20.084510 dv-neutron-759874-5-hyperv neutron-server[105415]: DEBUG neutron.plugins.ml2.drivers.mech_agent [None req-ee355e02-0c08-427a-a144-e72464d716eb tempest-PortsAdminExtendedAttrsIpV6TestJSON-2003067330 tempest-PortsAdminExtendedAttrsIpV6TestJSON-2003067330-project-admin] Port 216fb50a-8fea-4aad-8e35-263904b38929 on network 517f11a5-76a3-471e-bee4-b01dadabec9a not bound, no agent of type Open vSwitch agent registered on host hv-neutron-7598 {{(pid=105415) bind_port /opt/stack/neutron/neutron/plugins/ml2/drivers/mech_agent.py:120}}
Oct 26 11:10:20.085068 dv-neutron-759874-5-hyperv neutron-server[105415]: ERROR neutron.plugins.ml2.managers [None req-ee355e02-0c08-427a-a144-e72464d716eb tempest-PortsAdminExtendedAttrsIpV6TestJSON-2003067330 tempest-PortsAdminExtendedAttrsIpV6TestJSON-2003067330-project-admin] Failed to bind port 216fb50a-8fea-4aad-8e35-263904b38929 on host hv-neutron-7598 for vnic_type normal using segments [{'id': '6123c29e-3ff8-4e63-a125-445d4d818c89', 'network_type': 'vlan', 'physical_network': 'physnet1', 'segmentation_id': 666, 'network_id': '517f11a5-76a3-471e-bee4-b01dadabec9a'}]
Oct 26 11:10:20.096508 dv-neutron-759874-5-hyperv neutron-server[105415]: INFO neutron.plugins.ml2.plugin [None req-ee355e02-0c08-427a-a144-e72464d716eb tempest-PortsAdminExtendedAttrsIpV6TestJSON-2003067330 tempest-PortsAdminExtendedAttrsIpV6TestJSON-2003067330-project-admin] Attempt 7 to bind port 216fb50a-8fea-4aad-8e35-263904b38929
Oct 26 11:10:20.099198 dv-neutron-759874-5-hyperv neutron-server[105415]: DEBUG dbcounter [-] [105415] Writing DB stats neutron:SELECT=91,neutron:INSERT=6,neutron:DELETE=2,neutron:UPDATE=1 {{(pid=105415) stat_writer /usr/local/lib/python3.8/dist-packages/dbcounter.py:114}}
Oct 26 11:10:20.100769 dv-neutron-759874-5-hyperv neutron-server[105417]: DEBUG neutron.plugins.ml2.db [None req-63c194bb-e4f3-4d47-93dc-9b1db5ce6eaa None None] For port 92814126-f41e-4229-9096-473b270a2367, host dv-neutron-759874-5-hyperv, cleared binding levels {{(pid=105417) clear_binding_levels /opt/stack/neutron/neutron/plugins/ml2/db.py:87}}
Oct 26 11:10:20.106277 dv-neutron-759874-5-hyperv neutron-server[105416]: DEBUG neutron_lib.callbacks.manager [None req-b4fb2464-a7dd-4fd0-a5d8-4c26ca7ad1ae tempest-ServerActionsTestJSON-1035368416 tempest-ServerActionsTestJSON-1035368416-project] Publish callbacks [] for port (e4f1a652-8e32-4537-8c1a-09c16123c1d9), precommit_create {{(pid=105416) _notify_loop /usr/local/lib/python3.8/dist-packages/neutron_lib/callbacks/manager.py:176}}
Oct 26 11:10:20.106985 dv-neutron-759874-5-hyperv neutron-server[105417]: DEBUG neutron.plugins.ml2.db [None req-63c194bb-e4f3-4d47-93dc-9b1db5ce6eaa None None] For port 92814126-f41e-4229-9096-473b270a2367, host dv-neutron-759874-5-hyperv, set binding levels [PortBindingLevel(driver='openvswitch',host='dv-neutron-759874-5-hyperv',level=0,port_id=92814126-f41e-4229-9096-473b270a2367,segment=NetworkSegment(21c36ff1-49b5-4e65-bef6-17fb3b276446),segment_id=21c36ff1-49b5-4e65-bef6-17fb3b276446)] {{(pid=105417) set_binding_levels /opt/stack/neutron/neutron/plugins/ml2/db.py:59}}
Oct 26 11:10:20.128735 dv-neutron-759874-5-hyperv neutron-server[105417]: DEBUG neutron_lib.callbacks.manager [None req-63c194bb-e4f3-4d47-93dc-9b1db5ce6eaa None None] Publish callbacks ['neutron.plugins.ml2.plugin.SecurityGroupServerNotifierRpcMixin._notify_sg_on_port_change-802426', 'neutron.plugins.ml2.ovo_rpc._ObjectChangeHandler.handle_event-16649072', 'neutron.api.rpc.agentnotifiers.dhcp_rpc_agent_api.DhcpAgentNotifyAPI._native_event_send_dhcp_notification-16451860', 'neutron.db.l3_db.L3RpcNotifierMixin._notify_gateway_port_ip_changed-8787628971385', 'neutron.db.l3_dvrscheduler_db._notify_l3_agent_port_update-8787628526758', 'neutron.db.l3_hascheduler_db._notify_l3_agent_ha_port_update-8787628526776'] for port (92814126-f41e-4229-9096-473b270a2367), after_update {{(pid=105417) _notify_loop /usr/local/lib/python3.8/dist-packages/neutron_lib/callbacks/manager.py:176}}
Oct 26 11:10:20.136541 dv-neutron-759874-5-hyperv neutron-server[105416]: DEBUG neutron.scheduler.dhcp_agent_scheduler [None req-990a46df-308a-471a-8889-3eae90b513ac tempest-DHCPAgentSchedulersTestJSON-58543940 tempest-DHCPAgentSchedulersTestJSON-58543940-project-admin] Network 2dbfbf5f-d5b1-4e72-9780-34d70282f0c5 is scheduled to be hosted by DHCP agent b828326a-a372-4dc3-bb48-9e31d382da35 with binding_index 1 {{(pid=105416) bind /opt/stack/neutron/neutron/scheduler/dhcp_agent_scheduler.py:227}}
Oct 26 11:10:20.188847 dv-neutron-759874-5-hyperv neutron-server[105415]: DEBUG neutron.plugins.ml2.managers [None req-ee355e02-0c08-427a-a144-e72464d716eb tempest-PortsAdminExtendedAttrsIpV6TestJSON-2003067330 tempest-PortsAdminExtendedAttrsIpV6TestJSON-2003067330-project-admin] Attempting to bind port 216fb50a-8fea-4aad-8e35-263904b38929 on host hv-neutron-7598 for vnic_type normal with profile {{(pid=105415) bind_port /opt/stack/neutron/neutron/plugins/ml2/managers.py:810}}
Oct 26 11:10:20.189185 dv-neutron-759874-5-hyperv neutron-server[105415]: DEBUG neutron.plugins.ml2.managers [None req-ee355e02-0c08-427a-a144-e72464d716eb tempest-PortsAdminExtendedAttrsIpV6TestJSON-2003067330 tempest-PortsAdminExtendedAttrsIpV6TestJSON-2003067330-project-admin] Attempting to bind port 216fb50a-8fea-4aad-8e35-263904b38929 by drivers openvswitch,hyperv on host hv-neutron-7598 at level 0 using segments [{'id': '6123c29e-3ff8-4e63-a125-445d4d818c89', 'network_type': 'vlan', 'physical_network': 'physnet1', 'segmentation_id': 666, 'network_id': '517f11a5-76a3-471e-bee4-b01dadabec9a'}] {{(pid=105415) _bind_port_level /opt/stack/neutron/neutron/plugins/ml2/managers.py:835}}
Oct 26 11:10:20.189519 dv-neutron-759874-5-hyperv neutron-server[105415]: DEBUG neutron.plugins.ml2.drivers.mech_agent [None req-ee355e02-0c08-427a-a144-e72464d716eb tempest-PortsAdminExtendedAttrsIpV6TestJSON-2003067330 tempest-PortsAdminExtendedAttrsIpV6TestJSON-2003067330-project-admin] Attempting to bind port 216fb50a-8fea-4aad-8e35-263904b38929 on network 517f11a5-76a3-471e-bee4-b01dadabec9a {{(pid=105415) bind_port /opt/stack/neutron/neutron/plugins/ml2/drivers/mech_agent.py:91}}
Oct 26 11:10:20.233607 dv-neutron-759874-5-hyperv neutron-server[105415]: DEBUG neutron.plugins.ml2.drivers.mech_agent [None req-ee355e02-0c08-427a-a144-e72464d716eb tempest-PortsAdminExtendedAttrsIpV6TestJSON-2003067330 tempest-PortsAdminExtendedAttrsIpV6TestJSON-2003067330-project-admin] Port 216fb50a-8fea-4aad-8e35-263904b38929 on network 517f11a5-76a3-471e-bee4-b01dadabec9a not bound, no agent of type Open vSwitch agent registered on host hv-neutron-7598 {{(pid=105415) bind_port /opt/stack/neutron/neutron/plugins/ml2/drivers/mech_agent.py:120}}
Oct 26 11:10:20.234317 dv-neutron-759874-5-hyperv neutron-server[105415]: ERROR neutron.plugins.ml2.managers [None req-ee355e02-0c08-427a-a144-e72464d716eb tempest-PortsAdminExtendedAttrsIpV6TestJSON-2003067330 tempest-PortsAdminExtendedAttrsIpV6TestJSON-2003067330-project-admin] Failed to bind port 216fb50a-8fea-4aad-8e35-263904b38929 on host hv-neutron-7598 for vnic_type normal using segments [{'id': '6123c29e-3ff8-4e63-a125-445d4d818c89', 'network_type': 'vlan', 'physical_network': 'physnet1', 'segmentation_id': 666, 'network_id': '517f11a5-76a3-471e-bee4-b01dadabec9a'}]
Oct 26 11:10:20.236437 dv-neutron-759874-5-hyperv neutron-server[105417]: DEBUG neutron.api.rpc.handlers.resources_rpc [None req-63c194bb-e4f3-4d47-93dc-9b1db5ce6eaa None None] Pushing event updated for resources: {'Port': ['ID=92814126-f41e-4229-9096-473b270a2367,revision_number=2']} {{(pid=105417) push /opt/stack/neutron/neutron/api/rpc/handlers/resources_rpc.py:237}}
