Feb 15 06:32:08.006712 dv-neutron-744815-33-hyperv neutron-server[103246]: DEBUG neutron.pecan_wsgi.hooks.policy_enforcement [None req-8b4bd5fd-b8cb-444f-b948-9ca4545e6484 tempest-BulkNetworkOpsIpV6Test-462383303 tempest-BulkNetworkOpsIpV6Test-462383303-project] Attributes excluded by policy engine: ['standard_attr_id', 'binding:profile', 'binding:host_id', 'binding:vif_type', 'binding:vif_details'] {{(pid=103246) _exclude_attributes_by_policy /opt/stack/neutron/neutron/pecan_wsgi/hooks/policy_enforcement.py:255}}
Feb 15 06:32:08.009195 dv-neutron-744815-33-hyperv neutron-server[103246]: INFO neutron.wsgi [None req-8b4bd5fd-b8cb-444f-b948-9ca4545e6484 tempest-BulkNetworkOpsIpV6Test-462383303 tempest-BulkNetworkOpsIpV6Test-462383303-project] 10.222.0.42 "GET /v2.0/ports HTTP/1.1" status: 200 len: 1444 time: 0.2916193
Feb 15 06:32:08.015265 dv-neutron-744815-33-hyperv neutron-server[103245]: DEBUG neutron.scheduler.dhcp_agent_scheduler [None req-6e3c6a49-cb0a-41b1-aea8-64ae5f8ed564 tempest-NetworksTestDHCPv6-1702404174 tempest-NetworksTestDHCPv6-1702404174-project] Network 413746fe-bc4f-4ccd-81b5-bc369aa88c80 is already hosted by enough agents. {{(pid=103245) _get_dhcp_agents_hosting_network /opt/stack/neutron/neutron/scheduler/dhcp_agent_scheduler.py:275}}
Feb 15 06:32:08.019726 dv-neutron-744815-33-hyperv neutron-server[103246]: DEBUG novaclient.v2.client [-] RESP: [200] Connection: close Content-Length: 179 Content-Type: application/json Date: Tue, 15 Feb 2022 06:32:07 GMT OpenStack-API-Version: compute 2.1 Server: Apache/2.4.41 (Ubuntu) Vary: OpenStack-API-Version,X-OpenStack-Nova-API-Version X-OpenStack-Nova-API-Version: 2.1 x-compute-request-id: req-4e3e9b32-84a9-47c5-a384-f241a6182a28 x-openstack-request-id: req-4e3e9b32-84a9-47c5-a384-f241a6182a28 {{(pid=103246) _http_log_response /usr/local/lib/python3.8/dist-packages/keystoneauth1/session.py:550}}
Feb 15 06:32:08.020199 dv-neutron-744815-33-hyperv neutron-server[103246]: DEBUG novaclient.v2.client [-] RESP BODY: {"events": [{"name": "network-changed", "server_uuid": "ed16b4ab-87c3-4cfb-a3d4-948a253d78c9", "tag": "80560f2b-2a52-417d-ab76-5b54bdadaaea", "status": "completed", "code": 200}]} {{(pid=103246) _http_log_response /usr/local/lib/python3.8/dist-packages/keystoneauth1/session.py:582}}
Feb 15 06:32:08.020736 dv-neutron-744815-33-hyperv neutron-server[103246]: DEBUG novaclient.v2.client [-] POST call to compute for http://10.222.0.42/compute/v2.1/os-server-external-events used request id req-4e3e9b32-84a9-47c5-a384-f241a6182a28 {{(pid=103246) request /usr/local/lib/python3.8/dist-packages/keystoneauth1/session.py:954}}
Feb 15 06:32:08.021651 dv-neutron-744815-33-hyperv neutron-server[103246]: INFO neutron.notifiers.nova [-] Nova event response: {'name': 'network-changed', 'server_uuid': 'ed16b4ab-87c3-4cfb-a3d4-948a253d78c9', 'tag': '80560f2b-2a52-417d-ab76-5b54bdadaaea', 'status': 'completed', 'code': 200}
Feb 15 06:32:08.023638 dv-neutron-744815-33-hyperv neutron-server[103245]: DEBUG neutron.wsgi [-] (103245) accepted ('10.222.0.42', 58990) {{(pid=103245) server /usr/local/lib/python3.8/dist-packages/eventlet/wsgi.py:1004}}
Feb 15 06:32:08.026113 dv-neutron-744815-33-hyperv neutron-server[103245]: DEBUG neutron.db.db_base_plugin_common [None req-f145450d-2801-4a1c-b1c2-c37873e3c3ba tempest-RoutersAdminNegativeTest-792866045 tempest-RoutersAdminNegativeTest-792866045-project-admin] Allocated IP 172.26.8.168 (05cc72e0-51ad-4f0f-9f47-f7d716dfef0e/c8131224-b572-4ea2-ac33-87e07a75c79e/e1fcb5f7-d3ac-4bd7-899c-c826d440d27f) {{(pid=103245) _store_ip_allocation /opt/stack/neutron/neutron/db/db_base_plugin_common.py:131}}
Feb 15 06:32:08.039269 dv-neutron-744815-33-hyperv neutron-server[103246]: DEBUG neutron.scheduler.base_scheduler [None req-0c01f118-4186-494a-9e7d-377b822ed1e1 tempest-AllowedAddressPairIpV6TestJSON-1999748864 tempest-AllowedAddressPairIpV6TestJSON-1999748864-project] Resources bound (agent type, host, resource id): (DHCP agent, dv-neutron-744815-33-hyperv, 2cfdfbd4-d4d8-4534-9474-f129236c21df) {{(pid=103246) schedule /opt/stack/neutron/neutron/scheduler/base_scheduler.py:57}}
Feb 15 06:32:08.040462 dv-neutron-744815-33-hyperv neutron-server[103245]: DEBUG neutron.scheduler.base_scheduler [None req-6e3c6a49-cb0a-41b1-aea8-64ae5f8ed564 tempest-NetworksTestDHCPv6-1702404174 tempest-NetworksTestDHCPv6-1702404174-project] Resources bound (agent type, host, resource id): {{(pid=103245) schedule /opt/stack/neutron/neutron/scheduler/base_scheduler.py:57}}
Feb 15 06:32:08.044334 dv-neutron-744815-33-hyperv neutron-server[103245]: DEBUG neutron.pecan_wsgi.hooks.policy_enforcement [None req-6e3c6a49-cb0a-41b1-aea8-64ae5f8ed564 tempest-NetworksTestDHCPv6-1702404174 tempest-NetworksTestDHCPv6-1702404174-project] Attributes excluded by policy engine: ['standard_attr_id', 'shared', 'segment_id', 'network'] {{(pid=103245) _exclude_attributes_by_policy /opt/stack/neutron/neutron/pecan_wsgi/hooks/policy_enforcement.py:255}}
Feb 15 06:32:08.045365 dv-neutron-744815-33-hyperv neutron-server[103245]: DEBUG neutron_lib.callbacks.manager [None req-6e3c6a49-cb0a-41b1-aea8-64ae5f8ed564 tempest-NetworksTestDHCPv6-1702404174 tempest-NetworksTestDHCPv6-1702404174-project] Publish callbacks ['neutron.api.rpc.agentnotifiers.dhcp_rpc_agent_api.DhcpAgentNotifyAPI._send_dhcp_notification-1555557'] for subnet (None), before_response {{(pid=103245) _notify_loop /usr/local/lib/python3.8/dist-packages/neutron_lib/callbacks/manager.py:176}}
Feb 15 06:32:08.050100 dv-neutron-744815-33-hyperv neutron-server[103246]: DEBUG neutron.pecan_wsgi.hooks.policy_enforcement [None req-0c01f118-4186-494a-9e7d-377b822ed1e1 tempest-AllowedAddressPairIpV6TestJSON-1999748864 tempest-AllowedAddressPairIpV6TestJSON-1999748864-project] Attributes excluded by policy engine: ['standard_attr_id', 'shared', 'network'] {{(pid=103246) _exclude_attributes_by_policy /opt/stack/neutron/neutron/pecan_wsgi/hooks/policy_enforcement.py:255}}
Feb 15 06:32:08.051108 dv-neutron-744815-33-hyperv neutron-server[103246]: DEBUG neutron_lib.callbacks.manager [None req-0c01f118-4186-494a-9e7d-377b822ed1e1 tempest-AllowedAddressPairIpV6TestJSON-1999748864 tempest-AllowedAddressPairIpV6TestJSON-1999748864-project] Publish callbacks [] for subnet (None), before_response {{(pid=103246) _notify_loop /usr/local/lib/python3.8/dist-packages/neutron_lib/callbacks/manager.py:176}}
Feb 15 06:32:08.054665 dv-neutron-744815-33-hyperv neutron-server[103247]: DEBUG neutron.db.provisioning_blocks [None req-d20a60fc-c102-4c95-b74c-c978ff02ec4e None None] Provisioning complete for port 00c6fbcf-0f69-4f5d-ba47-80f9a8f9031f triggered by entity L2. {{(pid=103247) provisioning_complete /opt/stack/neutron/neutron/db/provisioning_blocks.py:139}}
Feb 15 06:32:08.055037 dv-neutron-744815-33-hyperv neutron-server[103247]: DEBUG neutron_lib.callbacks.manager [None req-d20a60fc-c102-4c95-b74c-c978ff02ec4e None None] Publish callbacks ['neutron.plugins.ml2.plugin.Ml2Plugin._port_provisioned-1121997'] for port (00c6fbcf-0f69-4f5d-ba47-80f9a8f9031f), provisioning_complete {{(pid=103247) _notify_loop /usr/local/lib/python3.8/dist-packages/neutron_lib/callbacks/manager.py:176}}
Feb 15 06:32:08.059197 dv-neutron-744815-33-hyperv neutron-server[103247]: DEBUG neutron.plugins.ml2.plugin [None req-315a49f4-481f-420e-8bee-1b431e37c4a8 None None] Current status of the port 31091f2a-885a-42cf-8116-c604a037da35 is: ACTIVE; New status is: ACTIVE {{(pid=103247) _update_individual_port_db_status /opt/stack/neutron/neutron/plugins/ml2/plugin.py:2232}}
Feb 15 06:32:08.074435 dv-neutron-744815-33-hyperv neutron-server[103246]: DEBUG neutron_lib.callbacks.manager [req-84c90564-df92-48ee-a1b9-65a73f20cb69 req-edb12d5d-dea3-49f3-8c2b-4c5f0bcfe9f3 tempest-ServerActionsTestJSON-521974367 tempest-ServerActionsTestJSON-521974367-project] Publish callbacks ['neutron.plugins.ml2.plugin.SecurityGroupServerNotifierRpcMixin._notify_sg_on_port_change-1100511', 'neutron.plugins.ml2.ovo_rpc._ObjectChangeHandler.handle_event-39617', 'neutron.api.rpc.agentnotifiers.dhcp_rpc_agent_api.DhcpAgentNotifyAPI._native_event_send_dhcp_notification-1555579', 'neutron.db.l3_dvrscheduler_db._notify_l3_agent_new_port-8761966572858'] for port (dbed0ae1-5bc4-42e3-8a5f-809e1fd90e4c), after_create {{(pid=103246) _notify_loop /usr/local/lib/python3.8/dist-packages/neutron_lib/callbacks/manager.py:176}}
Feb 15 06:32:08.083106 dv-neutron-744815-33-hyperv neutron-server[103247]: DEBUG neutron.api.rpc.handlers.dhcp_rpc [None req-b0f93080-d363-4ce9-8161-cec7730939fc None None] Network 2cfdfbd4-d4d8-4534-9474-f129236c21df requested from dv-neutron-744815-33-hyperv {{(pid=103247) get_network_info /opt/stack/neutron/neutron/api/rpc/handlers/dhcp_rpc.py:191}}
Feb 15 06:32:08.086032 dv-neutron-744815-33-hyperv neutron-server[103245]: DEBUG neutron.api.rpc.handlers.resources_rpc [None req-6e3c6a49-cb0a-41b1-aea8-64ae5f8ed564 tempest-NetworksTestDHCPv6-1702404174 tempest-NetworksTestDHCPv6-1702404174-project] Pushing event updated for resources: {'Subnet': ['ID=2b9e4f4d-aca1-4a30-9503-ffdc78608b57,revision_number=0']} {{(pid=103245) push /opt/stack/neutron/neutron/api/rpc/handlers/resources_rpc.py:237}}
Feb 15 06:32:08.121323 dv-neutron-744815-33-hyperv neutron-server[103247]: DEBUG neutron.plugins.ml2.plugin [None req-ebec2633-4cd3-49d7-8f59-91d7c873e76c None None] Deleting port 00c6fbcf-0f69-4f5d-ba47-80f9a8f9031f {{(pid=103247) _pre_delete_port /opt/stack/neutron/neutron/plugins/ml2/plugin.py:1978}}
Feb 15 06:32:08.121862 dv-neutron-744815-33-hyperv neutron-server[103247]: DEBUG neutron_lib.callbacks.manager [None req-ebec2633-4cd3-49d7-8f59-91d7c873e76c None None] Publish callbacks ['neutron.db.l3_db.L3_NAT_dbonly_mixin._prevent_l3_port_delete_callback-8761967090499'] for port (00c6fbcf-0f69-4f5d-ba47-80f9a8f9031f), before_delete {{(pid=103247) _notify_loop /usr/local/lib/python3.8/dist-packages/neutron_lib/callbacks/manager.py:176}}
Feb 15 06:32:08.146690 dv-neutron-744815-33-hyperv neutron-server[103245]: INFO neutron.wsgi [None req-6e3c6a49-cb0a-41b1-aea8-64ae5f8ed564 tempest-NetworksTestDHCPv6-1702404174 tempest-NetworksTestDHCPv6-1702404174-project] 10.222.0.42 "POST /v2.0/subnets HTTP/1.1" status: 201 len: 847 time: 1.0629048
Feb 15 06:32:08.148260 dv-neutron-744815-33-hyperv neutron-server[103245]: DEBUG neutron.wsgi [-] (103245) accepted ('10.222.0.42', 58994) {{(pid=103245) server /usr/local/lib/python3.8/dist-packages/eventlet/wsgi.py:1004}}
Feb 15 06:32:08.159197 dv-neutron-744815-33-hyperv neutron-server[103245]: DEBUG neutron.api.v2.base [None req-708f25ad-5296-4911-93f5-98da1f668442 tempest-NetworksTestDHCPv6-1702404174 tempest-NetworksTestDHCPv6-1702404174-project] Request body: {'port': {'network_id': '413746fe-bc4f-4ccd-81b5-bc369aa88c80', 'fixed_ips': [{'subnet_id': '2b9e4f4d-aca1-4a30-9503-ffdc78608b57', 'ip_address': '2001:db8::85f:2f8e:31d0:f51d'}], 'name': 'tempest-NetworksTestDHCPv6-219203181'}} {{(pid=103245) prepare_request_body /opt/stack/neutron/neutron/api/v2/base.py:729}}
Feb 15 06:32:08.257134 dv-neutron-744815-33-hyperv neutron-server[103246]: INFO neutron.wsgi [None req-0c01f118-4186-494a-9e7d-377b822ed1e1 tempest-AllowedAddressPairIpV6TestJSON-1999748864 tempest-AllowedAddressPairIpV6TestJSON-1999748864-project] 10.222.0.42 "POST /v2.0/subnets HTTP/1.1" status: 201 len: 821 time: 4.8247437
Feb 15 06:32:08.260595 dv-neutron-744815-33-hyperv neutron-server[103246]: DEBUG neutron.wsgi [-] (103246) accepted ('10.222.0.42', 58996) {{(pid=103246) server /usr/local/lib/python3.8/dist-packages/eventlet/wsgi.py:1004}}
Feb 15 06:32:08.280468 dv-neutron-744815-33-hyperv neutron-server[103246]: DEBUG neutron.api.v2.base [None req-3c445281-5f5e-4b4c-9ba3-248c6c63fa1c tempest-AllowedAddressPairIpV6TestJSON-1999748864 tempest-AllowedAddressPairIpV6TestJSON-1999748864-project] Request body: {'port': {'network_id': '2cfdfbd4-d4d8-4534-9474-f129236c21df', 'name': 'tempest-AllowedAddressPairIpV6TestJSON-735165998'}} {{(pid=103246) prepare_request_body /opt/stack/neutron/neutron/api/v2/base.py:729}}
Feb 15 06:32:08.323450 dv-neutron-744815-33-hyperv neutron-server[103247]: DEBUG neutron.plugins.ml2.db [None req-ebec2633-4cd3-49d7-8f59-91d7c873e76c None None] For port 00c6fbcf-0f69-4f5d-ba47-80f9a8f9031f, host dv-neutron-744815-33-hyperv, got binding levels [PortBindingLevel(driver='openvswitch',host='dv-neutron-744815-33-hyperv',level=0,port_id=00c6fbcf-0f69-4f5d-ba47-80f9a8f9031f,segment=NetworkSegment(55c1a23e-3658-4dc0-ba61-9bc2744dd577),segment_id=55c1a23e-3658-4dc0-ba61-9bc2744dd577)] {{(pid=103247) get_binding_level_objs /opt/stack/neutron/neutron/plugins/ml2/db.py:74}}
Feb 15 06:32:08.323450 dv-neutron-744815-33-hyperv neutron-server[103247]: DEBUG neutron_lib.callbacks.manager [None req-ebec2633-4cd3-49d7-8f59-91d7c873e76c None None] Publish callbacks ['neutron.services.l3_router.l3_router_plugin.L3_NAT_dbonly_mixin._precommit_delete_port_callback-574712'] for port (00c6fbcf-0f69-4f5d-ba47-80f9a8f9031f), precommit_delete {{(pid=103247) _notify_loop /usr/local/lib/python3.8/dist-packages/neutron_lib/callbacks/manager.py:176}}
Feb 15 06:32:08.341494 dv-neutron-744815-33-hyperv neutron-server[103247]: DEBUG neutron.plugins.ml2.plugin [None req-ebec2633-4cd3-49d7-8f59-91d7c873e76c None None] Calling delete_port for 00c6fbcf-0f69-4f5d-ba47-80f9a8f9031f owned by network:dhcp {{(pid=103247) delete_port /opt/stack/neutron/neutron/plugins/ml2/plugin.py:2056}}
Feb 15 06:32:08.345901 dv-neutron-744815-33-hyperv neutron-server[103245]: DEBUG neutron.plugins.ml2.plugin [None req-a1ff7dab-02db-4af1-a71d-cd7873ba6e9f tempest-BulkNetworkOpsIpV6Test-462383303 tempest-BulkNetworkOpsIpV6Test-462383303-project] Deleting port 3fb54238-0cee-4b97-b957-8deb41befd35 {{(pid=103245) _pre_delete_port /opt/stack/neutron/neutron/plugins/ml2/plugin.py:1978}}
Feb 15 06:32:08.346409 dv-neutron-744815-33-hyperv neutron-server[103245]: DEBUG neutron_lib.callbacks.manager [None req-a1ff7dab-02db-4af1-a71d-cd7873ba6e9f tempest-BulkNetworkOpsIpV6Test-462383303 tempest-BulkNetworkOpsIpV6Test-462383303-project] Publish callbacks ['neutron.db.l3_db.L3_NAT_dbonly_mixin._prevent_l3_port_delete_callback-8761967090499'] for port (3fb54238-0cee-4b97-b957-8deb41befd35), before_delete {{(pid=103245) _notify_loop /usr/local/lib/python3.8/dist-packages/neutron_lib/callbacks/manager.py:176}}
Feb 15 06:32:08.359540 dv-neutron-744815-33-hyperv neutron-server[103247]: DEBUG neutron.api.rpc.handlers.dhcp_rpc [None req-bc17f680-373c-4c69-b3ef-4b7d80fc03ce None None] Create dhcp port {'port': {'name': '', 'admin_state_up': True, 'device_id': 'dhcp6c38fe82-516f-5ffe-aa08-3e3405cb9f0e-2cfdfbd4-d4d8-4534-9474-f129236c21df', 'network_id': '2cfdfbd4-d4d8-4534-9474-f129236c21df', 'project_id': '6a606b7ad5b44048ad64d9a2cd67c8bd', 'fixed_ips': [{'subnet_id': 'c20a11e0-dc35-409c-ad50-81303a1d4165'}]}} from dv-neutron-744815-33-hyperv. {{(pid=103247) create_dhcp_port /opt/stack/neutron/neutron/api/rpc/handlers/dhcp_rpc.py:268}}
Feb 15 06:32:08.360397 dv-neutron-744815-33-hyperv neutron-server[103247]: DEBUG neutron_lib.callbacks.manager [None req-bc17f680-373c-4c69-b3ef-4b7d80fc03ce None None] Publish callbacks ['neutron.plugins.ml2.plugin.SecurityGroupDbMixin._ensure_default_security_group_handler-1100394'] for port (None), before_create {{(pid=103247) _notify_loop /usr/local/lib/python3.8/dist-packages/neutron_lib/callbacks/manager.py:176}}
Feb 15 06:32:08.363388 dv-neutron-744815-33-hyperv neutron-server[103246]: DEBUG neutron.scheduler.dhcp_agent_scheduler [req-84c90564-df92-48ee-a1b9-65a73f20cb69 req-edb12d5d-dea3-49f3-8c2b-4c5f0bcfe9f3 tempest-ServerActionsTestJSON-521974367 tempest-ServerActionsTestJSON-521974367-project] Network 079fc60f-db97-4f80-b669-df60523e0ae4 is already hosted by enough agents. {{(pid=103246) _get_dhcp_agents_hosting_network /opt/stack/neutron/neutron/scheduler/dhcp_agent_scheduler.py:275}}
Feb 15 06:32:08.369528 dv-neutron-744815-33-hyperv neutron-server[103246]: DEBUG neutron.api.rpc.handlers.resources_rpc [None req-edb12d5d-dea3-49f3-8c2b-4c5f0bcfe9f3 tempest-ServerActionsTestJSON-521974367 tempest-ServerActionsTestJSON-521974367-project] Pushing event updated for resources: {'Port': ['ID=dbed0ae1-5bc4-42e3-8a5f-809e1fd90e4c,revision_number=1']} {{(pid=103246) push /opt/stack/neutron/neutron/api/rpc/handlers/resources_rpc.py:237}}
Feb 15 06:32:08.381714 dv-neutron-744815-33-hyperv neutron-server[103246]: DEBUG neutron.scheduler.base_scheduler [req-84c90564-df92-48ee-a1b9-65a73f20cb69 req-edb12d5d-dea3-49f3-8c2b-4c5f0bcfe9f3 tempest-ServerActionsTestJSON-521974367 tempest-ServerActionsTestJSON-521974367-project] Resources bound (agent type, host, resource id): {{(pid=103246) schedule /opt/stack/neutron/neutron/scheduler/base_scheduler.py:57}}
Feb 15 06:32:08.391958 dv-neutron-744815-33-hyperv neutron-server[103246]: DEBUG neutron.db.l3_dvrscheduler_db [req-84c90564-df92-48ee-a1b9-65a73f20cb69 req-edb12d5d-dea3-49f3-8c2b-4c5f0bcfe9f3 tempest-ServerActionsTestJSON-521974367 tempest-ServerActionsTestJSON-521974367-project] Received port after_create {{(pid=103246) _notify_l3_agent_new_port /opt/stack/neutron/neutron/db/l3_dvrscheduler_db.py:536}}
Feb 15 06:32:08.397097 dv-neutron-744815-33-hyperv neutron-server[103246]: DEBUG neutron.pecan_wsgi.hooks.policy_enforcement [req-84c90564-df92-48ee-a1b9-65a73f20cb69 req-edb12d5d-dea3-49f3-8c2b-4c5f0bcfe9f3 tempest-ServerActionsTestJSON-521974367 tempest-ServerActionsTestJSON-521974367-project] Attributes excluded by policy engine: ['standard_attr_id', 'binding:profile', 'binding:host_id', 'binding:vif_type', 'binding:vif_details', 'network'] {{(pid=103246) _exclude_attributes_by_policy /opt/stack/neutron/neutron/pecan_wsgi/hooks/policy_enforcement.py:255}}
Feb 15 06:32:08.398064 dv-neutron-744815-33-hyperv neutron-server[103246]: DEBUG neutron_lib.callbacks.manager [req-84c90564-df92-48ee-a1b9-65a73f20cb69 req-edb12d5d-dea3-49f3-8c2b-4c5f0bcfe9f3 tempest-ServerActionsTestJSON-521974367 tempest-ServerActionsTestJSON-521974367-project] Publish callbacks ['neutron.notifiers.nova.Notifier._send_nova_notification-12234'] for port (None), before_response {{(pid=103246) _notify_loop /usr/local/lib/python3.8/dist-packages/neutron_lib/callbacks/manager.py:176}}
Feb 15 06:32:08.430639 dv-neutron-744815-33-hyperv neutron-server[103246]: DEBUG neutron.pecan_wsgi.hooks.policy_enforcement [req-38d2eaa0-e94c-4edd-a549-b225cdaf2de1 req-c3c6cbd1-59a2-4aca-84fc-0ae489be9924 tempest-ServersTestManualDisk-727136045 tempest-ServersTestManualDisk-727136045-project] Attributes excluded by policy engine: ['standard_attr_id', 'binding:profile', 'binding:host_id', 'binding:vif_type', 'binding:vif_details'] {{(pid=103246) _exclude_attributes_by_policy /opt/stack/neutron/neutron/pecan_wsgi/hooks/policy_enforcement.py:255}}
Feb 15 06:32:08.432195 dv-neutron-744815-33-hyperv neutron-server[103246]: INFO neutron.wsgi [req-38d2eaa0-e94c-4edd-a549-b225cdaf2de1 req-c3c6cbd1-59a2-4aca-84fc-0ae489be9924 tempest-ServersTestManualDisk-727136045 tempest-ServersTestManualDisk-727136045-project] 10.222.0.42 "GET /v2.0/ports?device_id=4a18a444-2987-4471-814d-d7c6f4361e45 HTTP/1.1" status: 200 len: 943 time: 0.2470934
Feb 15 06:32:08.435063 dv-neutron-744815-33-hyperv neutron-server[103247]: DEBUG neutron.plugins.ml2.plugin [None req-d20a60fc-c102-4c95-b74c-c978ff02ec4e None None] Current status of the port 00c6fbcf-0f69-4f5d-ba47-80f9a8f9031f is: ACTIVE; New status is: ACTIVE {{(pid=103247) _update_individual_port_db_status /opt/stack/neutron/neutron/plugins/ml2/plugin.py:2232}}
Feb 15 06:32:08.463973 dv-neutron-744815-33-hyperv neutron-server[103246]: DEBUG neutron_lib.callbacks.manager [None req-a7772381-3461-4dde-9794-9943f5ba903c tempest-ExtraDHCPOptionsTestJSON-418667821 tempest-ExtraDHCPOptionsTestJSON-418667821-project] Publish callbacks [] for port (e349ebe1-c626-40be-b808-7e941a4db166), precommit_create {{(pid=103246) _notify_loop /usr/local/lib/python3.8/dist-packages/neutron_lib/callbacks/manager.py:176}}
Feb 15 06:32:08.466283 dv-neutron-744815-33-hyperv neutron-server[103245]: DEBUG neutron_lib.callbacks.manager [None req-f145450d-2801-4a1c-b1c2-c37873e3c3ba tempest-RoutersAdminNegativeTest-792866045 tempest-RoutersAdminNegativeTest-792866045-project-admin] Publish callbacks [] for port (e1fcb5f7-d3ac-4bd7-899c-c826d440d27f), precommit_create {{(pid=103245) _notify_loop /usr/local/lib/python3.8/dist-packages/neutron_lib/callbacks/manager.py:176}}
Feb 15 06:32:08.468843 dv-neutron-744815-33-hyperv neutron-server[103245]: DEBUG neutron_lib.callbacks.manager [None req-a1ff7dab-02db-4af1-a71d-cd7873ba6e9f tempest-BulkNetworkOpsIpV6Test-462383303 tempest-BulkNetworkOpsIpV6Test-462383303-project] Publish callbacks ['neutron.services.l3_router.l3_router_plugin.L3_NAT_dbonly_mixin._precommit_delete_port_callback-574712'] for port (3fb54238-0cee-4b97-b957-8deb41befd35), precommit_delete {{(pid=103245) _notify_loop /usr/local/lib/python3.8/dist-packages/neutron_lib/callbacks/manager.py:176}}
Feb 15 06:32:08.473074 dv-neutron-744815-33-hyperv neutron-server[103247]: DEBUG neutron.db.provisioning_blocks [None req-dabfa757-323f-4e22-af12-a6b136f7a889 None None] Provisioning complete for port 31091f2a-885a-42cf-8116-c604a037da35 triggered by entity DHCP. {{(pid=103247) provisioning_complete /opt/stack/neutron/neutron/db/provisioning_blocks.py:139}}
Feb 15 06:32:08.477205 dv-neutron-744815-33-hyperv neutron-server[103247]: DEBUG neutron_lib.callbacks.manager [None req-dabfa757-323f-4e22-af12-a6b136f7a889 None None] Publish callbacks ['neutron.plugins.ml2.plugin.Ml2Plugin._port_provisioned-1121997'] for port (31091f2a-885a-42cf-8116-c604a037da35), provisioning_complete {{(pid=103247) _notify_loop /usr/local/lib/python3.8/dist-packages/neutron_lib/callbacks/manager.py:176}}
Feb 15 06:32:08.479119 dv-neutron-744815-33-hyperv neutron-server[103245]: DEBUG neutron.pecan_wsgi.hooks.quota_enforcement [None req-708f25ad-5296-4911-93f5-98da1f668442 tempest-NetworksTestDHCPv6-1702404174 tempest-NetworksTestDHCPv6-1702404174-project] Made reservation on behalf of 8158ff06d3554631803586f084d695d5 for: {'port': 1} {{(pid=103245) before /opt/stack/neutron/neutron/pecan_wsgi/hooks/quota_enforcement.py:53}}
Feb 15 06:32:08.505838 dv-neutron-744815-33-hyperv neutron-server[103245]: DEBUG neutron.plugins.ml2.plugin [None req-a1ff7dab-02db-4af1-a71d-cd7873ba6e9f tempest-BulkNetworkOpsIpV6Test-462383303 tempest-BulkNetworkOpsIpV6Test-462383303-project] Calling delete_port for 3fb54238-0cee-4b97-b957-8deb41befd35 owned by {{(pid=103245) delete_port /opt/stack/neutron/neutron/plugins/ml2/plugin.py:2056}}
Feb 15 06:32:08.509290 dv-neutron-744815-33-hyperv neutron-server[103246]: INFO neutron.wsgi [req-84c90564-df92-48ee-a1b9-65a73f20cb69 req-edb12d5d-dea3-49f3-8c2b-4c5f0bcfe9f3 tempest-ServerActionsTestJSON-521974367 tempest-ServerActionsTestJSON-521974367-project] 10.222.0.31 "POST /v2.0/ports HTTP/1.1" status: 201 len: 934 time: 2.8895845
Feb 15 06:32:08.608112 dv-neutron-744815-33-hyperv neutron-server[103247]: DEBUG neutron.plugins.ml2.rpc [None req-d20a60fc-c102-4c95-b74c-c978ff02ec4e None None] Device 31091f2a-885a-42cf-8116-c604a037da35 up at agent ovs-agent-dv-neutron-744815-33-hyperv {{(pid=103247) update_device_up /opt/stack/neutron/neutron/plugins/ml2/rpc.py:296}}
Feb 15 06:32:08.630090 dv-neutron-744815-33-hyperv neutron-server[103246]: INFO neutron.wsgi [req-38d2eaa0-e94c-4edd-a549-b225cdaf2de1 req-97f0f40c-5a14-4af9-a385-ffa1d7d92090 tempest-ServersTestManualDisk-727136045 tempest-ServersTestManualDisk-727136045-project] 10.222.0.42 "GET /v2.0/security-groups?id=2dc70770-985c-47e2-bba4-86829e495f28&fields=id&fields=name HTTP/1.1" status: 200 len: 312 time: 0.1757200
Feb 15 06:32:08.632345 dv-neutron-744815-33-hyperv neutron-server[103246]: DEBUG neutron.pecan_wsgi.hooks.quota_enforcement [None req-3c445281-5f5e-4b4c-9ba3-248c6c63fa1c tempest-AllowedAddressPairIpV6TestJSON-1999748864 tempest-AllowedAddressPairIpV6TestJSON-1999748864-project] Made reservation on behalf of 6a606b7ad5b44048ad64d9a2cd67c8bd for: {'port': 1} {{(pid=103246) before /opt/stack/neutron/neutron/pecan_wsgi/hooks/quota_enforcement.py:53}}
Feb 15 06:32:08.639276 dv-neutron-744815-33-hyperv neutron-server[103246]: DEBUG neutron_lib.callbacks.manager [None req-3c445281-5f5e-4b4c-9ba3-248c6c63fa1c tempest-AllowedAddressPairIpV6TestJSON-1999748864 tempest-AllowedAddressPairIpV6TestJSON-1999748864-project] Publish callbacks ['neutron.plugins.ml2.plugin.SecurityGroupDbMixin._ensure_default_security_group_handler-1100394'] for port (None), before_create {{(pid=103246) _notify_loop /usr/local/lib/python3.8/dist-packages/neutron_lib/callbacks/manager.py:176}}
Feb 15 06:32:08.642507 dv-neutron-744815-33-hyperv neutron-server[103245]: DEBUG neutron_lib.callbacks.manager [None req-f145450d-2801-4a1c-b1c2-c37873e3c3ba tempest-RoutersAdminNegativeTest-792866045 tempest-RoutersAdminNegativeTest-792866045-project-admin] Publish callbacks ['neutron.plugins.ml2.plugin.SecurityGroupServerNotifierRpcMixin._notify_sg_on_port_change-1100511', 'neutron.plugins.ml2.ovo_rpc._ObjectChangeHandler.handle_event-39617', 'neutron.api.rpc.agentnotifiers.dhcp_rpc_agent_api.DhcpAgentNotifyAPI._native_event_send_dhcp_notification-1555579', 'neutron.db.l3_dvrscheduler_db._notify_l3_agent_new_port-8761966572858', 'neutron.services.segments.plugin.NovaSegmentNotifier._notify_port_created_or_deleted-9976258'] for port (e1fcb5f7-d3ac-4bd7-899c-c826d440d27f), after_create {{(pid=103245) _notify_loop /usr/local/lib/python3.8/dist-packages/neutron_lib/callbacks/manager.py:176}}
Feb 15 06:32:08.692729 dv-neutron-744815-33-hyperv neutron-server[103246]: DEBUG neutron.notifiers.nova [None req-3c445281-5f5e-4b4c-9ba3-248c6c63fa1c tempest-AllowedAddressPairIpV6TestJSON-1999748864 tempest-AllowedAddressPairIpV6TestJSON-1999748864-project] device_id is not set on port c8dd12fb-bb11-4ab8-a16a-3861565e3d8d yet. {{(pid=103246) _can_notify /opt/stack/neutron/neutron/notifiers/nova.py:199}}
Feb 15 06:32:08.713254 dv-neutron-744815-33-hyperv neutron-server[103246]: DEBUG neutron_lib.callbacks.manager [None req-a7772381-3461-4dde-9794-9943f5ba903c tempest-ExtraDHCPOptionsTestJSON-418667821 tempest-ExtraDHCPOptionsTestJSON-418667821-project] Publish callbacks ['neutron.plugins.ml2.plugin.SecurityGroupServerNotifierRpcMixin._notify_sg_on_port_change-1100511', 'neutron.plugins.ml2.ovo_rpc._ObjectChangeHandler.handle_event-39617', 'neutron.api.rpc.agentnotifiers.dhcp_rpc_agent_api.DhcpAgentNotifyAPI._native_event_send_dhcp_notification-1555579', 'neutron.db.l3_dvrscheduler_db._notify_l3_agent_new_port-8761966572858'] for port (e349ebe1-c626-40be-b808-7e941a4db166), after_create {{(pid=103246) _notify_loop /usr/local/lib/python3.8/dist-packages/neutron_lib/callbacks/manager.py:176}}
Feb 15 06:32:08.723863 dv-neutron-744815-33-hyperv neutron-server[103245]: DEBUG neutron_lib.callbacks.manager [None req-708f25ad-5296-4911-93f5-98da1f668442 tempest-NetworksTestDHCPv6-1702404174 tempest-NetworksTestDHCPv6-1702404174-project] Publish callbacks ['neutron.plugins.ml2.plugin.SecurityGroupDbMixin._ensure_default_security_group_handler-1100394'] for port (None), before_create {{(pid=103245) _notify_loop /usr/local/lib/python3.8/dist-packages/neutron_lib/callbacks/manager.py:176}}
Feb 15 06:32:08.737943 dv-neutron-744815-33-hyperv neutron-server[103245]: DEBUG neutron.scheduler.dhcp_agent_scheduler [None req-f145450d-2801-4a1c-b1c2-c37873e3c3ba tempest-RoutersAdminNegativeTest-792866045 tempest-RoutersAdminNegativeTest-792866045-project-admin] Network 05cc72e0-51ad-4f0f-9f47-f7d716dfef0e is already hosted by enough agents. {{(pid=103245) _get_dhcp_agents_hosting_network /opt/stack/neutron/neutron/scheduler/dhcp_agent_scheduler.py:275}}
Feb 15 06:32:08.760215 dv-neutron-744815-33-hyperv neutron-server[103247]: DEBUG neutron_lib.callbacks.manager [None req-ebec2633-4cd3-49d7-8f59-91d7c873e76c None None] Publish callbacks ['neutron.plugins.ml2.plugin.SecurityGroupServerNotifierRpcMixin._notify_sg_on_port_change-1100511', 'neutron.plugins.ml2.ovo_rpc._ObjectChangeHandler.handle_event-39617', 'neutron.api.rpc.agentnotifiers.dhcp_rpc_agent_api.DhcpAgentNotifyAPI._native_event_send_dhcp_notification-1555579', 'neutron.db.l3_db.L3RpcNotifierMixin._notify_routers_callback-8761967096230', 'neutron.db.l3_dvrscheduler_db._notify_port_delete-8761966572867'] for port (00c6fbcf-0f69-4f5d-ba47-80f9a8f9031f), after_delete {{(pid=103247) _notify_loop /usr/local/lib/python3.8/dist-packages/neutron_lib/callbacks/manager.py:176}}
Feb 15 06:32:08.777637 dv-neutron-744815-33-hyperv neutron-server[103245]: DEBUG neutron.api.rpc.handlers.resources_rpc [None req-f145450d-2801-4a1c-b1c2-c37873e3c3ba tempest-RoutersAdminNegativeTest-792866045 tempest-RoutersAdminNegativeTest-792866045-project-admin] Pushing event updated for resources: {'Port': ['ID=e1fcb5f7-d3ac-4bd7-899c-c826d440d27f,revision_number=1']} {{(pid=103245) push /opt/stack/neutron/neutron/api/rpc/handlers/resources_rpc.py:237}}
Feb 15 06:32:08.782650 dv-neutron-744815-33-hyperv neutron-server[103245]: DEBUG neutron.scheduler.base_scheduler [None req-f145450d-2801-4a1c-b1c2-c37873e3c3ba tempest-RoutersAdminNegativeTest-792866045 tempest-RoutersAdminNegativeTest-792866045-project-admin] Resources bound (agent type, host, resource id): {{(pid=103245) schedule /opt/stack/neutron/neutron/scheduler/base_scheduler.py:57}}
Feb 15 06:32:08.785769 dv-neutron-744815-33-hyperv neutron-server[103245]: DEBUG neutron.db.l3_dvrscheduler_db [None req-f145450d-2801-4a1c-b1c2-c37873e3c3ba tempest-RoutersAdminNegativeTest-792866045 tempest-RoutersAdminNegativeTest-792866045-project-admin] Received port after_create {{(pid=103245) _notify_l3_agent_new_port /opt/stack/neutron/neutron/db/l3_dvrscheduler_db.py:536}}
Feb 15 06:32:08.809603 dv-neutron-744815-33-hyperv neutron-server[103245]: DEBUG neutron.notifiers.nova [None req-708f25ad-5296-4911-93f5-98da1f668442 tempest-NetworksTestDHCPv6-1702404174 tempest-NetworksTestDHCPv6-1702404174-project] device_id is not set on port 9b9296ea-f785-4f05-8c36-24f5f1ff8b48 yet. {{(pid=103245) _can_notify /opt/stack/neutron/neutron/notifiers/nova.py:199}}
Feb 15 06:32:08.811255 dv-neutron-744815-33-hyperv neutron-server[103247]: DEBUG neutron.db.db_base_plugin_common [None req-bc17f680-373c-4c69-b3ef-4b7d80fc03ce None None] Allocated IP 2001:db8::2 (2cfdfbd4-d4d8-4534-9474-f129236c21df/c20a11e0-dc35-409c-ad50-81303a1d4165/ff7d6aa9-9363-4b91-a256-4288c7cf0abb) {{(pid=103247) _store_ip_allocation /opt/stack/neutron/neutron/db/db_base_plugin_common.py:131}}
Feb 15 06:32:08.836932 dv-neutron-744815-33-hyperv neutron-server[103247]: DEBUG neutron.db.l3_dvrscheduler_db [None req-ebec2633-4cd3-49d7-8f59-91d7c873e76c None None] No DVR routers for this DVR port 00c6fbcf-0f69-4f5d-ba47-80f9a8f9031f on host dv-neutron-744815-33-hyperv {{(pid=103247) get_dvr_routers_to_remove /opt/stack/neutron/neutron/db/l3_dvrscheduler_db.py:214}}
Feb 15 06:32:08.849534 dv-neutron-744815-33-hyperv neutron-server[103247]: DEBUG neutron.api.rpc.handlers.resources_rpc [None req-ebec2633-4cd3-49d7-8f59-91d7c873e76c None None] Pushing event deleted for resources: {'Port': ['ID=00c6fbcf-0f69-4f5d-ba47-80f9a8f9031f,revision_number=None']} {{(pid=103247) push /opt/stack/neutron/neutron/api/rpc/handlers/resources_rpc.py:237}}
Feb 15 06:32:08.859253 dv-neutron-744815-33-hyperv neutron-server[103247]: DEBUG neutron.api.rpc.handlers.dhcp_rpc [None req-0a06801f-4897-44f4-b7d2-eccabb1e34e1 None None] Network 413746fe-bc4f-4ccd-81b5-bc369aa88c80 requested from dv-neutron-744815-33-hyperv {{(pid=103247) get_network_info /opt/stack/neutron/neutron/api/rpc/handlers/dhcp_rpc.py:191}}
Feb 15 06:32:08.871619 dv-neutron-744815-33-hyperv neutron-server[103247]: DEBUG neutron.db.provisioning_blocks [None req-d20a60fc-c102-4c95-b74c-c978ff02ec4e None None] Provisioning complete for port 31091f2a-885a-42cf-8116-c604a037da35 triggered by entity L2. {{(pid=103247) provisioning_complete /opt/stack/neutron/neutron/db/provisioning_blocks.py:139}}
Feb 15 06:32:08.871986 dv-neutron-744815-33-hyperv neutron-server[103247]: DEBUG neutron_lib.callbacks.manager [None req-d20a60fc-c102-4c95-b74c-c978ff02ec4e None None] Publish callbacks ['neutron.plugins.ml2.plugin.Ml2Plugin._port_provisioned-1121997'] for port (31091f2a-885a-42cf-8116-c604a037da35), provisioning_complete {{(pid=103247) _notify_loop /usr/local/lib/python3.8/dist-packages/neutron_lib/callbacks/manager.py:176}}
Feb 15 06:32:08.874109 dv-neutron-744815-33-hyperv neutron-server[103246]: DEBUG neutron.scheduler.dhcp_agent_scheduler [None req-a7772381-3461-4dde-9794-9943f5ba903c tempest-ExtraDHCPOptionsTestJSON-418667821 tempest-ExtraDHCPOptionsTestJSON-418667821-project] Network 7786953d-42c6-4609-ba98-6dddbcc5fcc8 is already hosted by enough agents. {{(pid=103246) _get_dhcp_agents_hosting_network /opt/stack/neutron/neutron/scheduler/dhcp_agent_scheduler.py:275}}
Feb 15 06:32:08.875586 dv-neutron-744815-33-hyperv neutron-server[103245]: DEBUG neutron_lib.callbacks.manager [None req-a1ff7dab-02db-4af1-a71d-cd7873ba6e9f tempest-BulkNetworkOpsIpV6Test-462383303 tempest-BulkNetworkOpsIpV6Test-462383303-project] Publish callbacks ['neutron.plugins.ml2.plugin.SecurityGroupServerNotifierRpcMixin._notify_sg_on_port_change-1100511', 'neutron.plugins.ml2.ovo_rpc._ObjectChangeHandler.handle_event-39617', 'neutron.api.rpc.agentnotifiers.dhcp_rpc_agent_api.DhcpAgentNotifyAPI._native_event_send_dhcp_notification-1555579', 'neutron.db.l3_db.L3RpcNotifierMixin._notify_routers_callback-8761967096230', 'neutron.db.l3_dvrscheduler_db._notify_port_delete-8761966572867', 'neutron.services.segments.plugin.NovaSegmentNotifier._notify_port_created_or_deleted-9976258'] for port (3fb54238-0cee-4b97-b957-8deb41befd35), after_delete {{(pid=103245) _notify_loop /usr/local/lib/python3.8/dist-packages/neutron_lib/callbacks/manager.py:176}}
Feb 15 06:32:08.915035 dv-neutron-744815-33-hyperv neutron-server[103246]: DEBUG neutron.scheduler.base_scheduler [None req-a7772381-3461-4dde-9794-9943f5ba903c tempest-ExtraDHCPOptionsTestJSON-418667821 tempest-ExtraDHCPOptionsTestJSON-418667821-project] Resources bound (agent type, host, resource id): {{(pid=103246) schedule /opt/stack/neutron/neutron/scheduler/base_scheduler.py:57}}
Feb 15 06:32:08.922316 dv-neutron-744815-33-hyperv neutron-server[103246]: DEBUG neutron.db.l3_dvrscheduler_db [None req-a7772381-3461-4dde-9794-9943f5ba903c tempest-ExtraDHCPOptionsTestJSON-418667821 tempest-ExtraDHCPOptionsTestJSON-418667821-project] Received port after_create {{(pid=103246) _notify_l3_agent_new_port /opt/stack/neutron/neutron/db/l3_dvrscheduler_db.py:536}}
Feb 15 06:32:08.927447 dv-neutron-744815-33-hyperv neutron-server[103246]: DEBUG neutron.pecan_wsgi.hooks.policy_enforcement [None req-a7772381-3461-4dde-9794-9943f5ba903c tempest-ExtraDHCPOptionsTestJSON-418667821 tempest-ExtraDHCPOptionsTestJSON-418667821-project] Attributes excluded by policy engine: ['standard_attr_id', 'binding:profile', 'binding:host_id', 'binding:vif_type', 'binding:vif_details', 'network'] {{(pid=103246) _exclude_attributes_by_policy /opt/stack/neutron/neutron/pecan_wsgi/hooks/policy_enforcement.py:255}}
Feb 15 06:32:08.928049 dv-neutron-744815-33-hyperv neutron-server[103246]: DEBUG neutron_lib.callbacks.manager [None req-a7772381-3461-4dde-9794-9943f5ba903c tempest-ExtraDHCPOptionsTestJSON-418667821 tempest-ExtraDHCPOptionsTestJSON-418667821-project] Publish callbacks ['neutron.notifiers.nova.Notifier._send_nova_notification-12234'] for port (None), before_response {{(pid=103246) _notify_loop /usr/local/lib/python3.8/dist-packages/neutron_lib/callbacks/manager.py:176}}
Feb 15 06:32:08.954278 dv-neutron-744815-33-hyperv neutron-server[103245]: DEBUG neutron.api.rpc.handlers.resources_rpc [None req-a1ff7dab-02db-4af1-a71d-cd7873ba6e9f tempest-BulkNetworkOpsIpV6Test-462383303 tempest-BulkNetworkOpsIpV6Test-462383303-project] Pushing event deleted for resources: {'Port': ['ID=3fb54238-0cee-4b97-b957-8deb41befd35,revision_number=None']} {{(pid=103245) push /opt/stack/neutron/neutron/api/rpc/handlers/resources_rpc.py:237}}
Feb 15 06:32:08.962547 dv-neutron-744815-33-hyperv neutron-server[103246]: DEBUG neutron.pecan_wsgi.hooks.policy_enforcement [req-11b1ef4c-4588-4fe0-ae60-935a8e2d252f req-84efa085-0d5f-44ab-826f-020797d8c320 tempest-ServersTestJSON-109600862 tempest-ServersTestJSON-109600862-project] Attributes excluded by policy engine: ['standard_attr_id', 'binding:profile', 'binding:host_id', 'binding:vif_type', 'binding:vif_details'] {{(pid=103246) _exclude_attributes_by_policy /opt/stack/neutron/neutron/pecan_wsgi/hooks/policy_enforcement.py:255}}
Feb 15 06:32:08.964280 dv-neutron-744815-33-hyperv neutron-server[103246]: INFO neutron.wsgi [req-11b1ef4c-4588-4fe0-ae60-935a8e2d252f req-84efa085-0d5f-44ab-826f-020797d8c320 tempest-ServersTestJSON-109600862 tempest-ServersTestJSON-109600862-project] 10.222.0.42 "GET /v2.0/ports?device_id=ed16b4ab-87c3-4cfb-a3d4-948a253d78c9 HTTP/1.1" status: 200 len: 943 time: 0.2736235
Feb 15 06:32:08.972564 dv-neutron-744815-33-hyperv neutron-server[103246]: DEBUG neutron.api.rpc.handlers.resources_rpc [None req-a7772381-3461-4dde-9794-9943f5ba903c tempest-ExtraDHCPOptionsTestJSON-418667821 tempest-ExtraDHCPOptionsTestJSON-418667821-project] Pushing event updated for resources: {'Port': ['ID=e349ebe1-c626-40be-b808-7e941a4db166,revision_number=1']} {{(pid=103246) push /opt/stack/neutron/neutron/api/rpc/handlers/resources_rpc.py:237}}
Feb 15 06:32:08.974691 dv-neutron-744815-33-hyperv neutron-server[103245]: DEBUG neutron.pecan_wsgi.hooks.policy_enforcement [None req-f145450d-2801-4a1c-b1c2-c37873e3c3ba tempest-RoutersAdminNegativeTest-792866045 tempest-RoutersAdminNegativeTest-792866045-project-admin] Attributes excluded by policy engine: ['standard_attr_id', 'network'] {{(pid=103245) _exclude_attributes_by_policy /opt/stack/neutron/neutron/pecan_wsgi/hooks/policy_enforcement.py:255}}
Feb 15 06:32:08.974691 dv-neutron-744815-33-hyperv neutron-server[103245]: DEBUG neutron_lib.callbacks.manager [None req-f145450d-2801-4a1c-b1c2-c37873e3c3ba tempest-RoutersAdminNegativeTest-792866045 tempest-RoutersAdminNegativeTest-792866045-project-admin] Publish callbacks ['neutron.notifiers.nova.Notifier._send_nova_notification-12234'] for port (None), before_response {{(pid=103245) _notify_loop /usr/local/lib/python3.8/dist-packages/neutron_lib/callbacks/manager.py:176}}
Feb 15 06:32:09.006890 dv-neutron-744815-33-hyperv neutron-server[103246]: INFO neutron.wsgi [None req-a7772381-3461-4dde-9794-9943f5ba903c tempest-ExtraDHCPOptionsTestJSON-418667821 tempest-ExtraDHCPOptionsTestJSON-418667821-project] 10.222.0.42 "POST /v2.0/ports HTTP/1.1" status: 201 len: 935 time: 5.2624424
Feb 15 06:32:09.007136 dv-neutron-744815-33-hyperv neutron-server[103246]: DEBUG neutron.wsgi [-] (103246) accepted ('10.222.0.42', 59002) {{(pid=103246) server /usr/local/lib/python3.8/dist-packages/eventlet/wsgi.py:1004}}
Feb 15 06:32:09.010792 dv-neutron-744815-33-hyperv neutron-server[103245]: DEBUG neutron_lib.callbacks.manager [None req-a1ff7dab-02db-4af1-a71d-cd7873ba6e9f tempest-BulkNetworkOpsIpV6Test-462383303 tempest-BulkNetworkOpsIpV6Test-462383303-project] Publish callbacks ['neutron.notifiers.nova.Notifier._send_nova_notification-12234'] for port (None), before_response {{(pid=103245) _notify_loop /usr/local/lib/python3.8/dist-packages/neutron_lib/callbacks/manager.py:176}}
Feb 15 06:32:09.013050 dv-neutron-744815-33-hyperv neutron-server[103246]: DEBUG neutron.api.v2.base [None req-af7cc338-c9a9-44d2-96cf-120bceeba6b8 tempest-ExtraDHCPOptionsTestJSON-418667821 tempest-ExtraDHCPOptionsTestJSON-418667821-project] Request body: {'port': {'network_id': '7786953d-42c6-4609-ba98-6dddbcc5fcc8', 'name': 'tempest-ExtraDHCPOptionsTestJSON-460674477', 'extra_dhcp_opts': [{'opt_value': 'pxelinux.0', 'opt_name': 'bootfile-name'}, {'opt_value': '123.123.123.123', 'opt_name': 'tftp-server'}, {'opt_value': '123.123.123.45', 'opt_name': 'server-ip-address'}]}} {{(pid=103246) prepare_request_body /opt/stack/neutron/neutron/api/v2/base.py:729}}
Feb 15 06:32:09.013771 dv-neutron-744815-33-hyperv neutron-server[103246]: DEBUG neutron_lib.api.validators [None req-af7cc338-c9a9-44d2-96cf-120bceeba6b8 tempest-ExtraDHCPOptionsTestJSON-418667821 tempest-ExtraDHCPOptionsTestJSON-418667821-project] bootfile-name is not in valid_values {{(pid=103246) validate_values /usr/local/lib/python3.8/dist-packages/neutron_lib/api/validators/__init__.py:164}}
Feb 15 06:32:09.016870 dv-neutron-744815-33-hyperv neutron-server[103246]: DEBUG neutron_lib.api.validators [None req-af7cc338-c9a9-44d2-96cf-120bceeba6b8 tempest-ExtraDHCPOptionsTestJSON-418667821 tempest-ExtraDHCPOptionsTestJSON-418667821-project] tftp-server is not in valid_values {{(pid=103246) validate_values /usr/local/lib/python3.8/dist-packages/neutron_lib/api/validators/__init__.py:164}}
Feb 15 06:32:09.016963 dv-neutron-744815-33-hyperv neutron-server[103245]: INFO neutron.wsgi [None req-a1ff7dab-02db-4af1-a71d-cd7873ba6e9f tempest-BulkNetworkOpsIpV6Test-462383303 tempest-BulkNetworkOpsIpV6Test-462383303-project] 10.222.0.42 "DELETE /v2.0/ports/3fb54238-0cee-4b97-b957-8deb41befd35 HTTP/1.1" status: 204 len: 168 time: 0.9896288
Feb 15 06:32:09.017045 dv-neutron-744815-33-hyperv neutron-server[103246]: DEBUG neutron_lib.api.validators [None req-af7cc338-c9a9-44d2-96cf-120bceeba6b8 tempest-ExtraDHCPOptionsTestJSON-418667821 tempest-ExtraDHCPOptionsTestJSON-418667821-project] server-ip-address is not in valid_values {{(pid=103246) validate_values /usr/local/lib/python3.8/dist-packages/neutron_lib/api/validators/__init__.py:164}}
Feb 15 06:32:09.020171 dv-neutron-744815-33-hyperv neutron-server[103245]: DEBUG neutron.wsgi [-] (103245) accepted ('10.222.0.42', 59004) {{(pid=103245) server /usr/local/lib/python3.8/dist-packages/eventlet/wsgi.py:1004}}
Feb 15 06:32:09.025988 dv-neutron-744815-33-hyperv neutron-server[103247]: DEBUG neutron.plugins.ml2.plugin [None req-dabfa757-323f-4e22-af12-a6b136f7a889 None None] Current status of the port 31091f2a-885a-42cf-8116-c604a037da35 is: ACTIVE; New status is: ACTIVE {{(pid=103247) _update_individual_port_db_status /opt/stack/neutron/neutron/plugins/ml2/plugin.py:2232}}
Feb 15 06:32:09.044776 dv-neutron-744815-33-hyperv neutron-server[103245]: INFO neutron.wsgi [None req-f145450d-2801-4a1c-b1c2-c37873e3c3ba tempest-RoutersAdminNegativeTest-792866045 tempest-RoutersAdminNegativeTest-792866045-project-admin] 10.222.0.42 "POST /v2.0/ports HTTP/1.1" status: 201 len: 1032 time: 2.1093013
Feb 15 06:32:09.055345 dv-neutron-744815-33-hyperv neutron-server[103246]: DEBUG neutron.pecan_wsgi.hooks.policy_enforcement [req-9a8fb849-e522-437e-9b38-309d3745d0e6 req-85f42a76-9cdb-4d15-904d-3a7df5bd3bcb tempest-ServerActionsTestJSON-521974367 tempest-ServerActionsTestJSON-521974367-project] Attributes excluded by policy engine: ['standard_attr_id', 'binding:profile', 'binding:host_id', 'binding:vif_type', 'binding:vif_details'] {{(pid=103246) _exclude_attributes_by_policy /opt/stack/neutron/neutron/pecan_wsgi/hooks/policy_enforcement.py:255}}
Feb 15 06:32:09.056920 dv-neutron-744815-33-hyperv neutron-server[103246]: INFO neutron.wsgi [req-9a8fb849-e522-437e-9b38-309d3745d0e6 req-85f42a76-9cdb-4d15-904d-3a7df5bd3bcb tempest-ServerActionsTestJSON-521974367 tempest-ServerActionsTestJSON-521974367-project] 10.222.0.42 "GET /v2.0/ports?device_id=c5a6e4b8-c23b-4440-ad0b-f2de15af940b HTTP/1.1" status: 200 len: 932 time: 0.2295656
Feb 15 06:32:09.060268 dv-neutron-744815-33-hyperv neutron-server[103246]: DEBUG neutron.wsgi [-] (103246) accepted ('10.222.0.42', 59006) {{(pid=103246) server /usr/local/lib/python3.8/dist-packages/eventlet/wsgi.py:1004}}
Feb 15 06:32:09.096638 dv-neutron-744815-33-hyperv neutron-server[103246]: DEBUG neutron.api.v2.base [None req-4d230606-7d39-4f7b-a797-58310d6de303 tempest-RoutersAdminNegativeTest-792866045 tempest-RoutersAdminNegativeTest-792866045-project-admin] Request body: {'router': {'external_gateway_info': {'network_id': '05cc72e0-51ad-4f0f-9f47-f7d716dfef0e', 'external_fixed_ips': [{'subnet_id': 'c8131224-b572-4ea2-ac33-87e07a75c79e', 'ip_address': '172.26.8.168'}]}}} {{(pid=103246) prepare_request_body /opt/stack/neutron/neutron/api/v2/base.py:729}}
Feb 15 06:32:09.204132 dv-neutron-744815-33-hyperv neutron-server[103247]: DEBUG neutron.api.rpc.handlers.dhcp_rpc [None req-8568f76a-50fc-48d8-affe-5008b0a927bd None None] Create dhcp port {'port': {'name': '', 'admin_state_up': True, 'device_id': 'dhcp6c38fe82-516f-5ffe-aa08-3e3405cb9f0e-413746fe-bc4f-4ccd-81b5-bc369aa88c80', 'network_id': '413746fe-bc4f-4ccd-81b5-bc369aa88c80', 'project_id': '8158ff06d3554631803586f084d695d5', 'fixed_ips': [{'subnet_id': '2b9e4f4d-aca1-4a30-9503-ffdc78608b57'}]}} from dv-neutron-744815-33-hyperv. {{(pid=103247) create_dhcp_port /opt/stack/neutron/neutron/api/rpc/handlers/dhcp_rpc.py:268}}
Feb 15 06:32:09.205006 dv-neutron-744815-33-hyperv neutron-server[103247]: DEBUG neutron_lib.callbacks.manager [None req-8568f76a-50fc-48d8-affe-5008b0a927bd None None] Publish callbacks ['neutron.plugins.ml2.plugin.SecurityGroupDbMixin._ensure_default_security_group_handler-1100394'] for port (None), before_create {{(pid=103247) _notify_loop /usr/local/lib/python3.8/dist-packages/neutron_lib/callbacks/manager.py:176}}
Feb 15 06:32:09.233553 dv-neutron-744815-33-hyperv neutron-server[103247]: DEBUG neutron.plugins.ml2.plugin [None req-d20a60fc-c102-4c95-b74c-c978ff02ec4e None None] Current status of the port 31091f2a-885a-42cf-8116-c604a037da35 is: ACTIVE; New status is: ACTIVE {{(pid=103247) _update_individual_port_db_status /opt/stack/neutron/neutron/plugins/ml2/plugin.py:2232}}
Feb 15 06:32:09.239489 dv-neutron-744815-33-hyperv neutron-server[103247]: DEBUG neutron.db.provisioning_blocks [None req-c79473d1-5e97-43f3-aabb-73b7ef5d52ea None None] Provisioning complete for port dbed0ae1-5bc4-42e3-8a5f-809e1fd90e4c triggered by entity DHCP. {{(pid=103247) provisioning_complete /opt/stack/neutron/neutron/db/provisioning_blocks.py:139}}
Feb 15 06:32:09.239856 dv-neutron-744815-33-hyperv neutron-server[103247]: DEBUG neutron_lib.callbacks.manager [None req-c79473d1-5e97-43f3-aabb-73b7ef5d52ea None None] Publish callbacks ['neutron.plugins.ml2.plugin.Ml2Plugin._port_provisioned-1121997'] for port (dbed0ae1-5bc4-42e3-8a5f-809e1fd90e4c), provisioning_complete {{(pid=103247) _notify_loop /usr/local/lib/python3.8/dist-packages/neutron_lib/callbacks/manager.py:176}}
Feb 15 06:32:09.280067 dv-neutron-744815-33-hyperv neutron-server[103247]: DEBUG neutron.plugins.ml2.plugin [None req-c79473d1-5e97-43f3-aabb-73b7ef5d52ea None None] Port dbed0ae1-5bc4-42e3-8a5f-809e1fd90e4c cannot update to ACTIVE because it is not bound. {{(pid=103247) _port_provisioned /opt/stack/neutron/neutron/plugins/ml2/plugin.py:343}}
Feb 15 06:32:09.326550 dv-neutron-744815-33-hyperv neutron-server[103247]: DEBUG neutron.plugins.ml2.rpc [None req-d20a60fc-c102-4c95-b74c-c978ff02ec4e None None] Device 00c6fbcf-0f69-4f5d-ba47-80f9a8f9031f no longer exists at agent ovs-agent-dv-neutron-744815-33-hyperv {{(pid=103247) update_device_down /opt/stack/neutron/neutron/plugins/ml2/rpc.py:259}}
Feb 15 06:32:09.413845 dv-neutron-744815-33-hyperv neutron-server[103247]: DEBUG neutron.plugins.ml2.plugin [None req-d20a60fc-c102-4c95-b74c-c978ff02ec4e None None] No Port match for: 00c6fbcf-0f69-4f5d-ba47-80f9a8f9031f {{(pid=103247) port_bound_to_host /opt/stack/neutron/neutron/plugins/ml2/plugin.py:2316}}
Feb 15 06:32:09.414186 dv-neutron-744815-33-hyperv neutron-server[103247]: DEBUG neutron.plugins.ml2.rpc [None req-d20a60fc-c102-4c95-b74c-c978ff02ec4e None None] Device 00c6fbcf-0f69-4f5d-ba47-80f9a8f9031f not bound to the agent host dv-neutron-744815-33-hyperv {{(pid=103247) update_device_down /opt/stack/neutron/neutron/plugins/ml2/rpc.py:269}}
Feb 15 06:32:09.419057 dv-neutron-744815-33-hyperv neutron-server[103246]: DEBUG neutron.api.v2.base [req-84c90564-df92-48ee-a1b9-65a73f20cb69 req-0c5a6e73-c437-4eaa-8a72-43597e29e88e service neutron] Request body: {'port': {'device_id': 'c5a6e4b8-c23b-4440-ad0b-f2de15af940b', 'device_owner': 'compute:nova', 'binding:host_id': 'hv-neutron-7448'}} {{(pid=103246) prepare_request_body /opt/stack/neutron/neutron/api/v2/base.py:729}}
Feb 15 06:32:09.441974 dv-neutron-744815-33-hyperv neutron-server[103247]: DEBUG neutron_lib.callbacks.manager [None req-bc17f680-373c-4c69-b3ef-4b7d80fc03ce None None] Publish callbacks [] for port (ff7d6aa9-9363-4b91-a256-4288c7cf0abb), precommit_create {{(pid=103247) _notify_loop /usr/local/lib/python3.8/dist-packages/neutron_lib/callbacks/manager.py:176}}
Feb 15 06:32:09.443420 dv-neutron-744815-33-hyperv neutron-server[103247]: DEBUG neutron.db.provisioning_blocks [None req-90ee3696-842b-4272-8352-43ab993caafb None None] Provisioning complete for port e349ebe1-c626-40be-b808-7e941a4db166 triggered by entity DHCP. {{(pid=103247) provisioning_complete /opt/stack/neutron/neutron/db/provisioning_blocks.py:139}}
Feb 15 06:32:09.443789 dv-neutron-744815-33-hyperv neutron-server[103247]: DEBUG neutron_lib.callbacks.manager [None req-90ee3696-842b-4272-8352-43ab993caafb None None] Publish callbacks ['neutron.plugins.ml2.plugin.Ml2Plugin._port_provisioned-1121997'] for port (e349ebe1-c626-40be-b808-7e941a4db166), provisioning_complete {{(pid=103247) _notify_loop /usr/local/lib/python3.8/dist-packages/neutron_lib/callbacks/manager.py:176}}
Feb 15 06:32:09.452902 dv-neutron-744815-33-hyperv neutron-server[103246]: INFO neutron.wsgi [req-11b1ef4c-4588-4fe0-ae60-935a8e2d252f req-0b3cc37e-5742-4225-bd35-f7e4658321fd tempest-ServersTestJSON-109600862 tempest-ServersTestJSON-109600862-project] 10.222.0.42 "GET /v2.0/security-groups?id=22110060-cae4-4671-860f-3eae53c371e3&fields=id&fields=name HTTP/1.1" status: 200 len: 312 time: 0.4794905
