Feb 11 14:33:26.988354 dv-neutron-744815-29-hyperv neutron-server[103662]: DEBUG neutron.api.rpc.agentnotifiers.l3_rpc_agent_api [None req-de4e4d40-493b-4f26-99e5-01ba6b51613a tempest-ExternalNetworksTestJSON-1201557768 tempest-ExternalNetworksTestJSON-1201557768-project-admin] Fanout notify agent at l3_agent the message fipnamespace_delete_on_ext_net for external_network 78af6565-9144-4f94-9071-61acd614fb62 {{(pid=103662) _notification_fanout /opt/stack/neutron/neutron/api/rpc/agentnotifiers/l3_rpc_agent_api.py:120}}
Feb 11 14:33:27.007873 dv-neutron-744815-29-hyperv neutron-server[103662]: DEBUG neutron_lib.callbacks.manager [None req-de4e4d40-493b-4f26-99e5-01ba6b51613a tempest-ExternalNetworksTestJSON-1201557768 tempest-ExternalNetworksTestJSON-1201557768-project-admin] Publish callbacks ['neutron.api.rpc.agentnotifiers.dhcp_rpc_agent_api.DhcpAgentNotifyAPI._send_dhcp_notification-66625198'] for network (None), before_response {{(pid=103662) _notify_loop /usr/local/lib/python3.8/dist-packages/neutron_lib/callbacks/manager.py:176}}
Feb 11 14:33:27.014106 dv-neutron-744815-29-hyperv neutron-server[103662]: INFO neutron.wsgi [None req-de4e4d40-493b-4f26-99e5-01ba6b51613a tempest-ExternalNetworksTestJSON-1201557768 tempest-ExternalNetworksTestJSON-1201557768-project-admin] 10.222.0.10 "DELETE /v2.0/networks/78af6565-9144-4f94-9071-61acd614fb62 HTTP/1.1" status: 204 len: 168 time: 1.4186213
Feb 11 14:33:27.028453 dv-neutron-744815-29-hyperv neutron-server[103662]: DEBUG neutron.wsgi [-] (103662) accepted ('10.222.0.10', 55222) {{(pid=103662) server /usr/local/lib/python3.8/dist-packages/eventlet/wsgi.py:1004}}
Feb 11 14:33:27.033948 dv-neutron-744815-29-hyperv neutron-server[103662]: DEBUG neutron.api.v2.base [None req-8f515246-9bee-4c0a-836d-d25616b71278 tempest-ExternalNetworksTestJSON-1201557768 tempest-ExternalNetworksTestJSON-1201557768-project-admin] Request body: {'network': {'name': 'tempest-network--1760384175'}} {{(pid=103662) prepare_request_body /opt/stack/neutron/neutron/api/v2/base.py:729}}
Feb 11 14:33:27.039297 dv-neutron-744815-29-hyperv neutron-server[103662]: DEBUG neutron.api.rpc.handlers.resources_rpc [None req-de4e4d40-493b-4f26-99e5-01ba6b51613a tempest-ExternalNetworksTestJSON-1201557768 tempest-ExternalNetworksTestJSON-1201557768-project-admin] Pushing event deleted for resources: {'Network': ['ID=78af6565-9144-4f94-9071-61acd614fb62,revision_number=None']} {{(pid=103662) push /opt/stack/neutron/neutron/api/rpc/handlers/resources_rpc.py:237}}
Feb 11 14:33:27.070798 dv-neutron-744815-29-hyperv neutron-server[103664]: DEBUG neutron.api.rpc.handlers.resources_rpc [None req-0ff34430-5c6d-4fab-923d-d4058f01e489 None None] Pushing event updated for resources: {'Port': ['ID=b6569191-f726-4aa0-afbc-eebf3e0bc81d,revision_number=5']} {{(pid=103664) push /opt/stack/neutron/neutron/api/rpc/handlers/resources_rpc.py:237}}
Feb 11 14:33:27.085596 dv-neutron-744815-29-hyperv neutron-server[103662]: INFO neutron.wsgi [None req-6d250875-0b62-4cad-8322-d38e1fc22fa9 tempest-PortsAdminExtendedAttrsTestJSON-1962242515 tempest-PortsAdminExtendedAttrsTestJSON-1962242515-project-admin] 10.222.0.10 "POST /v2.0/ports HTTP/1.1" status: 201 len: 960 time: 0.8845565
Feb 11 14:33:27.086297 dv-neutron-744815-29-hyperv neutron-server[103662]: DEBUG neutron.wsgi [-] (103662) accepted ('10.222.0.10', 55224) {{(pid=103662) server /usr/local/lib/python3.8/dist-packages/eventlet/wsgi.py:1004}}
Feb 11 14:33:27.124678 dv-neutron-744815-29-hyperv neutron-server[103662]: DEBUG neutron.pecan_wsgi.hooks.policy_enforcement [None req-8ac38ca4-42a9-4e62-9649-093d98539a2a tempest-PortsAdminExtendedAttrsTestJSON-1962242515 tempest-PortsAdminExtendedAttrsTestJSON-1962242515-project-admin] Attributes excluded by policy engine: ['standard_attr_id'] {{(pid=103662) _exclude_attributes_by_policy /opt/stack/neutron/neutron/pecan_wsgi/hooks/policy_enforcement.py:255}}
Feb 11 14:33:27.128644 dv-neutron-744815-29-hyperv neutron-server[103662]: INFO neutron.wsgi [None req-8ac38ca4-42a9-4e62-9649-093d98539a2a tempest-PortsAdminExtendedAttrsTestJSON-1962242515 tempest-PortsAdminExtendedAttrsTestJSON-1962242515-project-admin] 10.222.0.10 "GET /v2.0/ports/277704b4-70f4-4862-9688-03be46009870 HTTP/1.1" status: 200 len: 955 time: 0.0388489
Feb 11 14:33:27.128860 dv-neutron-744815-29-hyperv neutron-server[103662]: DEBUG neutron.wsgi [-] (103662) accepted ('10.222.0.10', 55226) {{(pid=103662) server /usr/local/lib/python3.8/dist-packages/eventlet/wsgi.py:1004}}
Feb 11 14:33:27.138659 dv-neutron-744815-29-hyperv neutron-server[103662]: DEBUG neutron.pecan_wsgi.hooks.quota_enforcement [None req-8f515246-9bee-4c0a-836d-d25616b71278 tempest-ExternalNetworksTestJSON-1201557768 tempest-ExternalNetworksTestJSON-1201557768-project-admin] Made reservation on behalf of e46922cad18d4b54af7470d3ff99cbc2 for: {'network': 1} {{(pid=103662) before /opt/stack/neutron/neutron/pecan_wsgi/hooks/quota_enforcement.py:53}}
Feb 11 14:33:27.140929 dv-neutron-744815-29-hyperv neutron-server[103662]: DEBUG neutron_lib.callbacks.manager [None req-8f515246-9bee-4c0a-836d-d25616b71278 tempest-ExternalNetworksTestJSON-1201557768 tempest-ExternalNetworksTestJSON-1201557768-project-admin] Publish callbacks ['neutron.plugins.ml2.plugin.SecurityGroupDbMixin._ensure_default_security_group_handler-616371'] for network (None), before_create {{(pid=103662) _notify_loop /usr/local/lib/python3.8/dist-packages/neutron_lib/callbacks/manager.py:176}}
Feb 11 14:33:27.196890 dv-neutron-744815-29-hyperv neutron-server[103663]: DEBUG neutron.scheduler.dhcp_agent_scheduler [None req-68e3dbac-7c78-4ccd-95c2-f00518c7e616 tempest-RoutersIpV6AdminTest-1288267754 tempest-RoutersIpV6AdminTest-1288267754-project-admin] Network 30dfd041-e6da-4f69-b1fe-0faf1bf29555 is scheduled to be hosted by DHCP agent 208140e5-0480-4df1-8b1d-1ad2f208ce11 with binding_index 1 {{(pid=103663) bind /opt/stack/neutron/neutron/scheduler/dhcp_agent_scheduler.py:227}}
Feb 11 14:33:27.204743 dv-neutron-744815-29-hyperv neutron-server[103663]: DEBUG neutron_lib.callbacks.manager [None req-0c35fffc-53e4-4a89-b8a4-ea78bbbca6b1 tempest-DHCPAgentSchedulersTestJSON-1601762641 tempest-DHCPAgentSchedulersTestJSON-1601762641-project] Publish callbacks ['neutron.plugins.ml2.plugin.Ml2Plugin._subnet_delete_after_delete_handler-66476097', 'neutron.plugins.ml2.ovo_rpc._ObjectChangeHandler.handle_event-71889', 'neutron.api.rpc.agentnotifiers.dhcp_rpc_agent_api.DhcpAgentNotifyAPI._native_event_send_dhcp_notification-66625200', 'neutron.services.segments.plugin.NovaSegmentNotifier._notify_subnet_deleted-2925618', 'neutron.services.segments.plugin.SegmentHostRoutes.host_routes_after_delete-3869332'] for subnet (81f08334-2248-43ac-9a90-930d722b8484), after_delete {{(pid=103663) _notify_loop /usr/local/lib/python3.8/dist-packages/neutron_lib/callbacks/manager.py:176}}
Feb 11 14:33:27.206608 dv-neutron-744815-29-hyperv neutron-server[103662]: DEBUG neutron.plugins.ml2.drivers.helpers [None req-8f515246-9bee-4c0a-836d-d25616b71278 tempest-ExternalNetworksTestJSON-1201557768 tempest-ExternalNetworksTestJSON-1201557768-project-admin] vlan segment allocate from pool success with {'physical_network': 'physnet1', 'vlan_id': 68} {{(pid=103662) allocate_partially_specified_segment /opt/stack/neutron/neutron/plugins/ml2/drivers/helpers.py:153}}
Feb 11 14:33:27.221136 dv-neutron-744815-29-hyperv neutron-server[103663]: DEBUG neutron.api.rpc.handlers.resources_rpc [None req-3095484d-0c70-4dcb-a021-4578fc237a45 tempest-ServersTestManualDisk-2135267254 tempest-ServersTestManualDisk-2135267254-project] Pushing event updated for resources: {'Port': ['ID=c2e57944-ba65-4060-850e-0bfbf0f33599,revision_number=1']} {{(pid=103663) push /opt/stack/neutron/neutron/api/rpc/handlers/resources_rpc.py:237}}
Feb 11 14:33:27.221356 dv-neutron-744815-29-hyperv neutron-server[103662]: DEBUG neutron_lib.callbacks.manager [None req-8f515246-9bee-4c0a-836d-d25616b71278 tempest-ExternalNetworksTestJSON-1201557768 tempest-ExternalNetworksTestJSON-1201557768-project-admin] Publish callbacks ['neutron.plugins.ml2.plugin.Ml2Plugin._handle_segment_change-66473984'] for segment (cdde5017-6199-494b-8b42-a016b02c59c9), precommit_create {{(pid=103662) _notify_loop /usr/local/lib/python3.8/dist-packages/neutron_lib/callbacks/manager.py:176}}
Feb 11 14:33:27.221624 dv-neutron-744815-29-hyperv neutron-server[103662]: INFO neutron.db.segments_db [None req-8f515246-9bee-4c0a-836d-d25616b71278 tempest-ExternalNetworksTestJSON-1201557768 tempest-ExternalNetworksTestJSON-1201557768-project-admin] Added segment cdde5017-6199-494b-8b42-a016b02c59c9 of type vlan for network c0561f65-c919-4d37-8f75-f738cfcdedea
Feb 11 14:33:27.276867 dv-neutron-744815-29-hyperv neutron-server[103662]: DEBUG neutron_lib.callbacks.manager [None req-8f515246-9bee-4c0a-836d-d25616b71278 tempest-ExternalNetworksTestJSON-1201557768 tempest-ExternalNetworksTestJSON-1201557768-project-admin] Publish callbacks ['neutron.services.auto_allocate.db._ensure_external_network_default_value_callback-8784784642591'] for network (c0561f65-c919-4d37-8f75-f738cfcdedea), precommit_create {{(pid=103662) _notify_loop /usr/local/lib/python3.8/dist-packages/neutron_lib/callbacks/manager.py:176}}
Feb 11 14:33:27.279991 dv-neutron-744815-29-hyperv neutron-server[103663]: DEBUG neutron.api.rpc.handlers.resources_rpc [None req-0c35fffc-53e4-4a89-b8a4-ea78bbbca6b1 tempest-DHCPAgentSchedulersTestJSON-1601762641 tempest-DHCPAgentSchedulersTestJSON-1601762641-project] Pushing event deleted for resources: {'Subnet': ['ID=81f08334-2248-43ac-9a90-930d722b8484,revision_number=None']} {{(pid=103663) push /opt/stack/neutron/neutron/api/rpc/handlers/resources_rpc.py:237}}
Feb 11 14:33:27.289879 dv-neutron-744815-29-hyperv neutron-server[103663]: DEBUG neutron.scheduler.base_scheduler [None req-68e3dbac-7c78-4ccd-95c2-f00518c7e616 tempest-RoutersIpV6AdminTest-1288267754 tempest-RoutersIpV6AdminTest-1288267754-project-admin] Resources bound (agent type, host, resource id): (DHCP agent, dv-neutron-744815-29-hyperv, 30dfd041-e6da-4f69-b1fe-0faf1bf29555) {{(pid=103663) schedule /opt/stack/neutron/neutron/scheduler/base_scheduler.py:57}}
Feb 11 14:33:27.292230 dv-neutron-744815-29-hyperv neutron-server[103662]: DEBUG neutron.plugins.ml2.plugin [None req-80ac594e-dbfb-4807-b800-06d8815ce93e tempest-PortsAdminExtendedAttrsTestJSON-1962242515 tempest-PortsAdminExtendedAttrsTestJSON-1962242515-project-admin] Deleting port 277704b4-70f4-4862-9688-03be46009870 {{(pid=103662) _pre_delete_port /opt/stack/neutron/neutron/plugins/ml2/plugin.py:1978}}
Feb 11 14:33:27.292429 dv-neutron-744815-29-hyperv neutron-server[103662]: DEBUG neutron_lib.callbacks.manager [None req-80ac594e-dbfb-4807-b800-06d8815ce93e tempest-PortsAdminExtendedAttrsTestJSON-1962242515 tempest-PortsAdminExtendedAttrsTestJSON-1962242515-project-admin] Publish callbacks ['neutron.db.l3_db.L3_NAT_dbonly_mixin._prevent_l3_port_delete_callback-8784785206658'] for port (277704b4-70f4-4862-9688-03be46009870), before_delete {{(pid=103662) _notify_loop /usr/local/lib/python3.8/dist-packages/neutron_lib/callbacks/manager.py:176}}
Feb 11 14:33:27.296265 dv-neutron-744815-29-hyperv neutron-server[103663]: DEBUG neutron_lib.callbacks.manager [None req-0c35fffc-53e4-4a89-b8a4-ea78bbbca6b1 tempest-DHCPAgentSchedulersTestJSON-1601762641 tempest-DHCPAgentSchedulersTestJSON-1601762641-project] Publish callbacks ['neutron.api.rpc.agentnotifiers.dhcp_rpc_agent_api.DhcpAgentNotifyAPI._send_dhcp_notification-66625198'] for subnet (None), before_response {{(pid=103663) _notify_loop /usr/local/lib/python3.8/dist-packages/neutron_lib/callbacks/manager.py:176}}
Feb 11 14:33:27.298637 dv-neutron-744815-29-hyperv neutron-server[103664]: DEBUG neutron.api.rpc.handlers.dhcp_rpc [None req-64deb9ca-1120-4f2c-a621-bc95222fb1ae None None] Network d507820b-fb28-40d7-9eba-323866e17330 requested from dv-neutron-744815-29-hyperv {{(pid=103664) get_network_info /opt/stack/neutron/neutron/api/rpc/handlers/dhcp_rpc.py:191}}
Feb 11 14:33:27.309797 dv-neutron-744815-29-hyperv neutron-server[103663]: INFO neutron.wsgi [None req-0c35fffc-53e4-4a89-b8a4-ea78bbbca6b1 tempest-DHCPAgentSchedulersTestJSON-1601762641 tempest-DHCPAgentSchedulersTestJSON-1601762641-project] 10.222.0.10 "DELETE /v2.0/subnets/81f08334-2248-43ac-9a90-930d722b8484 HTTP/1.1" status: 204 len: 168 time: 1.4885163
Feb 11 14:33:27.314697 dv-neutron-744815-29-hyperv neutron-server[103662]: DEBUG neutron.wsgi [-] (103662) accepted ('10.222.0.10', 55228) {{(pid=103662) server /usr/local/lib/python3.8/dist-packages/eventlet/wsgi.py:1004}}
Feb 11 14:33:27.330923 dv-neutron-744815-29-hyperv neutron-server[103663]: DEBUG neutron.pecan_wsgi.hooks.policy_enforcement [None req-68e3dbac-7c78-4ccd-95c2-f00518c7e616 tempest-RoutersIpV6AdminTest-1288267754 tempest-RoutersIpV6AdminTest-1288267754-project-admin] Attributes excluded by policy engine: ['standard_attr_id', 'shared', 'segment_id', 'network'] {{(pid=103663) _exclude_attributes_by_policy /opt/stack/neutron/neutron/pecan_wsgi/hooks/policy_enforcement.py:255}}
Feb 11 14:33:27.331464 dv-neutron-744815-29-hyperv neutron-server[103663]: DEBUG neutron_lib.callbacks.manager [None req-68e3dbac-7c78-4ccd-95c2-f00518c7e616 tempest-RoutersIpV6AdminTest-1288267754 tempest-RoutersIpV6AdminTest-1288267754-project-admin] Publish callbacks ['neutron.api.rpc.agentnotifiers.dhcp_rpc_agent_api.DhcpAgentNotifyAPI._send_dhcp_notification-66625198'] for subnet (None), before_response {{(pid=103663) _notify_loop /usr/local/lib/python3.8/dist-packages/neutron_lib/callbacks/manager.py:176}}
Feb 11 14:33:27.350173 dv-neutron-744815-29-hyperv neutron-server[103663]: DEBUG neutron.plugins.ml2.drivers.helpers [None req-73655d0a-c4ec-4940-a24a-b538c5ec78c3 tempest-QuotasNegativeTest-1241084060 tempest-QuotasNegativeTest-1241084060-project-admin] vlan segment allocate from pool success with {'physical_network': 'physnet1', 'vlan_id': 53} {{(pid=103663) allocate_partially_specified_segment /opt/stack/neutron/neutron/plugins/ml2/drivers/helpers.py:153}}
Feb 11 14:33:27.379388 dv-neutron-744815-29-hyperv neutron-server[103663]: DEBUG neutron_lib.callbacks.manager [None req-73655d0a-c4ec-4940-a24a-b538c5ec78c3 tempest-QuotasNegativeTest-1241084060 tempest-QuotasNegativeTest-1241084060-project-admin] Publish callbacks ['neutron.plugins.ml2.plugin.Ml2Plugin._handle_segment_change-66473984'] for segment (f9fe167d-8972-4229-bc7b-693e255e2a08), precommit_create {{(pid=103663) _notify_loop /usr/local/lib/python3.8/dist-packages/neutron_lib/callbacks/manager.py:176}}
Feb 11 14:33:27.379737 dv-neutron-744815-29-hyperv neutron-server[103663]: INFO neutron.db.segments_db [None req-73655d0a-c4ec-4940-a24a-b538c5ec78c3 tempest-QuotasNegativeTest-1241084060 tempest-QuotasNegativeTest-1241084060-project-admin] Added segment f9fe167d-8972-4229-bc7b-693e255e2a08 of type vlan for network e5d813bf-7b68-4f34-b77e-0cdb6bd0aa96
Feb 11 14:33:27.436981 dv-neutron-744815-29-hyperv neutron-server[103662]: DEBUG neutron_lib.callbacks.manager [None req-8f515246-9bee-4c0a-836d-d25616b71278 tempest-ExternalNetworksTestJSON-1201557768 tempest-ExternalNetworksTestJSON-1201557768-project-admin] Publish callbacks ['neutron.plugins.ml2.ovo_rpc._ObjectChangeHandler.handle_event-496201', 'neutron.api.rpc.agentnotifiers.dhcp_rpc_agent_api.DhcpAgentNotifyAPI._native_event_send_dhcp_notification-66625200'] for network (c0561f65-c919-4d37-8f75-f738cfcdedea), after_create {{(pid=103662) _notify_loop /usr/local/lib/python3.8/dist-packages/neutron_lib/callbacks/manager.py:176}}
Feb 11 14:33:27.437914 dv-neutron-744815-29-hyperv neutron-server[103662]: DEBUG neutron.pecan_wsgi.hooks.policy_enforcement [None req-8f515246-9bee-4c0a-836d-d25616b71278 tempest-ExternalNetworksTestJSON-1201557768 tempest-ExternalNetworksTestJSON-1201557768-project-admin] Attributes excluded by policy engine: ['standard_attr_id', 'vlan_transparent'] {{(pid=103662) _exclude_attributes_by_policy /opt/stack/neutron/neutron/pecan_wsgi/hooks/policy_enforcement.py:255}}
Feb 11 14:33:27.438536 dv-neutron-744815-29-hyperv neutron-server[103662]: DEBUG neutron_lib.callbacks.manager [None req-8f515246-9bee-4c0a-836d-d25616b71278 tempest-ExternalNetworksTestJSON-1201557768 tempest-ExternalNetworksTestJSON-1201557768-project-admin] Publish callbacks ['neutron.api.rpc.agentnotifiers.dhcp_rpc_agent_api.DhcpAgentNotifyAPI._send_dhcp_notification-66625198'] for network (None), before_response {{(pid=103662) _notify_loop /usr/local/lib/python3.8/dist-packages/neutron_lib/callbacks/manager.py:176}}
Feb 11 14:33:27.441872 dv-neutron-744815-29-hyperv neutron-server[103662]: DEBUG neutron_lib.callbacks.manager [None req-80ac594e-dbfb-4807-b800-06d8815ce93e tempest-PortsAdminExtendedAttrsTestJSON-1962242515 tempest-PortsAdminExtendedAttrsTestJSON-1962242515-project-admin] Publish callbacks ['neutron.services.l3_router.l3_router_plugin.L3_NAT_dbonly_mixin._precommit_delete_port_callback-66603467'] for port (277704b4-70f4-4862-9688-03be46009870), precommit_delete {{(pid=103662) _notify_loop /usr/local/lib/python3.8/dist-packages/neutron_lib/callbacks/manager.py:176}}
Feb 11 14:33:27.482490 dv-neutron-744815-29-hyperv neutron-server[103663]: INFO neutron.wsgi [None req-68e3dbac-7c78-4ccd-95c2-f00518c7e616 tempest-RoutersIpV6AdminTest-1288267754 tempest-RoutersIpV6AdminTest-1288267754-project-admin] 10.222.0.10 "POST /v2.0/subnets HTTP/1.1" status: 201 len: 822 time: 4.5425735
Feb 11 14:33:27.488545 dv-neutron-744815-29-hyperv neutron-server[103662]: DEBUG neutron.wsgi [-] (103662) accepted ('10.222.0.10', 55230) {{(pid=103662) server /usr/local/lib/python3.8/dist-packages/eventlet/wsgi.py:1004}}
Feb 11 14:33:27.491535 dv-neutron-744815-29-hyperv neutron-server[103662]: DEBUG neutron.plugins.ml2.plugin [None req-80ac594e-dbfb-4807-b800-06d8815ce93e tempest-PortsAdminExtendedAttrsTestJSON-1962242515 tempest-PortsAdminExtendedAttrsTestJSON-1962242515-project-admin] Calling delete_port for 277704b4-70f4-4862-9688-03be46009870 owned by {{(pid=103662) delete_port /opt/stack/neutron/neutron/plugins/ml2/plugin.py:2056}}
Feb 11 14:33:27.492540 dv-neutron-744815-29-hyperv neutron-server[103664]: DEBUG neutron.api.rpc.handlers.dhcp_rpc [None req-6ba1a3c7-2b9b-48b4-be84-ba664949f6fc None None] Network 30dfd041-e6da-4f69-b1fe-0faf1bf29555 requested from dv-neutron-744815-29-hyperv {{(pid=103664) get_network_info /opt/stack/neutron/neutron/api/rpc/handlers/dhcp_rpc.py:191}}
Feb 11 14:33:27.498584 dv-neutron-744815-29-hyperv neutron-server[103662]: DEBUG neutron_lib.callbacks.manager [None req-27fc036f-a836-4c5e-9f3a-814dd25ba040 tempest-DHCPAgentSchedulersTestJSON-1601762641 tempest-DHCPAgentSchedulersTestJSON-1601762641-project] Publish callbacks ['neutron.plugins.ml2.plugin.External_net_db_mixin._before_network_delete_handler-66469527'] for network (d507820b-fb28-40d7-9eba-323866e17330), before_delete {{(pid=103662) _notify_loop /usr/local/lib/python3.8/dist-packages/neutron_lib/callbacks/manager.py:176}}
Feb 11 14:33:27.514396 dv-neutron-744815-29-hyperv neutron-server[103662]: DEBUG neutron.api.v2.base [None req-2b1eb861-17ff-4c22-90bd-7cc81c6871ef tempest-RoutersIpV6AdminTest-1288267754 tempest-RoutersIpV6AdminTest-1288267754-project-admin] Request body: {'port': {'name': 'tempest-RoutersIpV6AdminTest-1982962126', 'network_id': '30dfd041-e6da-4f69-b1fe-0faf1bf29555'}} {{(pid=103662) prepare_request_body /opt/stack/neutron/neutron/api/v2/base.py:729}}
Feb 11 14:33:27.520140 dv-neutron-744815-29-hyperv neutron-server[103663]: DEBUG neutron_lib.callbacks.manager [None req-172c864b-cf40-4d6b-8d6f-c1d61bbee380 tempest-ServersTestJSON-554395478 tempest-ServersTestJSON-554395478-project] Publish callbacks [] for port (eeaacb91-2ab3-404c-ab32-7011b4d11352), precommit_update {{(pid=103663) _notify_loop /usr/local/lib/python3.8/dist-packages/neutron_lib/callbacks/manager.py:176}}
Feb 11 14:33:27.534477 dv-neutron-744815-29-hyperv neutron-server[103663]: DEBUG neutron_lib.callbacks.manager [None req-924dab83-af79-427d-a460-3df0f32e9c60 tempest-ServerActionsTestJSON-1878761084 tempest-ServerActionsTestJSON-1878761084-project] Publish callbacks ['neutron.plugins.ml2.plugin.SecurityGroupDbMixin._ensure_default_security_group_handler-616371'] for port (None), before_create {{(pid=103663) _notify_loop /usr/local/lib/python3.8/dist-packages/neutron_lib/callbacks/manager.py:176}}
Feb 11 14:33:27.540397 dv-neutron-744815-29-hyperv neutron-server[103663]: DEBUG neutron_lib.callbacks.manager [None req-73655d0a-c4ec-4940-a24a-b538c5ec78c3 tempest-QuotasNegativeTest-1241084060 tempest-QuotasNegativeTest-1241084060-project-admin] Publish callbacks ['neutron.services.auto_allocate.db._ensure_external_network_default_value_callback-8784784642591'] for network (e5d813bf-7b68-4f34-b77e-0cdb6bd0aa96), precommit_create {{(pid=103663) _notify_loop /usr/local/lib/python3.8/dist-packages/neutron_lib/callbacks/manager.py:176}}
Feb 11 14:33:27.570555 dv-neutron-744815-29-hyperv neutron-server[103662]: DEBUG neutron.api.rpc.handlers.resources_rpc [None req-8f515246-9bee-4c0a-836d-d25616b71278 tempest-ExternalNetworksTestJSON-1201557768 tempest-ExternalNetworksTestJSON-1201557768-project-admin] Pushing event updated for resources: {'Network': ['ID=c0561f65-c919-4d37-8f75-f738cfcdedea,revision_number=1']} {{(pid=103662) push /opt/stack/neutron/neutron/api/rpc/handlers/resources_rpc.py:237}}
Feb 11 14:33:27.594653 dv-neutron-744815-29-hyperv neutron-server[103663]: DEBUG neutron_lib.callbacks.manager [None req-3095484d-0c70-4dcb-a021-4578fc237a45 tempest-ServersTestManualDisk-2135267254 tempest-ServersTestManualDisk-2135267254-project] Publish callbacks [] for floatingip (dacd4f4f-dd63-4922-b7b5-c04586d0a0a0), precommit_create {{(pid=103663) _notify_loop /usr/local/lib/python3.8/dist-packages/neutron_lib/callbacks/manager.py:176}}
Feb 11 14:33:27.628573 dv-neutron-744815-29-hyperv neutron-server[103662]: INFO neutron.wsgi [None req-8f515246-9bee-4c0a-836d-d25616b71278 tempest-ExternalNetworksTestJSON-1201557768 tempest-ExternalNetworksTestJSON-1201557768-project-admin] 10.222.0.10 "POST /v2.0/networks HTTP/1.1" status: 201 len: 863 time: 0.5989146
Feb 11 14:33:27.633010 dv-neutron-744815-29-hyperv neutron-server[103662]: DEBUG neutron.wsgi [-] (103662) accepted ('10.222.0.10', 55232) {{(pid=103662) server /usr/local/lib/python3.8/dist-packages/eventlet/wsgi.py:1004}}
Feb 11 14:33:27.634292 dv-neutron-744815-29-hyperv neutron-server[103664]: DEBUG neutron.plugins.ml2.rpc [None req-bfd4bf50-0d1b-4950-86e9-ceb5235c6c60 None None] Network c0561f65-c919-4d37-8f75-f738cfcdedea details requested by agent ovs-agent-dv-neutron-744815-29-hyperv with host dv-neutron-744815-29-hyperv {{(pid=103664) get_network_details /opt/stack/neutron/neutron/plugins/ml2/rpc.py:248}}
Feb 11 14:33:27.660000 dv-neutron-744815-29-hyperv neutron-server[103662]: DEBUG neutron.api.v2.base [None req-e13573ce-0446-4dc1-92a4-bcbe1315dd5a tempest-ExternalNetworksTestJSON-1201557768 tempest-ExternalNetworksTestJSON-1201557768-project-admin] Request body: {'network': {'router:external': True}} {{(pid=103662) prepare_request_body /opt/stack/neutron/neutron/api/v2/base.py:729}}
Feb 11 14:33:27.697625 dv-neutron-744815-29-hyperv neutron-server[103663]: DEBUG neutron_lib.callbacks.manager [None req-172c864b-cf40-4d6b-8d6f-c1d61bbee380 tempest-ServersTestJSON-554395478 tempest-ServersTestJSON-554395478-project] Publish callbacks ['neutron.plugins.ml2.plugin.SecurityGroupServerNotifierRpcMixin._notify_sg_on_port_change-616245', 'neutron.plugins.ml2.ovo_rpc._ObjectChangeHandler.handle_event-47198', 'neutron.api.rpc.agentnotifiers.dhcp_rpc_agent_api.DhcpAgentNotifyAPI._native_event_send_dhcp_notification-66625200', 'neutron.db.l3_db.L3RpcNotifierMixin._notify_gateway_port_ip_changed-8784785210871', 'neutron.db.l3_dvrscheduler_db._notify_l3_agent_port_update-8784784655836', 'neutron.db.l3_hascheduler_db._notify_l3_agent_ha_port_update-8784784655854', 'neutron.services.segments.plugin.NovaSegmentNotifier._notify_port_updated-2925768'] for port (eeaacb91-2ab3-404c-ab32-7011b4d11352), after_update {{(pid=103663) _notify_loop /usr/local/lib/python3.8/dist-packages/neutron_lib/callbacks/manager.py:176}}
Feb 11 14:33:27.729178 dv-neutron-744815-29-hyperv neutron-server[103663]: DEBUG neutron_lib.db.resource_extend [None req-73655d0a-c4ec-4940-a24a-b538c5ec78c3 tempest-QuotasNegativeTest-1241084060 tempest-QuotasNegativeTest-1241084060-project-admin] It took 0.17 seconds to run function 'neutron_lib.db.resource_extend.apply_funcs' {{(pid=103663) wrapper /usr/local/lib/python3.8/dist-packages/oslo_utils/timeutils.py:386}}
Feb 11 14:33:27.899993 dv-neutron-744815-29-hyperv neutron-server[103664]: DEBUG neutron.api.rpc.handlers.dhcp_rpc [None req-c1a380fa-2e11-4893-ba46-b6225fe13b50 None None] Network 30dfd041-e6da-4f69-b1fe-0faf1bf29555 requested from dv-neutron-744815-29-hyperv {{(pid=103664) get_network_info /opt/stack/neutron/neutron/api/rpc/handlers/dhcp_rpc.py:191}}
Feb 11 14:33:27.961235 dv-neutron-744815-29-hyperv neutron-server[103662]: DEBUG neutron.pecan_wsgi.hooks.quota_enforcement [None req-2b1eb861-17ff-4c22-90bd-7cc81c6871ef tempest-RoutersIpV6AdminTest-1288267754 tempest-RoutersIpV6AdminTest-1288267754-project-admin] Made reservation on behalf of 76f6ec082a1a42f69c1d1d8418ed3321 for: {'port': 1} {{(pid=103662) before /opt/stack/neutron/neutron/pecan_wsgi/hooks/quota_enforcement.py:53}}
Feb 11 14:33:27.963557 dv-neutron-744815-29-hyperv neutron-server[103662]: DEBUG neutron_lib.callbacks.manager [None req-2b1eb861-17ff-4c22-90bd-7cc81c6871ef tempest-RoutersIpV6AdminTest-1288267754 tempest-RoutersIpV6AdminTest-1288267754-project-admin] Publish callbacks ['neutron.plugins.ml2.plugin.SecurityGroupDbMixin._ensure_default_security_group_handler-616371'] for port (None), before_create {{(pid=103662) _notify_loop /usr/local/lib/python3.8/dist-packages/neutron_lib/callbacks/manager.py:176}}
Feb 11 14:33:28.011283 dv-neutron-744815-29-hyperv neutron-server[103663]: DEBUG neutron.api.rpc.handlers.resources_rpc [None req-172c864b-cf40-4d6b-8d6f-c1d61bbee380 tempest-ServersTestJSON-554395478 tempest-ServersTestJSON-554395478-project] Pushing event updated for resources: {'Port': ['ID=eeaacb91-2ab3-404c-ab32-7011b4d11352,revision_number=2']} {{(pid=103663) push /opt/stack/neutron/neutron/api/rpc/handlers/resources_rpc.py:237}}
Feb 11 14:33:28.015360 dv-neutron-744815-29-hyperv neutron-server[103663]: DEBUG neutron_lib.callbacks.manager [None req-73655d0a-c4ec-4940-a24a-b538c5ec78c3 tempest-QuotasNegativeTest-1241084060 tempest-QuotasNegativeTest-1241084060-project-admin] Publish callbacks ['neutron.plugins.ml2.ovo_rpc._ObjectChangeHandler.handle_event-496201', 'neutron.api.rpc.agentnotifiers.dhcp_rpc_agent_api.DhcpAgentNotifyAPI._native_event_send_dhcp_notification-66625200'] for network (e5d813bf-7b68-4f34-b77e-0cdb6bd0aa96), after_create {{(pid=103663) _notify_loop /usr/local/lib/python3.8/dist-packages/neutron_lib/callbacks/manager.py:176}}
Feb 11 14:33:28.018772 dv-neutron-744815-29-hyperv neutron-server[103663]: DEBUG neutron.pecan_wsgi.hooks.policy_enforcement [None req-73655d0a-c4ec-4940-a24a-b538c5ec78c3 tempest-QuotasNegativeTest-1241084060 tempest-QuotasNegativeTest-1241084060-project-admin] Attributes excluded by policy engine: ['standard_attr_id', 'vlan_transparent'] {{(pid=103663) _exclude_attributes_by_policy /opt/stack/neutron/neutron/pecan_wsgi/hooks/policy_enforcement.py:255}}
Feb 11 14:33:28.019940 dv-neutron-744815-29-hyperv neutron-server[103663]: DEBUG neutron_lib.callbacks.manager [None req-73655d0a-c4ec-4940-a24a-b538c5ec78c3 tempest-QuotasNegativeTest-1241084060 tempest-QuotasNegativeTest-1241084060-project-admin] Publish callbacks ['neutron.api.rpc.agentnotifiers.dhcp_rpc_agent_api.DhcpAgentNotifyAPI._send_dhcp_notification-66625198'] for network (None), before_response {{(pid=103663) _notify_loop /usr/local/lib/python3.8/dist-packages/neutron_lib/callbacks/manager.py:176}}
Feb 11 14:33:28.040809 dv-neutron-744815-29-hyperv neutron-server[103663]: DEBUG neutron_lib.callbacks.manager [None req-3095484d-0c70-4dcb-a021-4578fc237a45 tempest-ServersTestManualDisk-2135267254 tempest-ServersTestManualDisk-2135267254-project] Publish callbacks ['neutron.plugins.ml2.plugin.SecurityGroupDbMixin._ensure_default_security_group_handler-616371'] for port (c2e57944-ba65-4060-850e-0bfbf0f33599), before_update {{(pid=103663) _notify_loop /usr/local/lib/python3.8/dist-packages/neutron_lib/callbacks/manager.py:176}}
Feb 11 14:33:28.041018 dv-neutron-744815-29-hyperv neutron-server[103662]: DEBUG neutron.notifiers.nova [None req-2b1eb861-17ff-4c22-90bd-7cc81c6871ef tempest-RoutersIpV6AdminTest-1288267754 tempest-RoutersIpV6AdminTest-1288267754-project-admin] device_id is not set on port 72a2e223-b279-4c92-ae1d-732342114349 yet. {{(pid=103662) _can_notify /opt/stack/neutron/neutron/notifiers/nova.py:199}}
Feb 11 14:33:28.057995 dv-neutron-744815-29-hyperv neutron-server[103662]: DEBUG neutron.plugins.ml2.plugin [None req-27fc036f-a836-4c5e-9f3a-814dd25ba040 tempest-DHCPAgentSchedulersTestJSON-1601762641 tempest-DHCPAgentSchedulersTestJSON-1601762641-project] Deleting port 33088b91-cda5-49b1-bda2-8b3f3f7e30f1 {{(pid=103662) _pre_delete_port /opt/stack/neutron/neutron/plugins/ml2/plugin.py:1978}}
Feb 11 14:33:28.058363 dv-neutron-744815-29-hyperv neutron-server[103662]: DEBUG neutron_lib.callbacks.manager [None req-27fc036f-a836-4c5e-9f3a-814dd25ba040 tempest-DHCPAgentSchedulersTestJSON-1601762641 tempest-DHCPAgentSchedulersTestJSON-1601762641-project] Publish callbacks ['neutron.db.l3_db.L3_NAT_dbonly_mixin._prevent_l3_port_delete_callback-8784785206658'] for port (33088b91-cda5-49b1-bda2-8b3f3f7e30f1), before_delete {{(pid=103662) _notify_loop /usr/local/lib/python3.8/dist-packages/neutron_lib/callbacks/manager.py:176}}
Feb 11 14:33:28.087644 dv-neutron-744815-29-hyperv neutron-server[103664]: DEBUG neutron.api.rpc.handlers.dhcp_rpc [None req-0bb2fd2d-bcb7-47a2-9532-fec62cbb67a2 None None] DHCP port deletion for d507820b-fb28-40d7-9eba-323866e17330 request from dv-neutron-744815-29-hyperv {{(pid=103664) release_dhcp_port /opt/stack/neutron/neutron/api/rpc/handlers/dhcp_rpc.py:249}}
Feb 11 14:33:28.150328 dv-neutron-744815-29-hyperv neutron-server[103662]: DEBUG neutron_lib.callbacks.manager [None req-80ac594e-dbfb-4807-b800-06d8815ce93e tempest-PortsAdminExtendedAttrsTestJSON-1962242515 tempest-PortsAdminExtendedAttrsTestJSON-1962242515-project-admin] Publish callbacks ['neutron.plugins.ml2.plugin.SecurityGroupServerNotifierRpcMixin._notify_sg_on_port_change-616245', 'neutron.plugins.ml2.ovo_rpc._ObjectChangeHandler.handle_event-47198', 'neutron.api.rpc.agentnotifiers.dhcp_rpc_agent_api.DhcpAgentNotifyAPI._native_event_send_dhcp_notification-66625200', 'neutron.db.l3_db.L3RpcNotifierMixin._notify_routers_callback-8784785210853', 'neutron.db.l3_dvrscheduler_db._notify_port_delete-8784784655827', 'neutron.services.segments.plugin.NovaSegmentNotifier._notify_port_created_or_deleted-2708541'] for port (277704b4-70f4-4862-9688-03be46009870), after_delete {{(pid=103662) _notify_loop /usr/local/lib/python3.8/dist-packages/neutron_lib/callbacks/manager.py:176}}
Feb 11 14:33:28.227732 dv-neutron-744815-29-hyperv neutron-server[103662]: DEBUG neutron.api.rpc.handlers.resources_rpc [None req-80ac594e-dbfb-4807-b800-06d8815ce93e tempest-PortsAdminExtendedAttrsTestJSON-1962242515 tempest-PortsAdminExtendedAttrsTestJSON-1962242515-project-admin] Pushing event deleted for resources: {'Port': ['ID=277704b4-70f4-4862-9688-03be46009870,revision_number=None']} {{(pid=103662) push /opt/stack/neutron/neutron/api/rpc/handlers/resources_rpc.py:237}}
Feb 11 14:33:28.242393 dv-neutron-744815-29-hyperv neutron-server[103664]: DEBUG neutron.plugins.ml2.plugin [None req-0bb2fd2d-bcb7-47a2-9532-fec62cbb67a2 None None] Deleting port 33088b91-cda5-49b1-bda2-8b3f3f7e30f1 {{(pid=103664) _pre_delete_port /opt/stack/neutron/neutron/plugins/ml2/plugin.py:1978}}
Feb 11 14:33:28.243272 dv-neutron-744815-29-hyperv neutron-server[103664]: DEBUG neutron_lib.callbacks.manager [None req-0bb2fd2d-bcb7-47a2-9532-fec62cbb67a2 None None] Publish callbacks ['neutron.db.l3_db.L3_NAT_dbonly_mixin._prevent_l3_port_delete_callback-8784785206658'] for port (33088b91-cda5-49b1-bda2-8b3f3f7e30f1), before_delete {{(pid=103664) _notify_loop /usr/local/lib/python3.8/dist-packages/neutron_lib/callbacks/manager.py:176}}
Feb 11 14:33:28.287396 dv-neutron-744815-29-hyperv neutron-server[103662]: DEBUG neutron_lib.callbacks.manager [None req-80ac594e-dbfb-4807-b800-06d8815ce93e tempest-PortsAdminExtendedAttrsTestJSON-1962242515 tempest-PortsAdminExtendedAttrsTestJSON-1962242515-project-admin] Publish callbacks ['neutron.notifiers.nova.Notifier._send_nova_notification-9056'] for port (None), before_response {{(pid=103662) _notify_loop /usr/local/lib/python3.8/dist-packages/neutron_lib/callbacks/manager.py:176}}
Feb 11 14:33:28.288493 dv-neutron-744815-29-hyperv neutron-server[103663]: DEBUG neutron_lib.callbacks.manager [None req-172c864b-cf40-4d6b-8d6f-c1d61bbee380 tempest-ServersTestJSON-554395478 tempest-ServersTestJSON-554395478-project] Publish callbacks ['neutron.services.l3_router.l3_router_plugin.DVRResourceOperationHandler._create_dvr_floating_gw_port-66603625'] for floatingip (b97d76b2-2f6a-4921-8062-34eff9fab453), after_create {{(pid=103663) _notify_loop /usr/local/lib/python3.8/dist-packages/neutron_lib/callbacks/manager.py:176}}
Feb 11 14:33:28.298627 dv-neutron-744815-29-hyperv neutron-server[103662]: INFO neutron.wsgi [None req-80ac594e-dbfb-4807-b800-06d8815ce93e tempest-PortsAdminExtendedAttrsTestJSON-1962242515 tempest-PortsAdminExtendedAttrsTestJSON-1962242515-project-admin] 10.222.0.10 "DELETE /v2.0/ports/277704b4-70f4-4862-9688-03be46009870 HTTP/1.1" status: 204 len: 168 time: 1.1687481
Feb 11 14:33:28.310739 dv-neutron-744815-29-hyperv neutron-server[103663]: DEBUG neutron.wsgi [-] (103663) accepted ('10.222.0.10', 55234) {{(pid=103663) server /usr/local/lib/python3.8/dist-packages/eventlet/wsgi.py:1004}}
Feb 11 14:33:28.339204 dv-neutron-744815-29-hyperv neutron-server[103663]: DEBUG neutron.db.db_base_plugin_common [None req-924dab83-af79-427d-a460-3df0f32e9c60 tempest-ServerActionsTestJSON-1878761084 tempest-ServerActionsTestJSON-1878761084-project] Allocated IP 172.26.3.148 (cb8d0a87-89f9-4e7e-b2e3-7869cbcd7ae5/a8f7dad9-0017-47df-b546-dd9bd7dde766/651dab4b-86ff-453a-8fce-eacb57c9acfd) {{(pid=103663) _store_ip_allocation /opt/stack/neutron/neutron/db/db_base_plugin_common.py:131}}
Feb 11 14:33:28.343196 dv-neutron-744815-29-hyperv neutron-server[103662]: DEBUG neutron_lib.callbacks.manager [None req-e13573ce-0446-4dc1-92a4-bcbe1315dd5a tempest-ExternalNetworksTestJSON-1201557768 tempest-ExternalNetworksTestJSON-1201557768-project-admin] Publish callbacks ['neutron.services.auto_allocate.db._ensure_external_network_default_value_callback-8784784642591'] for network (c0561f65-c919-4d37-8f75-f738cfcdedea), precommit_update {{(pid=103662) _notify_loop /usr/local/lib/python3.8/dist-packages/neutron_lib/callbacks/manager.py:176}}
Feb 11 14:33:28.351573 dv-neutron-744815-29-hyperv neutron-server[103662]: DEBUG neutron.plugins.ml2.db [None req-27fc036f-a836-4c5e-9f3a-814dd25ba040 tempest-DHCPAgentSchedulersTestJSON-1601762641 tempest-DHCPAgentSchedulersTestJSON-1601762641-project] For port 33088b91-cda5-49b1-bda2-8b3f3f7e30f1, host dv-neutron-744815-29-hyperv, got binding levels [PortBindingLevel(driver='openvswitch',host='dv-neutron-744815-29-hyperv',level=0,port_id=33088b91-cda5-49b1-bda2-8b3f3f7e30f1,segment=NetworkSegment(07479b00-782a-4b1b-a3b7-ea5997b84ff2),segment_id=07479b00-782a-4b1b-a3b7-ea5997b84ff2)] {{(pid=103662) get_binding_level_objs /opt/stack/neutron/neutron/plugins/ml2/db.py:74}}
Feb 11 14:33:28.351939 dv-neutron-744815-29-hyperv neutron-server[103662]: DEBUG neutron_lib.callbacks.manager [None req-27fc036f-a836-4c5e-9f3a-814dd25ba040 tempest-DHCPAgentSchedulersTestJSON-1601762641 tempest-DHCPAgentSchedulersTestJSON-1601762641-project] Publish callbacks ['neutron.services.l3_router.l3_router_plugin.L3_NAT_dbonly_mixin._precommit_delete_port_callback-66603467'] for port (33088b91-cda5-49b1-bda2-8b3f3f7e30f1), precommit_delete {{(pid=103662) _notify_loop /usr/local/lib/python3.8/dist-packages/neutron_lib/callbacks/manager.py:176}}
Feb 11 14:33:28.375965 dv-neutron-744815-29-hyperv neutron-server[103664]: DEBUG neutron.plugins.ml2.db [None req-0bb2fd2d-bcb7-47a2-9532-fec62cbb67a2 None None] For port 33088b91-cda5-49b1-bda2-8b3f3f7e30f1, host dv-neutron-744815-29-hyperv, got binding levels [PortBindingLevel(driver='openvswitch',host='dv-neutron-744815-29-hyperv',level=0,port_id=33088b91-cda5-49b1-bda2-8b3f3f7e30f1,segment=NetworkSegment(07479b00-782a-4b1b-a3b7-ea5997b84ff2),segment_id=07479b00-782a-4b1b-a3b7-ea5997b84ff2)] {{(pid=103664) get_binding_level_objs /opt/stack/neutron/neutron/plugins/ml2/db.py:74}}
Feb 11 14:33:28.376547 dv-neutron-744815-29-hyperv neutron-server[103662]: DEBUG neutron.plugins.ml2.plugin [None req-27fc036f-a836-4c5e-9f3a-814dd25ba040 tempest-DHCPAgentSchedulersTestJSON-1601762641 tempest-DHCPAgentSchedulersTestJSON-1601762641-project] Calling delete_port for 33088b91-cda5-49b1-bda2-8b3f3f7e30f1 owned by network:dhcp {{(pid=103662) delete_port /opt/stack/neutron/neutron/plugins/ml2/plugin.py:2056}}
Feb 11 14:33:28.378098 dv-neutron-744815-29-hyperv neutron-server[103664]: DEBUG neutron_lib.callbacks.manager [None req-0bb2fd2d-bcb7-47a2-9532-fec62cbb67a2 None None] Publish callbacks ['neutron.services.l3_router.l3_router_plugin.L3_NAT_dbonly_mixin._precommit_delete_port_callback-66603467'] for port (33088b91-cda5-49b1-bda2-8b3f3f7e30f1), precommit_delete {{(pid=103664) _notify_loop /usr/local/lib/python3.8/dist-packages/neutron_lib/callbacks/manager.py:176}}
Feb 11 14:33:28.378216 dv-neutron-744815-29-hyperv neutron-server[103663]: INFO neutron.wsgi [None req-73655d0a-c4ec-4940-a24a-b538c5ec78c3 tempest-QuotasNegativeTest-1241084060 tempest-QuotasNegativeTest-1241084060-project-admin] 10.222.0.10 "POST /v2.0/networks HTTP/1.1" status: 201 len: 836 time: 1.7682710
Feb 11 14:33:28.384641 dv-neutron-744815-29-hyperv neutron-server[103662]: DEBUG neutron.wsgi [-] (103662) accepted ('10.222.0.10', 55236) {{(pid=103662) server /usr/local/lib/python3.8/dist-packages/eventlet/wsgi.py:1004}}
Feb 11 14:33:28.390321 dv-neutron-744815-29-hyperv neutron-server[103662]: DEBUG neutron.api.v2.base [None req-61e8e3ab-5d60-49f5-b3b2-d0c4b4eba706 tempest-QuotasNegativeTest-1241084060 tempest-QuotasNegativeTest-1241084060-project-admin] Request body: {'network': {'project_id': '0038ca0bcfef4be8968f3b05541eddba'}} {{(pid=103662) prepare_request_body /opt/stack/neutron/neutron/api/v2/base.py:729}}
Feb 11 14:33:28.395769 dv-neutron-744815-29-hyperv neutron-server[103664]: DEBUG neutron.plugins.ml2.plugin [None req-0bb2fd2d-bcb7-47a2-9532-fec62cbb67a2 None None] Calling delete_port for 33088b91-cda5-49b1-bda2-8b3f3f7e30f1 owned by network:dhcp {{(pid=103664) delete_port /opt/stack/neutron/neutron/plugins/ml2/plugin.py:2056}}
Feb 11 14:33:28.415055 dv-neutron-744815-29-hyperv neutron-server[103662]: DEBUG neutron.db.db_base_plugin_common [None req-2b1eb861-17ff-4c22-90bd-7cc81c6871ef tempest-RoutersIpV6AdminTest-1288267754 tempest-RoutersIpV6AdminTest-1288267754-project-admin] Allocated IP 2001:db8::36d (30dfd041-e6da-4f69-b1fe-0faf1bf29555/798b0e08-6fa0-479a-be68-c48c10aff482/72a2e223-b279-4c92-ae1d-732342114349) {{(pid=103662) _store_ip_allocation /opt/stack/neutron/neutron/db/db_base_plugin_common.py:131}}
Feb 11 14:33:28.417462 dv-neutron-744815-29-hyperv neutron-server[103663]: DEBUG neutron.api.rpc.handlers.resources_rpc [None req-73655d0a-c4ec-4940-a24a-b538c5ec78c3 tempest-QuotasNegativeTest-1241084060 tempest-QuotasNegativeTest-1241084060-project-admin] Pushing event updated for resources: {'Network': ['ID=e5d813bf-7b68-4f34-b77e-0cdb6bd0aa96,revision_number=1']} {{(pid=103663) push /opt/stack/neutron/neutron/api/rpc/handlers/resources_rpc.py:237}}
Feb 11 14:33:28.428307 dv-neutron-744815-29-hyperv neutron-server[103662]: INFO neutron.pecan_wsgi.hooks.translation [None req-61e8e3ab-5d60-49f5-b3b2-d0c4b4eba706 tempest-QuotasNegativeTest-1241084060 tempest-QuotasNegativeTest-1241084060-project-admin] POST failed (client error): There was a conflict when trying to complete your request.
Feb 11 14:33:28.428793 dv-neutron-744815-29-hyperv neutron-server[103662]: DEBUG neutron.pecan_wsgi.hooks.notifier [None req-61e8e3ab-5d60-49f5-b3b2-d0c4b4eba706 tempest-QuotasNegativeTest-1241084060 tempest-QuotasNegativeTest-1241084060-project-admin] No notification will be sent due to unsuccessful status code: 409 {{(pid=103662) after /opt/stack/neutron/neutron/pecan_wsgi/hooks/notifier.py:78}}
Feb 11 14:33:28.429963 dv-neutron-744815-29-hyperv neutron-server[103662]: INFO neutron.wsgi [None req-61e8e3ab-5d60-49f5-b3b2-d0c4b4eba706 tempest-QuotasNegativeTest-1241084060 tempest-QuotasNegativeTest-1241084060-project-admin] 10.222.0.10 "POST /v2.0/networks HTTP/1.1" status: 409 len: 310 time: 0.0442960
Feb 11 14:33:28.435303 dv-neutron-744815-29-hyperv neutron-server[103663]: INFO neutron.pecan_wsgi.hooks.translation [None req-a6c29ace-4ba2-489f-8a32-21c77ccadfd8 tempest-PortsAdminExtendedAttrsTestJSON-1962242515 tempest-PortsAdminExtendedAttrsTestJSON-1962242515-project-admin] GET failed (client error): The resource could not be found.
Feb 11 14:33:28.440619 dv-neutron-744815-29-hyperv neutron-server[103663]: INFO neutron.wsgi [None req-a6c29ace-4ba2-489f-8a32-21c77ccadfd8 tempest-PortsAdminExtendedAttrsTestJSON-1962242515 tempest-PortsAdminExtendedAttrsTestJSON-1962242515-project-admin] 10.222.0.10 "GET /v2.0/ports/277704b4-70f4-4862-9688-03be46009870 HTTP/1.1" status: 404 len: 333 time: 0.1256840
Feb 11 14:33:28.441439 dv-neutron-744815-29-hyperv neutron-server[103663]: DEBUG neutron.wsgi [-] (103663) accepted ('10.222.0.10', 55238) {{(pid=103663) server /usr/local/lib/python3.8/dist-packages/eventlet/wsgi.py:1004}}
Feb 11 14:33:28.441789 dv-neutron-744815-29-hyperv neutron-server[103663]: DEBUG neutron.wsgi [-] (103663) accepted ('10.222.0.10', 55240) {{(pid=103663) server /usr/local/lib/python3.8/dist-packages/eventlet/wsgi.py:1004}}
Feb 11 14:33:28.455750 dv-neutron-744815-29-hyperv neutron-server[103663]: DEBUG neutron.api.v2.base [None req-b71a5691-ea8d-4c52-8786-7448896eca8f tempest-PortsAdminExtendedAttrsTestJSON-1962242515 tempest-PortsAdminExtendedAttrsTestJSON-1962242515-project-admin] Request body: {'port': {'network_id': '75136f69-2250-472e-b448-2fea42c57dd9', 'name': 'tempest-PortsAdminExtendedAttrsTestJSON-1874210705'}} {{(pid=103663) prepare_request_body /opt/stack/neutron/neutron/api/v2/base.py:729}}
Feb 11 14:33:28.459028 dv-neutron-744815-29-hyperv neutron-server[103664]: DEBUG neutron.plugins.ml2.rpc [None req-bfd4bf50-0d1b-4950-86e9-ceb5235c6c60 None None] Network e5d813bf-7b68-4f34-b77e-0cdb6bd0aa96 details requested by agent ovs-agent-dv-neutron-744815-29-hyperv with host dv-neutron-744815-29-hyperv {{(pid=103664) get_network_details /opt/stack/neutron/neutron/plugins/ml2/rpc.py:248}}
Feb 11 14:33:28.492647 dv-neutron-744815-29-hyperv neutron-server[103662]: DEBUG neutron_lib.callbacks.manager [None req-e13573ce-0446-4dc1-92a4-bcbe1315dd5a tempest-ExternalNetworksTestJSON-1201557768 tempest-ExternalNetworksTestJSON-1201557768-project-admin] Publish callbacks ['neutron.plugins.ml2.ovo_rpc._ObjectChangeHandler.handle_event-496201', 'neutron.api.rpc.agentnotifiers.dhcp_rpc_agent_api.DhcpAgentNotifyAPI._native_event_send_dhcp_notification-66625200'] for network (c0561f65-c919-4d37-8f75-f738cfcdedea), after_update {{(pid=103662) _notify_loop /usr/local/lib/python3.8/dist-packages/neutron_lib/callbacks/manager.py:176}}
Feb 11 14:33:28.502792 dv-neutron-744815-29-hyperv neutron-server[103663]: DEBUG neutron_lib.callbacks.manager [None req-172c864b-cf40-4d6b-8d6f-c1d61bbee380 tempest-ServersTestJSON-554395478 tempest-ServersTestJSON-554395478-project] Publish callbacks ['neutron.notifiers.nova.Notifier._send_nova_notification-9056'] for floatingip (None), before_response {{(pid=103663) _notify_loop /usr/local/lib/python3.8/dist-packages/neutron_lib/callbacks/manager.py:176}}
Feb 11 14:33:28.505730 dv-neutron-744815-29-hyperv neutron-server[103663]: INFO neutron.wsgi [None req-172c864b-cf40-4d6b-8d6f-c1d61bbee380 tempest-ServersTestJSON-554395478 tempest-ServersTestJSON-554395478-project] 10.222.0.10 "POST /v2.0/floatingips HTTP/1.1" status: 201 len: 692 time: 6.7926083
Feb 11 14:33:28.531743 dv-neutron-744815-29-hyperv neutron-server[103663]: DEBUG neutron_lib.callbacks.manager [None req-3095484d-0c70-4dcb-a021-4578fc237a45 tempest-ServersTestManualDisk-2135267254 tempest-ServersTestManualDisk-2135267254-project] Publish callbacks [] for port (c2e57944-ba65-4060-850e-0bfbf0f33599), precommit_update {{(pid=103663) _notify_loop /usr/local/lib/python3.8/dist-packages/neutron_lib/callbacks/manager.py:176}}
Feb 11 14:33:28.534082 dv-neutron-744815-29-hyperv neutron-server[103662]: DEBUG neutron.api.rpc.agentnotifiers.dhcp_rpc_agent_api [None req-e13573ce-0446-4dc1-92a4-bcbe1315dd5a tempest-ExternalNetworksTestJSON-1201557768 tempest-ExternalNetworksTestJSON-1201557768-project-admin] Network c0561f65-c919-4d37-8f75-f738cfcdedea is not hosted by any dhcp agent {{(pid=103662) _notify_agents /opt/stack/neutron/neutron/api/rpc/agentnotifiers/dhcp_rpc_agent_api.py:225}}
Feb 11 14:33:28.536112 dv-neutron-744815-29-hyperv neutron-server[103662]: DEBUG neutron.pecan_wsgi.hooks.policy_enforcement [None req-e13573ce-0446-4dc1-92a4-bcbe1315dd5a tempest-ExternalNetworksTestJSON-1201557768 tempest-ExternalNetworksTestJSON-1201557768-project-admin] Attributes excluded by policy engine: ['standard_attr_id', 'vlan_transparent'] {{(pid=103662) _exclude_attributes_by_policy /opt/stack/neutron/neutron/pecan_wsgi/hooks/policy_enforcement.py:255}}
Feb 11 14:33:28.536727 dv-neutron-744815-29-hyperv neutron-server[103662]: DEBUG neutron_lib.callbacks.manager [None req-e13573ce-0446-4dc1-92a4-bcbe1315dd5a tempest-ExternalNetworksTestJSON-1201557768 tempest-ExternalNetworksTestJSON-1201557768-project-admin] Publish callbacks [] for network (None), before_response {{(pid=103662) _notify_loop /usr/local/lib/python3.8/dist-packages/neutron_lib/callbacks/manager.py:176}}
Feb 11 14:33:28.538101 dv-neutron-744815-29-hyperv neutron-server[103662]: INFO neutron.wsgi [None req-e13573ce-0446-4dc1-92a4-bcbe1315dd5a tempest-ExternalNetworksTestJSON-1201557768 tempest-ExternalNetworksTestJSON-1201557768-project-admin] 10.222.0.10 "PUT /v2.0/networks/c0561f65-c919-4d37-8f75-f738cfcdedea HTTP/1.1" status: 200 len: 857 time: 0.9027944
Feb 11 14:33:28.552709 dv-neutron-744815-29-hyperv neutron-server[103663]: DEBUG neutron.wsgi [-] (103663) accepted ('10.222.0.10', 55244) {{(pid=103663) server /usr/local/lib/python3.8/dist-packages/eventlet/wsgi.py:1004}}
Feb 11 14:33:28.642806 dv-neutron-744815-29-hyperv neutron-server[103662]: DEBUG neutron.api.rpc.handlers.resources_rpc [None req-e13573ce-0446-4dc1-92a4-bcbe1315dd5a tempest-ExternalNetworksTestJSON-1201557768 tempest-ExternalNetworksTestJSON-1201557768-project-admin] Pushing event updated for resources: {'Network': ['ID=c0561f65-c919-4d37-8f75-f738cfcdedea,revision_number=2']} {{(pid=103662) push /opt/stack/neutron/neutron/api/rpc/handlers/resources_rpc.py:237}}
Feb 11 14:33:28.684387 dv-neutron-744815-29-hyperv neutron-server[103663]: DEBUG neutron_lib.callbacks.manager [None req-3095484d-0c70-4dcb-a021-4578fc237a45 tempest-ServersTestManualDisk-2135267254 tempest-ServersTestManualDisk-2135267254-project] Publish callbacks ['neutron.plugins.ml2.plugin.SecurityGroupServerNotifierRpcMixin._notify_sg_on_port_change-616245', 'neutron.plugins.ml2.ovo_rpc._ObjectChangeHandler.handle_event-47198', 'neutron.api.rpc.agentnotifiers.dhcp_rpc_agent_api.DhcpAgentNotifyAPI._native_event_send_dhcp_notification-66625200', 'neutron.db.l3_db.L3RpcNotifierMixin._notify_gateway_port_ip_changed-8784785210871', 'neutron.db.l3_dvrscheduler_db._notify_l3_agent_port_update-8784784655836', 'neutron.db.l3_hascheduler_db._notify_l3_agent_ha_port_update-8784784655854', 'neutron.services.segments.plugin.NovaSegmentNotifier._notify_port_updated-2925768'] for port (c2e57944-ba65-4060-850e-0bfbf0f33599), after_update {{(pid=103663) _notify_loop /usr/local/lib/python3.8/dist-packages/neutron_lib/callbacks/manager.py:176}}
Feb 11 14:33:28.709915 dv-neutron-744815-29-hyperv neutron-server[103663]: DEBUG neutron.pecan_wsgi.hooks.quota_enforcement [None req-b71a5691-ea8d-4c52-8786-7448896eca8f tempest-PortsAdminExtendedAttrsTestJSON-1962242515 tempest-PortsAdminExtendedAttrsTestJSON-1962242515-project-admin] Made reservation on behalf of d78425f8c64e49e1accaf2be73c7472d for: {'port': 1} {{(pid=103663) before /opt/stack/neutron/neutron/pecan_wsgi/hooks/quota_enforcement.py:53}}
Feb 11 14:33:28.712986 dv-neutron-744815-29-hyperv neutron-server[103663]: DEBUG neutron_lib.callbacks.manager [None req-b71a5691-ea8d-4c52-8786-7448896eca8f tempest-PortsAdminExtendedAttrsTestJSON-1962242515 tempest-PortsAdminExtendedAttrsTestJSON-1962242515-project-admin] Publish callbacks ['neutron.plugins.ml2.plugin.SecurityGroupDbMixin._ensure_default_security_group_handler-616371'] for port (None), before_create {{(pid=103663) _notify_loop /usr/local/lib/python3.8/dist-packages/neutron_lib/callbacks/manager.py:176}}
Feb 11 14:33:28.740134 dv-neutron-744815-29-hyperv neutron-server[103662]: DEBUG neutron_lib.callbacks.manager [None req-2b1eb861-17ff-4c22-90bd-7cc81c6871ef tempest-RoutersIpV6AdminTest-1288267754 tempest-RoutersIpV6AdminTest-1288267754-project-admin] Publish callbacks [] for port (72a2e223-b279-4c92-ae1d-732342114349), precommit_create {{(pid=103662) _notify_loop /usr/local/lib/python3.8/dist-packages/neutron_lib/callbacks/manager.py:176}}
