Nov 14 10:34:44.656880 dv-neutron-744815-12-hyperv neutron-server[102558]: DEBUG neutron.pecan_wsgi.hooks.quota_enforcement [None req-5c74ef1e-7c45-41c8-a5f2-057401032c6e admin admin] Made reservation on behalf of 4ffbd36d7610499d96a5d1f084f1a81f for: {'network': 1} {{(pid=102558) before /opt/stack/neutron/neutron/pecan_wsgi/hooks/quota_enforcement.py:53}}
Nov 14 10:34:44.662039 dv-neutron-744815-12-hyperv neutron-server[102558]: DEBUG neutron_lib.callbacks.manager [None req-5c74ef1e-7c45-41c8-a5f2-057401032c6e admin admin] Publish callbacks ['neutron.plugins.ml2.plugin.SecurityGroupDbMixin._ensure_default_security_group_handler-8032603'] for network, before_create {{(pid=102558) _notify_loop /usr/local/lib/python3.8/dist-packages/neutron_lib/callbacks/manager.py:175}}
Nov 14 10:34:44.671634 dv-neutron-744815-12-hyperv neutron-server[102558]: DEBUG neutron.api.v2.base [None req-6c4489a3-42ce-46a1-a174-24be59722e8a admin admin] Request body: {'network': {'name': 'tempest-ServersTestManualDisk-684069113-network', 'tenant_id': '13f733cc09704603b1d1a3e9c4afd05e'}} {{(pid=102558) prepare_request_body /opt/stack/neutron/neutron/api/v2/base.py:729}}
Nov 14 10:34:44.704758 dv-neutron-744815-12-hyperv neutron-server[102558]: DEBUG neutron_lib.callbacks.manager [None req-5c74ef1e-7c45-41c8-a5f2-057401032c6e admin admin] Publish callbacks [] for security_group, before_create {{(pid=102558) _notify_loop /usr/local/lib/python3.8/dist-packages/neutron_lib/callbacks/manager.py:175}}
Nov 14 10:34:44.711593 dv-neutron-744815-12-hyperv neutron-server[102558]: DEBUG neutron.pecan_wsgi.hooks.quota_enforcement [None req-6c4489a3-42ce-46a1-a174-24be59722e8a admin admin] Made reservation on behalf of 13f733cc09704603b1d1a3e9c4afd05e for: {'network': 1} {{(pid=102558) before /opt/stack/neutron/neutron/pecan_wsgi/hooks/quota_enforcement.py:53}}
Nov 14 10:34:44.714250 dv-neutron-744815-12-hyperv neutron-server[102558]: DEBUG neutron_lib.callbacks.manager [None req-6c4489a3-42ce-46a1-a174-24be59722e8a admin admin] Publish callbacks ['neutron.plugins.ml2.plugin.SecurityGroupDbMixin._ensure_default_security_group_handler-8032603'] for network, before_create {{(pid=102558) _notify_loop /usr/local/lib/python3.8/dist-packages/neutron_lib/callbacks/manager.py:175}}
Nov 14 10:34:44.730795 dv-neutron-744815-12-hyperv neutron-server[102558]: DEBUG neutron_lib.callbacks.manager [None req-6c4489a3-42ce-46a1-a174-24be59722e8a admin admin] Publish callbacks [] for security_group, before_create {{(pid=102558) _notify_loop /usr/local/lib/python3.8/dist-packages/neutron_lib/callbacks/manager.py:175}}
Nov 14 10:34:44.856785 dv-neutron-744815-12-hyperv neutron-server[102558]: DEBUG neutron_lib.callbacks.manager [None req-5c74ef1e-7c45-41c8-a5f2-057401032c6e admin admin] Publish callbacks [] for security_group, precommit_create {{(pid=102558) _notify_loop /usr/local/lib/python3.8/dist-packages/neutron_lib/callbacks/manager.py:175}}
Nov 14 10:34:44.862878 dv-neutron-744815-12-hyperv neutron-server[102558]: DEBUG neutron_lib.callbacks.manager [None req-5c74ef1e-7c45-41c8-a5f2-057401032c6e admin admin] Publish callbacks ['neutron.plugins.ml2.ovo_rpc._ObjectChangeHandler.handle_event-589331'] for security_group, after_create {{(pid=102558) _notify_loop /usr/local/lib/python3.8/dist-packages/neutron_lib/callbacks/manager.py:175}}
Nov 14 10:34:44.893905 dv-neutron-744815-12-hyperv neutron-server[102558]: DEBUG neutron.plugins.ml2.drivers.helpers [None req-5c74ef1e-7c45-41c8-a5f2-057401032c6e admin admin] vlan segment allocate from pool success with {'vlan_id': 163, 'physical_network': 'physnet1'} {{(pid=102558) allocate_partially_specified_segment /opt/stack/neutron/neutron/plugins/ml2/drivers/helpers.py:153}}
Nov 14 10:34:44.897699 dv-neutron-744815-12-hyperv neutron-server[102558]: DEBUG neutron_lib.callbacks.manager [None req-6c4489a3-42ce-46a1-a174-24be59722e8a admin admin] Publish callbacks [] for security_group, precommit_create {{(pid=102558) _notify_loop /usr/local/lib/python3.8/dist-packages/neutron_lib/callbacks/manager.py:175}}
Nov 14 10:34:44.909111 dv-neutron-744815-12-hyperv neutron-server[102558]: DEBUG neutron_lib.callbacks.manager [None req-6c4489a3-42ce-46a1-a174-24be59722e8a admin admin] Publish callbacks ['neutron.plugins.ml2.ovo_rpc._ObjectChangeHandler.handle_event-589331'] for security_group, after_create {{(pid=102558) _notify_loop /usr/local/lib/python3.8/dist-packages/neutron_lib/callbacks/manager.py:175}}
Nov 14 10:34:44.920463 dv-neutron-744815-12-hyperv neutron-server[102558]: DEBUG neutron_lib.callbacks.manager [None req-5c74ef1e-7c45-41c8-a5f2-057401032c6e admin admin] Publish callbacks ['neutron.plugins.ml2.plugin.Ml2Plugin._handle_segment_change-7911295'] for segment, precommit_create {{(pid=102558) _notify_loop /usr/local/lib/python3.8/dist-packages/neutron_lib/callbacks/manager.py:175}}
Nov 14 10:34:44.920702 dv-neutron-744815-12-hyperv neutron-server[102558]: INFO neutron.db.segments_db [None req-5c74ef1e-7c45-41c8-a5f2-057401032c6e admin admin] Added segment 12fa3c06-414c-4a5d-84db-025d91f740f6 of type vlan for network 123f9252-0079-4cc8-84ae-7032861d1233
Nov 14 10:34:44.929482 dv-neutron-744815-12-hyperv neutron-server[102558]: DEBUG neutron.api.rpc.handlers.resources_rpc [None req-5c74ef1e-7c45-41c8-a5f2-057401032c6e admin admin] Pushing event updated for resources: {'SecurityGroup': ['ID=51c11531-f473-47f0-8109-089dc0e7b8ef,revision_number=1']} {{(pid=102558) push /opt/stack/neutron/neutron/api/rpc/handlers/resources_rpc.py:237}}
Nov 14 10:34:44.958229 dv-neutron-744815-12-hyperv neutron-server[102558]: DEBUG neutron.plugins.ml2.drivers.helpers [None req-6c4489a3-42ce-46a1-a174-24be59722e8a admin admin] vlan segment allocate from pool success with {'vlan_id': 195, 'physical_network': 'physnet1'} {{(pid=102558) allocate_partially_specified_segment /opt/stack/neutron/neutron/plugins/ml2/drivers/helpers.py:153}}
Nov 14 10:34:44.965346 dv-neutron-744815-12-hyperv neutron-server[102558]: DEBUG neutron.api.rpc.callbacks.version_manager [None req-5c74ef1e-7c45-41c8-a5f2-057401032c6e admin admin] Version for resource type AddressGroup changed None to 1.2 on consumer Open vSwitch agent@dv-neutron-744815-12-hyperv {{(pid=102558) _set_version /opt/stack/neutron/neutron/api/rpc/callbacks/version_manager.py:113}}
Nov 14 10:34:44.965713 dv-neutron-744815-12-hyperv neutron-server[102558]: DEBUG neutron.api.rpc.callbacks.version_manager [None req-5c74ef1e-7c45-41c8-a5f2-057401032c6e admin admin] Version for resource type ConntrackHelper changed None to 1.0 on consumer Open vSwitch agent@dv-neutron-744815-12-hyperv {{(pid=102558) _set_version /opt/stack/neutron/neutron/api/rpc/callbacks/version_manager.py:113}}
Nov 14 10:34:44.966043 dv-neutron-744815-12-hyperv neutron-server[102558]: DEBUG neutron.api.rpc.callbacks.version_manager [None req-5c74ef1e-7c45-41c8-a5f2-057401032c6e admin admin] Version for resource type Log changed None to 1.0 on consumer Open vSwitch agent@dv-neutron-744815-12-hyperv {{(pid=102558) _set_version /opt/stack/neutron/neutron/api/rpc/callbacks/version_manager.py:113}}
Nov 14 10:34:44.966557 dv-neutron-744815-12-hyperv neutron-server[102558]: DEBUG neutron.api.rpc.callbacks.version_manager [None req-5c74ef1e-7c45-41c8-a5f2-057401032c6e admin admin] Version for resource type NDPProxy changed None to 1.0 on consumer Open vSwitch agent@dv-neutron-744815-12-hyperv {{(pid=102558) _set_version /opt/stack/neutron/neutron/api/rpc/callbacks/version_manager.py:113}}
Nov 14 10:34:44.967036 dv-neutron-744815-12-hyperv neutron-server[102558]: DEBUG neutron.api.rpc.callbacks.version_manager [None req-5c74ef1e-7c45-41c8-a5f2-057401032c6e admin admin] Version for resource type Network changed None to 1.1 on consumer Open vSwitch agent@dv-neutron-744815-12-hyperv {{(pid=102558) _set_version /opt/stack/neutron/neutron/api/rpc/callbacks/version_manager.py:113}}
Nov 14 10:34:44.967529 dv-neutron-744815-12-hyperv neutron-server[102558]: DEBUG neutron.api.rpc.callbacks.version_manager [None req-5c74ef1e-7c45-41c8-a5f2-057401032c6e admin admin] Version for resource type Port changed None to 1.7 on consumer Open vSwitch agent@dv-neutron-744815-12-hyperv {{(pid=102558) _set_version /opt/stack/neutron/neutron/api/rpc/callbacks/version_manager.py:113}}
Nov 14 10:34:44.968014 dv-neutron-744815-12-hyperv neutron-server[102558]: DEBUG neutron.api.rpc.callbacks.version_manager [None req-5c74ef1e-7c45-41c8-a5f2-057401032c6e admin admin] Version for resource type PortForwarding changed None to 1.2 on consumer Open vSwitch agent@dv-neutron-744815-12-hyperv {{(pid=102558) _set_version /opt/stack/neutron/neutron/api/rpc/callbacks/version_manager.py:113}}
Nov 14 10:34:44.968364 dv-neutron-744815-12-hyperv neutron-server[102558]: DEBUG neutron.api.rpc.callbacks.version_manager [None req-5c74ef1e-7c45-41c8-a5f2-057401032c6e admin admin] Version for resource type QosPolicy changed None to 1.10 on consumer Open vSwitch agent@dv-neutron-744815-12-hyperv {{(pid=102558) _set_version /opt/stack/neutron/neutron/api/rpc/callbacks/version_manager.py:113}}
Nov 14 10:34:44.968705 dv-neutron-744815-12-hyperv neutron-server[102558]: DEBUG neutron.api.rpc.callbacks.version_manager [None req-5c74ef1e-7c45-41c8-a5f2-057401032c6e admin admin] Version for resource type SecurityGroup changed None to 1.5 on consumer Open vSwitch agent@dv-neutron-744815-12-hyperv {{(pid=102558) _set_version /opt/stack/neutron/neutron/api/rpc/callbacks/version_manager.py:113}}
Nov 14 10:34:44.969030 dv-neutron-744815-12-hyperv neutron-server[102558]: DEBUG neutron.api.rpc.callbacks.version_manager [None req-5c74ef1e-7c45-41c8-a5f2-057401032c6e admin admin] Version for resource type SecurityGroupRule changed None to 1.2 on consumer Open vSwitch agent@dv-neutron-744815-12-hyperv {{(pid=102558) _set_version /opt/stack/neutron/neutron/api/rpc/callbacks/version_manager.py:113}}
Nov 14 10:34:44.969347 dv-neutron-744815-12-hyperv neutron-server[102558]: DEBUG neutron.api.rpc.callbacks.version_manager [None req-5c74ef1e-7c45-41c8-a5f2-057401032c6e admin admin] Version for resource type SubPort changed None to 1.0 on consumer Open vSwitch agent@dv-neutron-744815-12-hyperv {{(pid=102558) _set_version /opt/stack/neutron/neutron/api/rpc/callbacks/version_manager.py:113}}
Nov 14 10:34:44.969665 dv-neutron-744815-12-hyperv neutron-server[102558]: DEBUG neutron.api.rpc.callbacks.version_manager [None req-5c74ef1e-7c45-41c8-a5f2-057401032c6e admin admin] Version for resource type Subnet changed None to 1.1 on consumer Open vSwitch agent@dv-neutron-744815-12-hyperv {{(pid=102558) _set_version /opt/stack/neutron/neutron/api/rpc/callbacks/version_manager.py:113}}
Nov 14 10:34:44.969975 dv-neutron-744815-12-hyperv neutron-server[102558]: DEBUG neutron.api.rpc.callbacks.version_manager [None req-5c74ef1e-7c45-41c8-a5f2-057401032c6e admin admin] Version for resource type Trunk changed None to 1.1 on consumer Open vSwitch agent@dv-neutron-744815-12-hyperv {{(pid=102558) _set_version /opt/stack/neutron/neutron/api/rpc/callbacks/version_manager.py:113}}
Nov 14 10:34:44.971277 dv-neutron-744815-12-hyperv neutron-server[102558]: DEBUG neutron.api.rpc.callbacks.version_manager [None req-5c74ef1e-7c45-41c8-a5f2-057401032c6e admin admin] Tracked resource versions report:
Nov 14 10:34:44.971277 dv-neutron-744815-12-hyperv neutron-server[102558]: pushed versions:
Nov 14 10:34:44.971277 dv-neutron-744815-12-hyperv neutron-server[102558]: { 'AddressGroup': {'1.2'},
Nov 14 10:34:44.971277 dv-neutron-744815-12-hyperv neutron-server[102558]: 'ConntrackHelper': {'1.0'},
Nov 14 10:34:44.971277 dv-neutron-744815-12-hyperv neutron-server[102558]: 'Log': {'1.0'},
Nov 14 10:34:44.971277 dv-neutron-744815-12-hyperv neutron-server[102558]: 'NDPProxy': {'1.0'},
Nov 14 10:34:44.971277 dv-neutron-744815-12-hyperv neutron-server[102558]: 'Network': {'1.1'},
Nov 14 10:34:44.971277 dv-neutron-744815-12-hyperv neutron-server[102558]: 'Port': {'1.7'},
Nov 14 10:34:44.971277 dv-neutron-744815-12-hyperv neutron-server[102558]: 'PortForwarding': {'1.2'},
Nov 14 10:34:44.971277 dv-neutron-744815-12-hyperv neutron-server[102558]: 'QosPolicy': {'1.10'},
Nov 14 10:34:44.971277 dv-neutron-744815-12-hyperv neutron-server[102558]: 'SecurityGroup': {'1.5'},
Nov 14 10:34:44.971277 dv-neutron-744815-12-hyperv neutron-server[102558]: 'SecurityGroupRule': {'1.2'},
Nov 14 10:34:44.971277 dv-neutron-744815-12-hyperv neutron-server[102558]: 'SubPort': {'1.0'},
Nov 14 10:34:44.971277 dv-neutron-744815-12-hyperv neutron-server[102558]: 'Subnet': {'1.1'},
Nov 14 10:34:44.971277 dv-neutron-744815-12-hyperv neutron-server[102558]: 'Trunk': {'1.1'}}
Nov 14 10:34:44.971277 dv-neutron-744815-12-hyperv neutron-server[102558]: consumer versions:
Nov 14 10:34:44.971277 dv-neutron-744815-12-hyperv neutron-server[102558]: { DHCP agent@dv-neutron-744815-12-hyperv: {},
Nov 14 10:34:44.971277 dv-neutron-744815-12-hyperv neutron-server[102558]: HyperV agent@hv-neutron-7448: {},
Nov 14 10:34:44.971277 dv-neutron-744815-12-hyperv neutron-server[102558]: L3 agent@dv-neutron-744815-12-hyperv: {},
Nov 14 10:34:44.971277 dv-neutron-744815-12-hyperv neutron-server[102558]: Metadata agent@dv-neutron-744815-12-hyperv: {},
Nov 14 10:34:44.971277 dv-neutron-744815-12-hyperv neutron-server[102558]: Metering agent@dv-neutron-744815-12-hyperv: {},
Nov 14 10:34:44.971277 dv-neutron-744815-12-hyperv neutron-server[102558]: Open vSwitch agent@dv-neutron-744815-12-hyperv: { 'AddressGroup': '1.2',
Nov 14 10:34:44.971277 dv-neutron-744815-12-hyperv neutron-server[102558]: 'ConntrackHelper': '1.0',
Nov 14 10:34:44.971277 dv-neutron-744815-12-hyperv neutron-server[102558]: 'Log': '1.0',
Nov 14 10:34:44.971277 dv-neutron-744815-12-hyperv neutron-server[102558]: 'NDPProxy': '1.0',
Nov 14 10:34:44.971277 dv-neutron-744815-12-hyperv neutron-server[102558]: 'Network': '1.1',
Nov 14 10:34:44.971277 dv-neutron-744815-12-hyperv neutron-server[102558]: 'Port': '1.7',
Nov 14 10:34:44.971277 dv-neutron-744815-12-hyperv neutron-server[102558]: 'PortForwarding': '1.2',
Nov 14 10:34:44.971277 dv-neutron-744815-12-hyperv neutron-server[102558]: 'QosPolicy': '1.10',
Nov 14 10:34:44.971277 dv-neutron-744815-12-hyperv neutron-server[102558]: 'SecurityGroup': '1.5',
Nov 14 10:34:44.971277 dv-neutron-744815-12-hyperv neutron-server[102558]: 'SecurityGroupRule': '1.2',
Nov 14 10:34:44.971277 dv-neutron-744815-12-hyperv neutron-server[102558]: 'SubPort': '1.0',
Nov 14 10:34:44.971277 dv-neutron-744815-12-hyperv neutron-server[102558]: 'Subnet': '1.1',
Nov 14 10:34:44.971277 dv-neutron-744815-12-hyperv neutron-server[102558]: 'Trunk': '1.1'}}
Nov 14 10:34:44.971277 dv-neutron-744815-12-hyperv neutron-server[102558]: {{(pid=102558) report /opt/stack/neutron/neutron/api/rpc/callbacks/version_manager.py:175}}
Nov 14 10:34:44.999150 dv-neutron-744815-12-hyperv neutron-server[102558]: DEBUG neutron_lib.callbacks.manager [None req-6c4489a3-42ce-46a1-a174-24be59722e8a admin admin] Publish callbacks ['neutron.plugins.ml2.plugin.Ml2Plugin._handle_segment_change-7911295'] for segment, precommit_create {{(pid=102558) _notify_loop /usr/local/lib/python3.8/dist-packages/neutron_lib/callbacks/manager.py:175}}
Nov 14 10:34:44.999603 dv-neutron-744815-12-hyperv neutron-server[102558]: INFO neutron.db.segments_db [None req-6c4489a3-42ce-46a1-a174-24be59722e8a admin admin] Added segment 1164bc70-1597-4a9a-b376-88eec742e8c4 of type vlan for network 986d1371-d63b-44e4-91e8-b85e13d4fbee
Nov 14 10:34:45.001988 dv-neutron-744815-12-hyperv neutron-server[102558]: DEBUG neutron_lib.callbacks.manager [None req-5c74ef1e-7c45-41c8-a5f2-057401032c6e admin admin] Publish callbacks ['neutron.services.auto_allocate.db._ensure_external_network_default_value_callback-8774403343782'] for network, precommit_create {{(pid=102558) _notify_loop /usr/local/lib/python3.8/dist-packages/neutron_lib/callbacks/manager.py:175}}
Nov 14 10:34:45.047458 dv-neutron-744815-12-hyperv neutron-server[102558]: DEBUG neutron.api.rpc.handlers.resources_rpc [None req-6c4489a3-42ce-46a1-a174-24be59722e8a admin admin] Pushing event updated for resources: {'SecurityGroup': ['ID=e14f78ca-74f8-4fff-bfe7-8d5a73082257,revision_number=1']} {{(pid=102558) push /opt/stack/neutron/neutron/api/rpc/handlers/resources_rpc.py:237}}
Nov 14 10:34:45.071359 dv-neutron-744815-12-hyperv neutron-server[102558]: DEBUG neutron_lib.callbacks.manager [None req-6c4489a3-42ce-46a1-a174-24be59722e8a admin admin] Publish callbacks ['neutron.services.auto_allocate.db._ensure_external_network_default_value_callback-8774403343782'] for network, precommit_create {{(pid=102558) _notify_loop /usr/local/lib/python3.8/dist-packages/neutron_lib/callbacks/manager.py:175}}
Nov 14 10:34:45.085601 dv-neutron-744815-12-hyperv neutron-server[102558]: DEBUG neutron_lib.callbacks.manager [None req-5c74ef1e-7c45-41c8-a5f2-057401032c6e admin admin] Publish callbacks ['neutron.plugins.ml2.ovo_rpc._ObjectChangeHandler.handle_event-589378', 'neutron.api.rpc.agentnotifiers.dhcp_rpc_agent_api.DhcpAgentNotifyAPI._native_event_send_dhcp_notification-738952'] for network, after_create {{(pid=102558) _notify_loop /usr/local/lib/python3.8/dist-packages/neutron_lib/callbacks/manager.py:175}}
Nov 14 10:34:45.086604 dv-neutron-744815-12-hyperv neutron-server[102558]: DEBUG neutron.pecan_wsgi.hooks.policy_enforcement [None req-5c74ef1e-7c45-41c8-a5f2-057401032c6e admin admin] Attributes excluded by policy engine: ['standard_attr_id', 'vlan_transparent'] {{(pid=102558) _exclude_attributes_by_policy /opt/stack/neutron/neutron/pecan_wsgi/hooks/policy_enforcement.py:255}}
Nov 14 10:34:45.087233 dv-neutron-744815-12-hyperv neutron-server[102558]: DEBUG neutron_lib.callbacks.manager [None req-5c74ef1e-7c45-41c8-a5f2-057401032c6e admin admin] Publish callbacks ['neutron.api.rpc.agentnotifiers.dhcp_rpc_agent_api.DhcpAgentNotifyAPI._send_dhcp_notification-738938'] for network, before_response {{(pid=102558) _notify_loop /usr/local/lib/python3.8/dist-packages/neutron_lib/callbacks/manager.py:175}}
Nov 14 10:34:45.151081 dv-neutron-744815-12-hyperv neutron-server[102558]: INFO neutron.wsgi [None req-5c74ef1e-7c45-41c8-a5f2-057401032c6e admin admin] 10.222.0.31 "POST /v2.0/networks HTTP/1.1" status: 201 len: 884 time: 0.9154103
Nov 14 10:34:45.154593 dv-neutron-744815-12-hyperv neutron-server[102558]: DEBUG neutron.wsgi [-] (102558) accepted ('10.222.0.31', 53820) {{(pid=102558) server /usr/local/lib/python3.8/dist-packages/eventlet/wsgi.py:982}}
Nov 14 10:34:45.161109 dv-neutron-744815-12-hyperv neutron-server[102558]: DEBUG neutron.api.v2.base [None req-504fc1b1-f3e9-4cfd-8577-68558270361d admin admin] Request body: {'subnet': {'network_id': '123f9252-0079-4cc8-84ae-7032861d1233', 'cidr': '172.20.0.0/28', 'name': 'tempest-ServerActionsTestJSON-775058758-subnet', 'tenant_id': '4ffbd36d7610499d96a5d1f084f1a81f', 'enable_dhcp': True, 'ip_version': 4}} {{(pid=102558) prepare_request_body /opt/stack/neutron/neutron/api/v2/base.py:729}}
Nov 14 10:34:45.164544 dv-neutron-744815-12-hyperv neutron-server[102558]: DEBUG neutron_lib.callbacks.manager [None req-6c4489a3-42ce-46a1-a174-24be59722e8a admin admin] Publish callbacks ['neutron.plugins.ml2.ovo_rpc._ObjectChangeHandler.handle_event-589378', 'neutron.api.rpc.agentnotifiers.dhcp_rpc_agent_api.DhcpAgentNotifyAPI._native_event_send_dhcp_notification-738952'] for network, after_create {{(pid=102558) _notify_loop /usr/local/lib/python3.8/dist-packages/neutron_lib/callbacks/manager.py:175}}
Nov 14 10:34:45.165745 dv-neutron-744815-12-hyperv neutron-server[102558]: DEBUG neutron.pecan_wsgi.hooks.policy_enforcement [None req-6c4489a3-42ce-46a1-a174-24be59722e8a admin admin] Attributes excluded by policy engine: ['standard_attr_id', 'vlan_transparent'] {{(pid=102558) _exclude_attributes_by_policy /opt/stack/neutron/neutron/pecan_wsgi/hooks/policy_enforcement.py:255}}
Nov 14 10:34:45.166626 dv-neutron-744815-12-hyperv neutron-server[102558]: DEBUG neutron_lib.callbacks.manager [None req-6c4489a3-42ce-46a1-a174-24be59722e8a admin admin] Publish callbacks ['neutron.api.rpc.agentnotifiers.dhcp_rpc_agent_api.DhcpAgentNotifyAPI._send_dhcp_notification-738938'] for network, before_response {{(pid=102558) _notify_loop /usr/local/lib/python3.8/dist-packages/neutron_lib/callbacks/manager.py:175}}
Nov 14 10:34:45.174184 dv-neutron-744815-12-hyperv neutron-server[102557]: DEBUG neutron.pecan_wsgi.hooks.quota_enforcement [None req-9c93c448-65bf-493f-a76b-aa1841f389b9 admin admin] Made reservation on behalf of 784df61ef07b43e3ace0551069e19866 for: {'subnet': 1} {{(pid=102557) before /opt/stack/neutron/neutron/pecan_wsgi/hooks/quota_enforcement.py:53}}
Nov 14 10:34:45.178668 dv-neutron-744815-12-hyperv neutron-server[102557]: DEBUG neutron_lib.callbacks.manager [None req-9c93c448-65bf-493f-a76b-aa1841f389b9 admin admin] Publish callbacks [] for subnet, before_create {{(pid=102557) _notify_loop /usr/local/lib/python3.8/dist-packages/neutron_lib/callbacks/manager.py:175}}
Nov 14 10:34:45.188388 dv-neutron-744815-12-hyperv neutron-server[102558]: DEBUG neutron.api.rpc.handlers.resources_rpc [None req-5c74ef1e-7c45-41c8-a5f2-057401032c6e admin admin] Pushing event updated for resources: {'Network': ['ID=123f9252-0079-4cc8-84ae-7032861d1233,revision_number=1']} {{(pid=102558) push /opt/stack/neutron/neutron/api/rpc/handlers/resources_rpc.py:237}}
Nov 14 10:34:45.202387 dv-neutron-744815-12-hyperv neutron-server[102559]: DEBUG neutron.plugins.ml2.rpc [None req-d4d7cd31-8e03-428d-828a-e7fb4fc74ae2 None None] Network 123f9252-0079-4cc8-84ae-7032861d1233 details requested by agent ovs-agent-dv-neutron-744815-12-hyperv with host dv-neutron-744815-12-hyperv {{(pid=102559) get_network_details /opt/stack/neutron/neutron/plugins/ml2/rpc.py:248}}
Nov 14 10:34:45.386833 dv-neutron-744815-12-hyperv neutron-server[102558]: DEBUG neutron.api.rpc.handlers.resources_rpc [None req-6c4489a3-42ce-46a1-a174-24be59722e8a admin admin] Pushing event updated for resources: {'Network': ['ID=986d1371-d63b-44e4-91e8-b85e13d4fbee,revision_number=1']} {{(pid=102558) push /opt/stack/neutron/neutron/api/rpc/handlers/resources_rpc.py:237}}
Nov 14 10:34:45.392643 dv-neutron-744815-12-hyperv neutron-server[102558]: DEBUG neutron.pecan_wsgi.hooks.quota_enforcement [None req-504fc1b1-f3e9-4cfd-8577-68558270361d admin admin] Made reservation on behalf of 4ffbd36d7610499d96a5d1f084f1a81f for: {'subnet': 1} {{(pid=102558) before /opt/stack/neutron/neutron/pecan_wsgi/hooks/quota_enforcement.py:53}}
Nov 14 10:34:45.396048 dv-neutron-744815-12-hyperv neutron-server[102558]: DEBUG neutron_lib.callbacks.manager [None req-504fc1b1-f3e9-4cfd-8577-68558270361d admin admin] Publish callbacks [] for subnet, before_create {{(pid=102558) _notify_loop /usr/local/lib/python3.8/dist-packages/neutron_lib/callbacks/manager.py:175}}
Nov 14 10:34:45.400065 dv-neutron-744815-12-hyperv neutron-server[102559]: DEBUG neutron.plugins.ml2.rpc [None req-d4d7cd31-8e03-428d-828a-e7fb4fc74ae2 None None] Network 986d1371-d63b-44e4-91e8-b85e13d4fbee details requested by agent ovs-agent-dv-neutron-744815-12-hyperv with host dv-neutron-744815-12-hyperv {{(pid=102559) get_network_details /opt/stack/neutron/neutron/plugins/ml2/rpc.py:248}}
Nov 14 10:34:45.417112 dv-neutron-744815-12-hyperv neutron-server[102558]: INFO neutron.wsgi [None req-6c4489a3-42ce-46a1-a174-24be59722e8a admin admin] 10.222.0.31 "POST /v2.0/networks HTTP/1.1" status: 201 len: 884 time: 1.0483994
Nov 14 10:34:45.417701 dv-neutron-744815-12-hyperv neutron-server[102558]: DEBUG neutron.wsgi [-] (102558) accepted ('10.222.0.31', 53828) {{(pid=102558) server /usr/local/lib/python3.8/dist-packages/eventlet/wsgi.py:982}}
Nov 14 10:34:45.464441 dv-neutron-744815-12-hyperv neutron-server[102558]: DEBUG neutron.api.v2.base [None req-7d44a5e7-b70a-4663-b9a2-66755b20f9aa admin admin] Request body: {'subnet': {'network_id': '986d1371-d63b-44e4-91e8-b85e13d4fbee', 'cidr': '172.20.0.0/28', 'name': 'tempest-ServersTestManualDisk-684069113-subnet', 'tenant_id': '13f733cc09704603b1d1a3e9c4afd05e', 'enable_dhcp': True, 'ip_version': 4}} {{(pid=102558) prepare_request_body /opt/stack/neutron/neutron/api/v2/base.py:729}}
Nov 14 10:34:45.529636 dv-neutron-744815-12-hyperv neutron-server[102557]: DEBUG neutron_lib.callbacks.manager [None req-9c93c448-65bf-493f-a76b-aa1841f389b9 admin admin] Publish callbacks ['neutron.plugins.ml2.ovo_rpc._ObjectChangeHandler.handle_event-573980', 'neutron.api.rpc.agentnotifiers.dhcp_rpc_agent_api.DhcpAgentNotifyAPI._native_event_send_dhcp_notification-738952'] for subnet, after_create {{(pid=102557) _notify_loop /usr/local/lib/python3.8/dist-packages/neutron_lib/callbacks/manager.py:175}}
Nov 14 10:34:45.603347 dv-neutron-744815-12-hyperv neutron-server[102557]: DEBUG neutron.api.rpc.handlers.resources_rpc [None req-9c93c448-65bf-493f-a76b-aa1841f389b9 admin admin] Pushing event updated for resources: {'Subnet': ['ID=5ff93f51-b919-4995-8cf4-10c3e98a1457,revision_number=0']} {{(pid=102557) push /opt/stack/neutron/neutron/api/rpc/handlers/resources_rpc.py:237}}
Nov 14 10:34:45.613871 dv-neutron-744815-12-hyperv neutron-server[102557]: DEBUG neutron.plugins.ml2.drivers.mech_agent [None req-9c93c448-65bf-493f-a76b-aa1841f389b9 admin admin] Checking segment: {'id': 'e5328d58-8da4-4cc3-975a-9df81edddd45', 'network_type': 'vlan', 'physical_network': 'physnet1', 'segmentation_id': 153, 'network_id': '374bbcb3-fe87-4441-b64c-8b25857ba623'} for mappings: {'physnet1': 'br-data'} with network types: ['local', 'flat', 'vlan'] {{(pid=102557) check_segment_for_agent /opt/stack/neutron/neutron/plugins/ml2/drivers/mech_agent.py:371}}
Nov 14 10:34:45.614108 dv-neutron-744815-12-hyperv neutron-server[102558]: DEBUG neutron_lib.callbacks.manager [None req-504fc1b1-f3e9-4cfd-8577-68558270361d admin admin] Publish callbacks ['neutron.plugins.ml2.ovo_rpc._ObjectChangeHandler.handle_event-573980', 'neutron.api.rpc.agentnotifiers.dhcp_rpc_agent_api.DhcpAgentNotifyAPI._native_event_send_dhcp_notification-738952'] for subnet, after_create {{(pid=102558) _notify_loop /usr/local/lib/python3.8/dist-packages/neutron_lib/callbacks/manager.py:175}}
Nov 14 10:34:45.614729 dv-neutron-744815-12-hyperv neutron-server[102557]: DEBUG neutron.scheduler.dhcp_agent_scheduler [None req-9c93c448-65bf-493f-a76b-aa1841f389b9 admin admin] Network hostable DHCP agents. Network: 374bbcb3-fe87-4441-b64c-8b25857ba623, hostable agents: ['034d3435-3793-4c07-95c7-61438fa66de4'], hosted agents: [] {{(pid=102557) _get_network_hostable_dhcp_agents /opt/stack/neutron/neutron/scheduler/dhcp_agent_scheduler.py:329}}
Nov 14 10:34:45.645144 dv-neutron-744815-12-hyperv neutron-server[102557]: DEBUG neutron.scheduler.dhcp_agent_scheduler [None req-9c93c448-65bf-493f-a76b-aa1841f389b9 admin admin] Network 374bbcb3-fe87-4441-b64c-8b25857ba623 is scheduled to be hosted by DHCP agent 034d3435-3793-4c07-95c7-61438fa66de4 with binding_index 1 {{(pid=102557) bind /opt/stack/neutron/neutron/scheduler/dhcp_agent_scheduler.py:227}}
Nov 14 10:34:45.661438 dv-neutron-744815-12-hyperv neutron-server[102557]: DEBUG neutron.scheduler.base_scheduler [None req-9c93c448-65bf-493f-a76b-aa1841f389b9 admin admin] Resources bound (agent type, host, resource id): (DHCP agent, dv-neutron-744815-12-hyperv, 374bbcb3-fe87-4441-b64c-8b25857ba623) {{(pid=102557) schedule /opt/stack/neutron/neutron/scheduler/base_scheduler.py:57}}
Nov 14 10:34:45.666617 dv-neutron-744815-12-hyperv neutron-server[102557]: DEBUG neutron.pecan_wsgi.hooks.policy_enforcement [None req-9c93c448-65bf-493f-a76b-aa1841f389b9 admin admin] Attributes excluded by policy engine: ['standard_attr_id', 'shared', 'network'] {{(pid=102557) _exclude_attributes_by_policy /opt/stack/neutron/neutron/pecan_wsgi/hooks/policy_enforcement.py:255}}
Nov 14 10:34:45.667369 dv-neutron-744815-12-hyperv neutron-server[102557]: DEBUG neutron_lib.callbacks.manager [None req-9c93c448-65bf-493f-a76b-aa1841f389b9 admin admin] Publish callbacks ['neutron.api.rpc.agentnotifiers.dhcp_rpc_agent_api.DhcpAgentNotifyAPI._send_dhcp_notification-738938'] for subnet, before_response {{(pid=102557) _notify_loop /usr/local/lib/python3.8/dist-packages/neutron_lib/callbacks/manager.py:175}}
Nov 14 10:34:45.670102 dv-neutron-744815-12-hyperv neutron-server[102558]: DEBUG neutron.api.rpc.handlers.resources_rpc [None req-504fc1b1-f3e9-4cfd-8577-68558270361d admin admin] Pushing event updated for resources: {'Subnet': ['ID=6afc33b8-6269-4868-9723-f28852697385,revision_number=0']} {{(pid=102558) push /opt/stack/neutron/neutron/api/rpc/handlers/resources_rpc.py:237}}
Nov 14 10:34:45.677923 dv-neutron-744815-12-hyperv neutron-server[102559]: DEBUG neutron.api.rpc.handlers.dhcp_rpc [None req-4c54db85-c841-425e-beba-3d2afc62f6f4 None None] Network 374bbcb3-fe87-4441-b64c-8b25857ba623 requested from dv-neutron-744815-12-hyperv {{(pid=102559) get_network_info /opt/stack/neutron/neutron/api/rpc/handlers/dhcp_rpc.py:218}}
Nov 14 10:34:45.687192 dv-neutron-744815-12-hyperv neutron-server[102558]: DEBUG neutron.pecan_wsgi.hooks.quota_enforcement [None req-7d44a5e7-b70a-4663-b9a2-66755b20f9aa admin admin] Made reservation on behalf of 13f733cc09704603b1d1a3e9c4afd05e for: {'subnet': 1} {{(pid=102558) before /opt/stack/neutron/neutron/pecan_wsgi/hooks/quota_enforcement.py:53}}
Nov 14 10:34:45.689825 dv-neutron-744815-12-hyperv neutron-server[102558]: DEBUG neutron_lib.callbacks.manager [None req-7d44a5e7-b70a-4663-b9a2-66755b20f9aa admin admin] Publish callbacks [] for subnet, before_create {{(pid=102558) _notify_loop /usr/local/lib/python3.8/dist-packages/neutron_lib/callbacks/manager.py:175}}
Nov 14 10:34:45.692244 dv-neutron-744815-12-hyperv neutron-server[102557]: INFO neutron.wsgi [None req-9c93c448-65bf-493f-a76b-aa1841f389b9 admin admin] 10.222.0.31 "POST /v2.0/subnets HTTP/1.1" status: 201 len: 841 time: 1.0699267
Nov 14 10:34:45.695722 dv-neutron-744815-12-hyperv neutron-server[102557]: DEBUG neutron.wsgi [-] (102557) accepted ('10.222.0.31', 53838) {{(pid=102557) server /usr/local/lib/python3.8/dist-packages/eventlet/wsgi.py:982}}
Nov 14 10:34:45.702590 dv-neutron-744815-12-hyperv neutron-server[102557]: DEBUG neutron.api.v2.base [None req-f3c6b298-894d-4497-8aa7-202f7053999c admin admin] Request body: {'router': {'name': 'tempest-ServersTestJSON-576445453-router', 'tenant_id': '784df61ef07b43e3ace0551069e19866', 'external_gateway_info': {'network_id': '56fb6621-d6a3-460d-a4e0-a7782d66d792'}}} {{(pid=102557) prepare_request_body /opt/stack/neutron/neutron/api/v2/base.py:729}}
Nov 14 10:34:45.733031 dv-neutron-744815-12-hyperv neutron-server[102557]: DEBUG neutron_lib.callbacks.manager [None req-f3c6b298-894d-4497-8aa7-202f7053999c admin admin] Publish callbacks ['neutron.services.l3_router.l3_router_plugin.L3_HA_NAT_db_mixin._before_router_create_handler-597002', 'neutron.services.l3_router.service_providers.driver_controller.DriverController._check_router_request-15575'] for router, before_create {{(pid=102557) _notify_loop /usr/local/lib/python3.8/dist-packages/neutron_lib/callbacks/manager.py:175}}
Nov 14 10:34:45.739785 dv-neutron-744815-12-hyperv neutron-server[102557]: DEBUG neutron_lib.callbacks.manager [None req-f3c6b298-894d-4497-8aa7-202f7053999c admin admin] Publish callbacks ['neutron.services.l3_router.l3_router_plugin.L3_HA_NAT_db_mixin._precommit_router_create-596378', 'neutron.services.l3_router.l3_router_plugin.DVRResourceOperationHandler._set_distributed_flag-601471', 'neutron.services.l3_router.l3_router_plugin.RouterAvailabilityZoneMixin._process_az_request-576814', 'neutron.services.l3_router.service_providers.driver_controller.DriverController._set_router_provider-15582'] for router, precommit_create {{(pid=102557) _notify_loop /usr/local/lib/python3.8/dist-packages/neutron_lib/callbacks/manager.py:175}}
Nov 14 10:34:45.762279 dv-neutron-744815-12-hyperv neutron-server[102558]: DEBUG neutron.plugins.ml2.drivers.mech_agent [None req-504fc1b1-f3e9-4cfd-8577-68558270361d admin admin] Checking segment: {'id': '12fa3c06-414c-4a5d-84db-025d91f740f6', 'network_type': 'vlan', 'physical_network': 'physnet1', 'segmentation_id': 163, 'network_id': '123f9252-0079-4cc8-84ae-7032861d1233'} for mappings: {'physnet1': 'br-data'} with network types: ['local', 'flat', 'vlan'] {{(pid=102558) check_segment_for_agent /opt/stack/neutron/neutron/plugins/ml2/drivers/mech_agent.py:371}}
Nov 14 10:34:45.763611 dv-neutron-744815-12-hyperv neutron-server[102558]: DEBUG neutron.scheduler.dhcp_agent_scheduler [None req-504fc1b1-f3e9-4cfd-8577-68558270361d admin admin] Network hostable DHCP agents. Network: 123f9252-0079-4cc8-84ae-7032861d1233, hostable agents: ['034d3435-3793-4c07-95c7-61438fa66de4'], hosted agents: [] {{(pid=102558) _get_network_hostable_dhcp_agents /opt/stack/neutron/neutron/scheduler/dhcp_agent_scheduler.py:329}}
Nov 14 10:34:45.796425 dv-neutron-744815-12-hyperv neutron-server[102558]: DEBUG neutron.scheduler.dhcp_agent_scheduler [None req-504fc1b1-f3e9-4cfd-8577-68558270361d admin admin] Network 123f9252-0079-4cc8-84ae-7032861d1233 is scheduled to be hosted by DHCP agent 034d3435-3793-4c07-95c7-61438fa66de4 with binding_index 1 {{(pid=102558) bind /opt/stack/neutron/neutron/scheduler/dhcp_agent_scheduler.py:227}}
Nov 14 10:34:45.813946 dv-neutron-744815-12-hyperv neutron-server[102558]: DEBUG neutron.scheduler.base_scheduler [None req-504fc1b1-f3e9-4cfd-8577-68558270361d admin admin] Resources bound (agent type, host, resource id): (DHCP agent, dv-neutron-744815-12-hyperv, 123f9252-0079-4cc8-84ae-7032861d1233) {{(pid=102558) schedule /opt/stack/neutron/neutron/scheduler/base_scheduler.py:57}}
Nov 14 10:34:45.840225 dv-neutron-744815-12-hyperv neutron-server[102559]: DEBUG neutron.api.rpc.handlers.dhcp_rpc [None req-aa1abab1-aac8-4a76-a99b-a9f77f2339fd None None] Network 123f9252-0079-4cc8-84ae-7032861d1233 requested from dv-neutron-744815-12-hyperv {{(pid=102559) get_network_info /opt/stack/neutron/neutron/api/rpc/handlers/dhcp_rpc.py:218}}
Nov 14 10:34:45.871773 dv-neutron-744815-12-hyperv neutron-server[102558]: DEBUG neutron.pecan_wsgi.hooks.policy_enforcement [None req-504fc1b1-f3e9-4cfd-8577-68558270361d admin admin] Attributes excluded by policy engine: ['standard_attr_id', 'shared', 'network'] {{(pid=102558) _exclude_attributes_by_policy /opt/stack/neutron/neutron/pecan_wsgi/hooks/policy_enforcement.py:255}}
Nov 14 10:34:45.872885 dv-neutron-744815-12-hyperv neutron-server[102558]: DEBUG neutron_lib.callbacks.manager [None req-504fc1b1-f3e9-4cfd-8577-68558270361d admin admin] Publish callbacks ['neutron.api.rpc.agentnotifiers.dhcp_rpc_agent_api.DhcpAgentNotifyAPI._send_dhcp_notification-738938'] for subnet, before_response {{(pid=102558) _notify_loop /usr/local/lib/python3.8/dist-packages/neutron_lib/callbacks/manager.py:175}}
Nov 14 10:34:45.912568 dv-neutron-744815-12-hyperv neutron-server[102558]: INFO neutron.wsgi [None req-504fc1b1-f3e9-4cfd-8577-68558270361d admin admin] 10.222.0.31 "POST /v2.0/subnets HTTP/1.1" status: 201 len: 847 time: 0.7567570
Nov 14 10:34:45.927396 dv-neutron-744815-12-hyperv neutron-server[102558]: DEBUG neutron.wsgi [-] (102558) accepted ('10.222.0.31', 53844) {{(pid=102558) server /usr/local/lib/python3.8/dist-packages/eventlet/wsgi.py:982}}
Nov 14 10:34:45.936788 dv-neutron-744815-12-hyperv neutron-server[102558]: DEBUG neutron.api.v2.base [None req-8970f587-c063-4e57-bbc3-30a75ed4032a admin admin] Request body: {'router': {'name': 'tempest-ServerActionsTestJSON-775058758-router', 'tenant_id': '4ffbd36d7610499d96a5d1f084f1a81f', 'external_gateway_info': {'network_id': '56fb6621-d6a3-460d-a4e0-a7782d66d792'}}} {{(pid=102558) prepare_request_body /opt/stack/neutron/neutron/api/v2/base.py:729}}
Nov 14 10:34:45.947575 dv-neutron-744815-12-hyperv neutron-server[102557]: DEBUG neutron.wsgi [-] (102557) accepted ('10.222.0.31', 53846) {{(pid=102557) server /usr/local/lib/python3.8/dist-packages/eventlet/wsgi.py:982}}
Nov 14 10:34:45.950647 dv-neutron-744815-12-hyperv neutron-server[102557]: DEBUG neutron_lib.callbacks.manager [None req-f3c6b298-894d-4497-8aa7-202f7053999c admin admin] Publish callbacks [] for router_controller, precommit_add_association {{(pid=102557) _notify_loop /usr/local/lib/python3.8/dist-packages/neutron_lib/callbacks/manager.py:175}}
Nov 14 10:34:45.976130 dv-neutron-744815-12-hyperv neutron-server[102559]: DEBUG neutron.api.rpc.handlers.dhcp_rpc [None req-2ca876d0-4496-4516-b083-03ee2c7fa77d None None] Create dhcp port {'port': {'name': '', 'admin_state_up': True, 'device_id': 'dhcp7a87f318-48dc-5629-bbb4-ff90e9d39c85-374bbcb3-fe87-4441-b64c-8b25857ba623', 'network_id': '374bbcb3-fe87-4441-b64c-8b25857ba623', 'tenant_id': '784df61ef07b43e3ace0551069e19866', 'fixed_ips': [{'subnet_id': '5ff93f51-b919-4995-8cf4-10c3e98a1457'}]}} from dv-neutron-744815-12-hyperv. {{(pid=102559) create_dhcp_port /opt/stack/neutron/neutron/api/rpc/handlers/dhcp_rpc.py:285}}
Nov 14 10:34:45.977757 dv-neutron-744815-12-hyperv neutron-server[102559]: DEBUG neutron_lib.callbacks.manager [None req-2ca876d0-4496-4516-b083-03ee2c7fa77d None None] Publish callbacks ['neutron.plugins.ml2.plugin.SecurityGroupDbMixin._ensure_default_security_group_handler-8032603'] for port, before_create {{(pid=102559) _notify_loop /usr/local/lib/python3.8/dist-packages/neutron_lib/callbacks/manager.py:175}}
Nov 14 10:34:46.082974 dv-neutron-744815-12-hyperv neutron-server[102558]: DEBUG neutron_lib.callbacks.manager [None req-8970f587-c063-4e57-bbc3-30a75ed4032a admin admin] Publish callbacks ['neutron.services.l3_router.l3_router_plugin.L3_HA_NAT_db_mixin._before_router_create_handler-597002', 'neutron.services.l3_router.service_providers.driver_controller.DriverController._check_router_request-15575'] for router, before_create {{(pid=102558) _notify_loop /usr/local/lib/python3.8/dist-packages/neutron_lib/callbacks/manager.py:175}}
Nov 14 10:34:46.084084 dv-neutron-744815-12-hyperv neutron-server[102558]: DEBUG neutron_lib.callbacks.manager [None req-8970f587-c063-4e57-bbc3-30a75ed4032a admin admin] Publish callbacks ['neutron.services.l3_router.l3_router_plugin.L3_HA_NAT_db_mixin._precommit_router_create-596378', 'neutron.services.l3_router.l3_router_plugin.DVRResourceOperationHandler._set_distributed_flag-601471', 'neutron.services.l3_router.l3_router_plugin.RouterAvailabilityZoneMixin._process_az_request-576814', 'neutron.services.l3_router.service_providers.driver_controller.DriverController._set_router_provider-15582'] for router, precommit_create {{(pid=102558) _notify_loop /usr/local/lib/python3.8/dist-packages/neutron_lib/callbacks/manager.py:175}}
Nov 14 10:34:46.089507 dv-neutron-744815-12-hyperv neutron-server[102558]: DEBUG neutron_lib.callbacks.manager [None req-7d44a5e7-b70a-4663-b9a2-66755b20f9aa admin admin] Publish callbacks ['neutron.plugins.ml2.ovo_rpc._ObjectChangeHandler.handle_event-573980', 'neutron.api.rpc.agentnotifiers.dhcp_rpc_agent_api.DhcpAgentNotifyAPI._native_event_send_dhcp_notification-738952'] for subnet, after_create {{(pid=102558) _notify_loop /usr/local/lib/python3.8/dist-packages/neutron_lib/callbacks/manager.py:175}}
Nov 14 10:34:46.185090 dv-neutron-744815-12-hyperv neutron-server[102559]: DEBUG neutron.api.rpc.handlers.dhcp_rpc [None req-80b1e15d-08be-4b9c-98fc-b430fa1a0515 None None] Create dhcp port {'port': {'name': '', 'admin_state_up': True, 'device_id': 'dhcp7a87f318-48dc-5629-bbb4-ff90e9d39c85-123f9252-0079-4cc8-84ae-7032861d1233', 'network_id': '123f9252-0079-4cc8-84ae-7032861d1233', 'tenant_id': '4ffbd36d7610499d96a5d1f084f1a81f', 'fixed_ips': [{'subnet_id': '6afc33b8-6269-4868-9723-f28852697385'}]}} from dv-neutron-744815-12-hyperv. {{(pid=102559) create_dhcp_port /opt/stack/neutron/neutron/api/rpc/handlers/dhcp_rpc.py:285}}
Nov 14 10:34:46.186307 dv-neutron-744815-12-hyperv neutron-server[102559]: DEBUG neutron_lib.callbacks.manager [None req-80b1e15d-08be-4b9c-98fc-b430fa1a0515 None None] Publish callbacks ['neutron.plugins.ml2.plugin.SecurityGroupDbMixin._ensure_default_security_group_handler-8032603'] for port, before_create {{(pid=102559) _notify_loop /usr/local/lib/python3.8/dist-packages/neutron_lib/callbacks/manager.py:175}}
Nov 14 10:34:46.199185 dv-neutron-744815-12-hyperv neutron-server[102557]: DEBUG neutron_lib.callbacks.manager [None req-f3c6b298-894d-4497-8aa7-202f7053999c admin admin] Publish callbacks [] for router_gateway, precommit_update {{(pid=102557) _notify_loop /usr/local/lib/python3.8/dist-packages/neutron_lib/callbacks/manager.py:175}}
Nov 14 10:34:46.224334 dv-neutron-744815-12-hyperv neutron-server[102558]: DEBUG neutron_lib.callbacks.manager [None req-8970f587-c063-4e57-bbc3-30a75ed4032a admin admin] Publish callbacks [] for router_controller, precommit_add_association {{(pid=102558) _notify_loop /usr/local/lib/python3.8/dist-packages/neutron_lib/callbacks/manager.py:175}}
Nov 14 10:34:46.258134 dv-neutron-744815-12-hyperv neutron-server[102559]: DEBUG neutron.db.db_base_plugin_common [None req-2ca876d0-4496-4516-b083-03ee2c7fa77d None None] Allocated IP 172.20.0.2 (374bbcb3-fe87-4441-b64c-8b25857ba623/5ff93f51-b919-4995-8cf4-10c3e98a1457/c821f87a-74a3-41d5-9dbe-e201f2a6b1ef) {{(pid=102559) _store_ip_allocation /opt/stack/neutron/neutron/db/db_base_plugin_common.py:131}}
Nov 14 10:34:46.366784 dv-neutron-744815-12-hyperv neutron-server[102557]: DEBUG neutron.api.v2.base [None req-2e0d6be8-8855-4c36-b540-d7908e40d5a1 tempest-RoutersAdminNegativeTest-1362694345 tempest-RoutersAdminNegativeTest-1362694345-project-admin] Request body: {'port': {'name': 'tempest-RoutersAdminNegativeTest-1620130529', 'network_id': '56fb6621-d6a3-460d-a4e0-a7782d66d792'}} {{(pid=102557) prepare_request_body /opt/stack/neutron/neutron/api/v2/base.py:729}}
Nov 14 10:34:46.415228 dv-neutron-744815-12-hyperv neutron-server[102558]: DEBUG neutron.api.rpc.handlers.resources_rpc [None req-7d44a5e7-b70a-4663-b9a2-66755b20f9aa admin admin] Pushing event updated for resources: {'Subnet': ['ID=facac838-bd82-4b68-a779-62d264050356,revision_number=0']} {{(pid=102558) push /opt/stack/neutron/neutron/api/rpc/handlers/resources_rpc.py:237}}
Nov 14 10:34:46.510321 dv-neutron-744815-12-hyperv neutron-server[102558]: DEBUG neutron_lib.callbacks.manager [None req-8970f587-c063-4e57-bbc3-30a75ed4032a admin admin] Publish callbacks [] for router_gateway, precommit_update {{(pid=102558) _notify_loop /usr/local/lib/python3.8/dist-packages/neutron_lib/callbacks/manager.py:175}}
Nov 14 10:34:46.518655 dv-neutron-744815-12-hyperv neutron-server[102557]: DEBUG neutron.pecan_wsgi.hooks.quota_enforcement [None req-2e0d6be8-8855-4c36-b540-d7908e40d5a1 tempest-RoutersAdminNegativeTest-1362694345 tempest-RoutersAdminNegativeTest-1362694345-project-admin] Made reservation on behalf of f8a97532eea54a279406586e50714ab5 for: {'port': 1} {{(pid=102557) before /opt/stack/neutron/neutron/pecan_wsgi/hooks/quota_enforcement.py:53}}
Nov 14 10:34:46.521237 dv-neutron-744815-12-hyperv neutron-server[102557]: DEBUG neutron_lib.callbacks.manager [None req-2e0d6be8-8855-4c36-b540-d7908e40d5a1 tempest-RoutersAdminNegativeTest-1362694345 tempest-RoutersAdminNegativeTest-1362694345-project-admin] Publish callbacks ['neutron.plugins.ml2.plugin.SecurityGroupDbMixin._ensure_default_security_group_handler-8032603'] for port, before_create {{(pid=102557) _notify_loop /usr/local/lib/python3.8/dist-packages/neutron_lib/callbacks/manager.py:175}}
Nov 14 10:34:46.537839 dv-neutron-744815-12-hyperv neutron-server[102557]: DEBUG neutron_lib.callbacks.manager [None req-2e0d6be8-8855-4c36-b540-d7908e40d5a1 tempest-RoutersAdminNegativeTest-1362694345 tempest-RoutersAdminNegativeTest-1362694345-project-admin] Publish callbacks [] for security_group, before_create {{(pid=102557) _notify_loop /usr/local/lib/python3.8/dist-packages/neutron_lib/callbacks/manager.py:175}}
Nov 14 10:34:46.596920 dv-neutron-744815-12-hyperv neutron-server[102557]: DEBUG neutron_lib.callbacks.manager [None req-f3c6b298-894d-4497-8aa7-202f7053999c admin admin] Publish callbacks [] for router_gateway, before_create {{(pid=102557) _notify_loop /usr/local/lib/python3.8/dist-packages/neutron_lib/callbacks/manager.py:175}}
Nov 14 10:34:46.636922 dv-neutron-744815-12-hyperv neutron-server[102557]: DEBUG neutron_lib.callbacks.manager [None req-f3c6b298-894d-4497-8aa7-202f7053999c admin admin] Publish callbacks ['neutron.plugins.ml2.plugin.SecurityGroupDbMixin._ensure_default_security_group_handler-8032603'] for port, before_create {{(pid=102557) _notify_loop /usr/local/lib/python3.8/dist-packages/neutron_lib/callbacks/manager.py:175}}
Nov 14 10:34:46.642731 dv-neutron-744815-12-hyperv neutron-server[102558]: DEBUG neutron.plugins.ml2.drivers.mech_agent [None req-7d44a5e7-b70a-4663-b9a2-66755b20f9aa admin admin] Checking segment: {'id': '1164bc70-1597-4a9a-b376-88eec742e8c4', 'network_type': 'vlan', 'physical_network': 'physnet1', 'segmentation_id': 195, 'network_id': '986d1371-d63b-44e4-91e8-b85e13d4fbee'} for mappings: {'physnet1': 'br-data'} with network types: ['local', 'flat', 'vlan'] {{(pid=102558) check_segment_for_agent /opt/stack/neutron/neutron/plugins/ml2/drivers/mech_agent.py:371}}
Nov 14 10:34:46.644721 dv-neutron-744815-12-hyperv neutron-server[102558]: DEBUG neutron.scheduler.dhcp_agent_scheduler [None req-7d44a5e7-b70a-4663-b9a2-66755b20f9aa admin admin] Network hostable DHCP agents. Network: 986d1371-d63b-44e4-91e8-b85e13d4fbee, hostable agents: ['034d3435-3793-4c07-95c7-61438fa66de4'], hosted agents: [] {{(pid=102558) _get_network_hostable_dhcp_agents /opt/stack/neutron/neutron/scheduler/dhcp_agent_scheduler.py:329}}
Nov 14 10:34:46.647487 dv-neutron-744815-12-hyperv neutron-server[102559]: DEBUG neutron.db.db_base_plugin_common [None req-80b1e15d-08be-4b9c-98fc-b430fa1a0515 None None] Allocated IP 172.20.0.2 (123f9252-0079-4cc8-84ae-7032861d1233/6afc33b8-6269-4868-9723-f28852697385/2eb02417-554b-458e-be6f-fda4403b25f8) {{(pid=102559) _store_ip_allocation /opt/stack/neutron/neutron/db/db_base_plugin_common.py:131}}
Nov 14 10:34:46.666190 dv-neutron-744815-12-hyperv neutron-server[102558]: DEBUG neutron.scheduler.dhcp_agent_scheduler [None req-7d44a5e7-b70a-4663-b9a2-66755b20f9aa admin admin] Network 986d1371-d63b-44e4-91e8-b85e13d4fbee is scheduled to be hosted by DHCP agent 034d3435-3793-4c07-95c7-61438fa66de4 with binding_index 1 {{(pid=102558) bind /opt/stack/neutron/neutron/scheduler/dhcp_agent_scheduler.py:227}}
Nov 14 10:34:46.685512 dv-neutron-744815-12-hyperv neutron-server[102558]: DEBUG neutron.scheduler.base_scheduler [None req-7d44a5e7-b70a-4663-b9a2-66755b20f9aa admin admin] Resources bound (agent type, host, resource id): (DHCP agent, dv-neutron-744815-12-hyperv, 986d1371-d63b-44e4-91e8-b85e13d4fbee) {{(pid=102558) schedule /opt/stack/neutron/neutron/scheduler/base_scheduler.py:57}}
Nov 14 10:34:46.692938 dv-neutron-744815-12-hyperv neutron-server[102558]: DEBUG neutron.pecan_wsgi.hooks.policy_enforcement [None req-7d44a5e7-b70a-4663-b9a2-66755b20f9aa admin admin] Attributes excluded by policy engine: ['standard_attr_id', 'shared', 'network'] {{(pid=102558) _exclude_attributes_by_policy /opt/stack/neutron/neutron/pecan_wsgi/hooks/policy_enforcement.py:255}}
Nov 14 10:34:46.693730 dv-neutron-744815-12-hyperv neutron-server[102558]: DEBUG neutron_lib.callbacks.manager [None req-7d44a5e7-b70a-4663-b9a2-66755b20f9aa admin admin] Publish callbacks ['neutron.api.rpc.agentnotifiers.dhcp_rpc_agent_api.DhcpAgentNotifyAPI._send_dhcp_notification-738938'] for subnet, before_response {{(pid=102558) _notify_loop /usr/local/lib/python3.8/dist-packages/neutron_lib/callbacks/manager.py:175}}
Nov 14 10:34:46.699310 dv-neutron-744815-12-hyperv neutron-server[102559]: DEBUG neutron.api.rpc.handlers.dhcp_rpc [None req-581b6566-7a43-4d9d-b6da-0ce603bd29c0 None None] Network 986d1371-d63b-44e4-91e8-b85e13d4fbee requested from dv-neutron-744815-12-hyperv {{(pid=102559) get_network_info /opt/stack/neutron/neutron/api/rpc/handlers/dhcp_rpc.py:218}}
Nov 14 10:34:46.717037 dv-neutron-744815-12-hyperv neutron-server[102558]: INFO neutron.wsgi [None req-7d44a5e7-b70a-4663-b9a2-66755b20f9aa admin admin] 10.222.0.31 "POST /v2.0/subnets HTTP/1.1" status: 201 len: 847 time: 1.2627463
Nov 14 10:34:46.717281 dv-neutron-744815-12-hyperv neutron-server[102558]: DEBUG neutron.wsgi [-] (102558) accepted ('10.222.0.31', 53866) {{(pid=102558) server /usr/local/lib/python3.8/dist-packages/eventlet/wsgi.py:982}}
Nov 14 10:34:46.721671 dv-neutron-744815-12-hyperv neutron-server[102558]: DEBUG neutron.api.v2.base [None req-d4754604-0d78-4332-bb8f-0050acd95e89 admin admin] Request body: {'router': {'name': 'tempest-ServersTestManualDisk-684069113-router', 'tenant_id': '13f733cc09704603b1d1a3e9c4afd05e', 'external_gateway_info': {'network_id': '56fb6621-d6a3-460d-a4e0-a7782d66d792'}}} {{(pid=102558) prepare_request_body /opt/stack/neutron/neutron/api/v2/base.py:729}}
Nov 14 10:34:46.744327 dv-neutron-744815-12-hyperv neutron-server[102557]: DEBUG neutron.wsgi [-] (102557) accepted ('10.222.0.31', 53868) {{(pid=102557) server /usr/local/lib/python3.8/dist-packages/eventlet/wsgi.py:982}}
Nov 14 10:34:46.753520 dv-neutron-744815-12-hyperv neutron-server[102558]: DEBUG neutron_lib.callbacks.manager [None req-d4754604-0d78-4332-bb8f-0050acd95e89 admin admin] Publish callbacks ['neutron.services.l3_router.l3_router_plugin.L3_HA_NAT_db_mixin._before_router_create_handler-597002', 'neutron.services.l3_router.service_providers.driver_controller.DriverController._check_router_request-15575'] for router, before_create {{(pid=102558) _notify_loop /usr/local/lib/python3.8/dist-packages/neutron_lib/callbacks/manager.py:175}}
